[INFO] cloning repository https://github.com/fdionisi/ferrochain
[INFO] running `Command { std: "git" "-c" "credential.helper=" "-c" "credential.helper=/workspace/cargo-home/bin/git-credential-null" "clone" "--bare" "https://github.com/fdionisi/ferrochain" "/workspace/cache/git-repos/https%3A%2F%2Fgithub.com%2Ffdionisi%2Fferrochain", kill_on_drop: false }`
[INFO] [stderr] Cloning into bare repository '/workspace/cache/git-repos/https%3A%2F%2Fgithub.com%2Ffdionisi%2Fferrochain'...
[INFO] running `Command { std: "git" "rev-parse" "HEAD", kill_on_drop: false }`
[INFO] [stdout] 91bd85d8166ef448ba98bb87d56023dc95e50b2c
[INFO] testing fdionisi/ferrochain/91bd85d8166ef448ba98bb87d56023dc95e50b2c against nightly-2024-10-28 for randomize-layout
[INFO] running `Command { std: "git" "clone" "/workspace/cache/git-repos/https%3A%2F%2Fgithub.com%2Ffdionisi%2Fferrochain" "/workspace/builds/worker-7-tc1/source", kill_on_drop: false }`
[INFO] [stderr] Cloning into '/workspace/builds/worker-7-tc1/source'...
[INFO] [stderr] done.
[INFO] validating manifest of git repo https://github.com/fdionisi/ferrochain on toolchain nightly-2024-10-28
[INFO] running `Command { std: CARGO_HOME="/workspace/cargo-home" RUSTUP_HOME="/workspace/rustup-home" "/workspace/cargo-home/bin/cargo" "+nightly-2024-10-28" "metadata" "--manifest-path" "Cargo.toml" "--no-deps", kill_on_drop: false }`
[INFO] started tweaking git repo https://github.com/fdionisi/ferrochain
[INFO] finished tweaking git repo https://github.com/fdionisi/ferrochain
[INFO] tweaked toml for git repo https://github.com/fdionisi/ferrochain written to /workspace/builds/worker-7-tc1/source/Cargo.toml
[INFO] crate git repo https://github.com/fdionisi/ferrochain already has a lockfile, it will not be regenerated
[INFO] running `Command { std: CARGO_HOME="/workspace/cargo-home" RUSTUP_HOME="/workspace/rustup-home" "/workspace/cargo-home/bin/cargo" "+nightly-2024-10-28" "fetch" "--manifest-path" "Cargo.toml", kill_on_drop: false }`
[INFO] [stderr]     Updating git repository `https://github.com/fdionisi/anthropic-sdk`
[INFO] [stderr]     Updating git repository `https://github.com/fdionisi/jina-sdk`
[INFO] [stderr]     Updating git repository `https://github.com/fdionisi/voyageai-sdk`
[INFO] [stderr]     Updating crates.io index
[INFO] [stderr]     Updating git repository `https://github.com/fdionisi/exa-sdk`
[INFO] [stderr]     Updating git repository `https://github.com/fdionisi/tavily-sdk`
[INFO] [stderr]     Updating git repository `https://github.com/fdionisi/http-client-eventsource`
[INFO] [stderr]  Downloading crates ...
[INFO] [stderr]   Downloaded wasmtimer v0.2.1
[INFO] [stderr]   Downloaded schemars_derive v0.8.21
[INFO] [stderr]   Downloaded rustc_lexer v0.1.0
[INFO] [stderr]   Downloaded revision-derive v0.10.0
[INFO] [stderr]   Downloaded async-graphql-value v7.0.11
[INFO] [stderr]   Downloaded firecrawl v1.0.0
[INFO] [stderr]   Downloaded auto_enums v0.8.6
[INFO] [stderr]   Downloaded neo4rs v0.8.0
[INFO] [stderr]   Downloaded tree-sitter-python v0.23.2
[INFO] [stderr]   Downloaded tree-sitter-rust v0.23.0
[INFO] [stderr]   Downloaded chrono-tz v0.8.6
[INFO] [stderr]   Downloaded surrealdb-core v2.0.4
[INFO] [stderr]   Downloaded text-splitter v0.14.1
[INFO] [stderr]   Downloaded qdrant-client v1.11.2
[INFO] [stderr]   Downloaded derive_utils v0.14.2
[INFO] [stderr]   Downloaded delegate v0.10.0
[INFO] [stderr]   Downloaded neo4rs-macros v0.3.0
[INFO] [stderr]   Downloaded async-graphql-parser v7.0.11
[INFO] [stderr]   Downloaded prost-derive v0.13.2
[INFO] [stderr]   Downloaded libyml v0.0.5
[INFO] [stderr]   Downloaded object_store v0.10.2
[INFO] [stderr]   Downloaded cedar-policy-core v2.4.2
[INFO] [stderr]   Downloaded rstar v0.12.0
[INFO] [stderr]   Downloaded tree-sitter-language v0.1.2
[INFO] [stderr]   Downloaded earcutr v0.4.3
[INFO] [stderr]   Downloaded tree-sitter-javascript v0.23.0
[INFO] [stderr]   Downloaded async-graphql v7.0.11
[INFO] [stderr]   Downloaded async-graphql-derive v7.0.11
[INFO] [stderr]   Downloaded serde_yml v0.0.12
[INFO] [stderr]   Downloaded schemars v0.8.21
[INFO] [stderr]   Downloaded tree-sitter v0.23.2
[INFO] [stderr]   Downloaded geo-types v0.7.13
[INFO] [stderr]   Downloaded unicode-security v0.1.2
[INFO] [stderr]   Downloaded serde_derive_internals v0.29.1
[INFO] [stderr]   Downloaded cedar-policy v2.4.2
[INFO] [stderr]   Downloaded quick_cache v0.5.2
[INFO] [stderr]   Downloaded pulldown-cmark v0.11.3
[INFO] [stderr]   Downloaded prost v0.13.2
[INFO] [stderr]   Downloaded path-clean v1.0.1
[INFO] [stderr]   Downloaded serde_with v3.11.0
[INFO] [stderr]   Downloaded fst v0.4.7
[INFO] [stderr]   Downloaded any_ascii v0.3.2
[INFO] [stderr]   Downloaded geo v0.28.0
[INFO] [stderr]   Downloaded serde-content v0.1.0
[INFO] [stderr]   Downloaded lexicmp v0.1.0
[INFO] [stderr]   Downloaded revision v0.10.0
[INFO] [stderr]   Downloaded dmp v0.2.0
[INFO] [stderr]   Downloaded webpki-roots v0.26.5
[INFO] [stderr]   Downloaded surrealdb v2.0.4
[INFO] [stderr]   Downloaded tonic v0.12.2
[INFO] [stderr]   Downloaded cedar-policy-validator v2.4.2
[INFO] [stderr]   Downloaded roaring v0.10.6
[INFO] [stderr]   Downloaded trice v0.4.0
[INFO] [stderr]   Downloaded uuid-macro-internal v1.10.0
[INFO] [stderr]   Downloaded addr v0.15.6
[INFO] [stderr]   Downloaded serde_with_macros v3.11.0
[INFO] [stderr]   Downloaded geographiclib-rs v0.2.4
[INFO] [stderr]   Downloaded surrealdb-derive v0.12.0
[INFO] [stderr]   Downloaded prost-types v0.13.2
[INFO] [stderr]   Downloaded linfa-linalg v0.1.0
[INFO] [stderr]   Downloaded reblessive v0.4.1
[INFO] [stderr]   Downloaded storekey v0.5.0
[INFO] running `Command { std: "docker" "create" "-v" "/var/lib/crater-agent-workspace/builds/worker-7-tc1/target:/opt/rustwide/target:rw,Z" "-v" "/var/lib/crater-agent-workspace/builds/worker-7-tc1/source:/opt/rustwide/workdir:ro,Z" "-v" "/var/lib/crater-agent-workspace/cargo-home:/opt/rustwide/cargo-home:ro,Z" "-v" "/var/lib/crater-agent-workspace/rustup-home:/opt/rustwide/rustup-home:ro,Z" "-e" "SOURCE_DIR=/opt/rustwide/workdir" "-e" "CARGO_TARGET_DIR=/opt/rustwide/target" "-e" "CARGO_HOME=/opt/rustwide/cargo-home" "-e" "RUSTUP_HOME=/opt/rustwide/rustup-home" "-w" "/opt/rustwide/workdir" "-m" "1610612736" "--user" "0:0" "--network" "none" "ghcr.io/rust-lang/crates-build-env/linux@sha256:4a844ea9eb2546a2d2c7022eacef16ef2e8229c7fbb2c7d4d55a9ceca922f72d" "/opt/rustwide/cargo-home/bin/cargo" "+nightly-2024-10-28" "metadata" "--no-deps" "--format-version=1", kill_on_drop: false }`
[INFO] [stdout] dd39d086d29f7aaca58df0b38eee4de8d06f541e20a8797d06dab4980006dbac
[INFO] running `Command { std: "docker" "start" "-a" "dd39d086d29f7aaca58df0b38eee4de8d06f541e20a8797d06dab4980006dbac", kill_on_drop: false }`
[INFO] running `Command { std: "docker" "inspect" "dd39d086d29f7aaca58df0b38eee4de8d06f541e20a8797d06dab4980006dbac", kill_on_drop: false }`
[INFO] running `Command { std: "docker" "rm" "-f" "dd39d086d29f7aaca58df0b38eee4de8d06f541e20a8797d06dab4980006dbac", kill_on_drop: false }`
[INFO] [stdout] dd39d086d29f7aaca58df0b38eee4de8d06f541e20a8797d06dab4980006dbac
[INFO] running `Command { std: "docker" "create" "-v" "/var/lib/crater-agent-workspace/builds/worker-7-tc1/target:/opt/rustwide/target:rw,Z" "-v" "/var/lib/crater-agent-workspace/builds/worker-7-tc1/source:/opt/rustwide/workdir:ro,Z" "-v" "/var/lib/crater-agent-workspace/cargo-home:/opt/rustwide/cargo-home:ro,Z" "-v" "/var/lib/crater-agent-workspace/rustup-home:/opt/rustwide/rustup-home:ro,Z" "-e" "SOURCE_DIR=/opt/rustwide/workdir" "-e" "CARGO_TARGET_DIR=/opt/rustwide/target" "-e" "CARGO_INCREMENTAL=0" "-e" "RUST_BACKTRACE=full" "-e" "RUSTFLAGS=--cap-lints=forbid" "-e" "RUSTDOCFLAGS=--cap-lints=forbid" "-e" "CARGO_HOME=/opt/rustwide/cargo-home" "-e" "RUSTUP_HOME=/opt/rustwide/rustup-home" "-w" "/opt/rustwide/workdir" "-m" "1610612736" "--user" "0:0" "--network" "none" "ghcr.io/rust-lang/crates-build-env/linux@sha256:4a844ea9eb2546a2d2c7022eacef16ef2e8229c7fbb2c7d4d55a9ceca922f72d" "/opt/rustwide/cargo-home/bin/cargo" "+nightly-2024-10-28" "build" "--frozen" "--message-format=json", kill_on_drop: false }`
[INFO] [stdout] 613a7949e4e41647ccdb4ab8dc4adf941a597d9eca474b5d31acf386a3a93fdd
[INFO] running `Command { std: "docker" "start" "-a" "613a7949e4e41647ccdb4ab8dc4adf941a597d9eca474b5d31acf386a3a93fdd", kill_on_drop: false }`
[INFO] [stderr]    Compiling proc-macro2 v1.0.86
[INFO] [stderr]    Compiling unicode-ident v1.0.12
[INFO] [stderr]    Compiling autocfg v1.3.0
[INFO] [stderr]    Compiling memchr v2.7.4
[INFO] [stderr]    Compiling serde v1.0.210
[INFO] [stderr]    Compiling futures-core v0.3.30
[INFO] [stderr]    Compiling futures-sink v0.3.30
[INFO] [stderr]    Compiling futures-task v0.3.30
[INFO] [stderr]    Compiling pin-utils v0.1.0
[INFO] [stderr]    Compiling futures-io v0.3.30
[INFO] [stderr]    Compiling serde_json v1.0.128
[INFO] [stderr]    Compiling pin-project-lite v0.2.14
[INFO] [stderr]    Compiling anyhow v1.0.91
[INFO] [stderr]    Compiling ryu v1.0.18
[INFO] [stderr]    Compiling itoa v1.0.11
[INFO] [stderr]    Compiling schemars v0.8.21
[INFO] [stderr]    Compiling dyn-clone v1.0.17
[INFO] [stderr]    Compiling unicode-segmentation v1.11.0
[INFO] [stderr]    Compiling futures-channel v0.3.30
[INFO] [stderr]    Compiling indoc v2.0.5
[INFO] [stderr]    Compiling slab v0.4.9
[INFO] [stderr]    Compiling convert_case v0.6.0
[INFO] [stderr]    Compiling quote v1.0.37
[INFO] [stderr]    Compiling syn v2.0.85
[INFO] [stderr]    Compiling serde_derive_internals v0.29.1
[INFO] [stderr]    Compiling serde_derive v1.0.210
[INFO] [stderr]    Compiling futures-macro v0.3.30
[INFO] [stderr]    Compiling async-trait v0.1.81
[INFO] [stderr]    Compiling schemars_derive v0.8.21
[INFO] [stderr]    Compiling futures-util v0.3.30
[INFO] [stderr]    Compiling futures-executor v0.3.30
[INFO] [stderr]    Compiling futures v0.3.30
[INFO] [stderr]    Compiling ferrochain v0.1.0 (/opt/rustwide/workdir)
[INFO] [stderr]     Finished `dev` profile [unoptimized + debuginfo] target(s) in 8.36s
[INFO] running `Command { std: "docker" "inspect" "613a7949e4e41647ccdb4ab8dc4adf941a597d9eca474b5d31acf386a3a93fdd", kill_on_drop: false }`
[INFO] running `Command { std: "docker" "rm" "-f" "613a7949e4e41647ccdb4ab8dc4adf941a597d9eca474b5d31acf386a3a93fdd", kill_on_drop: false }`
[INFO] [stdout] 613a7949e4e41647ccdb4ab8dc4adf941a597d9eca474b5d31acf386a3a93fdd
[INFO] running `Command { std: "docker" "create" "-v" "/var/lib/crater-agent-workspace/builds/worker-7-tc1/target:/opt/rustwide/target:rw,Z" "-v" "/var/lib/crater-agent-workspace/builds/worker-7-tc1/source:/opt/rustwide/workdir:ro,Z" "-v" "/var/lib/crater-agent-workspace/cargo-home:/opt/rustwide/cargo-home:ro,Z" "-v" "/var/lib/crater-agent-workspace/rustup-home:/opt/rustwide/rustup-home:ro,Z" "-e" "SOURCE_DIR=/opt/rustwide/workdir" "-e" "CARGO_TARGET_DIR=/opt/rustwide/target" "-e" "CARGO_INCREMENTAL=0" "-e" "RUST_BACKTRACE=full" "-e" "RUSTFLAGS=--cap-lints=forbid" "-e" "RUSTDOCFLAGS=--cap-lints=forbid" "-e" "CARGO_HOME=/opt/rustwide/cargo-home" "-e" "RUSTUP_HOME=/opt/rustwide/rustup-home" "-w" "/opt/rustwide/workdir" "-m" "1610612736" "--user" "0:0" "--network" "none" "ghcr.io/rust-lang/crates-build-env/linux@sha256:4a844ea9eb2546a2d2c7022eacef16ef2e8229c7fbb2c7d4d55a9ceca922f72d" "/opt/rustwide/cargo-home/bin/cargo" "+nightly-2024-10-28" "test" "--frozen" "--no-run" "--message-format=json", kill_on_drop: false }`
[INFO] [stdout] 4f8907f9d6147b40eecd21d658aae4401858a9efe4405a2de629c3099eef15ae
[INFO] running `Command { std: "docker" "start" "-a" "4f8907f9d6147b40eecd21d658aae4401858a9efe4405a2de629c3099eef15ae", kill_on_drop: false }`
[INFO] [stderr]    Compiling libc v0.2.158
[INFO] [stderr]    Compiling lock_api v0.4.12
[INFO] [stderr]    Compiling parking_lot_core v0.9.10
[INFO] [stderr]    Compiling scopeguard v1.2.0
[INFO] [stderr]    Compiling smallvec v1.13.2
[INFO] [stderr]    Compiling cfg-if v1.0.0
[INFO] [stderr]    Compiling bytes v1.7.2
[INFO] [stderr]    Compiling tokio-macros v2.4.0
[INFO] [stderr]    Compiling socket2 v0.5.7
[INFO] [stderr]    Compiling mio v1.0.2
[INFO] [stderr]    Compiling signal-hook-registry v1.4.2
[INFO] [stderr]    Compiling parking_lot v0.12.3
[INFO] [stderr]    Compiling tokio v1.41.0
[INFO] [stderr]    Compiling ferrochain v0.1.0 (/opt/rustwide/workdir)
[INFO] [stderr]     Finished `test` profile [unoptimized + debuginfo] target(s) in 5.70s
[INFO] running `Command { std: "docker" "inspect" "4f8907f9d6147b40eecd21d658aae4401858a9efe4405a2de629c3099eef15ae", kill_on_drop: false }`
[INFO] running `Command { std: "docker" "rm" "-f" "4f8907f9d6147b40eecd21d658aae4401858a9efe4405a2de629c3099eef15ae", kill_on_drop: false }`
[INFO] [stdout] 4f8907f9d6147b40eecd21d658aae4401858a9efe4405a2de629c3099eef15ae
[INFO] running `Command { std: "docker" "create" "-v" "/var/lib/crater-agent-workspace/builds/worker-7-tc1/target:/opt/rustwide/target:rw,Z" "-v" "/var/lib/crater-agent-workspace/builds/worker-7-tc1/source:/opt/rustwide/workdir:ro,Z" "-v" "/var/lib/crater-agent-workspace/cargo-home:/opt/rustwide/cargo-home:ro,Z" "-v" "/var/lib/crater-agent-workspace/rustup-home:/opt/rustwide/rustup-home:ro,Z" "-e" "SOURCE_DIR=/opt/rustwide/workdir" "-e" "CARGO_TARGET_DIR=/opt/rustwide/target" "-e" "CARGO_INCREMENTAL=0" "-e" "RUST_BACKTRACE=full" "-e" "RUSTFLAGS=--cap-lints=forbid" "-e" "RUSTDOCFLAGS=--cap-lints=forbid" "-e" "CARGO_HOME=/opt/rustwide/cargo-home" "-e" "RUSTUP_HOME=/opt/rustwide/rustup-home" "-w" "/opt/rustwide/workdir" "-m" "1610612736" "--user" "0:0" "--network" "none" "ghcr.io/rust-lang/crates-build-env/linux@sha256:4a844ea9eb2546a2d2c7022eacef16ef2e8229c7fbb2c7d4d55a9ceca922f72d" "/opt/rustwide/cargo-home/bin/cargo" "+nightly-2024-10-28" "test" "--frozen", kill_on_drop: false }`
[INFO] [stdout] 7e3d6a49031eb8caaf474ec708757127e702b5eff9ea6160f7ed6502faddb73b
[INFO] running `Command { std: "docker" "start" "-a" "7e3d6a49031eb8caaf474ec708757127e702b5eff9ea6160f7ed6502faddb73b", kill_on_drop: false }`
[INFO] [stderr]     Finished `test` profile [unoptimized + debuginfo] target(s) in 0.13s
[INFO] [stderr]      Running unittests src/lib.rs (/opt/rustwide/target/debug/deps/ferrochain-c7366b8bfae5f765)
[INFO] [stdout] 
[INFO] [stdout] running 1 test
[INFO] [stdout] test tool::tests::test_echo_tool ... FAILED
[INFO] [stdout] 
[INFO] [stdout] failures:
[INFO] [stdout] 
[INFO] [stdout] ---- tool::tests::test_echo_tool stdout ----
[INFO] [stdout] thread 'tool::tests::test_echo_tool' panicked at src/tool.rs:150:9:
[INFO] [stdout] assertion `left == right` failed
[INFO] [stdout]   left: Object {"message": String("Hello, world!")}
[INFO] [stdout]  right: "{\"message\":\"Hello, world!\"}"
[INFO] [stdout] stack backtrace:
[INFO] [stdout]    0:     0x609a5bc2491a - std::backtrace_rs::backtrace::libunwind::trace::h207520d6e9873551
[INFO] [stdout]                                at /rustc/df4ca44d3fbc9301ee17f30f4d474e6ae4b05252/library/std/src/../../backtrace/src/backtrace/libunwind.rs:116:5
[INFO] [stdout]    1:     0x609a5bc2491a - std::backtrace_rs::backtrace::trace_unsynchronized::h2ed7433f370e3eca
[INFO] [stdout]                                at /rustc/df4ca44d3fbc9301ee17f30f4d474e6ae4b05252/library/std/src/../../backtrace/src/backtrace/mod.rs:66:5
[INFO] [stdout]    2:     0x609a5bc2491a - std::sys::backtrace::_print_fmt::h916fac51166b18d7
[INFO] [stdout]                                at /rustc/df4ca44d3fbc9301ee17f30f4d474e6ae4b05252/library/std/src/sys/backtrace.rs:66:9
[INFO] [stdout]    3:     0x609a5bc2491a - <std::sys::backtrace::BacktraceLock::print::DisplayBacktrace as core::fmt::Display>::fmt::ha0a4c9b8ce3802e6
[INFO] [stdout]                                at /rustc/df4ca44d3fbc9301ee17f30f4d474e6ae4b05252/library/std/src/sys/backtrace.rs:39:26
[INFO] [stdout]    4:     0x609a5bc4b683 - core::fmt::rt::Argument::fmt::h4cfc8587d52b3eb5
[INFO] [stdout]                                at /rustc/df4ca44d3fbc9301ee17f30f4d474e6ae4b05252/library/core/src/fmt/rt.rs:177:76
[INFO] [stdout]    5:     0x609a5bc4b683 - core::fmt::write::h522cc39e5b36ae9f
[INFO] [stdout]                                at /rustc/df4ca44d3fbc9301ee17f30f4d474e6ae4b05252/library/core/src/fmt/mod.rs:1190:21
[INFO] [stdout]    6:     0x609a5bc211d3 - std::io::Write::write_fmt::h7d3c26752da97734
[INFO] [stdout]                                at /rustc/df4ca44d3fbc9301ee17f30f4d474e6ae4b05252/library/std/src/io/mod.rs:1839:15
[INFO] [stdout]    7:     0x609a5bc24762 - std::sys::backtrace::BacktraceLock::print::h4b9e00b29e9c0942
[INFO] [stdout]                                at /rustc/df4ca44d3fbc9301ee17f30f4d474e6ae4b05252/library/std/src/sys/backtrace.rs:42:9
[INFO] [stdout]    8:     0x609a5bc25daa - std::panicking::default_hook::{{closure}}::hb59b88280d0324d9
[INFO] [stdout]                                at /rustc/df4ca44d3fbc9301ee17f30f4d474e6ae4b05252/library/std/src/panicking.rs:268:22
[INFO] [stdout]    9:     0x609a5bc25bb4 - std::panicking::default_hook::he1dd496665be4a29
[INFO] [stdout]                                at /rustc/df4ca44d3fbc9301ee17f30f4d474e6ae4b05252/library/std/src/panicking.rs:292:9
[INFO] [stdout]   10:     0x609a5bb175c9 - <alloc::boxed::Box<F,A> as core::ops::function::Fn<Args>>::call::h4ff71de18744e1dc
[INFO] [stdout]                                at /rustc/df4ca44d3fbc9301ee17f30f4d474e6ae4b05252/library/alloc/src/boxed.rs:2468:9
[INFO] [stdout]   11:     0x609a5bb175c9 - test::test_main::{{closure}}::hcf7c055ce117aa81
[INFO] [stdout]                                at /rustc/df4ca44d3fbc9301ee17f30f4d474e6ae4b05252/library/test/src/lib.rs:133:21
[INFO] [stdout]   12:     0x609a5bc264a8 - <alloc::boxed::Box<F,A> as core::ops::function::Fn<Args>>::call::h1d66c6bbd60c9692
[INFO] [stdout]                                at /rustc/df4ca44d3fbc9301ee17f30f4d474e6ae4b05252/library/alloc/src/boxed.rs:2468:9
[INFO] [stdout]   13:     0x609a5bc264a8 - std::panicking::rust_panic_with_hook::h2ff17fe8f26dfcf8
[INFO] [stdout]                                at /rustc/df4ca44d3fbc9301ee17f30f4d474e6ae4b05252/library/std/src/panicking.rs:809:13
[INFO] [stdout]   14:     0x609a5bc2626a - std::panicking::begin_panic_handler::{{closure}}::h4fad77951c07e101
[INFO] [stdout]                                at /rustc/df4ca44d3fbc9301ee17f30f4d474e6ae4b05252/library/std/src/panicking.rs:674:13
[INFO] [stdout]   15:     0x609a5bc24df9 - std::sys::backtrace::__rust_end_short_backtrace::hb1a25b3da5d0ea08
[INFO] [stdout]                                at /rustc/df4ca44d3fbc9301ee17f30f4d474e6ae4b05252/library/std/src/sys/backtrace.rs:170:18
[INFO] [stdout]   16:     0x609a5bc25efc - rust_begin_unwind
[INFO] [stdout]                                at /rustc/df4ca44d3fbc9301ee17f30f4d474e6ae4b05252/library/std/src/panicking.rs:665:5
[INFO] [stdout]   17:     0x609a5bc49cd0 - core::panicking::panic_fmt::ha9db07b529f9b256
[INFO] [stdout]                                at /rustc/df4ca44d3fbc9301ee17f30f4d474e6ae4b05252/library/core/src/panicking.rs:75:14
[INFO] [stdout]   18:     0x609a5bc4a0fc - core::panicking::assert_failed_inner::h04f38944d74a80a8
[INFO] [stdout]   19:     0x609a5bad8c60 - core::panicking::assert_failed::h0efdcbccbc135dd3
[INFO] [stdout]                                at /rustc/df4ca44d3fbc9301ee17f30f4d474e6ae4b05252/library/core/src/panicking.rs:377:5
[INFO] [stdout]   20:     0x609a5bad3fd2 - ferrochain::tool::tests::test_echo_tool::{{closure}}::h631b73d8c8f874d0
[INFO] [stdout]                                at /opt/rustwide/workdir/src/tool.rs:150:9
[INFO] [stdout]   21:     0x609a5badc4c2 - <core::pin::Pin<P> as core::future::future::Future>::poll::h71deff3ad0266760
[INFO] [stdout]                                at /rustc/df4ca44d3fbc9301ee17f30f4d474e6ae4b05252/library/core/src/future/future.rs:123:9
[INFO] [stdout]   22:     0x609a5badc55d - <core::pin::Pin<P> as core::future::future::Future>::poll::hf583f6d84f3ceec3
[INFO] [stdout]                                at /rustc/df4ca44d3fbc9301ee17f30f4d474e6ae4b05252/library/core/src/future/future.rs:123:9
[INFO] [stdout]   23:     0x609a5bad252f - tokio::runtime::scheduler::current_thread::CoreGuard::block_on::{{closure}}::{{closure}}::{{closure}}::h67643bd29dfa1cf9
[INFO] [stdout]                                at /opt/rustwide/cargo-home/registry/src/index.crates.io-6f17d22bba15001f/tokio-1.41.0/src/runtime/scheduler/current_thread/mod.rs:729:57
[INFO] [stdout]   24:     0x609a5bad22b5 - tokio::runtime::coop::with_budget::h82c4c3eada20dbe5
[INFO] [stdout]                                at /opt/rustwide/cargo-home/registry/src/index.crates.io-6f17d22bba15001f/tokio-1.41.0/src/runtime/coop.rs:107:5
[INFO] [stdout]   25:     0x609a5bad22b5 - tokio::runtime::coop::budget::h25c30ad580350c75
[INFO] [stdout]                                at /opt/rustwide/cargo-home/registry/src/index.crates.io-6f17d22bba15001f/tokio-1.41.0/src/runtime/coop.rs:73:5
[INFO] [stdout]   26:     0x609a5bad22b5 - tokio::runtime::scheduler::current_thread::CoreGuard::block_on::{{closure}}::{{closure}}::h1cde576dcb00652d
[INFO] [stdout]                                at /opt/rustwide/cargo-home/registry/src/index.crates.io-6f17d22bba15001f/tokio-1.41.0/src/runtime/scheduler/current_thread/mod.rs:729:25
[INFO] [stdout]   27:     0x609a5bacf7a0 - tokio::runtime::scheduler::current_thread::Context::enter::h0f696948cd2fa3c9
[INFO] [stdout]                                at /opt/rustwide/cargo-home/registry/src/index.crates.io-6f17d22bba15001f/tokio-1.41.0/src/runtime/scheduler/current_thread/mod.rs:428:19
[INFO] [stdout]   28:     0x609a5bad127e - tokio::runtime::scheduler::current_thread::CoreGuard::block_on::{{closure}}::h6947606842b076c6
[INFO] [stdout]                                at /opt/rustwide/cargo-home/registry/src/index.crates.io-6f17d22bba15001f/tokio-1.41.0/src/runtime/scheduler/current_thread/mod.rs:728:36
[INFO] [stdout]   29:     0x609a5bad0f94 - tokio::runtime::scheduler::current_thread::CoreGuard::enter::{{closure}}::h6286a59c5d7d5f34
[INFO] [stdout]                                at /opt/rustwide/cargo-home/registry/src/index.crates.io-6f17d22bba15001f/tokio-1.41.0/src/runtime/scheduler/current_thread/mod.rs:807:68
[INFO] [stdout]   30:     0x609a5bace19b - tokio::runtime::context::scoped::Scoped<T>::set::h04d4a40551d9ba8e
[INFO] [stdout]                                at /opt/rustwide/cargo-home/registry/src/index.crates.io-6f17d22bba15001f/tokio-1.41.0/src/runtime/context/scoped.rs:40:9
[INFO] [stdout]   31:     0x609a5badad59 - tokio::runtime::context::set_scheduler::{{closure}}::h74607668c6e34fc4
[INFO] [stdout]                                at /opt/rustwide/cargo-home/registry/src/index.crates.io-6f17d22bba15001f/tokio-1.41.0/src/runtime/context.rs:180:26
[INFO] [stdout]   32:     0x609a5bacc0ad - std::thread::local::LocalKey<T>::try_with::h7131a6ca17e7f974
[INFO] [stdout]                                at /rustc/df4ca44d3fbc9301ee17f30f4d474e6ae4b05252/library/std/src/thread/local.rs:283:12
[INFO] [stdout]   33:     0x609a5bacba5a - std::thread::local::LocalKey<T>::with::h65c6d9c109c86de1
[INFO] [stdout]                                at /rustc/df4ca44d3fbc9301ee17f30f4d474e6ae4b05252/library/std/src/thread/local.rs:260:9
[INFO] [stdout]   34:     0x609a5badad0d - tokio::runtime::context::set_scheduler::h970746aa86d49969
[INFO] [stdout]                                at /opt/rustwide/cargo-home/registry/src/index.crates.io-6f17d22bba15001f/tokio-1.41.0/src/runtime/context.rs:180:9
[INFO] [stdout]   35:     0x609a5bad0d20 - tokio::runtime::scheduler::current_thread::CoreGuard::enter::he00a074c80632ea3
[INFO] [stdout]                                at /opt/rustwide/cargo-home/registry/src/index.crates.io-6f17d22bba15001f/tokio-1.41.0/src/runtime/scheduler/current_thread/mod.rs:807:27
[INFO] [stdout]   36:     0x609a5bad0fb3 - tokio::runtime::scheduler::current_thread::CoreGuard::block_on::h58bbdc257b916a72
[INFO] [stdout]                                at /opt/rustwide/cargo-home/registry/src/index.crates.io-6f17d22bba15001f/tokio-1.41.0/src/runtime/scheduler/current_thread/mod.rs:716:19
[INFO] [stdout]   37:     0x609a5baced6f - tokio::runtime::scheduler::current_thread::CurrentThread::block_on::{{closure}}::h3a7a42d10860edbe
[INFO] [stdout]                                at /opt/rustwide/cargo-home/registry/src/index.crates.io-6f17d22bba15001f/tokio-1.41.0/src/runtime/scheduler/current_thread/mod.rs:196:28
[INFO] [stdout]   38:     0x609a5badb256 - tokio::runtime::context::runtime::enter_runtime::h5b6212e023c99349
[INFO] [stdout]                                at /opt/rustwide/cargo-home/registry/src/index.crates.io-6f17d22bba15001f/tokio-1.41.0/src/runtime/context/runtime.rs:65:16
[INFO] [stdout]   39:     0x609a5bacea61 - tokio::runtime::scheduler::current_thread::CurrentThread::block_on::h34f34e95a18185cb
[INFO] [stdout]                                at /opt/rustwide/cargo-home/registry/src/index.crates.io-6f17d22bba15001f/tokio-1.41.0/src/runtime/scheduler/current_thread/mod.rs:184:9
[INFO] [stdout]   40:     0x609a5bace743 - tokio::runtime::runtime::Runtime::block_on_inner::h9e436434e0dad544
[INFO] [stdout]                                at /opt/rustwide/cargo-home/registry/src/index.crates.io-6f17d22bba15001f/tokio-1.41.0/src/runtime/runtime.rs:368:47
[INFO] [stdout]   41:     0x609a5bace937 - tokio::runtime::runtime::Runtime::block_on::h819195c3b10c8fe9
[INFO] [stdout]                                at /opt/rustwide/cargo-home/registry/src/index.crates.io-6f17d22bba15001f/tokio-1.41.0/src/runtime/runtime.rs:342:13
[INFO] [stdout]   42:     0x609a5bad37a1 - ferrochain::tool::tests::test_echo_tool::hb22c309603925067
[INFO] [stdout]                                at /opt/rustwide/workdir/src/tool.rs:150:9
[INFO] [stdout]   43:     0x609a5bad3647 - ferrochain::tool::tests::test_echo_tool::{{closure}}::h4002b830fc03068e
[INFO] [stdout]                                at /opt/rustwide/workdir/src/tool.rs:135:30
[INFO] [stdout]   44:     0x609a5baccbe6 - core::ops::function::FnOnce::call_once::h6a2382bb1283dcf4
[INFO] [stdout]                                at /rustc/df4ca44d3fbc9301ee17f30f4d474e6ae4b05252/library/core/src/ops/function.rs:250:5
[INFO] [stdout]   45:     0x609a5bb1be9b - core::ops::function::FnOnce::call_once::h22c3ba5715e93f05
[INFO] [stdout]                                at /rustc/df4ca44d3fbc9301ee17f30f4d474e6ae4b05252/library/core/src/ops/function.rs:250:5
[INFO] [stdout]   46:     0x609a5bb1be9b - test::__rust_begin_short_backtrace::h8e82d8113d0da17f
[INFO] [stdout]                                at /rustc/df4ca44d3fbc9301ee17f30f4d474e6ae4b05252/library/test/src/lib.rs:621:18
[INFO] [stdout]   47:     0x609a5bb1b817 - test::run_test_in_process::{{closure}}::h33235f4f20b7b7c7
[INFO] [stdout]                                at /rustc/df4ca44d3fbc9301ee17f30f4d474e6ae4b05252/library/test/src/lib.rs:644:60
[INFO] [stdout]   48:     0x609a5bb1b817 - <core::panic::unwind_safe::AssertUnwindSafe<F> as core::ops::function::FnOnce<()>>::call_once::hb5043206310c586f
[INFO] [stdout]                                at /rustc/df4ca44d3fbc9301ee17f30f4d474e6ae4b05252/library/core/src/panic/unwind_safe.rs:272:9
[INFO] [stdout]   49:     0x609a5bb1b817 - std::panicking::try::do_call::h9ad4731a60ab23e2
[INFO] [stdout]                                at /rustc/df4ca44d3fbc9301ee17f30f4d474e6ae4b05252/library/std/src/panicking.rs:557:40
[INFO] [stdout]   50:     0x609a5bb1b817 - std::panicking::try::h3824d23db772a716
[INFO] [stdout]                                at /rustc/df4ca44d3fbc9301ee17f30f4d474e6ae4b05252/library/std/src/panicking.rs:520:19
[INFO] [stdout]   51:     0x609a5bb1b817 - std::panic::catch_unwind::h5afd514605fde46b
[INFO] [stdout]                                at /rustc/df4ca44d3fbc9301ee17f30f4d474e6ae4b05252/library/std/src/panic.rs:358:14
[INFO] [stdout]   52:     0x609a5bb1b817 - test::run_test_in_process::h0d5cbfa7067d1720
[INFO] [stdout]                                at /rustc/df4ca44d3fbc9301ee17f30f4d474e6ae4b05252/library/test/src/lib.rs:644:27
[INFO] [stdout]   53:     0x609a5bb1b817 - test::run_test::{{closure}}::h708eb8872708115d
[INFO] [stdout]                                at /rustc/df4ca44d3fbc9301ee17f30f4d474e6ae4b05252/library/test/src/lib.rs:565:43
[INFO] [stdout]   54:     0x609a5badef34 - test::run_test::{{closure}}::h392c51cee94713ab
[INFO] [stdout]                                at /rustc/df4ca44d3fbc9301ee17f30f4d474e6ae4b05252/library/test/src/lib.rs:595:41
[INFO] [stdout]   55:     0x609a5badef34 - std::sys::backtrace::__rust_begin_short_backtrace::h2f40290710935a8b
[INFO] [stdout]                                at /rustc/df4ca44d3fbc9301ee17f30f4d474e6ae4b05252/library/std/src/sys/backtrace.rs:154:18
[INFO] [stdout]   56:     0x609a5bae26de - std::thread::Builder::spawn_unchecked_::{{closure}}::{{closure}}::h3fd968d89053a903
[INFO] [stdout]                                at /rustc/df4ca44d3fbc9301ee17f30f4d474e6ae4b05252/library/std/src/thread/mod.rs:541:17
[INFO] [stdout]   57:     0x609a5bae26de - <core::panic::unwind_safe::AssertUnwindSafe<F> as core::ops::function::FnOnce<()>>::call_once::h743f637ba4229880
[INFO] [stdout]                                at /rustc/df4ca44d3fbc9301ee17f30f4d474e6ae4b05252/library/core/src/panic/unwind_safe.rs:272:9
[INFO] [stdout]   58:     0x609a5bae26de - std::panicking::try::do_call::h07440897322525a6
[INFO] [stdout]                                at /rustc/df4ca44d3fbc9301ee17f30f4d474e6ae4b05252/library/std/src/panicking.rs:557:40
[INFO] [stdout]   59:     0x609a5bae26de - std::panicking::try::he5a2e00188156637
[INFO] [stdout]                                at /rustc/df4ca44d3fbc9301ee17f30f4d474e6ae4b05252/library/std/src/panicking.rs:520:19
[INFO] [stdout]   60:     0x609a5bae26de - std::panic::catch_unwind::hbaf3cae49b3c6433
[INFO] [stdout]                                at /rustc/df4ca44d3fbc9301ee17f30f4d474e6ae4b05252/library/std/src/panic.rs:358:14
[INFO] [stdout]   61:     0x609a5bae26de - std::thread::Builder::spawn_unchecked_::{{closure}}::h8e141ea224820bce
[INFO] [stdout]                                at /rustc/df4ca44d3fbc9301ee17f30f4d474e6ae4b05252/library/std/src/thread/mod.rs:540:30
[INFO] [stdout]   62:     0x609a5bae26de - core::ops::function::FnOnce::call_once{{vtable.shim}}::h90d312fedd7b8ea8
[INFO] [stdout]                                at /rustc/df4ca44d3fbc9301ee17f30f4d474e6ae4b05252/library/core/src/ops/function.rs:250:5
[INFO] [stdout]   63:     0x609a5bc2a52b - <alloc::boxed::Box<F,A> as core::ops::function::FnOnce<Args>>::call_once::h69aa08ddb6adb8b6
[INFO] [stdout]                                at /rustc/df4ca44d3fbc9301ee17f30f4d474e6ae4b05252/library/alloc/src/boxed.rs:2454:9
[INFO] [stdout]   64:     0x609a5bc2a52b - <alloc::boxed::Box<F,A> as core::ops::function::FnOnce<Args>>::call_once::h5aa36efdb79c806f
[INFO] [stdout]                                at /rustc/df4ca44d3fbc9301ee17f30f4d474e6ae4b05252/library/alloc/src/boxed.rs:2454:9
[INFO] [stdout]   65:     0x609a5bc2a52b - std::sys::pal::unix::thread::Thread::new::thread_start::h6cd80a1b4be5158d
[INFO] [stdout]                                at /rustc/df4ca44d3fbc9301ee17f30f4d474e6ae4b05252/library/std/src/sys/pal/unix/thread.rs:105:17
[INFO] [stdout]   66:     0x7b853a2c0ac3 - <unknown>
[INFO] [stdout]   67:     0x7b853a351a04 - clone
[INFO] [stdout]   68:                0x0 - <unknown>
[INFO] [stdout] 
[INFO] [stdout] 
[INFO] [stdout] failures:
[INFO] [stdout]     tool::tests::test_echo_tool
[INFO] [stdout] 
[INFO] [stdout] test result: FAILED. 0 passed; 1 failed; 0 ignored; 0 measured; 0 filtered out; finished in 0.02s
[INFO] [stdout] 
[INFO] [stderr] error: test failed, to rerun pass `--lib`
[INFO] running `Command { std: "docker" "inspect" "7e3d6a49031eb8caaf474ec708757127e702b5eff9ea6160f7ed6502faddb73b", kill_on_drop: false }`
[INFO] running `Command { std: "docker" "rm" "-f" "7e3d6a49031eb8caaf474ec708757127e702b5eff9ea6160f7ed6502faddb73b", kill_on_drop: false }`
[INFO] [stdout] 7e3d6a49031eb8caaf474ec708757127e702b5eff9ea6160f7ed6502faddb73b
