[INFO] cloning repository https://github.com/false-fox/falsefox-crate
[INFO] running `Command { std: "git" "-c" "credential.helper=" "-c" "credential.helper=/workspace/cargo-home/bin/git-credential-null" "clone" "--bare" "https://github.com/false-fox/falsefox-crate" "/workspace/cache/git-repos/https%3A%2F%2Fgithub.com%2Ffalse-fox%2Ffalsefox-crate", kill_on_drop: false }`
[INFO] [stderr] Cloning into bare repository '/workspace/cache/git-repos/https%3A%2F%2Fgithub.com%2Ffalse-fox%2Ffalsefox-crate'...
[INFO] running `Command { std: "git" "rev-parse" "HEAD", kill_on_drop: false }`
[INFO] [stdout] 13b4b3fb1a9bd4eb79e8336fc023917f42b44b43
[INFO] testing false-fox/falsefox-crate/13b4b3fb1a9bd4eb79e8336fc023917f42b44b43 against nightly-2024-10-28 for randomize-layout
[INFO] running `Command { std: "git" "clone" "/workspace/cache/git-repos/https%3A%2F%2Fgithub.com%2Ffalse-fox%2Ffalsefox-crate" "/workspace/builds/worker-2-tc1/source", kill_on_drop: false }`
[INFO] [stderr] Cloning into '/workspace/builds/worker-2-tc1/source'...
[INFO] [stderr] done.
[INFO] validating manifest of git repo https://github.com/false-fox/falsefox-crate on toolchain nightly-2024-10-28
[INFO] running `Command { std: CARGO_HOME="/workspace/cargo-home" RUSTUP_HOME="/workspace/rustup-home" "/workspace/cargo-home/bin/cargo" "+nightly-2024-10-28" "metadata" "--manifest-path" "Cargo.toml" "--no-deps", kill_on_drop: false }`
[INFO] started tweaking git repo https://github.com/false-fox/falsefox-crate
[INFO] finished tweaking git repo https://github.com/false-fox/falsefox-crate
[INFO] tweaked toml for git repo https://github.com/false-fox/falsefox-crate written to /workspace/builds/worker-2-tc1/source/Cargo.toml
[INFO] crate git repo https://github.com/false-fox/falsefox-crate already has a lockfile, it will not be regenerated
[INFO] running `Command { std: CARGO_HOME="/workspace/cargo-home" RUSTUP_HOME="/workspace/rustup-home" "/workspace/cargo-home/bin/cargo" "+nightly-2024-10-28" "fetch" "--manifest-path" "Cargo.toml", kill_on_drop: false }`
[INFO] running `Command { std: "docker" "create" "-v" "/var/lib/crater-agent-workspace/builds/worker-2-tc1/target:/opt/rustwide/target:rw,Z" "-v" "/var/lib/crater-agent-workspace/builds/worker-2-tc1/source:/opt/rustwide/workdir:ro,Z" "-v" "/var/lib/crater-agent-workspace/cargo-home:/opt/rustwide/cargo-home:ro,Z" "-v" "/var/lib/crater-agent-workspace/rustup-home:/opt/rustwide/rustup-home:ro,Z" "-e" "SOURCE_DIR=/opt/rustwide/workdir" "-e" "CARGO_TARGET_DIR=/opt/rustwide/target" "-e" "CARGO_HOME=/opt/rustwide/cargo-home" "-e" "RUSTUP_HOME=/opt/rustwide/rustup-home" "-w" "/opt/rustwide/workdir" "-m" "1610612736" "--user" "0:0" "--network" "none" "ghcr.io/rust-lang/crates-build-env/linux@sha256:4a844ea9eb2546a2d2c7022eacef16ef2e8229c7fbb2c7d4d55a9ceca922f72d" "/opt/rustwide/cargo-home/bin/cargo" "+nightly-2024-10-28" "metadata" "--no-deps" "--format-version=1", kill_on_drop: false }`
[INFO] [stdout] b08389c62c6909278ebdbe79b880159018e4edebc4cba64717ed847fcaa8b5b8
[INFO] running `Command { std: "docker" "start" "-a" "b08389c62c6909278ebdbe79b880159018e4edebc4cba64717ed847fcaa8b5b8", kill_on_drop: false }`
[INFO] running `Command { std: "docker" "inspect" "b08389c62c6909278ebdbe79b880159018e4edebc4cba64717ed847fcaa8b5b8", kill_on_drop: false }`
[INFO] running `Command { std: "docker" "rm" "-f" "b08389c62c6909278ebdbe79b880159018e4edebc4cba64717ed847fcaa8b5b8", kill_on_drop: false }`
[INFO] [stdout] b08389c62c6909278ebdbe79b880159018e4edebc4cba64717ed847fcaa8b5b8
[INFO] running `Command { std: "docker" "create" "-v" "/var/lib/crater-agent-workspace/builds/worker-2-tc1/target:/opt/rustwide/target:rw,Z" "-v" "/var/lib/crater-agent-workspace/builds/worker-2-tc1/source:/opt/rustwide/workdir:ro,Z" "-v" "/var/lib/crater-agent-workspace/cargo-home:/opt/rustwide/cargo-home:ro,Z" "-v" "/var/lib/crater-agent-workspace/rustup-home:/opt/rustwide/rustup-home:ro,Z" "-e" "SOURCE_DIR=/opt/rustwide/workdir" "-e" "CARGO_TARGET_DIR=/opt/rustwide/target" "-e" "CARGO_INCREMENTAL=0" "-e" "RUST_BACKTRACE=full" "-e" "RUSTFLAGS=--cap-lints=forbid" "-e" "RUSTDOCFLAGS=--cap-lints=forbid" "-e" "CARGO_HOME=/opt/rustwide/cargo-home" "-e" "RUSTUP_HOME=/opt/rustwide/rustup-home" "-w" "/opt/rustwide/workdir" "-m" "1610612736" "--user" "0:0" "--network" "none" "ghcr.io/rust-lang/crates-build-env/linux@sha256:4a844ea9eb2546a2d2c7022eacef16ef2e8229c7fbb2c7d4d55a9ceca922f72d" "/opt/rustwide/cargo-home/bin/cargo" "+nightly-2024-10-28" "build" "--frozen" "--message-format=json", kill_on_drop: false }`
[INFO] [stdout] 58a21f72960d7137299260abf06ad922e47c36644fa70decb9d30154f9ce00f7
[INFO] running `Command { std: "docker" "start" "-a" "58a21f72960d7137299260abf06ad922e47c36644fa70decb9d30154f9ce00f7", kill_on_drop: false }`
[INFO] [stderr]    Compiling falsefox v0.1.4 (/opt/rustwide/workdir)
[INFO] [stderr]     Finished `dev` profile [unoptimized + debuginfo] target(s) in 0.20s
[INFO] running `Command { std: "docker" "inspect" "58a21f72960d7137299260abf06ad922e47c36644fa70decb9d30154f9ce00f7", kill_on_drop: false }`
[INFO] running `Command { std: "docker" "rm" "-f" "58a21f72960d7137299260abf06ad922e47c36644fa70decb9d30154f9ce00f7", kill_on_drop: false }`
[INFO] [stdout] 58a21f72960d7137299260abf06ad922e47c36644fa70decb9d30154f9ce00f7
[INFO] running `Command { std: "docker" "create" "-v" "/var/lib/crater-agent-workspace/builds/worker-2-tc1/target:/opt/rustwide/target:rw,Z" "-v" "/var/lib/crater-agent-workspace/builds/worker-2-tc1/source:/opt/rustwide/workdir:ro,Z" "-v" "/var/lib/crater-agent-workspace/cargo-home:/opt/rustwide/cargo-home:ro,Z" "-v" "/var/lib/crater-agent-workspace/rustup-home:/opt/rustwide/rustup-home:ro,Z" "-e" "SOURCE_DIR=/opt/rustwide/workdir" "-e" "CARGO_TARGET_DIR=/opt/rustwide/target" "-e" "CARGO_INCREMENTAL=0" "-e" "RUST_BACKTRACE=full" "-e" "RUSTFLAGS=--cap-lints=forbid" "-e" "RUSTDOCFLAGS=--cap-lints=forbid" "-e" "CARGO_HOME=/opt/rustwide/cargo-home" "-e" "RUSTUP_HOME=/opt/rustwide/rustup-home" "-w" "/opt/rustwide/workdir" "-m" "1610612736" "--user" "0:0" "--network" "none" "ghcr.io/rust-lang/crates-build-env/linux@sha256:4a844ea9eb2546a2d2c7022eacef16ef2e8229c7fbb2c7d4d55a9ceca922f72d" "/opt/rustwide/cargo-home/bin/cargo" "+nightly-2024-10-28" "test" "--frozen" "--no-run" "--message-format=json", kill_on_drop: false }`
[INFO] [stdout] f100a7d893ff16f9514872760e3605e7730eaca37521f9336c05484ed920830c
[INFO] running `Command { std: "docker" "start" "-a" "f100a7d893ff16f9514872760e3605e7730eaca37521f9336c05484ed920830c", kill_on_drop: false }`
[INFO] [stderr]    Compiling falsefox v0.1.4 (/opt/rustwide/workdir)
[INFO] [stderr]     Finished `test` profile [unoptimized + debuginfo] target(s) in 0.12s
[INFO] running `Command { std: "docker" "inspect" "f100a7d893ff16f9514872760e3605e7730eaca37521f9336c05484ed920830c", kill_on_drop: false }`
[INFO] running `Command { std: "docker" "rm" "-f" "f100a7d893ff16f9514872760e3605e7730eaca37521f9336c05484ed920830c", kill_on_drop: false }`
[INFO] [stdout] f100a7d893ff16f9514872760e3605e7730eaca37521f9336c05484ed920830c
[INFO] running `Command { std: "docker" "create" "-v" "/var/lib/crater-agent-workspace/builds/worker-2-tc1/target:/opt/rustwide/target:rw,Z" "-v" "/var/lib/crater-agent-workspace/builds/worker-2-tc1/source:/opt/rustwide/workdir:ro,Z" "-v" "/var/lib/crater-agent-workspace/cargo-home:/opt/rustwide/cargo-home:ro,Z" "-v" "/var/lib/crater-agent-workspace/rustup-home:/opt/rustwide/rustup-home:ro,Z" "-e" "SOURCE_DIR=/opt/rustwide/workdir" "-e" "CARGO_TARGET_DIR=/opt/rustwide/target" "-e" "CARGO_INCREMENTAL=0" "-e" "RUST_BACKTRACE=full" "-e" "RUSTFLAGS=--cap-lints=forbid" "-e" "RUSTDOCFLAGS=--cap-lints=forbid" "-e" "CARGO_HOME=/opt/rustwide/cargo-home" "-e" "RUSTUP_HOME=/opt/rustwide/rustup-home" "-w" "/opt/rustwide/workdir" "-m" "1610612736" "--user" "0:0" "--network" "none" "ghcr.io/rust-lang/crates-build-env/linux@sha256:4a844ea9eb2546a2d2c7022eacef16ef2e8229c7fbb2c7d4d55a9ceca922f72d" "/opt/rustwide/cargo-home/bin/cargo" "+nightly-2024-10-28" "test" "--frozen", kill_on_drop: false }`
[INFO] [stdout] cb23d4f79fea48a9acd5b896772613244f6d4cf34b8d9a4a006855ab2e6de46c
[INFO] running `Command { std: "docker" "start" "-a" "cb23d4f79fea48a9acd5b896772613244f6d4cf34b8d9a4a006855ab2e6de46c", kill_on_drop: false }`
[INFO] [stderr]     Finished `test` profile [unoptimized + debuginfo] target(s) in 0.00s
[INFO] [stderr]      Running unittests src/prelude.rs (/opt/rustwide/target/debug/deps/falsefox-cb02d5a1ccd15abe)
[INFO] [stdout] 
[INFO] [stdout] running 1 test
[INFO] [stdout] test tests::test_get_functions ... ok
[INFO] [stdout] 
[INFO] [stdout] test result: ok. 1 passed; 0 failed; 0 ignored; 0 measured; 0 filtered out; finished in 0.00s
[INFO] [stdout] 
[INFO] [stderr]      Running unittests src/main.rs (/opt/rustwide/target/debug/deps/falsefox-dd7b4c5110d31f0e)
[INFO] [stdout] 
[INFO] [stdout] running 1 test
[INFO] [stdout] test prelude::tests::test_get_functions ... ok
[INFO] [stdout] 
[INFO] [stdout] test result: ok. 1 passed; 0 failed; 0 ignored; 0 measured; 0 filtered out; finished in 0.00s
[INFO] [stdout] 
[INFO] [stderr]    Doc-tests falsefox
[INFO] [stdout] 
[INFO] [stdout] running 1 test
[INFO] [stdout] test src/prelude.rs - (line 8) ... FAILED
[INFO] [stdout] 
[INFO] [stdout] failures:
[INFO] [stdout] 
[INFO] [stdout] ---- src/prelude.rs - (line 8) stdout ----
[INFO] [stdout] error[E0254]: the name `falsefox` is defined multiple times
[INFO] [stdout]  --> src/prelude.rs:10:5
[INFO] [stdout]   |
[INFO] [stdout] 3 | extern crate r#falsefox;
[INFO] [stdout]   | ------------------------ previous import of the extern crate `falsefox` here
[INFO] [stdout] 4 | use falsefox;
[INFO] [stdout]   |     ^^^^^^^^ `falsefox` reimported here
[INFO] [stdout]   |
[INFO] [stdout]   = note: `falsefox` must be defined only once in the type namespace of this module
[INFO] [stdout] 
[INFO] [stdout] error: aborting due to 1 previous error
[INFO] [stdout] 
[INFO] [stdout] For more information about this error, try `rustc --explain E0254`.
[INFO] [stdout] Couldn't compile the test.
[INFO] [stdout] 
[INFO] [stdout] failures:
[INFO] [stdout]     src/prelude.rs - (line 8)
[INFO] [stdout] 
[INFO] [stdout] test result: FAILED. 0 passed; 1 failed; 0 ignored; 0 measured; 0 filtered out; finished in 0.04s
[INFO] [stdout] 
[INFO] [stderr] error: doctest failed, to rerun pass `--doc`
[INFO] running `Command { std: "docker" "inspect" "cb23d4f79fea48a9acd5b896772613244f6d4cf34b8d9a4a006855ab2e6de46c", kill_on_drop: false }`
[INFO] running `Command { std: "docker" "rm" "-f" "cb23d4f79fea48a9acd5b896772613244f6d4cf34b8d9a4a006855ab2e6de46c", kill_on_drop: false }`
[INFO] [stdout] cb23d4f79fea48a9acd5b896772613244f6d4cf34b8d9a4a006855ab2e6de46c
