[INFO] cloning repository https://github.com/evant/ere
[INFO] running `Command { std: "git" "-c" "credential.helper=" "-c" "credential.helper=/workspace/cargo-home/bin/git-credential-null" "clone" "--bare" "https://github.com/evant/ere" "/workspace/cache/git-repos/https%3A%2F%2Fgithub.com%2Fevant%2Fere", kill_on_drop: false }`
[INFO] [stderr] Cloning into bare repository '/workspace/cache/git-repos/https%3A%2F%2Fgithub.com%2Fevant%2Fere'...
[INFO] running `Command { std: "git" "rev-parse" "HEAD", kill_on_drop: false }`
[INFO] [stdout] d22dda1b707d3836b0b608bb2b88ce557528dd62
[INFO] testing evant/ere/d22dda1b707d3836b0b608bb2b88ce557528dd62 against nightly-2024-10-28 for randomize-layout
[INFO] running `Command { std: "git" "clone" "/workspace/cache/git-repos/https%3A%2F%2Fgithub.com%2Fevant%2Fere" "/workspace/builds/worker-6-tc1/source", kill_on_drop: false }`
[INFO] [stderr] Cloning into '/workspace/builds/worker-6-tc1/source'...
[INFO] [stderr] done.
[INFO] validating manifest of git repo https://github.com/evant/ere on toolchain nightly-2024-10-28
[INFO] running `Command { std: CARGO_HOME="/workspace/cargo-home" RUSTUP_HOME="/workspace/rustup-home" "/workspace/cargo-home/bin/cargo" "+nightly-2024-10-28" "metadata" "--manifest-path" "Cargo.toml" "--no-deps", kill_on_drop: false }`
[INFO] started tweaking git repo https://github.com/evant/ere
[INFO] finished tweaking git repo https://github.com/evant/ere
[INFO] tweaked toml for git repo https://github.com/evant/ere written to /workspace/builds/worker-6-tc1/source/Cargo.toml
[INFO] crate git repo https://github.com/evant/ere already has a lockfile, it will not be regenerated
[INFO] running `Command { std: CARGO_HOME="/workspace/cargo-home" RUSTUP_HOME="/workspace/rustup-home" "/workspace/cargo-home/bin/cargo" "+nightly-2024-10-28" "fetch" "--manifest-path" "Cargo.toml", kill_on_drop: false }`
[INFO] [stderr]     Updating crates.io index
[INFO] [stderr]  Downloading crates ...
[INFO] [stderr]   Downloaded pico-args v0.5.0
[INFO] [stderr]   Downloaded predicates v2.1.1
[INFO] [stderr]   Downloaded globwalk v0.8.1
[INFO] [stderr]   Downloaded predicates-core v1.0.3
[INFO] [stderr]   Downloaded predicates-tree v1.0.5
[INFO] [stderr]   Downloaded termtree v0.2.4
[INFO] [stderr]   Downloaded ignore v0.4.18
[INFO] [stderr]   Downloaded globset v0.4.9
[INFO] [stderr]   Downloaded assert_fs v1.0.7
[INFO] [stderr]   Downloaded bstr v0.2.17
[INFO] running `Command { std: "docker" "create" "-v" "/var/lib/crater-agent-workspace/builds/worker-6-tc1/target:/opt/rustwide/target:rw,Z" "-v" "/var/lib/crater-agent-workspace/builds/worker-6-tc1/source:/opt/rustwide/workdir:ro,Z" "-v" "/var/lib/crater-agent-workspace/cargo-home:/opt/rustwide/cargo-home:ro,Z" "-v" "/var/lib/crater-agent-workspace/rustup-home:/opt/rustwide/rustup-home:ro,Z" "-e" "SOURCE_DIR=/opt/rustwide/workdir" "-e" "CARGO_TARGET_DIR=/opt/rustwide/target" "-e" "CARGO_HOME=/opt/rustwide/cargo-home" "-e" "RUSTUP_HOME=/opt/rustwide/rustup-home" "-w" "/opt/rustwide/workdir" "-m" "1610612736" "--user" "0:0" "--network" "none" "ghcr.io/rust-lang/crates-build-env/linux@sha256:4a844ea9eb2546a2d2c7022eacef16ef2e8229c7fbb2c7d4d55a9ceca922f72d" "/opt/rustwide/cargo-home/bin/cargo" "+nightly-2024-10-28" "metadata" "--no-deps" "--format-version=1", kill_on_drop: false }`
[INFO] [stdout] 02ba7f0f051a3f7fba7b8c9def42e0c09de2c8f05ce53a48e1d55c4f01cd13bd
[INFO] running `Command { std: "docker" "start" "-a" "02ba7f0f051a3f7fba7b8c9def42e0c09de2c8f05ce53a48e1d55c4f01cd13bd", kill_on_drop: false }`
[INFO] running `Command { std: "docker" "inspect" "02ba7f0f051a3f7fba7b8c9def42e0c09de2c8f05ce53a48e1d55c4f01cd13bd", kill_on_drop: false }`
[INFO] running `Command { std: "docker" "rm" "-f" "02ba7f0f051a3f7fba7b8c9def42e0c09de2c8f05ce53a48e1d55c4f01cd13bd", kill_on_drop: false }`
[INFO] [stdout] 02ba7f0f051a3f7fba7b8c9def42e0c09de2c8f05ce53a48e1d55c4f01cd13bd
[INFO] running `Command { std: "docker" "create" "-v" "/var/lib/crater-agent-workspace/builds/worker-6-tc1/target:/opt/rustwide/target:rw,Z" "-v" "/var/lib/crater-agent-workspace/builds/worker-6-tc1/source:/opt/rustwide/workdir:ro,Z" "-v" "/var/lib/crater-agent-workspace/cargo-home:/opt/rustwide/cargo-home:ro,Z" "-v" "/var/lib/crater-agent-workspace/rustup-home:/opt/rustwide/rustup-home:ro,Z" "-e" "SOURCE_DIR=/opt/rustwide/workdir" "-e" "CARGO_TARGET_DIR=/opt/rustwide/target" "-e" "CARGO_INCREMENTAL=0" "-e" "RUST_BACKTRACE=full" "-e" "RUSTFLAGS=--cap-lints=forbid" "-e" "RUSTDOCFLAGS=--cap-lints=forbid" "-e" "CARGO_HOME=/opt/rustwide/cargo-home" "-e" "RUSTUP_HOME=/opt/rustwide/rustup-home" "-w" "/opt/rustwide/workdir" "-m" "1610612736" "--user" "0:0" "--network" "none" "ghcr.io/rust-lang/crates-build-env/linux@sha256:4a844ea9eb2546a2d2c7022eacef16ef2e8229c7fbb2c7d4d55a9ceca922f72d" "/opt/rustwide/cargo-home/bin/cargo" "+nightly-2024-10-28" "build" "--frozen" "--message-format=json", kill_on_drop: false }`
[INFO] [stdout] 09b9a5fd0e8c6d0ab255c9e9cf11a7a310937264ee5df7d702f3d4a392a720cc
[INFO] running `Command { std: "docker" "start" "-a" "09b9a5fd0e8c6d0ab255c9e9cf11a7a310937264ee5df7d702f3d4a392a720cc", kill_on_drop: false }`
[INFO] [stderr]    Compiling proc-macro2 v1.0.40
[INFO] [stderr]    Compiling quote v1.0.20
[INFO] [stderr]    Compiling unicode-ident v1.0.1
[INFO] [stderr]    Compiling syn v1.0.98
[INFO] [stderr]    Compiling libc v0.2.126
[INFO] [stderr]    Compiling fastrand v1.7.0
[INFO] [stderr]    Compiling same-file v1.0.6
[INFO] [stderr]    Compiling remove_dir_all v0.5.3
[INFO] [stderr]    Compiling pico-args v0.5.0
[INFO] [stderr]    Compiling walkdir v2.3.2
[INFO] [stderr]    Compiling tempfile v3.3.0
[INFO] [stderr]    Compiling thiserror-impl v1.0.31
[INFO] [stderr]    Compiling thiserror v1.0.31
[INFO] [stderr]    Compiling ere v0.1.0 (/opt/rustwide/workdir)
[INFO] [stdout] warning: unused import: `read_dir`
[INFO] [stdout]  --> src/main.rs:3:21
[INFO] [stdout]   |
[INFO] [stdout] 3 | use std::fs::{File, read_dir, rename};
[INFO] [stdout]   |                     ^^^^^^^^
[INFO] [stdout]   |
[INFO] [stdout]   = note: `#[warn(unused_imports)]` on by default
[INFO] [stdout] 
[INFO] [stdout] 
[INFO] [stdout] warning: unused import: `std::os::unix::prelude::OsStrExt`
[INFO] [stdout]  --> src/main.rs:5:5
[INFO] [stdout]   |
[INFO] [stdout] 5 | use std::os::unix::prelude::OsStrExt;
[INFO] [stdout]   |     ^^^^^^^^^^^^^^^^^^^^^^^^^^^^^^^^
[INFO] [stdout] 
[INFO] [stdout] 
[INFO] [stderr]     Finished `dev` profile [unoptimized + debuginfo] target(s) in 4.60s
[INFO] running `Command { std: "docker" "inspect" "09b9a5fd0e8c6d0ab255c9e9cf11a7a310937264ee5df7d702f3d4a392a720cc", kill_on_drop: false }`
[INFO] running `Command { std: "docker" "rm" "-f" "09b9a5fd0e8c6d0ab255c9e9cf11a7a310937264ee5df7d702f3d4a392a720cc", kill_on_drop: false }`
[INFO] [stdout] 09b9a5fd0e8c6d0ab255c9e9cf11a7a310937264ee5df7d702f3d4a392a720cc
[INFO] running `Command { std: "docker" "create" "-v" "/var/lib/crater-agent-workspace/builds/worker-6-tc1/target:/opt/rustwide/target:rw,Z" "-v" "/var/lib/crater-agent-workspace/builds/worker-6-tc1/source:/opt/rustwide/workdir:ro,Z" "-v" "/var/lib/crater-agent-workspace/cargo-home:/opt/rustwide/cargo-home:ro,Z" "-v" "/var/lib/crater-agent-workspace/rustup-home:/opt/rustwide/rustup-home:ro,Z" "-e" "SOURCE_DIR=/opt/rustwide/workdir" "-e" "CARGO_TARGET_DIR=/opt/rustwide/target" "-e" "CARGO_INCREMENTAL=0" "-e" "RUST_BACKTRACE=full" "-e" "RUSTFLAGS=--cap-lints=forbid" "-e" "RUSTDOCFLAGS=--cap-lints=forbid" "-e" "CARGO_HOME=/opt/rustwide/cargo-home" "-e" "RUSTUP_HOME=/opt/rustwide/rustup-home" "-w" "/opt/rustwide/workdir" "-m" "1610612736" "--user" "0:0" "--network" "none" "ghcr.io/rust-lang/crates-build-env/linux@sha256:4a844ea9eb2546a2d2c7022eacef16ef2e8229c7fbb2c7d4d55a9ceca922f72d" "/opt/rustwide/cargo-home/bin/cargo" "+nightly-2024-10-28" "test" "--frozen" "--no-run" "--message-format=json", kill_on_drop: false }`
[INFO] [stdout] 083dde61a2c6d17585820a95ea30d5d1c1e0cfc98368ad5a5afc475ec0c5d07d
[INFO] running `Command { std: "docker" "start" "-a" "083dde61a2c6d17585820a95ea30d5d1c1e0cfc98368ad5a5afc475ec0c5d07d", kill_on_drop: false }`
[INFO] [stderr]    Compiling regex-syntax v0.6.26
[INFO] [stderr]    Compiling crossbeam-utils v0.8.10
[INFO] [stderr]    Compiling once_cell v1.12.0
[INFO] [stderr]    Compiling predicates-core v1.0.3
[INFO] [stderr]    Compiling num-traits v0.2.15
[INFO] [stderr]    Compiling doc-comment v0.3.3
[INFO] [stderr]    Compiling itertools v0.10.3
[INFO] [stderr]    Compiling aho-corasick v0.7.18
[INFO] [stderr]    Compiling bstr v0.2.17
[INFO] [stderr]    Compiling normalize-line-endings v0.3.0
[INFO] [stderr]    Compiling difflib v0.4.0
[INFO] [stderr]    Compiling termtree v0.2.4
[INFO] [stderr]    Compiling predicates-tree v1.0.5
[INFO] [stderr]    Compiling thread_local v1.1.4
[INFO] [stderr]    Compiling float-cmp v0.9.0
[INFO] [stderr]    Compiling regex v1.5.6
[INFO] [stderr]    Compiling globset v0.4.9
[INFO] [stderr]    Compiling predicates v2.1.1
[INFO] [stderr]    Compiling ignore v0.4.18
[INFO] [stderr]    Compiling globwalk v0.8.1
[INFO] [stderr]    Compiling assert_fs v1.0.7
[INFO] [stderr]    Compiling ere v0.1.0 (/opt/rustwide/workdir)
[INFO] [stdout] warning: unused import: `read_dir`
[INFO] [stdout]  --> src/main.rs:3:21
[INFO] [stdout]   |
[INFO] [stdout] 3 | use std::fs::{File, read_dir, rename};
[INFO] [stdout]   |                     ^^^^^^^^
[INFO] [stdout]   |
[INFO] [stdout]   = note: `#[warn(unused_imports)]` on by default
[INFO] [stdout] 
[INFO] [stdout] 
[INFO] [stdout] warning: unused import: `std::os::unix::prelude::OsStrExt`
[INFO] [stdout]  --> src/main.rs:5:5
[INFO] [stdout]   |
[INFO] [stdout] 5 | use std::os::unix::prelude::OsStrExt;
[INFO] [stdout]   |     ^^^^^^^^^^^^^^^^^^^^^^^^^^^^^^^^
[INFO] [stdout] 
[INFO] [stdout] 
[INFO] [stdout] warning: unused import: `create_dir`
[INFO] [stdout]    --> src/main.rs:179:19
[INFO] [stdout]     |
[INFO] [stdout] 179 |     use std::fs::{create_dir, read_to_string};
[INFO] [stdout]     |                   ^^^^^^^^^^
[INFO] [stdout] 
[INFO] [stdout] 
[INFO] [stdout] warning: unused import: `predicates::prelude::*`
[INFO] [stdout]    --> src/main.rs:186:9
[INFO] [stdout]     |
[INFO] [stdout] 186 |     use predicates::prelude::*;
[INFO] [stdout]     |         ^^^^^^^^^^^^^^^^^^^^^^
[INFO] [stdout] 
[INFO] [stdout] 
[INFO] [stderr]     Finished `test` profile [unoptimized + debuginfo] target(s) in 5.22s
[INFO] running `Command { std: "docker" "inspect" "083dde61a2c6d17585820a95ea30d5d1c1e0cfc98368ad5a5afc475ec0c5d07d", kill_on_drop: false }`
[INFO] running `Command { std: "docker" "rm" "-f" "083dde61a2c6d17585820a95ea30d5d1c1e0cfc98368ad5a5afc475ec0c5d07d", kill_on_drop: false }`
[INFO] [stdout] 083dde61a2c6d17585820a95ea30d5d1c1e0cfc98368ad5a5afc475ec0c5d07d
[INFO] running `Command { std: "docker" "create" "-v" "/var/lib/crater-agent-workspace/builds/worker-6-tc1/target:/opt/rustwide/target:rw,Z" "-v" "/var/lib/crater-agent-workspace/builds/worker-6-tc1/source:/opt/rustwide/workdir:ro,Z" "-v" "/var/lib/crater-agent-workspace/cargo-home:/opt/rustwide/cargo-home:ro,Z" "-v" "/var/lib/crater-agent-workspace/rustup-home:/opt/rustwide/rustup-home:ro,Z" "-e" "SOURCE_DIR=/opt/rustwide/workdir" "-e" "CARGO_TARGET_DIR=/opt/rustwide/target" "-e" "CARGO_INCREMENTAL=0" "-e" "RUST_BACKTRACE=full" "-e" "RUSTFLAGS=--cap-lints=forbid" "-e" "RUSTDOCFLAGS=--cap-lints=forbid" "-e" "CARGO_HOME=/opt/rustwide/cargo-home" "-e" "RUSTUP_HOME=/opt/rustwide/rustup-home" "-w" "/opt/rustwide/workdir" "-m" "1610612736" "--user" "0:0" "--network" "none" "ghcr.io/rust-lang/crates-build-env/linux@sha256:4a844ea9eb2546a2d2c7022eacef16ef2e8229c7fbb2c7d4d55a9ceca922f72d" "/opt/rustwide/cargo-home/bin/cargo" "+nightly-2024-10-28" "test" "--frozen", kill_on_drop: false }`
[INFO] [stdout] 8f5f8eca455ff2f36d87bc16392011cc873a99d8d6701b22363e713c5a6fb4b8
[INFO] running `Command { std: "docker" "start" "-a" "8f5f8eca455ff2f36d87bc16392011cc873a99d8d6701b22363e713c5a6fb4b8", kill_on_drop: false }`
[INFO] [stderr] warning: unused import: `read_dir`
[INFO] [stderr]  --> src/main.rs:3:21
[INFO] [stderr]   |
[INFO] [stderr] 3 | use std::fs::{File, read_dir, rename};
[INFO] [stderr]   |                     ^^^^^^^^
[INFO] [stderr]   |
[INFO] [stderr]   = note: `#[warn(unused_imports)]` on by default
[INFO] [stderr] 
[INFO] [stderr] warning: unused import: `std::os::unix::prelude::OsStrExt`
[INFO] [stderr]  --> src/main.rs:5:5
[INFO] [stderr]   |
[INFO] [stderr] 5 | use std::os::unix::prelude::OsStrExt;
[INFO] [stderr]   |     ^^^^^^^^^^^^^^^^^^^^^^^^^^^^^^^^
[INFO] [stderr] 
[INFO] [stderr] warning: unused import: `create_dir`
[INFO] [stderr]    --> src/main.rs:179:19
[INFO] [stderr]     |
[INFO] [stderr] 179 |     use std::fs::{create_dir, read_to_string};
[INFO] [stderr]     |                   ^^^^^^^^^^
[INFO] [stderr] 
[INFO] [stderr] warning: unused import: `predicates::prelude::*`
[INFO] [stderr]    --> src/main.rs:186:9
[INFO] [stderr]     |
[INFO] [stderr] 186 |     use predicates::prelude::*;
[INFO] [stderr]     |         ^^^^^^^^^^^^^^^^^^^^^^
[INFO] [stderr] 
[INFO] [stderr] warning: `ere` (bin "ere" test) generated 4 warnings (run `cargo fix --bin "ere" --tests` to apply 4 suggestions)
[INFO] [stderr]     Finished `test` profile [unoptimized + debuginfo] target(s) in 0.03s
[INFO] [stderr]      Running unittests src/main.rs (/opt/rustwide/target/debug/deps/ere-9d6b3e4b67d93663)
[INFO] [stdout] 
[INFO] [stdout] running 13 tests
[INFO] [stdout] test escape_newlines::test::escapes_newline_literal ... ok
[INFO] [stdout] test escape_newlines::test::escapes_extra_backslashs ... ok
[INFO] [stdout] test escape_newlines::test::escapes_newline ... ok
[INFO] [stdout] test escape_newlines::test::roundtrips_newline ... ok
[INFO] [stdout] test escape_newlines::test::roundtrips_newline_literal ... ok
[INFO] [stdout] test escape_newlines::test::unescapes_extra_backslashes ... ok
[INFO] [stdout] test escape_newlines::test::unescapes_newline ... ok
[INFO] [stdout] test escape_newlines::test::unescapes_newline_literal ... ok
[INFO] [stdout] test test::recurses_if_recursive_option_given ... FAILED
[INFO] [stdout] test test::renames_a_file ... ok
[INFO] [stdout] test test::renames_a_file_with_a_newline_in_filename ... ok
[INFO] [stdout] test test::excludes_hidden_files_by_default ... ok
[INFO] [stdout] test test::renames_two_files_to_each_other ... FAILED
[INFO] [stdout] 
[INFO] [stdout] failures:
[INFO] [stdout] 
[INFO] [stdout] ---- test::recurses_if_recursive_option_given stdout ----
[INFO] [stdout] [src/main.rs:203:13] &file_names = [
[INFO] [stdout]     NewlineEscaped {
[INFO] [stdout]         str: "a",
[INFO] [stdout]     },
[INFO] [stdout]     NewlineEscaped {
[INFO] [stdout]         str: "a/a",
[INFO] [stdout]     },
[INFO] [stdout]     NewlineEscaped {
[INFO] [stdout]         str: "a/b",
[INFO] [stdout]     },
[INFO] [stdout] ]
[INFO] [stdout] [src/main.rs:205:13] &new_file_names = [
[INFO] [stdout]     NewlineEscaped {
[INFO] [stdout]         str: "a/b",
[INFO] [stdout]     },
[INFO] [stdout]     NewlineEscaped {
[INFO] [stdout]         str: "a/c",
[INFO] [stdout]     },
[INFO] [stdout] ]
[INFO] [stdout] Error: CountMismatch
[INFO] [stdout] 
[INFO] [stdout] ---- test::renames_two_files_to_each_other stdout ----
[INFO] [stdout] [src/main.rs:203:13] &file_names = [
[INFO] [stdout]     NewlineEscaped {
[INFO] [stdout]         str: "a",
[INFO] [stdout]     },
[INFO] [stdout]     NewlineEscaped {
[INFO] [stdout]         str: "b",
[INFO] [stdout]     },
[INFO] [stdout] ]
[INFO] [stdout] [src/main.rs:205:13] &new_file_names = [
[INFO] [stdout]     NewlineEscaped {
[INFO] [stdout]         str: "b",
[INFO] [stdout]     },
[INFO] [stdout]     NewlineEscaped {
[INFO] [stdout]         str: "a",
[INFO] [stdout]     },
[INFO] [stdout] ]
[INFO] [stdout] thread 'test::renames_two_files_to_each_other' panicked at src/main.rs:298:9:
[INFO] [stdout] assertion `left == right` failed
[INFO] [stdout]   left: ["/tmp/.tmpkxloIf/a", "/tmp/.tmpkxloIf/b"]
[INFO] [stdout]  right: ["/tmp/.tmpkxloIf/b", "/tmp/.tmpkxloIf/a"]
[INFO] [stdout] stack backtrace:
[INFO] [stdout]    0:     0x650d2c70829a - std::backtrace_rs::backtrace::libunwind::trace::h207520d6e9873551
[INFO] [stdout]                                at /rustc/df4ca44d3fbc9301ee17f30f4d474e6ae4b05252/library/std/src/../../backtrace/src/backtrace/libunwind.rs:116:5
[INFO] [stdout]    1:     0x650d2c70829a - std::backtrace_rs::backtrace::trace_unsynchronized::h2ed7433f370e3eca
[INFO] [stdout]                                at /rustc/df4ca44d3fbc9301ee17f30f4d474e6ae4b05252/library/std/src/../../backtrace/src/backtrace/mod.rs:66:5
[INFO] [stdout]    2:     0x650d2c70829a - std::sys::backtrace::_print_fmt::h916fac51166b18d7
[INFO] [stdout]                                at /rustc/df4ca44d3fbc9301ee17f30f4d474e6ae4b05252/library/std/src/sys/backtrace.rs:66:9
[INFO] [stdout]    3:     0x650d2c70829a - <std::sys::backtrace::BacktraceLock::print::DisplayBacktrace as core::fmt::Display>::fmt::ha0a4c9b8ce3802e6
[INFO] [stdout]                                at /rustc/df4ca44d3fbc9301ee17f30f4d474e6ae4b05252/library/std/src/sys/backtrace.rs:39:26
[INFO] [stdout]    4:     0x650d2c72fe53 - core::fmt::rt::Argument::fmt::h4cfc8587d52b3eb5
[INFO] [stdout]                                at /rustc/df4ca44d3fbc9301ee17f30f4d474e6ae4b05252/library/core/src/fmt/rt.rs:177:76
[INFO] [stdout]    5:     0x650d2c72fe53 - core::fmt::write::h522cc39e5b36ae9f
[INFO] [stdout]                                at /rustc/df4ca44d3fbc9301ee17f30f4d474e6ae4b05252/library/core/src/fmt/mod.rs:1190:21
[INFO] [stdout]    6:     0x650d2c704ac3 - std::io::Write::write_fmt::h7d3c26752da97734
[INFO] [stdout]                                at /rustc/df4ca44d3fbc9301ee17f30f4d474e6ae4b05252/library/std/src/io/mod.rs:1839:15
[INFO] [stdout]    7:     0x650d2c7080e2 - std::sys::backtrace::BacktraceLock::print::h4b9e00b29e9c0942
[INFO] [stdout]                                at /rustc/df4ca44d3fbc9301ee17f30f4d474e6ae4b05252/library/std/src/sys/backtrace.rs:42:9
[INFO] [stdout]    8:     0x650d2c70972a - std::panicking::default_hook::{{closure}}::hb59b88280d0324d9
[INFO] [stdout]                                at /rustc/df4ca44d3fbc9301ee17f30f4d474e6ae4b05252/library/std/src/panicking.rs:268:22
[INFO] [stdout]    9:     0x650d2c709534 - std::panicking::default_hook::he1dd496665be4a29
[INFO] [stdout]                                at /rustc/df4ca44d3fbc9301ee17f30f4d474e6ae4b05252/library/std/src/panicking.rs:292:9
[INFO] [stdout]   10:     0x650d2c69cda9 - <alloc::boxed::Box<F,A> as core::ops::function::Fn<Args>>::call::h4ff71de18744e1dc
[INFO] [stdout]                                at /rustc/df4ca44d3fbc9301ee17f30f4d474e6ae4b05252/library/alloc/src/boxed.rs:2468:9
[INFO] [stdout]   11:     0x650d2c69cda9 - test::test_main::{{closure}}::hcf7c055ce117aa81
[INFO] [stdout]                                at /rustc/df4ca44d3fbc9301ee17f30f4d474e6ae4b05252/library/test/src/lib.rs:133:21
[INFO] [stdout]   12:     0x650d2c709e28 - <alloc::boxed::Box<F,A> as core::ops::function::Fn<Args>>::call::h1d66c6bbd60c9692
[INFO] [stdout]                                at /rustc/df4ca44d3fbc9301ee17f30f4d474e6ae4b05252/library/alloc/src/boxed.rs:2468:9
[INFO] [stdout]   13:     0x650d2c709e28 - std::panicking::rust_panic_with_hook::h2ff17fe8f26dfcf8
[INFO] [stdout]                                at /rustc/df4ca44d3fbc9301ee17f30f4d474e6ae4b05252/library/std/src/panicking.rs:809:13
[INFO] [stdout]   14:     0x650d2c709bea - std::panicking::begin_panic_handler::{{closure}}::h4fad77951c07e101
[INFO] [stdout]                                at /rustc/df4ca44d3fbc9301ee17f30f4d474e6ae4b05252/library/std/src/panicking.rs:674:13
[INFO] [stdout]   15:     0x650d2c708779 - std::sys::backtrace::__rust_end_short_backtrace::hb1a25b3da5d0ea08
[INFO] [stdout]                                at /rustc/df4ca44d3fbc9301ee17f30f4d474e6ae4b05252/library/std/src/sys/backtrace.rs:170:18
[INFO] [stdout]   16:     0x650d2c70987c - rust_begin_unwind
[INFO] [stdout]                                at /rustc/df4ca44d3fbc9301ee17f30f4d474e6ae4b05252/library/std/src/panicking.rs:665:5
[INFO] [stdout]   17:     0x650d2c72e850 - core::panicking::panic_fmt::ha9db07b529f9b256
[INFO] [stdout]                                at /rustc/df4ca44d3fbc9301ee17f30f4d474e6ae4b05252/library/core/src/panicking.rs:75:14
[INFO] [stdout]   18:     0x650d2c72ec1b - core::panicking::assert_failed_inner::h04f38944d74a80a8
[INFO] [stdout]   19:     0x650d2c6577dc - core::panicking::assert_failed::h6f0804a32286cb72
[INFO] [stdout]                                at /rustc/df4ca44d3fbc9301ee17f30f4d474e6ae4b05252/library/core/src/panicking.rs:377:5
[INFO] [stdout]   20:     0x650d2c652dbc - ere::test::renames_two_files_to_each_other::h162824bab6c4e1a6
[INFO] [stdout]                                at /opt/rustwide/workdir/src/main.rs:298:9
[INFO] [stdout]   21:     0x650d2c652517 - ere::test::renames_two_files_to_each_other::{{closure}}::h8ef029497f6b8eb8
[INFO] [stdout]                                at /opt/rustwide/workdir/src/main.rs:281:45
[INFO] [stdout]   22:     0x650d2c656086 - core::ops::function::FnOnce::call_once::h563ab62466fa5e26
[INFO] [stdout]                                at /rustc/df4ca44d3fbc9301ee17f30f4d474e6ae4b05252/library/core/src/ops/function.rs:250:5
[INFO] [stdout]   23:     0x650d2c6a167b - core::ops::function::FnOnce::call_once::h22c3ba5715e93f05
[INFO] [stdout]                                at /rustc/df4ca44d3fbc9301ee17f30f4d474e6ae4b05252/library/core/src/ops/function.rs:250:5
[INFO] [stdout]   24:     0x650d2c6a167b - test::__rust_begin_short_backtrace::h8e82d8113d0da17f
[INFO] [stdout]                                at /rustc/df4ca44d3fbc9301ee17f30f4d474e6ae4b05252/library/test/src/lib.rs:621:18
[INFO] [stdout]   25:     0x650d2c6a0ff7 - test::run_test_in_process::{{closure}}::h33235f4f20b7b7c7
[INFO] [stdout]                                at /rustc/df4ca44d3fbc9301ee17f30f4d474e6ae4b05252/library/test/src/lib.rs:644:60
[INFO] [stdout]   26:     0x650d2c6a0ff7 - <core::panic::unwind_safe::AssertUnwindSafe<F> as core::ops::function::FnOnce<()>>::call_once::hb5043206310c586f
[INFO] [stdout]                                at /rustc/df4ca44d3fbc9301ee17f30f4d474e6ae4b05252/library/core/src/panic/unwind_safe.rs:272:9
[INFO] [stdout]   27:     0x650d2c6a0ff7 - std::panicking::try::do_call::h9ad4731a60ab23e2
[INFO] [stdout]                                at /rustc/df4ca44d3fbc9301ee17f30f4d474e6ae4b05252/library/std/src/panicking.rs:557:40
[INFO] [stdout]   28:     0x650d2c6a0ff7 - std::panicking::try::h3824d23db772a716
[INFO] [stdout]                                at /rustc/df4ca44d3fbc9301ee17f30f4d474e6ae4b05252/library/std/src/panicking.rs:520:19
[INFO] [stdout]   29:     0x650d2c6a0ff7 - std::panic::catch_unwind::h5afd514605fde46b
[INFO] [stdout]                                at /rustc/df4ca44d3fbc9301ee17f30f4d474e6ae4b05252/library/std/src/panic.rs:358:14
[INFO] [stdout]   30:     0x650d2c6a0ff7 - test::run_test_in_process::h0d5cbfa7067d1720
[INFO] [stdout]                                at /rustc/df4ca44d3fbc9301ee17f30f4d474e6ae4b05252/library/test/src/lib.rs:644:27
[INFO] [stdout]   31:     0x650d2c6a0ff7 - test::run_test::{{closure}}::h708eb8872708115d
[INFO] [stdout]                                at /rustc/df4ca44d3fbc9301ee17f30f4d474e6ae4b05252/library/test/src/lib.rs:565:43
[INFO] [stdout]   32:     0x650d2c664714 - test::run_test::{{closure}}::h392c51cee94713ab
[INFO] [stdout]                                at /rustc/df4ca44d3fbc9301ee17f30f4d474e6ae4b05252/library/test/src/lib.rs:595:41
[INFO] [stdout]   33:     0x650d2c664714 - std::sys::backtrace::__rust_begin_short_backtrace::h2f40290710935a8b
[INFO] [stdout]                                at /rustc/df4ca44d3fbc9301ee17f30f4d474e6ae4b05252/library/std/src/sys/backtrace.rs:154:18
[INFO] [stdout]   34:     0x650d2c667ebe - std::thread::Builder::spawn_unchecked_::{{closure}}::{{closure}}::h3fd968d89053a903
[INFO] [stdout]                                at /rustc/df4ca44d3fbc9301ee17f30f4d474e6ae4b05252/library/std/src/thread/mod.rs:541:17
[INFO] [stdout]   35:     0x650d2c667ebe - <core::panic::unwind_safe::AssertUnwindSafe<F> as core::ops::function::FnOnce<()>>::call_once::h743f637ba4229880
[INFO] [stdout]                                at /rustc/df4ca44d3fbc9301ee17f30f4d474e6ae4b05252/library/core/src/panic/unwind_safe.rs:272:9
[INFO] [stdout]   36:     0x650d2c667ebe - std::panicking::try::do_call::h07440897322525a6
[INFO] [stdout]                                at /rustc/df4ca44d3fbc9301ee17f30f4d474e6ae4b05252/library/std/src/panicking.rs:557:40
[INFO] [stdout]   37:     0x650d2c667ebe - std::panicking::try::he5a2e00188156637
[INFO] [stdout]                                at /rustc/df4ca44d3fbc9301ee17f30f4d474e6ae4b05252/library/std/src/panicking.rs:520:19
[INFO] [stdout]   38:     0x650d2c667ebe - std::panic::catch_unwind::hbaf3cae49b3c6433
[INFO] [stdout]                                at /rustc/df4ca44d3fbc9301ee17f30f4d474e6ae4b05252/library/std/src/panic.rs:358:14
[INFO] [stdout]   39:     0x650d2c667ebe - std::thread::Builder::spawn_unchecked_::{{closure}}::h8e141ea224820bce
[INFO] [stdout]                                at /rustc/df4ca44d3fbc9301ee17f30f4d474e6ae4b05252/library/std/src/thread/mod.rs:540:30
[INFO] [stdout]   40:     0x650d2c667ebe - core::ops::function::FnOnce::call_once{{vtable.shim}}::h90d312fedd7b8ea8
[INFO] [stdout]                                at /rustc/df4ca44d3fbc9301ee17f30f4d474e6ae4b05252/library/core/src/ops/function.rs:250:5
[INFO] [stdout]   41:     0x650d2c70ec9b - <alloc::boxed::Box<F,A> as core::ops::function::FnOnce<Args>>::call_once::h69aa08ddb6adb8b6
[INFO] [stdout]                                at /rustc/df4ca44d3fbc9301ee17f30f4d474e6ae4b05252/library/alloc/src/boxed.rs:2454:9
[INFO] [stdout]   42:     0x650d2c70ec9b - <alloc::boxed::Box<F,A> as core::ops::function::FnOnce<Args>>::call_once::h5aa36efdb79c806f
[INFO] [stdout]                                at /rustc/df4ca44d3fbc9301ee17f30f4d474e6ae4b05252/library/alloc/src/boxed.rs:2454:9
[INFO] [stdout]   43:     0x650d2c70ec9b - std::sys::pal::unix::thread::Thread::new::thread_start::h6cd80a1b4be5158d
[INFO] [stdout]                                at /rustc/df4ca44d3fbc9301ee17f30f4d474e6ae4b05252/library/std/src/sys/pal/unix/thread.rs:105:17
[INFO] [stdout]   44:     0x7043481b6ac3 - <unknown>
[INFO] [stdout]   45:     0x704348247a04 - clone
[INFO] [stdout]   46:                0x0 - <unknown>
[INFO] [stdout] 
[INFO] [stdout] 
[INFO] [stdout] failures:
[INFO] [stdout]     test::recurses_if_recursive_option_given
[INFO] [stdout]     test::renames_two_files_to_each_other
[INFO] [stdout] 
[INFO] [stdout] test result: FAILED. 11 passed; 2 failed; 0 ignored; 0 measured; 0 filtered out; finished in 0.03s
[INFO] [stdout] 
[INFO] [stderr] error: test failed, to rerun pass `--bin ere`
[INFO] running `Command { std: "docker" "inspect" "8f5f8eca455ff2f36d87bc16392011cc873a99d8d6701b22363e713c5a6fb4b8", kill_on_drop: false }`
[INFO] running `Command { std: "docker" "rm" "-f" "8f5f8eca455ff2f36d87bc16392011cc873a99d8d6701b22363e713c5a6fb4b8", kill_on_drop: false }`
[INFO] [stdout] 8f5f8eca455ff2f36d87bc16392011cc873a99d8d6701b22363e713c5a6fb4b8
