[INFO] cloning repository https://github.com/ethanwater/awsdump
[INFO] running `Command { std: "git" "-c" "credential.helper=" "-c" "credential.helper=/workspace/cargo-home/bin/git-credential-null" "clone" "--bare" "https://github.com/ethanwater/awsdump" "/workspace/cache/git-repos/https%3A%2F%2Fgithub.com%2Fethanwater%2Fawsdump", kill_on_drop: false }`
[INFO] [stderr] Cloning into bare repository '/workspace/cache/git-repos/https%3A%2F%2Fgithub.com%2Fethanwater%2Fawsdump'...
[INFO] running `Command { std: "git" "rev-parse" "HEAD", kill_on_drop: false }`
[INFO] [stdout] 10bff65924ecd577f449516a2ae4a35d8373fe81
[INFO] testing ethanwater/awsdump/10bff65924ecd577f449516a2ae4a35d8373fe81 against nightly-2024-10-28 for randomize-layout
[INFO] running `Command { std: "git" "clone" "/workspace/cache/git-repos/https%3A%2F%2Fgithub.com%2Fethanwater%2Fawsdump" "/workspace/builds/worker-3-tc1/source", kill_on_drop: false }`
[INFO] [stderr] Cloning into '/workspace/builds/worker-3-tc1/source'...
[INFO] [stderr] done.
[INFO] validating manifest of git repo https://github.com/ethanwater/awsdump on toolchain nightly-2024-10-28
[INFO] running `Command { std: CARGO_HOME="/workspace/cargo-home" RUSTUP_HOME="/workspace/rustup-home" "/workspace/cargo-home/bin/cargo" "+nightly-2024-10-28" "metadata" "--manifest-path" "Cargo.toml" "--no-deps", kill_on_drop: false }`
[INFO] started tweaking git repo https://github.com/ethanwater/awsdump
[INFO] finished tweaking git repo https://github.com/ethanwater/awsdump
[INFO] tweaked toml for git repo https://github.com/ethanwater/awsdump written to /workspace/builds/worker-3-tc1/source/Cargo.toml
[INFO] crate git repo https://github.com/ethanwater/awsdump already has a lockfile, it will not be regenerated
[INFO] running `Command { std: CARGO_HOME="/workspace/cargo-home" RUSTUP_HOME="/workspace/rustup-home" "/workspace/cargo-home/bin/cargo" "+nightly-2024-10-28" "fetch" "--manifest-path" "Cargo.toml", kill_on_drop: false }`
[INFO] [stderr]  Downloading crates ...
[INFO] [stderr]   Downloaded aws-smithy-types v1.2.0
[INFO] [stderr]   Downloaded aws-smithy-checksums v0.60.11
[INFO] [stderr]   Downloaded aws-runtime v1.3.1
[INFO] [stderr]   Downloaded aws-sdk-sso v1.35.0
[INFO] [stderr]   Downloaded aws-sdk-ssooidc v1.36.0
[INFO] [stderr]   Downloaded aws-sdk-sts v1.35.0
[INFO] [stderr]   Downloaded aws-config v1.5.4
[INFO] [stderr]   Downloaded aws-smithy-runtime v1.6.2
[INFO] [stderr]   Downloaded aws-smithy-runtime-api v1.7.1
[INFO] [stderr]   Downloaded aws-sdk-s3 v1.41.0
[INFO] running `Command { std: "docker" "create" "-v" "/var/lib/crater-agent-workspace/builds/worker-3-tc1/target:/opt/rustwide/target:rw,Z" "-v" "/var/lib/crater-agent-workspace/builds/worker-3-tc1/source:/opt/rustwide/workdir:ro,Z" "-v" "/var/lib/crater-agent-workspace/cargo-home:/opt/rustwide/cargo-home:ro,Z" "-v" "/var/lib/crater-agent-workspace/rustup-home:/opt/rustwide/rustup-home:ro,Z" "-e" "SOURCE_DIR=/opt/rustwide/workdir" "-e" "CARGO_TARGET_DIR=/opt/rustwide/target" "-e" "CARGO_HOME=/opt/rustwide/cargo-home" "-e" "RUSTUP_HOME=/opt/rustwide/rustup-home" "-w" "/opt/rustwide/workdir" "-m" "1610612736" "--user" "0:0" "--network" "none" "ghcr.io/rust-lang/crates-build-env/linux@sha256:4a844ea9eb2546a2d2c7022eacef16ef2e8229c7fbb2c7d4d55a9ceca922f72d" "/opt/rustwide/cargo-home/bin/cargo" "+nightly-2024-10-28" "metadata" "--no-deps" "--format-version=1", kill_on_drop: false }`
[INFO] [stdout] 0ee7f492d19781bb36c216d4485e811b015b355f75524a2ba7c18d5c492448a1
[INFO] running `Command { std: "docker" "start" "-a" "0ee7f492d19781bb36c216d4485e811b015b355f75524a2ba7c18d5c492448a1", kill_on_drop: false }`
[INFO] running `Command { std: "docker" "inspect" "0ee7f492d19781bb36c216d4485e811b015b355f75524a2ba7c18d5c492448a1", kill_on_drop: false }`
[INFO] running `Command { std: "docker" "rm" "-f" "0ee7f492d19781bb36c216d4485e811b015b355f75524a2ba7c18d5c492448a1", kill_on_drop: false }`
[INFO] [stdout] 0ee7f492d19781bb36c216d4485e811b015b355f75524a2ba7c18d5c492448a1
[INFO] running `Command { std: "docker" "create" "-v" "/var/lib/crater-agent-workspace/builds/worker-3-tc1/target:/opt/rustwide/target:rw,Z" "-v" "/var/lib/crater-agent-workspace/builds/worker-3-tc1/source:/opt/rustwide/workdir:ro,Z" "-v" "/var/lib/crater-agent-workspace/cargo-home:/opt/rustwide/cargo-home:ro,Z" "-v" "/var/lib/crater-agent-workspace/rustup-home:/opt/rustwide/rustup-home:ro,Z" "-e" "SOURCE_DIR=/opt/rustwide/workdir" "-e" "CARGO_TARGET_DIR=/opt/rustwide/target" "-e" "CARGO_INCREMENTAL=0" "-e" "RUST_BACKTRACE=full" "-e" "RUSTFLAGS=--cap-lints=forbid" "-e" "RUSTDOCFLAGS=--cap-lints=forbid" "-e" "CARGO_HOME=/opt/rustwide/cargo-home" "-e" "RUSTUP_HOME=/opt/rustwide/rustup-home" "-w" "/opt/rustwide/workdir" "-m" "1610612736" "--user" "0:0" "--network" "none" "ghcr.io/rust-lang/crates-build-env/linux@sha256:4a844ea9eb2546a2d2c7022eacef16ef2e8229c7fbb2c7d4d55a9ceca922f72d" "/opt/rustwide/cargo-home/bin/cargo" "+nightly-2024-10-28" "build" "--frozen" "--message-format=json", kill_on_drop: false }`
[INFO] [stdout] 37ae0d42d8813984964273a2e650926c04b1595f4567ee1467ee78736a8a9df0
[INFO] running `Command { std: "docker" "start" "-a" "37ae0d42d8813984964273a2e650926c04b1595f4567ee1467ee78736a8a9df0", kill_on_drop: false }`
[INFO] [stderr]    Compiling cfg-if v1.0.0
[INFO] [stderr]    Compiling libc v0.2.155
[INFO] [stderr]    Compiling autocfg v1.3.0
[INFO] [stderr]    Compiling version_check v0.9.4
[INFO] [stderr]    Compiling proc-macro2 v1.0.86
[INFO] [stderr]    Compiling bytes v1.6.1
[INFO] [stderr]    Compiling unicode-ident v1.0.12
[INFO] [stderr]    Compiling pin-project-lite v0.2.14
[INFO] [stderr]    Compiling parking_lot_core v0.9.10
[INFO] [stderr]    Compiling smallvec v1.13.2
[INFO] [stderr]    Compiling scopeguard v1.2.0
[INFO] [stderr]    Compiling futures-core v0.3.30
[INFO] [stderr]    Compiling itoa v1.0.11
[INFO] [stderr]    Compiling fnv v1.0.7
[INFO] [stderr]    Compiling typenum v1.17.0
[INFO] [stderr]    Compiling pin-utils v0.1.0
[INFO] [stderr]    Compiling futures-task v0.3.30
[INFO] [stderr]    Compiling subtle v2.6.1
[INFO] [stderr]    Compiling zeroize v1.8.1
[INFO] [stderr]    Compiling once_cell v1.19.0
[INFO] [stderr]    Compiling futures-sink v0.3.30
[INFO] [stderr]    Compiling powerfmt v0.2.0
[INFO] [stderr]    Compiling futures-util v0.3.30
[INFO] [stderr]    Compiling either v1.13.0
[INFO] [stderr]    Compiling vsimd v0.8.0
[INFO] [stderr]    Compiling outref v0.5.1
[INFO] [stderr]    Compiling time-core v0.1.2
[INFO] [stderr]    Compiling num-conv v0.1.0
[INFO] [stderr]    Compiling ryu v1.0.18
[INFO] [stderr]    Compiling cc v1.1.5
[INFO] [stderr]    Compiling tracing-core v0.1.32
[INFO] [stderr]    Compiling deranged v0.3.11
[INFO] [stderr]    Compiling semver v1.0.23
[INFO] [stderr]    Compiling spin v0.9.8
[INFO] [stderr]    Compiling const-oid v0.9.6
[INFO] [stderr]    Compiling generic-array v0.14.7
[INFO] [stderr]    Compiling ahash v0.8.11
[INFO] [stderr]    Compiling lock_api v0.4.12
[INFO] [stderr]    Compiling num-traits v0.2.19
[INFO] [stderr]    Compiling untrusted v0.9.0
[INFO] [stderr]    Compiling http v0.2.12
[INFO] [stderr]    Compiling http v1.1.0
[INFO] [stderr]    Compiling bytes-utils v0.1.4
[INFO] [stderr]    Compiling der v0.6.1
[INFO] [stderr]    Compiling base64-simd v0.8.0
[INFO] [stderr]    Compiling base64ct v1.6.0
[INFO] [stderr]    Compiling quote v1.0.36
[INFO] [stderr]    Compiling rustc_version v0.4.0
[INFO] [stderr]    Compiling zerocopy v0.7.35
[INFO] [stderr]    Compiling syn v2.0.71
[INFO] [stderr]    Compiling allocator-api2 v0.2.18
[INFO] [stderr]    Compiling percent-encoding v2.3.1
[INFO] [stderr]    Compiling mio v0.8.11
[INFO] [stderr]    Compiling num_cpus v1.16.0
[INFO] [stderr]    Compiling signal-hook-registry v1.4.2
[INFO] [stderr]    Compiling getrandom v0.2.15
[INFO] [stderr]    Compiling socket2 v0.5.7
[INFO] [stderr]    Compiling parking_lot v0.12.3
[INFO] [stderr]    Compiling http-body v0.4.6
[INFO] [stderr]    Compiling http-body v1.0.1
[INFO] [stderr]    Compiling time v0.3.36
[INFO] [stderr]    Compiling rand_core v0.6.4
[INFO] [stderr]    Compiling num-integer v0.1.46
[INFO] [stderr]    Compiling spki v0.6.0
[INFO] [stderr]    Compiling ff v0.12.1
[INFO] [stderr]    Compiling http-body-util v0.1.2
[INFO] [stderr]    Compiling slab v0.4.9
[INFO] [stderr]    Compiling pkcs8 v0.9.0
[INFO] [stderr]    Compiling crc32fast v1.4.2
[INFO] [stderr]    Compiling ring v0.17.8
[INFO] [stderr]    Compiling base16ct v0.1.1
[INFO] [stderr]    Compiling hashbrown v0.14.5
[INFO] [stderr]    Compiling crypto-common v0.1.6
[INFO] [stderr]    Compiling block-buffer v0.10.4
[INFO] [stderr]    Compiling crypto-bigint v0.4.9
[INFO] [stderr]    Compiling cpufeatures v0.2.12
[INFO] [stderr]    Compiling sec1 v0.3.0
[INFO] [stderr]    Compiling group v0.12.1
[INFO] [stderr]    Compiling rustls v0.21.12
[INFO] [stderr]    Compiling equivalent v1.0.1
[INFO] [stderr]    Compiling httparse v1.9.4
[INFO] [stderr]    Compiling log v0.4.22
[INFO] [stderr]    Compiling try-lock v0.2.5
[INFO] [stderr]    Compiling digest v0.10.7
[INFO] [stderr]    Compiling base64 v0.21.7
[INFO] [stderr]    Compiling form_urlencoded v1.2.1
[INFO] [stderr]    Compiling want v0.3.1
[INFO] [stderr]    Compiling aws-types v1.3.3
[INFO] [stderr]    Compiling futures-channel v0.3.30
[INFO] [stderr]    Compiling httpdate v1.0.3
[INFO] [stderr]    Compiling openssl-probe v0.1.5
[INFO] [stderr]    Compiling tower-service v0.3.2
[INFO] [stderr]    Compiling hex v0.4.3
[INFO] [stderr]    Compiling crypto-bigint v0.5.5
[INFO] [stderr]    Compiling hmac v0.12.1
[INFO] [stderr]    Compiling signature v1.6.4
[INFO] [stderr]    Compiling sha2 v0.10.8
[INFO] [stderr]    Compiling rustls-pemfile v1.0.4
[INFO] [stderr]    Compiling fastrand v2.1.0
[INFO] [stderr]    Compiling tinyvec_macros v0.1.1
[INFO] [stderr]    Compiling uuid v1.10.0
[INFO] [stderr]    Compiling regex-lite v0.1.6
[INFO] [stderr]    Compiling crc32c v0.6.8
[INFO] [stderr]    Compiling tinyvec v1.8.0
[INFO] [stderr]    Compiling rustls-native-certs v0.6.3
[INFO] [stderr]    Compiling unicode-bidi v0.3.15
[INFO] [stderr]    Compiling xmlparser v0.13.6
[INFO] [stderr]    Compiling urlencoding v2.1.3
[INFO] [stderr]    Compiling indexmap v2.2.6
[INFO] [stderr]    Compiling md-5 v0.10.6
[INFO] [stderr]    Compiling rfc6979 v0.3.1
[INFO] [stderr]    Compiling elliptic-curve v0.12.3
[INFO] [stderr]    Compiling sha1 v0.10.6
[INFO] [stderr]    Compiling lru v0.12.3
[INFO] [stderr]    Compiling aws-smithy-xml v0.60.8
[INFO] [stderr]    Compiling ecdsa v0.14.8
[INFO] [stderr]    Compiling unicode-normalization v0.1.23
[INFO] [stderr]    Compiling p256 v0.11.1
[INFO] [stderr]    Compiling idna v0.5.0
[INFO] [stderr]    Compiling url v2.5.2
[INFO] [stderr]    Compiling tokio-macros v2.3.0
[INFO] [stderr]    Compiling tracing-attributes v0.1.27
[INFO] [stderr]    Compiling tokio v1.38.1
[INFO] [stderr]    Compiling sct v0.7.1
[INFO] [stderr]    Compiling rustls-webpki v0.101.7
[INFO] [stderr]    Compiling tracing v0.1.40
[INFO] [stderr]    Compiling tokio-util v0.7.11
[INFO] [stderr]    Compiling aws-smithy-async v1.2.1
[INFO] [stderr]    Compiling tokio-rustls v0.24.1
[INFO] [stderr]    Compiling aws-smithy-types v1.2.0
[INFO] [stderr]    Compiling h2 v0.3.26
[INFO] [stderr]    Compiling aws-smithy-runtime-api v1.7.1
[INFO] [stderr]    Compiling aws-smithy-eventstream v0.60.4
[INFO] [stderr]    Compiling aws-smithy-json v0.60.7
[INFO] [stderr]    Compiling aws-smithy-query v0.60.7
[INFO] [stderr]    Compiling aws-smithy-http v0.60.9
[INFO] [stderr]    Compiling aws-credential-types v1.2.0
[INFO] [stderr]    Compiling aws-sigv4 v1.2.3
[INFO] [stderr]    Compiling aws-smithy-checksums v0.60.11
[INFO] [stderr]    Compiling aws-runtime v1.3.1
[INFO] [stderr]    Compiling hyper v0.14.30
[INFO] [stderr]    Compiling hyper-rustls v0.24.2
[INFO] [stderr]    Compiling aws-smithy-runtime v1.6.2
[INFO] [stderr]    Compiling aws-sdk-sso v1.35.0
[INFO] [stderr]    Compiling aws-sdk-ssooidc v1.36.0
[INFO] [stderr]    Compiling aws-sdk-sts v1.35.0
[INFO] [stderr]    Compiling aws-sdk-s3 v1.41.0
[INFO] [stderr]    Compiling aws-config v1.5.4
[INFO] [stderr]    Compiling awsdump v0.1.0 (/opt/rustwide/workdir)
[INFO] [stdout] warning: constant `MIN_PART_SIZE_5MB` is never used
[INFO] [stdout]  --> src/s3/multipart.rs:7:7
[INFO] [stdout]   |
[INFO] [stdout] 7 | const MIN_PART_SIZE_5MB: usize = 5_242_880;
[INFO] [stdout]   |       ^^^^^^^^^^^^^^^^^
[INFO] [stdout]   |
[INFO] [stdout]   = note: `#[warn(dead_code)]` on by default
[INFO] [stdout] 
[INFO] [stdout] 
[INFO] [stdout] warning: constant `MAX_PART_SIZE_5GB` is never used
[INFO] [stdout]  --> src/s3/multipart.rs:8:7
[INFO] [stdout]   |
[INFO] [stdout] 8 | const MAX_PART_SIZE_5GB: usize = 5_368_709_120;
[INFO] [stdout]   |       ^^^^^^^^^^^^^^^^^
[INFO] [stdout] 
[INFO] [stdout] 
[INFO] [stdout] warning: function `partition` is never used
[INFO] [stdout]   --> src/s3/multipart.rs:12:10
[INFO] [stdout]    |
[INFO] [stdout] 12 | async fn partition(path: impl AsRef<Path>, mut chunk_amt: Option<usize>) -> Result<Vec<ByteStream>, ()> {
[INFO] [stdout]    |          ^^^^^^^^^
[INFO] [stdout] 
[INFO] [stdout] 
[INFO] [stdout] warning: function `multipart_upload_beta` is never used
[INFO] [stdout]   --> src/s3/multipart.rs:50:14
[INFO] [stdout]    |
[INFO] [stdout] 50 | pub async fn multipart_upload_beta(
[INFO] [stdout]    |              ^^^^^^^^^^^^^^^^^^^^^
[INFO] [stdout] 
[INFO] [stdout] 
[INFO] [stderr]     Finished `dev` profile [unoptimized + debuginfo] target(s) in 32.43s
[INFO] running `Command { std: "docker" "inspect" "37ae0d42d8813984964273a2e650926c04b1595f4567ee1467ee78736a8a9df0", kill_on_drop: false }`
[INFO] running `Command { std: "docker" "rm" "-f" "37ae0d42d8813984964273a2e650926c04b1595f4567ee1467ee78736a8a9df0", kill_on_drop: false }`
[INFO] [stdout] 37ae0d42d8813984964273a2e650926c04b1595f4567ee1467ee78736a8a9df0
[INFO] running `Command { std: "docker" "create" "-v" "/var/lib/crater-agent-workspace/builds/worker-3-tc1/target:/opt/rustwide/target:rw,Z" "-v" "/var/lib/crater-agent-workspace/builds/worker-3-tc1/source:/opt/rustwide/workdir:ro,Z" "-v" "/var/lib/crater-agent-workspace/cargo-home:/opt/rustwide/cargo-home:ro,Z" "-v" "/var/lib/crater-agent-workspace/rustup-home:/opt/rustwide/rustup-home:ro,Z" "-e" "SOURCE_DIR=/opt/rustwide/workdir" "-e" "CARGO_TARGET_DIR=/opt/rustwide/target" "-e" "CARGO_INCREMENTAL=0" "-e" "RUST_BACKTRACE=full" "-e" "RUSTFLAGS=--cap-lints=forbid" "-e" "RUSTDOCFLAGS=--cap-lints=forbid" "-e" "CARGO_HOME=/opt/rustwide/cargo-home" "-e" "RUSTUP_HOME=/opt/rustwide/rustup-home" "-w" "/opt/rustwide/workdir" "-m" "1610612736" "--user" "0:0" "--network" "none" "ghcr.io/rust-lang/crates-build-env/linux@sha256:4a844ea9eb2546a2d2c7022eacef16ef2e8229c7fbb2c7d4d55a9ceca922f72d" "/opt/rustwide/cargo-home/bin/cargo" "+nightly-2024-10-28" "test" "--frozen" "--no-run" "--message-format=json", kill_on_drop: false }`
[INFO] [stdout] 1b72d46b258c00251cb5ca46e367fdc91ccc505da776087fd8ff034a848b2377
[INFO] running `Command { std: "docker" "start" "-a" "1b72d46b258c00251cb5ca46e367fdc91ccc505da776087fd8ff034a848b2377", kill_on_drop: false }`
[INFO] [stderr]    Compiling awsdump v0.1.0 (/opt/rustwide/workdir)
[INFO] [stdout] warning: constant `MIN_PART_SIZE_5MB` is never used
[INFO] [stdout]  --> src/s3/multipart.rs:7:7
[INFO] [stdout]   |
[INFO] [stdout] 7 | const MIN_PART_SIZE_5MB: usize = 5_242_880;
[INFO] [stdout]   |       ^^^^^^^^^^^^^^^^^
[INFO] [stdout]   |
[INFO] [stdout]   = note: `#[warn(dead_code)]` on by default
[INFO] [stdout] 
[INFO] [stdout] 
[INFO] [stdout] warning: constant `MAX_PART_SIZE_5GB` is never used
[INFO] [stdout]  --> src/s3/multipart.rs:8:7
[INFO] [stdout]   |
[INFO] [stdout] 8 | const MAX_PART_SIZE_5GB: usize = 5_368_709_120;
[INFO] [stdout]   |       ^^^^^^^^^^^^^^^^^
[INFO] [stdout] 
[INFO] [stdout] 
[INFO] [stdout] warning: function `partition` is never used
[INFO] [stdout]   --> src/s3/multipart.rs:12:10
[INFO] [stdout]    |
[INFO] [stdout] 12 | async fn partition(path: impl AsRef<Path>, mut chunk_amt: Option<usize>) -> Result<Vec<ByteStream>, ()> {
[INFO] [stdout]    |          ^^^^^^^^^
[INFO] [stdout] 
[INFO] [stdout] 
[INFO] [stdout] warning: function `multipart_upload_beta` is never used
[INFO] [stdout]   --> src/s3/multipart.rs:50:14
[INFO] [stdout]    |
[INFO] [stdout] 50 | pub async fn multipart_upload_beta(
[INFO] [stdout]    |              ^^^^^^^^^^^^^^^^^^^^^
[INFO] [stdout] 
[INFO] [stdout] 
[INFO] [stderr]     Finished `test` profile [unoptimized + debuginfo] target(s) in 1.12s
[INFO] running `Command { std: "docker" "inspect" "1b72d46b258c00251cb5ca46e367fdc91ccc505da776087fd8ff034a848b2377", kill_on_drop: false }`
[INFO] running `Command { std: "docker" "rm" "-f" "1b72d46b258c00251cb5ca46e367fdc91ccc505da776087fd8ff034a848b2377", kill_on_drop: false }`
[INFO] [stdout] 1b72d46b258c00251cb5ca46e367fdc91ccc505da776087fd8ff034a848b2377
[INFO] running `Command { std: "docker" "create" "-v" "/var/lib/crater-agent-workspace/builds/worker-3-tc1/target:/opt/rustwide/target:rw,Z" "-v" "/var/lib/crater-agent-workspace/builds/worker-3-tc1/source:/opt/rustwide/workdir:ro,Z" "-v" "/var/lib/crater-agent-workspace/cargo-home:/opt/rustwide/cargo-home:ro,Z" "-v" "/var/lib/crater-agent-workspace/rustup-home:/opt/rustwide/rustup-home:ro,Z" "-e" "SOURCE_DIR=/opt/rustwide/workdir" "-e" "CARGO_TARGET_DIR=/opt/rustwide/target" "-e" "CARGO_INCREMENTAL=0" "-e" "RUST_BACKTRACE=full" "-e" "RUSTFLAGS=--cap-lints=forbid" "-e" "RUSTDOCFLAGS=--cap-lints=forbid" "-e" "CARGO_HOME=/opt/rustwide/cargo-home" "-e" "RUSTUP_HOME=/opt/rustwide/rustup-home" "-w" "/opt/rustwide/workdir" "-m" "1610612736" "--user" "0:0" "--network" "none" "ghcr.io/rust-lang/crates-build-env/linux@sha256:4a844ea9eb2546a2d2c7022eacef16ef2e8229c7fbb2c7d4d55a9ceca922f72d" "/opt/rustwide/cargo-home/bin/cargo" "+nightly-2024-10-28" "test" "--frozen", kill_on_drop: false }`
[INFO] [stdout] f9c589bb1b925fbc1be2fddab6506548591e6cf909aecdf15e2599302b200dc5
[INFO] running `Command { std: "docker" "start" "-a" "f9c589bb1b925fbc1be2fddab6506548591e6cf909aecdf15e2599302b200dc5", kill_on_drop: false }`
[INFO] [stderr] warning: constant `MIN_PART_SIZE_5MB` is never used
[INFO] [stderr]  --> src/s3/multipart.rs:7:7
[INFO] [stderr]   |
[INFO] [stderr] 7 | const MIN_PART_SIZE_5MB: usize = 5_242_880;
[INFO] [stderr]   |       ^^^^^^^^^^^^^^^^^
[INFO] [stderr]   |
[INFO] [stderr]   = note: `#[warn(dead_code)]` on by default
[INFO] [stderr] 
[INFO] [stderr] warning: constant `MAX_PART_SIZE_5GB` is never used
[INFO] [stderr]  --> src/s3/multipart.rs:8:7
[INFO] [stderr]   |
[INFO] [stderr] 8 | const MAX_PART_SIZE_5GB: usize = 5_368_709_120;
[INFO] [stderr]   |       ^^^^^^^^^^^^^^^^^
[INFO] [stderr] 
[INFO] [stderr] warning: function `partition` is never used
[INFO] [stderr]   --> src/s3/multipart.rs:12:10
[INFO] [stderr]    |
[INFO] [stderr] 12 | async fn partition(path: impl AsRef<Path>, mut chunk_amt: Option<usize>) -> Result<Vec<ByteStream>, ()> {
[INFO] [stderr]    |          ^^^^^^^^^
[INFO] [stderr] 
[INFO] [stderr] warning: function `multipart_upload_beta` is never used
[INFO] [stderr]   --> src/s3/multipart.rs:50:14
[INFO] [stderr]    |
[INFO] [stderr] 50 | pub async fn multipart_upload_beta(
[INFO] [stderr]    |              ^^^^^^^^^^^^^^^^^^^^^
[INFO] [stderr] 
[INFO] [stderr] warning: `awsdump` (bin "awsdump" test) generated 4 warnings
[INFO] [stderr]     Finished `test` profile [unoptimized + debuginfo] target(s) in 0.09s
[INFO] [stderr]      Running unittests src/main.rs (/opt/rustwide/target/debug/deps/awsdump-ef783a2d5d13be1d)
[INFO] [stdout] 
[INFO] [stdout] running 1 test
[INFO] [stdout] test s3::multipart::tests::multipart_test ... FAILED
[INFO] [stdout] 
[INFO] [stdout] failures:
[INFO] [stdout] 
[INFO] [stdout] ---- s3::multipart::tests::multipart_test stdout ----
[INFO] [stdout] thread 's3::multipart::tests::multipart_test' panicked at src/s3/multipart.rs:215:53:
[INFO] [stdout] called `Result::unwrap()` on an `Err` value: NotPresent
[INFO] [stdout] stack backtrace:
[INFO] [stdout]    0:     0x561a04ce083a - std::backtrace_rs::backtrace::libunwind::trace::h207520d6e9873551
[INFO] [stdout]                                at /rustc/df4ca44d3fbc9301ee17f30f4d474e6ae4b05252/library/std/src/../../backtrace/src/backtrace/libunwind.rs:116:5
[INFO] [stdout]    1:     0x561a04ce083a - std::backtrace_rs::backtrace::trace_unsynchronized::h2ed7433f370e3eca
[INFO] [stdout]                                at /rustc/df4ca44d3fbc9301ee17f30f4d474e6ae4b05252/library/std/src/../../backtrace/src/backtrace/mod.rs:66:5
[INFO] [stdout]    2:     0x561a04ce083a - std::sys::backtrace::_print_fmt::h916fac51166b18d7
[INFO] [stdout]                                at /rustc/df4ca44d3fbc9301ee17f30f4d474e6ae4b05252/library/std/src/sys/backtrace.rs:66:9
[INFO] [stdout]    3:     0x561a04ce083a - <std::sys::backtrace::BacktraceLock::print::DisplayBacktrace as core::fmt::Display>::fmt::ha0a4c9b8ce3802e6
[INFO] [stdout]                                at /rustc/df4ca44d3fbc9301ee17f30f4d474e6ae4b05252/library/std/src/sys/backtrace.rs:39:26
[INFO] [stdout]    4:     0x561a04d0d893 - core::fmt::rt::Argument::fmt::h4cfc8587d52b3eb5
[INFO] [stdout]                                at /rustc/df4ca44d3fbc9301ee17f30f4d474e6ae4b05252/library/core/src/fmt/rt.rs:177:76
[INFO] [stdout]    5:     0x561a04d0d893 - core::fmt::write::h522cc39e5b36ae9f
[INFO] [stdout]                                at /rustc/df4ca44d3fbc9301ee17f30f4d474e6ae4b05252/library/core/src/fmt/mod.rs:1190:21
[INFO] [stdout]    6:     0x561a04cdc5b3 - std::io::Write::write_fmt::h7d3c26752da97734
[INFO] [stdout]                                at /rustc/df4ca44d3fbc9301ee17f30f4d474e6ae4b05252/library/std/src/io/mod.rs:1839:15
[INFO] [stdout]    7:     0x561a04ce0682 - std::sys::backtrace::BacktraceLock::print::h4b9e00b29e9c0942
[INFO] [stdout]                                at /rustc/df4ca44d3fbc9301ee17f30f4d474e6ae4b05252/library/std/src/sys/backtrace.rs:42:9
[INFO] [stdout]    8:     0x561a04ce1cca - std::panicking::default_hook::{{closure}}::hb59b88280d0324d9
[INFO] [stdout]                                at /rustc/df4ca44d3fbc9301ee17f30f4d474e6ae4b05252/library/std/src/panicking.rs:268:22
[INFO] [stdout]    9:     0x561a04ce1ad4 - std::panicking::default_hook::he1dd496665be4a29
[INFO] [stdout]                                at /rustc/df4ca44d3fbc9301ee17f30f4d474e6ae4b05252/library/std/src/panicking.rs:292:9
[INFO] [stdout]   10:     0x561a04092199 - <alloc::boxed::Box<F,A> as core::ops::function::Fn<Args>>::call::h4ff71de18744e1dc
[INFO] [stdout]                                at /rustc/df4ca44d3fbc9301ee17f30f4d474e6ae4b05252/library/alloc/src/boxed.rs:2468:9
[INFO] [stdout]   11:     0x561a04092199 - test::test_main::{{closure}}::hcf7c055ce117aa81
[INFO] [stdout]                                at /rustc/df4ca44d3fbc9301ee17f30f4d474e6ae4b05252/library/test/src/lib.rs:133:21
[INFO] [stdout]   12:     0x561a04ce23c8 - <alloc::boxed::Box<F,A> as core::ops::function::Fn<Args>>::call::h1d66c6bbd60c9692
[INFO] [stdout]                                at /rustc/df4ca44d3fbc9301ee17f30f4d474e6ae4b05252/library/alloc/src/boxed.rs:2468:9
[INFO] [stdout]   13:     0x561a04ce23c8 - std::panicking::rust_panic_with_hook::h2ff17fe8f26dfcf8
[INFO] [stdout]                                at /rustc/df4ca44d3fbc9301ee17f30f4d474e6ae4b05252/library/std/src/panicking.rs:809:13
[INFO] [stdout]   14:     0x561a04ce218a - std::panicking::begin_panic_handler::{{closure}}::h4fad77951c07e101
[INFO] [stdout]                                at /rustc/df4ca44d3fbc9301ee17f30f4d474e6ae4b05252/library/std/src/panicking.rs:674:13
[INFO] [stdout]   15:     0x561a04ce0d19 - std::sys::backtrace::__rust_end_short_backtrace::hb1a25b3da5d0ea08
[INFO] [stdout]                                at /rustc/df4ca44d3fbc9301ee17f30f4d474e6ae4b05252/library/std/src/sys/backtrace.rs:170:18
[INFO] [stdout]   16:     0x561a04ce1e1c - rust_begin_unwind
[INFO] [stdout]                                at /rustc/df4ca44d3fbc9301ee17f30f4d474e6ae4b05252/library/std/src/panicking.rs:665:5
[INFO] [stdout]   17:     0x561a04d0b240 - core::panicking::panic_fmt::ha9db07b529f9b256
[INFO] [stdout]                                at /rustc/df4ca44d3fbc9301ee17f30f4d474e6ae4b05252/library/core/src/panicking.rs:75:14
[INFO] [stdout]   18:     0x561a04d0b726 - core::result::unwrap_failed::h5e8218e4d4338b8a
[INFO] [stdout]                                at /rustc/df4ca44d3fbc9301ee17f30f4d474e6ae4b05252/library/core/src/result.rs:1698:5
[INFO] [stdout]   19:     0x561a0402c413 - core::result::Result<T,E>::unwrap::h8e2c904b712e822c
[INFO] [stdout]                                at /rustc/df4ca44d3fbc9301ee17f30f4d474e6ae4b05252/library/core/src/result.rs:1103:23
[INFO] [stdout]   20:     0x561a0402c413 - awsdump::s3::multipart::tests::multipart_test::{{closure}}::h4bf02682d8b39a72
[INFO] [stdout]                                at /opt/rustwide/workdir/src/s3/multipart.rs:215:26
[INFO] [stdout]   21:     0x561a04046f15 - <core::pin::Pin<P> as core::future::future::Future>::poll::ha5a08eaf674760d1
[INFO] [stdout]                                at /rustc/df4ca44d3fbc9301ee17f30f4d474e6ae4b05252/library/core/src/future/future.rs:123:9
[INFO] [stdout]   22:     0x561a04046ecd - <core::pin::Pin<P> as core::future::future::Future>::poll::h0f7b4edc824ee902
[INFO] [stdout]                                at /rustc/df4ca44d3fbc9301ee17f30f4d474e6ae4b05252/library/core/src/future/future.rs:123:9
[INFO] [stdout]   23:     0x561a0402b24f - tokio::runtime::scheduler::current_thread::CoreGuard::block_on::{{closure}}::{{closure}}::{{closure}}::h9036da7c1a688ab9
[INFO] [stdout]                                at /opt/rustwide/cargo-home/registry/src/index.crates.io-6f17d22bba15001f/tokio-1.38.1/src/runtime/scheduler/current_thread/mod.rs:659:57
[INFO] [stdout]   24:     0x561a0402b176 - tokio::runtime::coop::with_budget::hbe76cef6b1b0985f
[INFO] [stdout]                                at /opt/rustwide/cargo-home/registry/src/index.crates.io-6f17d22bba15001f/tokio-1.38.1/src/runtime/coop.rs:107:5
[INFO] [stdout]   25:     0x561a0402b176 - tokio::runtime::coop::budget::hd8b50c507dc081ff
[INFO] [stdout]                                at /opt/rustwide/cargo-home/registry/src/index.crates.io-6f17d22bba15001f/tokio-1.38.1/src/runtime/coop.rs:73:5
[INFO] [stdout]   26:     0x561a0402b176 - tokio::runtime::scheduler::current_thread::CoreGuard::block_on::{{closure}}::{{closure}}::h1f1d73d4fcb677ff
[INFO] [stdout]                                at /opt/rustwide/cargo-home/registry/src/index.crates.io-6f17d22bba15001f/tokio-1.38.1/src/runtime/scheduler/current_thread/mod.rs:659:25
[INFO] [stdout]   27:     0x561a04029dfa - tokio::runtime::scheduler::current_thread::Context::enter::ha538741486f20a7c
[INFO] [stdout]                                at /opt/rustwide/cargo-home/registry/src/index.crates.io-6f17d22bba15001f/tokio-1.38.1/src/runtime/scheduler/current_thread/mod.rs:404:19
[INFO] [stdout]   28:     0x561a0402a95e - tokio::runtime::scheduler::current_thread::CoreGuard::block_on::{{closure}}::hfb2d88eb56ecb8bc
[INFO] [stdout]                                at /opt/rustwide/cargo-home/registry/src/index.crates.io-6f17d22bba15001f/tokio-1.38.1/src/runtime/scheduler/current_thread/mod.rs:658:36
[INFO] [stdout]   29:     0x561a0402a6ab - tokio::runtime::scheduler::current_thread::CoreGuard::enter::{{closure}}::h714c171a2ac382f7
[INFO] [stdout]                                at /opt/rustwide/cargo-home/registry/src/index.crates.io-6f17d22bba15001f/tokio-1.38.1/src/runtime/scheduler/current_thread/mod.rs:737:68
[INFO] [stdout]   30:     0x561a0404055a - tokio::runtime::context::scoped::Scoped<T>::set::he59b11fee5ffb9c9
[INFO] [stdout]                                at /opt/rustwide/cargo-home/registry/src/index.crates.io-6f17d22bba15001f/tokio-1.38.1/src/runtime/context/scoped.rs:40:9
[INFO] [stdout]   31:     0x561a0402071a - tokio::runtime::context::set_scheduler::{{closure}}::hb4e1f029fa970f40
[INFO] [stdout]                                at /opt/rustwide/cargo-home/registry/src/index.crates.io-6f17d22bba15001f/tokio-1.38.1/src/runtime/context.rs:180:26
[INFO] [stdout]   32:     0x561a04031661 - std::thread::local::LocalKey<T>::try_with::h570460b24c102d37
[INFO] [stdout]                                at /rustc/df4ca44d3fbc9301ee17f30f4d474e6ae4b05252/library/std/src/thread/local.rs:283:12
[INFO] [stdout]   33:     0x561a0403136d - std::thread::local::LocalKey<T>::with::h6f319f2aa45ab8fb
[INFO] [stdout]                                at /rustc/df4ca44d3fbc9301ee17f30f4d474e6ae4b05252/library/std/src/thread/local.rs:260:9
[INFO] [stdout]   34:     0x561a040206c1 - tokio::runtime::context::set_scheduler::h83076bcf51d8f665
[INFO] [stdout]                                at /opt/rustwide/cargo-home/registry/src/index.crates.io-6f17d22bba15001f/tokio-1.38.1/src/runtime/context.rs:180:9
[INFO] [stdout]   35:     0x561a0402a419 - tokio::runtime::scheduler::current_thread::CoreGuard::enter::hea6d623deb29ca18
[INFO] [stdout]                                at /opt/rustwide/cargo-home/registry/src/index.crates.io-6f17d22bba15001f/tokio-1.38.1/src/runtime/scheduler/current_thread/mod.rs:737:27
[INFO] [stdout]   36:     0x561a0402a6d3 - tokio::runtime::scheduler::current_thread::CoreGuard::block_on::h784d402bb3dc905a
[INFO] [stdout]                                at /opt/rustwide/cargo-home/registry/src/index.crates.io-6f17d22bba15001f/tokio-1.38.1/src/runtime/scheduler/current_thread/mod.rs:646:19
[INFO] [stdout]   37:     0x561a04029573 - tokio::runtime::scheduler::current_thread::CurrentThread::block_on::{{closure}}::hfac052b12ffbd832
[INFO] [stdout]                                at /opt/rustwide/cargo-home/registry/src/index.crates.io-6f17d22bba15001f/tokio-1.38.1/src/runtime/scheduler/current_thread/mod.rs:175:28
[INFO] [stdout]   38:     0x561a04028f66 - tokio::runtime::context::runtime::enter_runtime::h3236b4a749f561d2
[INFO] [stdout]                                at /opt/rustwide/cargo-home/registry/src/index.crates.io-6f17d22bba15001f/tokio-1.38.1/src/runtime/context/runtime.rs:65:16
[INFO] [stdout]   39:     0x561a04029471 - tokio::runtime::scheduler::current_thread::CurrentThread::block_on::hc070e9a713de3e41
[INFO] [stdout]                                at /opt/rustwide/cargo-home/registry/src/index.crates.io-6f17d22bba15001f/tokio-1.38.1/src/runtime/scheduler/current_thread/mod.rs:167:9
[INFO] [stdout]   40:     0x561a04038fa9 - tokio::runtime::runtime::Runtime::block_on::hadf1b027af2eea03
[INFO] [stdout]                                at /opt/rustwide/cargo-home/registry/src/index.crates.io-6f17d22bba15001f/tokio-1.38.1/src/runtime/runtime.rs:347:47
[INFO] [stdout]   41:     0x561a0402c1cf - awsdump::s3::multipart::tests::multipart_test::h28d07b1b8ada6f36
[INFO] [stdout]                                at /opt/rustwide/workdir/src/s3/multipart.rs:227:9
[INFO] [stdout]   42:     0x561a0402c037 - awsdump::s3::multipart::tests::multipart_test::{{closure}}::h13fc25237576a142
[INFO] [stdout]                                at /opt/rustwide/workdir/src/s3/multipart.rs:214:34
[INFO] [stdout]   43:     0x561a04051426 - core::ops::function::FnOnce::call_once::hd2303856bef74218
[INFO] [stdout]                                at /rustc/df4ca44d3fbc9301ee17f30f4d474e6ae4b05252/library/core/src/ops/function.rs:250:5
[INFO] [stdout]   44:     0x561a04096a6b - core::ops::function::FnOnce::call_once::h22c3ba5715e93f05
[INFO] [stdout]                                at /rustc/df4ca44d3fbc9301ee17f30f4d474e6ae4b05252/library/core/src/ops/function.rs:250:5
[INFO] [stdout]   45:     0x561a04096a6b - test::__rust_begin_short_backtrace::h8e82d8113d0da17f
[INFO] [stdout]                                at /rustc/df4ca44d3fbc9301ee17f30f4d474e6ae4b05252/library/test/src/lib.rs:621:18
[INFO] [stdout]   46:     0x561a040963e7 - test::run_test_in_process::{{closure}}::h33235f4f20b7b7c7
[INFO] [stdout]                                at /rustc/df4ca44d3fbc9301ee17f30f4d474e6ae4b05252/library/test/src/lib.rs:644:60
[INFO] [stdout]   47:     0x561a040963e7 - <core::panic::unwind_safe::AssertUnwindSafe<F> as core::ops::function::FnOnce<()>>::call_once::hb5043206310c586f
[INFO] [stdout]                                at /rustc/df4ca44d3fbc9301ee17f30f4d474e6ae4b05252/library/core/src/panic/unwind_safe.rs:272:9
[INFO] [stdout]   48:     0x561a040963e7 - std::panicking::try::do_call::h9ad4731a60ab23e2
[INFO] [stdout]                                at /rustc/df4ca44d3fbc9301ee17f30f4d474e6ae4b05252/library/std/src/panicking.rs:557:40
[INFO] [stdout]   49:     0x561a040963e7 - std::panicking::try::h3824d23db772a716
[INFO] [stdout]                                at /rustc/df4ca44d3fbc9301ee17f30f4d474e6ae4b05252/library/std/src/panicking.rs:520:19
[INFO] [stdout]   50:     0x561a040963e7 - std::panic::catch_unwind::h5afd514605fde46b
[INFO] [stdout]                                at /rustc/df4ca44d3fbc9301ee17f30f4d474e6ae4b05252/library/std/src/panic.rs:358:14
[INFO] [stdout]   51:     0x561a040963e7 - test::run_test_in_process::h0d5cbfa7067d1720
[INFO] [stdout]                                at /rustc/df4ca44d3fbc9301ee17f30f4d474e6ae4b05252/library/test/src/lib.rs:644:27
[INFO] [stdout]   52:     0x561a040963e7 - test::run_test::{{closure}}::h708eb8872708115d
[INFO] [stdout]                                at /rustc/df4ca44d3fbc9301ee17f30f4d474e6ae4b05252/library/test/src/lib.rs:565:43
[INFO] [stdout]   53:     0x561a04059b04 - test::run_test::{{closure}}::h392c51cee94713ab
[INFO] [stdout]                                at /rustc/df4ca44d3fbc9301ee17f30f4d474e6ae4b05252/library/test/src/lib.rs:595:41
[INFO] [stdout]   54:     0x561a04059b04 - std::sys::backtrace::__rust_begin_short_backtrace::h2f40290710935a8b
[INFO] [stdout]                                at /rustc/df4ca44d3fbc9301ee17f30f4d474e6ae4b05252/library/std/src/sys/backtrace.rs:154:18
[INFO] [stdout]   55:     0x561a0405d2ae - std::thread::Builder::spawn_unchecked_::{{closure}}::{{closure}}::h3fd968d89053a903
[INFO] [stdout]                                at /rustc/df4ca44d3fbc9301ee17f30f4d474e6ae4b05252/library/std/src/thread/mod.rs:541:17
[INFO] [stdout]   56:     0x561a0405d2ae - <core::panic::unwind_safe::AssertUnwindSafe<F> as core::ops::function::FnOnce<()>>::call_once::h743f637ba4229880
[INFO] [stdout]                                at /rustc/df4ca44d3fbc9301ee17f30f4d474e6ae4b05252/library/core/src/panic/unwind_safe.rs:272:9
[INFO] [stdout]   57:     0x561a0405d2ae - std::panicking::try::do_call::h07440897322525a6
[INFO] [stdout]                                at /rustc/df4ca44d3fbc9301ee17f30f4d474e6ae4b05252/library/std/src/panicking.rs:557:40
[INFO] [stdout]   58:     0x561a0405d2ae - std::panicking::try::he5a2e00188156637
[INFO] [stdout]                                at /rustc/df4ca44d3fbc9301ee17f30f4d474e6ae4b05252/library/std/src/panicking.rs:520:19
[INFO] [stdout]   59:     0x561a0405d2ae - std::panic::catch_unwind::hbaf3cae49b3c6433
[INFO] [stdout]                                at /rustc/df4ca44d3fbc9301ee17f30f4d474e6ae4b05252/library/std/src/panic.rs:358:14
[INFO] [stdout]   60:     0x561a0405d2ae - std::thread::Builder::spawn_unchecked_::{{closure}}::h8e141ea224820bce
[INFO] [stdout]                                at /rustc/df4ca44d3fbc9301ee17f30f4d474e6ae4b05252/library/std/src/thread/mod.rs:540:30
[INFO] [stdout]   61:     0x561a0405d2ae - core::ops::function::FnOnce::call_once{{vtable.shim}}::h90d312fedd7b8ea8
[INFO] [stdout]                                at /rustc/df4ca44d3fbc9301ee17f30f4d474e6ae4b05252/library/core/src/ops/function.rs:250:5
[INFO] [stdout]   62:     0x561a04ce65cb - <alloc::boxed::Box<F,A> as core::ops::function::FnOnce<Args>>::call_once::h69aa08ddb6adb8b6
[INFO] [stdout]                                at /rustc/df4ca44d3fbc9301ee17f30f4d474e6ae4b05252/library/alloc/src/boxed.rs:2454:9
[INFO] [stdout]   63:     0x561a04ce65cb - <alloc::boxed::Box<F,A> as core::ops::function::FnOnce<Args>>::call_once::h5aa36efdb79c806f
[INFO] [stdout]                                at /rustc/df4ca44d3fbc9301ee17f30f4d474e6ae4b05252/library/alloc/src/boxed.rs:2454:9
[INFO] [stdout]   64:     0x561a04ce65cb - std::sys::pal::unix::thread::Thread::new::thread_start::h6cd80a1b4be5158d
[INFO] [stdout]                                at /rustc/df4ca44d3fbc9301ee17f30f4d474e6ae4b05252/library/std/src/sys/pal/unix/thread.rs:105:17
[INFO] [stdout]   65:     0x7a30d7cd0ac3 - <unknown>
[INFO] [stdout]   66:     0x7a30d7d61a04 - clone
[INFO] [stdout]   67:                0x0 - <unknown>
[INFO] [stdout] 
[INFO] [stdout] 
[INFO] [stdout] failures:
[INFO] [stdout]     s3::multipart::tests::multipart_test
[INFO] [stdout] 
[INFO] [stdout] test result: FAILED. 0 passed; 1 failed; 0 ignored; 0 measured; 0 filtered out; finished in 0.03s
[INFO] [stdout] 
[INFO] [stderr] error: test failed, to rerun pass `--bin awsdump`
[INFO] running `Command { std: "docker" "inspect" "f9c589bb1b925fbc1be2fddab6506548591e6cf909aecdf15e2599302b200dc5", kill_on_drop: false }`
[INFO] running `Command { std: "docker" "rm" "-f" "f9c589bb1b925fbc1be2fddab6506548591e6cf909aecdf15e2599302b200dc5", kill_on_drop: false }`
[INFO] [stdout] f9c589bb1b925fbc1be2fddab6506548591e6cf909aecdf15e2599302b200dc5
