[INFO] cloning repository https://github.com/ethagnawl/rmuxinator
[INFO] running `Command { std: "git" "-c" "credential.helper=" "-c" "credential.helper=/workspace/cargo-home/bin/git-credential-null" "clone" "--bare" "https://github.com/ethagnawl/rmuxinator" "/workspace/cache/git-repos/https%3A%2F%2Fgithub.com%2Fethagnawl%2Frmuxinator", kill_on_drop: false }`
[INFO] [stderr] Cloning into bare repository '/workspace/cache/git-repos/https%3A%2F%2Fgithub.com%2Fethagnawl%2Frmuxinator'...
[INFO] running `Command { std: "git" "rev-parse" "HEAD", kill_on_drop: false }`
[INFO] [stdout] 86f692ab66d854b1f13134e757c78732c42e7e3a
[INFO] testing ethagnawl/rmuxinator/86f692ab66d854b1f13134e757c78732c42e7e3a against nightly-2024-10-28 for randomize-layout
[INFO] running `Command { std: "git" "clone" "/workspace/cache/git-repos/https%3A%2F%2Fgithub.com%2Fethagnawl%2Frmuxinator" "/workspace/builds/worker-5-tc1/source", kill_on_drop: false }`
[INFO] [stderr] Cloning into '/workspace/builds/worker-5-tc1/source'...
[INFO] [stderr] done.
[INFO] validating manifest of git repo https://github.com/ethagnawl/rmuxinator on toolchain nightly-2024-10-28
[INFO] running `Command { std: CARGO_HOME="/workspace/cargo-home" RUSTUP_HOME="/workspace/rustup-home" "/workspace/cargo-home/bin/cargo" "+nightly-2024-10-28" "metadata" "--manifest-path" "Cargo.toml" "--no-deps", kill_on_drop: false }`
[INFO] started tweaking git repo https://github.com/ethagnawl/rmuxinator
[INFO] finished tweaking git repo https://github.com/ethagnawl/rmuxinator
[INFO] tweaked toml for git repo https://github.com/ethagnawl/rmuxinator written to /workspace/builds/worker-5-tc1/source/Cargo.toml
[INFO] crate git repo https://github.com/ethagnawl/rmuxinator already has a lockfile, it will not be regenerated
[INFO] running `Command { std: CARGO_HOME="/workspace/cargo-home" RUSTUP_HOME="/workspace/rustup-home" "/workspace/cargo-home/bin/cargo" "+nightly-2024-10-28" "fetch" "--manifest-path" "Cargo.toml", kill_on_drop: false }`
[INFO] [stderr]     Blocking waiting for file lock on package cache
[INFO] [stderr]     Blocking waiting for file lock on package cache
[INFO] [stderr]  Downloading crates ...
[INFO] [stderr]   Downloaded mockall_derive v0.10.2
[INFO] [stderr]   Downloaded downcast v0.10.0
[INFO] [stderr]   Downloaded fragile v1.2.2
[INFO] [stderr]   Downloaded mockall v0.10.2
[INFO] running `Command { std: "docker" "create" "-v" "/var/lib/crater-agent-workspace/builds/worker-5-tc1/target:/opt/rustwide/target:rw,Z" "-v" "/var/lib/crater-agent-workspace/builds/worker-5-tc1/source:/opt/rustwide/workdir:ro,Z" "-v" "/var/lib/crater-agent-workspace/cargo-home:/opt/rustwide/cargo-home:ro,Z" "-v" "/var/lib/crater-agent-workspace/rustup-home:/opt/rustwide/rustup-home:ro,Z" "-e" "SOURCE_DIR=/opt/rustwide/workdir" "-e" "CARGO_TARGET_DIR=/opt/rustwide/target" "-e" "CARGO_HOME=/opt/rustwide/cargo-home" "-e" "RUSTUP_HOME=/opt/rustwide/rustup-home" "-w" "/opt/rustwide/workdir" "-m" "1610612736" "--user" "0:0" "--network" "none" "ghcr.io/rust-lang/crates-build-env/linux@sha256:4a844ea9eb2546a2d2c7022eacef16ef2e8229c7fbb2c7d4d55a9ceca922f72d" "/opt/rustwide/cargo-home/bin/cargo" "+nightly-2024-10-28" "metadata" "--no-deps" "--format-version=1", kill_on_drop: false }`
[INFO] [stdout] 86075fffb7bfe17bb45743ae8e76400d8be57172e3fcaa505abcc5fae44c28ef
[INFO] running `Command { std: "docker" "start" "-a" "86075fffb7bfe17bb45743ae8e76400d8be57172e3fcaa505abcc5fae44c28ef", kill_on_drop: false }`
[INFO] running `Command { std: "docker" "inspect" "86075fffb7bfe17bb45743ae8e76400d8be57172e3fcaa505abcc5fae44c28ef", kill_on_drop: false }`
[INFO] running `Command { std: "docker" "rm" "-f" "86075fffb7bfe17bb45743ae8e76400d8be57172e3fcaa505abcc5fae44c28ef", kill_on_drop: false }`
[INFO] [stdout] 86075fffb7bfe17bb45743ae8e76400d8be57172e3fcaa505abcc5fae44c28ef
[INFO] running `Command { std: "docker" "create" "-v" "/var/lib/crater-agent-workspace/builds/worker-5-tc1/target:/opt/rustwide/target:rw,Z" "-v" "/var/lib/crater-agent-workspace/builds/worker-5-tc1/source:/opt/rustwide/workdir:ro,Z" "-v" "/var/lib/crater-agent-workspace/cargo-home:/opt/rustwide/cargo-home:ro,Z" "-v" "/var/lib/crater-agent-workspace/rustup-home:/opt/rustwide/rustup-home:ro,Z" "-e" "SOURCE_DIR=/opt/rustwide/workdir" "-e" "CARGO_TARGET_DIR=/opt/rustwide/target" "-e" "CARGO_INCREMENTAL=0" "-e" "RUST_BACKTRACE=full" "-e" "RUSTFLAGS=--cap-lints=forbid" "-e" "RUSTDOCFLAGS=--cap-lints=forbid" "-e" "CARGO_HOME=/opt/rustwide/cargo-home" "-e" "RUSTUP_HOME=/opt/rustwide/rustup-home" "-w" "/opt/rustwide/workdir" "-m" "1610612736" "--user" "0:0" "--network" "none" "ghcr.io/rust-lang/crates-build-env/linux@sha256:4a844ea9eb2546a2d2c7022eacef16ef2e8229c7fbb2c7d4d55a9ceca922f72d" "/opt/rustwide/cargo-home/bin/cargo" "+nightly-2024-10-28" "build" "--frozen" "--message-format=json", kill_on_drop: false }`
[INFO] [stdout] c0c1ab255c3b12b8a8a8d9b5bb9a673f89ee8d11aff06c7f1a53435084b2e59f
[INFO] running `Command { std: "docker" "start" "-a" "c0c1ab255c3b12b8a8a8d9b5bb9a673f89ee8d11aff06c7f1a53435084b2e59f", kill_on_drop: false }`
[INFO] [stderr]    Compiling proc-macro2 v1.0.79
[INFO] [stderr]    Compiling unicode-ident v1.0.4
[INFO] [stderr]    Compiling syn v1.0.100
[INFO] [stderr]    Compiling memchr v2.7.1
[INFO] [stderr]    Compiling regex-syntax v0.8.2
[INFO] [stderr]    Compiling libc v0.2.133
[INFO] [stderr]    Compiling serde_derive v1.0.144
[INFO] [stderr]    Compiling num-traits v0.2.15
[INFO] [stderr]    Compiling predicates-core v1.0.3
[INFO] [stderr]    Compiling serde v1.0.144
[INFO] [stderr]    Compiling termtree v0.2.4
[INFO] [stderr]    Compiling fragile v2.0.0
[INFO] [stderr]    Compiling normalize-line-endings v0.3.0
[INFO] [stderr]    Compiling difference v2.0.0
[INFO] [stderr]    Compiling aho-corasick v1.1.3
[INFO] [stderr]    Compiling fragile v1.2.2
[INFO] [stderr]    Compiling predicates-tree v1.0.5
[INFO] [stderr]    Compiling textwrap v0.11.0
[INFO] [stderr]    Compiling vec_map v0.8.2
[INFO] [stderr]    Compiling ansi_term v0.12.1
[INFO] [stderr]    Compiling quote v1.0.35
[INFO] [stderr]    Compiling atty v0.2.14
[INFO] [stderr]    Compiling downcast v0.10.0
[INFO] [stderr]    Compiling strsim v0.8.0
[INFO] [stderr]    Compiling clap v2.34.0
[INFO] [stderr]    Compiling float-cmp v0.8.0
[INFO] [stderr]    Compiling regex-automata v0.4.6
[INFO] [stderr]    Compiling regex v1.10.4
[INFO] [stderr]    Compiling predicates v1.0.8
[INFO] [stderr]    Compiling mockall_derive v0.10.2
[INFO] [stderr]    Compiling derivative v2.2.0
[INFO] [stderr]    Compiling mockall v0.10.2
[INFO] [stderr]    Compiling toml v0.4.10
[INFO] [stderr]    Compiling rmuxinator v2.0.0 (/opt/rustwide/workdir)
[INFO] [stderr]     Finished `dev` profile [unoptimized + debuginfo] target(s) in 12.10s
[INFO] running `Command { std: "docker" "inspect" "c0c1ab255c3b12b8a8a8d9b5bb9a673f89ee8d11aff06c7f1a53435084b2e59f", kill_on_drop: false }`
[INFO] running `Command { std: "docker" "rm" "-f" "c0c1ab255c3b12b8a8a8d9b5bb9a673f89ee8d11aff06c7f1a53435084b2e59f", kill_on_drop: false }`
[INFO] [stdout] c0c1ab255c3b12b8a8a8d9b5bb9a673f89ee8d11aff06c7f1a53435084b2e59f
[INFO] running `Command { std: "docker" "create" "-v" "/var/lib/crater-agent-workspace/builds/worker-5-tc1/target:/opt/rustwide/target:rw,Z" "-v" "/var/lib/crater-agent-workspace/builds/worker-5-tc1/source:/opt/rustwide/workdir:ro,Z" "-v" "/var/lib/crater-agent-workspace/cargo-home:/opt/rustwide/cargo-home:ro,Z" "-v" "/var/lib/crater-agent-workspace/rustup-home:/opt/rustwide/rustup-home:ro,Z" "-e" "SOURCE_DIR=/opt/rustwide/workdir" "-e" "CARGO_TARGET_DIR=/opt/rustwide/target" "-e" "CARGO_INCREMENTAL=0" "-e" "RUST_BACKTRACE=full" "-e" "RUSTFLAGS=--cap-lints=forbid" "-e" "RUSTDOCFLAGS=--cap-lints=forbid" "-e" "CARGO_HOME=/opt/rustwide/cargo-home" "-e" "RUSTUP_HOME=/opt/rustwide/rustup-home" "-w" "/opt/rustwide/workdir" "-m" "1610612736" "--user" "0:0" "--network" "none" "ghcr.io/rust-lang/crates-build-env/linux@sha256:4a844ea9eb2546a2d2c7022eacef16ef2e8229c7fbb2c7d4d55a9ceca922f72d" "/opt/rustwide/cargo-home/bin/cargo" "+nightly-2024-10-28" "test" "--frozen" "--no-run" "--message-format=json", kill_on_drop: false }`
[INFO] [stdout] 1ac90151fba70d47e645a8619e69b0653f100dbb4ce71d90ee6317065084de10
[INFO] running `Command { std: "docker" "start" "-a" "1ac90151fba70d47e645a8619e69b0653f100dbb4ce71d90ee6317065084de10", kill_on_drop: false }`
[INFO] [stderr]    Compiling doc-comment v0.3.3
[INFO] [stderr]    Compiling either v1.8.0
[INFO] [stderr]    Compiling regex-automata v0.1.10
[INFO] [stderr]    Compiling difflib v0.4.0
[INFO] [stderr]    Compiling wait-timeout v0.2.0
[INFO] [stderr]    Compiling tempfile v3.3.0
[INFO] [stderr]    Compiling itertools v0.10.5
[INFO] [stderr]    Compiling bstr v0.2.17
[INFO] [stderr]    Compiling predicates v2.1.1
[INFO] [stderr]    Compiling assert_cmd v1.0.8
[INFO] [stderr]    Compiling rmuxinator v2.0.0 (/opt/rustwide/workdir)
[INFO] [stderr]     Finished `test` profile [unoptimized + debuginfo] target(s) in 2.75s
[INFO] running `Command { std: "docker" "inspect" "1ac90151fba70d47e645a8619e69b0653f100dbb4ce71d90ee6317065084de10", kill_on_drop: false }`
[INFO] running `Command { std: "docker" "rm" "-f" "1ac90151fba70d47e645a8619e69b0653f100dbb4ce71d90ee6317065084de10", kill_on_drop: false }`
[INFO] [stdout] 1ac90151fba70d47e645a8619e69b0653f100dbb4ce71d90ee6317065084de10
[INFO] running `Command { std: "docker" "create" "-v" "/var/lib/crater-agent-workspace/builds/worker-5-tc1/target:/opt/rustwide/target:rw,Z" "-v" "/var/lib/crater-agent-workspace/builds/worker-5-tc1/source:/opt/rustwide/workdir:ro,Z" "-v" "/var/lib/crater-agent-workspace/cargo-home:/opt/rustwide/cargo-home:ro,Z" "-v" "/var/lib/crater-agent-workspace/rustup-home:/opt/rustwide/rustup-home:ro,Z" "-e" "SOURCE_DIR=/opt/rustwide/workdir" "-e" "CARGO_TARGET_DIR=/opt/rustwide/target" "-e" "CARGO_INCREMENTAL=0" "-e" "RUST_BACKTRACE=full" "-e" "RUSTFLAGS=--cap-lints=forbid" "-e" "RUSTDOCFLAGS=--cap-lints=forbid" "-e" "CARGO_HOME=/opt/rustwide/cargo-home" "-e" "RUSTUP_HOME=/opt/rustwide/rustup-home" "-w" "/opt/rustwide/workdir" "-m" "1610612736" "--user" "0:0" "--network" "none" "ghcr.io/rust-lang/crates-build-env/linux@sha256:4a844ea9eb2546a2d2c7022eacef16ef2e8229c7fbb2c7d4d55a9ceca922f72d" "/opt/rustwide/cargo-home/bin/cargo" "+nightly-2024-10-28" "test" "--frozen", kill_on_drop: false }`
[INFO] [stdout] c1d27a6ce0cd5ef680df3eef580c7c0f412ed48fe4b99c6baa72a09ed35bf635
[INFO] running `Command { std: "docker" "start" "-a" "c1d27a6ce0cd5ef680df3eef580c7c0f412ed48fe4b99c6baa72a09ed35bf635", kill_on_drop: false }`
[INFO] [stderr]     Finished `test` profile [unoptimized + debuginfo] target(s) in 0.05s
[INFO] [stderr]      Running unittests src/lib.rs (/opt/rustwide/target/debug/deps/rmuxinator-41c0d65f5c674e52)
[INFO] [stdout] 
[INFO] [stdout] running 49 tests
[INFO] [stdout] test tests::it_accepts_valid_cli_command_arg ... ok
[INFO] [stdout] test tests::it_builds_rename_pane_args_when_pane_name_and_pane_name_user_option_present ... ok
[INFO] [stdout] test tests::it_accepts_correct_cli_args ... ok
[INFO] [stdout] test tests::it_builds_attach_args ... ok
[INFO] [stdout] test tests::it_builds_session_args_with_start_directory ... ok
[INFO] [stdout] test tests::it_builds_hook_arguments ... ok
[INFO] [stdout] test tests::it_builds_session_args_with_window_name ... ok
[INFO] [stdout] test tests::it_builds_session_args_without_start_directory ... ok
[INFO] [stdout] test tests::it_builds_window_layout_args_with_a_config_layout_and_no_window_layout ... ok
[INFO] [stdout] test tests::it_builds_session_args_without_window_name ... ok
[INFO] [stdout] test tests::it_builds_window_args_with_a_start_directory ... ok
[INFO] [stdout] test tests::it_builds_window_args_without_a_start_directory ... ok
[INFO] [stdout] test tests::it_builds_window_layout_args_with_a_window_layout_and_no_config_layout ... ok
[INFO] [stdout] test tests::it_converts_a_pascal_case_string_to_a_kebab_case_string ... ok
[INFO] [stdout] test tests::it_converts_layout_to_string ... ok
[INFO] [stdout] test tests::it_doesnt_build_rename_pane_args_when_no_pane_name_user_option_present ... ok
[INFO] [stdout] test tests::it_doesnt_build_rename_pane_args_when_no_pane_name_present ... ok
[INFO] [stdout] test tests::it_no_ops_on_a_non_pascal_case_string ... ok
[INFO] [stdout] test tests::it_builds_window_layout_args_with_a_window_layout_and_a_config_layout ... ok
[INFO] [stdout] test tests::it_builds_window_layout_args_without_a_window_layout_or_a_config_layout ... ok
[INFO] [stdout] test tests::it_rejects_invalid_cli_command_arg ... ok
[INFO] [stdout] test tests::it_computes_the_expected_commands ... ok
[INFO] [stdout] test tests::it_uses_config_sd_when_pane_sd_is_none_and_config_sd_is_none ... ok
[INFO] [stdout] test tests::it_uses_configs_start_directory_when_no_window_start_directory_present_for_session_start_directory ... ok
[INFO] [stdout] test tests::it_uses_configs_start_directory_when_no_window_start_directory_present_for_window_start_directory ... ok
[INFO] [stdout] test tests::it_uses_no_start_directory_when_none_present_for_session_start_directory ... ok
[INFO] [stdout] test tests::it_uses_pane_sd_when_window_sd_is_some_and_config_sd_is_none ... ok
[INFO] [stdout] test tests::it_uses_pane_sd_when_window_sd_is_some_and_config_sd_is_some ... ok
[INFO] [stdout] test tests::it_uses_no_pane_sd_when_none_are_set ... ok
[INFO] [stdout] test tests::it_uses_no_start_directory_when_none_present_for_window_start_directory ... ok
[INFO] [stdout] test tests::it_uses_windows_start_directory_over_configs_start_directory_for_window_start_directory ... ok
[INFO] [stdout] test tests::it_uses_pane_sd_when_window_sd_is_none_and_config_sd_is_none ... ok
[INFO] [stdout] test tests::it_uses_pane_sd_when_window_sd_is_none_and_config_sd_is_some ... ok
[INFO] [stdout] test tests::it_uses_windows_start_directory_over_configs_start_directory_for_session_start_directory ... ok
[INFO] [stdout] test tests::it_uses_window_sd_when_pane_sd_is_none_and_config_sd_is_none ... ok
[INFO] [stdout] test tests::it_uses_window_sd_when_pane_sd_is_none_and_config_sd_is_some ... ok
[INFO] [stdout] test tests::test_for_tmux_returns_false_when_tmux_doesnt_exist ... ok
[INFO] [stdout] test tests::test_it_doesnt_pass_tmux_options_to_tmux_when_absent ... ok
[INFO] [stdout] test tests::test_it_returns_custom_pane_base_index_when_good_value_found_in_tmux_session ... ok
[INFO] [stdout] test tests::test_it_passes_multiple_tmux_options_to_tmux_when_present ... ok
[INFO] [stdout] test tests::test_it_returns_custom_base_index_when_good_value_found_in_tmux_session ... ok
[INFO] [stdout] test tests::test_it_passes_tmux_options_to_tmux_when_present ... ok
[INFO] [stdout] test tests::test_it_returns_default_base_index_when_no_value_found_in_tmux_session ... ok
[INFO] [stdout] test tests::test_it_returns_default_base_index_when_good_value_found_in_tmux_session ... ok
[INFO] [stdout] test tests::test_it_returns_default_pane_base_index_when_good_value_found_in_tmux_session ... ok
[INFO] [stdout] test tests::test_it_returns_default_pane_base_index_when_no_value_found_in_tmux_session ... ok
[INFO] [stdout] test tests::test_run_tmux_command_does_not_receive_an_attach_command_when_attached_false ... ok
[INFO] [stdout] test tests::test_run_tmux_command_does_receive_an_attach_command_when_attached_true ... ok
[INFO] [stdout] test tests::test_for_tmux_returns_true_when_tmux_exists ... FAILED
[INFO] [stdout] 
[INFO] [stdout] failures:
[INFO] [stdout] 
[INFO] [stdout] ---- tests::test_for_tmux_returns_true_when_tmux_exists stdout ----
[INFO] [stdout] thread 'tests::test_for_tmux_returns_true_when_tmux_exists' panicked at src/lib.rs:1737:9:
[INFO] [stdout] assertion failed: actual
[INFO] [stdout] stack backtrace:
[INFO] [stdout]    0:     0x64f7466a914a - std::backtrace_rs::backtrace::libunwind::trace::h207520d6e9873551
[INFO] [stdout]                                at /rustc/df4ca44d3fbc9301ee17f30f4d474e6ae4b05252/library/std/src/../../backtrace/src/backtrace/libunwind.rs:116:5
[INFO] [stdout]    1:     0x64f7466a914a - std::backtrace_rs::backtrace::trace_unsynchronized::h2ed7433f370e3eca
[INFO] [stdout]                                at /rustc/df4ca44d3fbc9301ee17f30f4d474e6ae4b05252/library/std/src/../../backtrace/src/backtrace/mod.rs:66:5
[INFO] [stdout]    2:     0x64f7466a914a - std::sys::backtrace::_print_fmt::h916fac51166b18d7
[INFO] [stdout]                                at /rustc/df4ca44d3fbc9301ee17f30f4d474e6ae4b05252/library/std/src/sys/backtrace.rs:66:9
[INFO] [stdout]    3:     0x64f7466a914a - <std::sys::backtrace::BacktraceLock::print::DisplayBacktrace as core::fmt::Display>::fmt::ha0a4c9b8ce3802e6
[INFO] [stdout]                                at /rustc/df4ca44d3fbc9301ee17f30f4d474e6ae4b05252/library/std/src/sys/backtrace.rs:39:26
[INFO] [stdout]    4:     0x64f7466d1603 - core::fmt::rt::Argument::fmt::h4cfc8587d52b3eb5
[INFO] [stdout]                                at /rustc/df4ca44d3fbc9301ee17f30f4d474e6ae4b05252/library/core/src/fmt/rt.rs:177:76
[INFO] [stdout]    5:     0x64f7466d1603 - core::fmt::write::h522cc39e5b36ae9f
[INFO] [stdout]                                at /rustc/df4ca44d3fbc9301ee17f30f4d474e6ae4b05252/library/core/src/fmt/mod.rs:1190:21
[INFO] [stdout]    6:     0x64f7466a54d3 - std::io::Write::write_fmt::h7d3c26752da97734
[INFO] [stdout]                                at /rustc/df4ca44d3fbc9301ee17f30f4d474e6ae4b05252/library/std/src/io/mod.rs:1839:15
[INFO] [stdout]    7:     0x64f7466a8f92 - std::sys::backtrace::BacktraceLock::print::h4b9e00b29e9c0942
[INFO] [stdout]                                at /rustc/df4ca44d3fbc9301ee17f30f4d474e6ae4b05252/library/std/src/sys/backtrace.rs:42:9
[INFO] [stdout]    8:     0x64f7466aa5da - std::panicking::default_hook::{{closure}}::hb59b88280d0324d9
[INFO] [stdout]                                at /rustc/df4ca44d3fbc9301ee17f30f4d474e6ae4b05252/library/std/src/panicking.rs:268:22
[INFO] [stdout]    9:     0x64f7466aa3e4 - std::panicking::default_hook::he1dd496665be4a29
[INFO] [stdout]                                at /rustc/df4ca44d3fbc9301ee17f30f4d474e6ae4b05252/library/std/src/panicking.rs:292:9
[INFO] [stdout]   10:     0x64f746309fe9 - <alloc::boxed::Box<F,A> as core::ops::function::Fn<Args>>::call::h4ff71de18744e1dc
[INFO] [stdout]                                at /rustc/df4ca44d3fbc9301ee17f30f4d474e6ae4b05252/library/alloc/src/boxed.rs:2468:9
[INFO] [stdout]   11:     0x64f746309fe9 - test::test_main::{{closure}}::hcf7c055ce117aa81
[INFO] [stdout]                                at /rustc/df4ca44d3fbc9301ee17f30f4d474e6ae4b05252/library/test/src/lib.rs:133:21
[INFO] [stdout]   12:     0x64f7466aacd8 - <alloc::boxed::Box<F,A> as core::ops::function::Fn<Args>>::call::h1d66c6bbd60c9692
[INFO] [stdout]                                at /rustc/df4ca44d3fbc9301ee17f30f4d474e6ae4b05252/library/alloc/src/boxed.rs:2468:9
[INFO] [stdout]   13:     0x64f7466aacd8 - std::panicking::rust_panic_with_hook::h2ff17fe8f26dfcf8
[INFO] [stdout]                                at /rustc/df4ca44d3fbc9301ee17f30f4d474e6ae4b05252/library/std/src/panicking.rs:809:13
[INFO] [stdout]   14:     0x64f7466aaa66 - std::panicking::begin_panic_handler::{{closure}}::h4fad77951c07e101
[INFO] [stdout]                                at /rustc/df4ca44d3fbc9301ee17f30f4d474e6ae4b05252/library/std/src/panicking.rs:667:13
[INFO] [stdout]   15:     0x64f7466a9629 - std::sys::backtrace::__rust_end_short_backtrace::hb1a25b3da5d0ea08
[INFO] [stdout]                                at /rustc/df4ca44d3fbc9301ee17f30f4d474e6ae4b05252/library/std/src/sys/backtrace.rs:170:18
[INFO] [stdout]   16:     0x64f7466aa72c - rust_begin_unwind
[INFO] [stdout]                                at /rustc/df4ca44d3fbc9301ee17f30f4d474e6ae4b05252/library/std/src/panicking.rs:665:5
[INFO] [stdout]   17:     0x64f7466cfc30 - core::panicking::panic_fmt::ha9db07b529f9b256
[INFO] [stdout]                                at /rustc/df4ca44d3fbc9301ee17f30f4d474e6ae4b05252/library/core/src/panicking.rs:75:14
[INFO] [stdout]   18:     0x64f7466cfcbc - core::panicking::panic::h993086813d94accc
[INFO] [stdout]                                at /rustc/df4ca44d3fbc9301ee17f30f4d474e6ae4b05252/library/core/src/panicking.rs:152:5
[INFO] [stdout]   19:     0x64f7462ac80b - rmuxinator::tests::test_for_tmux_returns_true_when_tmux_exists::h076e922298f34436
[INFO] [stdout]                                at /opt/rustwide/workdir/src/lib.rs:1737:9
[INFO] [stdout]   20:     0x64f7462ac7b7 - rmuxinator::tests::test_for_tmux_returns_true_when_tmux_exists::{{closure}}::h794fbf6a1fa8c8e0
[INFO] [stdout]                                at /opt/rustwide/workdir/src/lib.rs:1735:53
[INFO] [stdout]   21:     0x64f7462b6166 - core::ops::function::FnOnce::call_once::h6fcea1646a5a72d4
[INFO] [stdout]                                at /rustc/df4ca44d3fbc9301ee17f30f4d474e6ae4b05252/library/core/src/ops/function.rs:250:5
[INFO] [stdout]   22:     0x64f74630e8bb - core::ops::function::FnOnce::call_once::h22c3ba5715e93f05
[INFO] [stdout]                                at /rustc/df4ca44d3fbc9301ee17f30f4d474e6ae4b05252/library/core/src/ops/function.rs:250:5
[INFO] [stdout]   23:     0x64f74630e8bb - test::__rust_begin_short_backtrace::h8e82d8113d0da17f
[INFO] [stdout]                                at /rustc/df4ca44d3fbc9301ee17f30f4d474e6ae4b05252/library/test/src/lib.rs:621:18
[INFO] [stdout]   24:     0x64f74630e237 - test::run_test_in_process::{{closure}}::h33235f4f20b7b7c7
[INFO] [stdout]                                at /rustc/df4ca44d3fbc9301ee17f30f4d474e6ae4b05252/library/test/src/lib.rs:644:60
[INFO] [stdout]   25:     0x64f74630e237 - <core::panic::unwind_safe::AssertUnwindSafe<F> as core::ops::function::FnOnce<()>>::call_once::hb5043206310c586f
[INFO] [stdout]                                at /rustc/df4ca44d3fbc9301ee17f30f4d474e6ae4b05252/library/core/src/panic/unwind_safe.rs:272:9
[INFO] [stdout]   26:     0x64f74630e237 - std::panicking::try::do_call::h9ad4731a60ab23e2
[INFO] [stdout]                                at /rustc/df4ca44d3fbc9301ee17f30f4d474e6ae4b05252/library/std/src/panicking.rs:557:40
[INFO] [stdout]   27:     0x64f74630e237 - std::panicking::try::h3824d23db772a716
[INFO] [stdout]                                at /rustc/df4ca44d3fbc9301ee17f30f4d474e6ae4b05252/library/std/src/panicking.rs:520:19
[INFO] [stdout]   28:     0x64f74630e237 - std::panic::catch_unwind::h5afd514605fde46b
[INFO] [stdout]                                at /rustc/df4ca44d3fbc9301ee17f30f4d474e6ae4b05252/library/std/src/panic.rs:358:14
[INFO] [stdout]   29:     0x64f74630e237 - test::run_test_in_process::h0d5cbfa7067d1720
[INFO] [stdout]                                at /rustc/df4ca44d3fbc9301ee17f30f4d474e6ae4b05252/library/test/src/lib.rs:644:27
[INFO] [stdout]   30:     0x64f74630e237 - test::run_test::{{closure}}::h708eb8872708115d
[INFO] [stdout]                                at /rustc/df4ca44d3fbc9301ee17f30f4d474e6ae4b05252/library/test/src/lib.rs:565:43
[INFO] [stdout]   31:     0x64f7462d1954 - test::run_test::{{closure}}::h392c51cee94713ab
[INFO] [stdout]                                at /rustc/df4ca44d3fbc9301ee17f30f4d474e6ae4b05252/library/test/src/lib.rs:595:41
[INFO] [stdout]   32:     0x64f7462d1954 - std::sys::backtrace::__rust_begin_short_backtrace::h2f40290710935a8b
[INFO] [stdout]                                at /rustc/df4ca44d3fbc9301ee17f30f4d474e6ae4b05252/library/std/src/sys/backtrace.rs:154:18
[INFO] [stdout]   33:     0x64f7462d50fe - std::thread::Builder::spawn_unchecked_::{{closure}}::{{closure}}::h3fd968d89053a903
[INFO] [stdout]                                at /rustc/df4ca44d3fbc9301ee17f30f4d474e6ae4b05252/library/std/src/thread/mod.rs:541:17
[INFO] [stdout]   34:     0x64f7462d50fe - <core::panic::unwind_safe::AssertUnwindSafe<F> as core::ops::function::FnOnce<()>>::call_once::h743f637ba4229880
[INFO] [stdout]                                at /rustc/df4ca44d3fbc9301ee17f30f4d474e6ae4b05252/library/core/src/panic/unwind_safe.rs:272:9
[INFO] [stdout]   35:     0x64f7462d50fe - std::panicking::try::do_call::h07440897322525a6
[INFO] [stdout]                                at /rustc/df4ca44d3fbc9301ee17f30f4d474e6ae4b05252/library/std/src/panicking.rs:557:40
[INFO] [stdout]   36:     0x64f7462d50fe - std::panicking::try::he5a2e00188156637
[INFO] [stdout]                                at /rustc/df4ca44d3fbc9301ee17f30f4d474e6ae4b05252/library/std/src/panicking.rs:520:19
[INFO] [stdout]   37:     0x64f7462d50fe - std::panic::catch_unwind::hbaf3cae49b3c6433
[INFO] [stdout]                                at /rustc/df4ca44d3fbc9301ee17f30f4d474e6ae4b05252/library/std/src/panic.rs:358:14
[INFO] [stdout]   38:     0x64f7462d50fe - std::thread::Builder::spawn_unchecked_::{{closure}}::h8e141ea224820bce
[INFO] [stdout]                                at /rustc/df4ca44d3fbc9301ee17f30f4d474e6ae4b05252/library/std/src/thread/mod.rs:540:30
[INFO] [stdout]   39:     0x64f7462d50fe - core::ops::function::FnOnce::call_once{{vtable.shim}}::h90d312fedd7b8ea8
[INFO] [stdout]                                at /rustc/df4ca44d3fbc9301ee17f30f4d474e6ae4b05252/library/core/src/ops/function.rs:250:5
[INFO] [stdout]   40:     0x64f7466aebcb - <alloc::boxed::Box<F,A> as core::ops::function::FnOnce<Args>>::call_once::h69aa08ddb6adb8b6
[INFO] [stdout]                                at /rustc/df4ca44d3fbc9301ee17f30f4d474e6ae4b05252/library/alloc/src/boxed.rs:2454:9
[INFO] [stdout]   41:     0x64f7466aebcb - <alloc::boxed::Box<F,A> as core::ops::function::FnOnce<Args>>::call_once::h5aa36efdb79c806f
[INFO] [stdout]                                at /rustc/df4ca44d3fbc9301ee17f30f4d474e6ae4b05252/library/alloc/src/boxed.rs:2454:9
[INFO] [stdout]   42:     0x64f7466aebcb - std::sys::pal::unix::thread::Thread::new::thread_start::h6cd80a1b4be5158d
[INFO] [stdout]                                at /rustc/df4ca44d3fbc9301ee17f30f4d474e6ae4b05252/library/std/src/sys/pal/unix/thread.rs:105:17
[INFO] [stdout]   43:     0x7773d2799ac3 - <unknown>
[INFO] [stdout]   44:     0x7773d282aa04 - clone
[INFO] [stdout]   45:                0x0 - <unknown>
[INFO] [stdout] 
[INFO] [stdout] 
[INFO] [stdout] failures:
[INFO] [stdout]     tests::test_for_tmux_returns_true_when_tmux_exists
[INFO] [stdout] 
[INFO] [stdout] test result: FAILED. 48 passed; 1 failed; 0 ignored; 0 measured; 0 filtered out; finished in 0.04s
[INFO] [stdout] 
[INFO] [stderr] error: test failed, to rerun pass `--lib`
[INFO] running `Command { std: "docker" "inspect" "c1d27a6ce0cd5ef680df3eef580c7c0f412ed48fe4b99c6baa72a09ed35bf635", kill_on_drop: false }`
[INFO] running `Command { std: "docker" "rm" "-f" "c1d27a6ce0cd5ef680df3eef580c7c0f412ed48fe4b99c6baa72a09ed35bf635", kill_on_drop: false }`
[INFO] [stdout] c1d27a6ce0cd5ef680df3eef580c7c0f412ed48fe4b99c6baa72a09ed35bf635
