[INFO] cloning repository https://github.com/espdev/csaps-rs
[INFO] running `Command { std: "git" "-c" "credential.helper=" "-c" "credential.helper=/workspace/cargo-home/bin/git-credential-null" "clone" "--bare" "https://github.com/espdev/csaps-rs" "/workspace/cache/git-repos/https%3A%2F%2Fgithub.com%2Fespdev%2Fcsaps-rs", kill_on_drop: false }`
[INFO] [stderr] Cloning into bare repository '/workspace/cache/git-repos/https%3A%2F%2Fgithub.com%2Fespdev%2Fcsaps-rs'...
[INFO] running `Command { std: "git" "rev-parse" "HEAD", kill_on_drop: false }`
[INFO] [stdout] 1f5fd14743a418e8d395d0fc903eb049ff386884
[INFO] testing espdev/csaps-rs/1f5fd14743a418e8d395d0fc903eb049ff386884 against nightly-2024-10-28 for randomize-layout
[INFO] running `Command { std: "git" "clone" "/workspace/cache/git-repos/https%3A%2F%2Fgithub.com%2Fespdev%2Fcsaps-rs" "/workspace/builds/worker-2-tc1/source", kill_on_drop: false }`
[INFO] [stderr] Cloning into '/workspace/builds/worker-2-tc1/source'...
[INFO] [stderr] done.
[INFO] validating manifest of git repo https://github.com/espdev/csaps-rs on toolchain nightly-2024-10-28
[INFO] running `Command { std: CARGO_HOME="/workspace/cargo-home" RUSTUP_HOME="/workspace/rustup-home" "/workspace/cargo-home/bin/cargo" "+nightly-2024-10-28" "metadata" "--manifest-path" "Cargo.toml" "--no-deps", kill_on_drop: false }`
[INFO] started tweaking git repo https://github.com/espdev/csaps-rs
[INFO] finished tweaking git repo https://github.com/espdev/csaps-rs
[INFO] tweaked toml for git repo https://github.com/espdev/csaps-rs written to /workspace/builds/worker-2-tc1/source/Cargo.toml
[INFO] crate git repo https://github.com/espdev/csaps-rs already has a lockfile, it will not be regenerated
[INFO] running `Command { std: CARGO_HOME="/workspace/cargo-home" RUSTUP_HOME="/workspace/rustup-home" "/workspace/cargo-home/bin/cargo" "+nightly-2024-10-28" "fetch" "--manifest-path" "Cargo.toml", kill_on_drop: false }`
[INFO] [stderr]     Updating crates.io index
[INFO] [stderr]  Downloading crates ...
[INFO] [stderr]   Downloaded almost v0.2.0
[INFO] [stderr]   Downloaded sprs-ldl v0.10.0
[INFO] [stderr]   Downloaded portable-atomic-util v0.2.2
[INFO] [stderr]   Downloaded sprs v0.11.2
[INFO] [stderr]   Downloaded portable-atomic v1.9.0
[INFO] [stderr]   Downloaded ndarray v0.16.1
[INFO] running `Command { std: "docker" "create" "-v" "/var/lib/crater-agent-workspace/builds/worker-2-tc1/target:/opt/rustwide/target:rw,Z" "-v" "/var/lib/crater-agent-workspace/builds/worker-2-tc1/source:/opt/rustwide/workdir:ro,Z" "-v" "/var/lib/crater-agent-workspace/cargo-home:/opt/rustwide/cargo-home:ro,Z" "-v" "/var/lib/crater-agent-workspace/rustup-home:/opt/rustwide/rustup-home:ro,Z" "-e" "SOURCE_DIR=/opt/rustwide/workdir" "-e" "CARGO_TARGET_DIR=/opt/rustwide/target" "-e" "CARGO_HOME=/opt/rustwide/cargo-home" "-e" "RUSTUP_HOME=/opt/rustwide/rustup-home" "-w" "/opt/rustwide/workdir" "-m" "1610612736" "--user" "0:0" "--network" "none" "ghcr.io/rust-lang/crates-build-env/linux@sha256:4a844ea9eb2546a2d2c7022eacef16ef2e8229c7fbb2c7d4d55a9ceca922f72d" "/opt/rustwide/cargo-home/bin/cargo" "+nightly-2024-10-28" "metadata" "--no-deps" "--format-version=1", kill_on_drop: false }`
[INFO] [stdout] 1ce51ca8b43787dc8e6bffad6a1d2cf38329cf11c84b3fecfc0c6254015ef8d9
[INFO] running `Command { std: "docker" "start" "-a" "1ce51ca8b43787dc8e6bffad6a1d2cf38329cf11c84b3fecfc0c6254015ef8d9", kill_on_drop: false }`
[INFO] running `Command { std: "docker" "inspect" "1ce51ca8b43787dc8e6bffad6a1d2cf38329cf11c84b3fecfc0c6254015ef8d9", kill_on_drop: false }`
[INFO] running `Command { std: "docker" "rm" "-f" "1ce51ca8b43787dc8e6bffad6a1d2cf38329cf11c84b3fecfc0c6254015ef8d9", kill_on_drop: false }`
[INFO] [stdout] 1ce51ca8b43787dc8e6bffad6a1d2cf38329cf11c84b3fecfc0c6254015ef8d9
[INFO] running `Command { std: "docker" "create" "-v" "/var/lib/crater-agent-workspace/builds/worker-2-tc1/target:/opt/rustwide/target:rw,Z" "-v" "/var/lib/crater-agent-workspace/builds/worker-2-tc1/source:/opt/rustwide/workdir:ro,Z" "-v" "/var/lib/crater-agent-workspace/cargo-home:/opt/rustwide/cargo-home:ro,Z" "-v" "/var/lib/crater-agent-workspace/rustup-home:/opt/rustwide/rustup-home:ro,Z" "-e" "SOURCE_DIR=/opt/rustwide/workdir" "-e" "CARGO_TARGET_DIR=/opt/rustwide/target" "-e" "CARGO_INCREMENTAL=0" "-e" "RUST_BACKTRACE=full" "-e" "RUSTFLAGS=--cap-lints=forbid" "-e" "RUSTDOCFLAGS=--cap-lints=forbid" "-e" "CARGO_HOME=/opt/rustwide/cargo-home" "-e" "RUSTUP_HOME=/opt/rustwide/rustup-home" "-w" "/opt/rustwide/workdir" "-m" "1610612736" "--user" "0:0" "--network" "none" "ghcr.io/rust-lang/crates-build-env/linux@sha256:4a844ea9eb2546a2d2c7022eacef16ef2e8229c7fbb2c7d4d55a9ceca922f72d" "/opt/rustwide/cargo-home/bin/cargo" "+nightly-2024-10-28" "build" "--frozen" "--message-format=json", kill_on_drop: false }`
[INFO] [stdout] 301a02676107888b453ce8d08add9cfd1938362bb5d7217dbdeb3185208b1e92
[INFO] running `Command { std: "docker" "start" "-a" "301a02676107888b453ce8d08add9cfd1938362bb5d7217dbdeb3185208b1e92", kill_on_drop: false }`
[INFO] [stderr]    Compiling libm v0.2.8
[INFO] [stderr]    Compiling num-traits v0.2.19
[INFO] [stderr]    Compiling proc-macro2 v1.0.86
[INFO] [stderr]    Compiling num-complex v0.2.4
[INFO] [stderr]    Compiling matrixmultiply v0.3.9
[INFO] [stderr]    Compiling libc v0.2.159
[INFO] [stderr]    Compiling rawpointer v0.2.1
[INFO] [stderr]    Compiling thiserror v1.0.64
[INFO] [stderr]    Compiling almost v0.2.0
[INFO] [stderr]    Compiling itertools v0.13.0
[INFO] [stderr]    Compiling quote v1.0.37
[INFO] [stderr]    Compiling syn v2.0.79
[INFO] [stderr]    Compiling num_cpus v1.16.0
[INFO] [stderr]    Compiling num-integer v0.1.46
[INFO] [stderr]    Compiling num-complex v0.4.6
[INFO] [stderr]    Compiling approx v0.3.2
[INFO] [stderr]    Compiling alga v0.9.3
[INFO] [stderr]    Compiling ndarray v0.16.1
[INFO] [stderr]    Compiling thiserror-impl v1.0.64
[INFO] [stderr]    Compiling sprs v0.11.2
[INFO] [stderr]    Compiling sprs-ldl v0.10.0
[INFO] [stderr]    Compiling csaps v0.4.0 (/opt/rustwide/workdir)
[INFO] [stdout] warning: use of deprecated method `ndarray::impl_methods::<impl ndarray::ArrayBase<S, D>>::into_shape`: Use `.into_shape_with_order()` or `.to_shape()`
[INFO] [stdout]   --> src/ndarrayext.rs:46:41
[INFO] [stdout]    |
[INFO] [stdout] 46 |     match data_view.permuted_axes(axes).into_shape(new_shape) {
[INFO] [stdout]    |                                         ^^^^^^^^^^
[INFO] [stdout]    |
[INFO] [stdout]    = note: `#[warn(deprecated)]` on by default
[INFO] [stdout] 
[INFO] [stdout] 
[INFO] [stdout] warning: use of deprecated method `ndarray::impl_methods::<impl ndarray::ArrayBase<S, D>>::into_shape`: Use `.into_shape_with_order()` or `.to_shape()`
[INFO] [stdout]   --> src/ndarrayext.rs:65:16
[INFO] [stdout]    |
[INFO] [stdout] 65 |     match data.into_shape(new_shape) {
[INFO] [stdout]    |                ^^^^^^^^^^
[INFO] [stdout] 
[INFO] [stdout] 
[INFO] [stdout] warning: use of deprecated method `ndarray::impl_methods::<impl ndarray::ArrayBase<S, D>>::into_shape`: Use `.into_shape_with_order()` or `.to_shape()`
[INFO] [stdout]   --> src/ndarrayext.rs:96:21
[INFO] [stdout]    |
[INFO] [stdout] 96 |     match data_view.into_shape(new_shape) {
[INFO] [stdout]    |                     ^^^^^^^^^^
[INFO] [stdout] 
[INFO] [stdout] 
[INFO] [stdout] warning: use of deprecated method `ndarray::impl_methods::<impl ndarray::ArrayBase<S, D>>::into_shape`: Use `.into_shape_with_order()` or `.to_shape()`
[INFO] [stdout]   --> src/ndg/evaluate.rs:40:22
[INFO] [stdout]    |
[INFO] [stdout] 40 |                     .into_shape(shape)
[INFO] [stdout]    |                      ^^^^^^^^^^
[INFO] [stdout] 
[INFO] [stdout] 
[INFO] [stdout] warning: use of deprecated method `ndarray::impl_methods::<impl ndarray::ArrayBase<S, D>>::into_shape`: Use `.into_shape_with_order()` or `.to_shape()`
[INFO] [stdout]   --> src/ndg/make.rs:59:22
[INFO] [stdout]    |
[INFO] [stdout] 59 |                     .into_shape(new_shape)
[INFO] [stdout]    |                      ^^^^^^^^^^
[INFO] [stdout] 
[INFO] [stdout] 
[INFO] [stderr]     Finished `dev` profile [unoptimized + debuginfo] target(s) in 7.18s
[INFO] running `Command { std: "docker" "inspect" "301a02676107888b453ce8d08add9cfd1938362bb5d7217dbdeb3185208b1e92", kill_on_drop: false }`
[INFO] running `Command { std: "docker" "rm" "-f" "301a02676107888b453ce8d08add9cfd1938362bb5d7217dbdeb3185208b1e92", kill_on_drop: false }`
[INFO] [stdout] 301a02676107888b453ce8d08add9cfd1938362bb5d7217dbdeb3185208b1e92
[INFO] running `Command { std: "docker" "create" "-v" "/var/lib/crater-agent-workspace/builds/worker-2-tc1/target:/opt/rustwide/target:rw,Z" "-v" "/var/lib/crater-agent-workspace/builds/worker-2-tc1/source:/opt/rustwide/workdir:ro,Z" "-v" "/var/lib/crater-agent-workspace/cargo-home:/opt/rustwide/cargo-home:ro,Z" "-v" "/var/lib/crater-agent-workspace/rustup-home:/opt/rustwide/rustup-home:ro,Z" "-e" "SOURCE_DIR=/opt/rustwide/workdir" "-e" "CARGO_TARGET_DIR=/opt/rustwide/target" "-e" "CARGO_INCREMENTAL=0" "-e" "RUST_BACKTRACE=full" "-e" "RUSTFLAGS=--cap-lints=forbid" "-e" "RUSTDOCFLAGS=--cap-lints=forbid" "-e" "CARGO_HOME=/opt/rustwide/cargo-home" "-e" "RUSTUP_HOME=/opt/rustwide/rustup-home" "-w" "/opt/rustwide/workdir" "-m" "1610612736" "--user" "0:0" "--network" "none" "ghcr.io/rust-lang/crates-build-env/linux@sha256:4a844ea9eb2546a2d2c7022eacef16ef2e8229c7fbb2c7d4d55a9ceca922f72d" "/opt/rustwide/cargo-home/bin/cargo" "+nightly-2024-10-28" "test" "--frozen" "--no-run" "--message-format=json", kill_on_drop: false }`
[INFO] [stdout] 6f72791f8ad81d6e14e34bab0825bdd58b55e9fa9457f9a66c4d3dad44176144
[INFO] running `Command { std: "docker" "start" "-a" "6f72791f8ad81d6e14e34bab0825bdd58b55e9fa9457f9a66c4d3dad44176144", kill_on_drop: false }`
[INFO] [stderr]    Compiling approx v0.5.1
[INFO] [stderr]    Compiling ndarray v0.16.1
[INFO] [stderr]    Compiling sprs v0.11.2
[INFO] [stderr]    Compiling sprs-ldl v0.10.0
[INFO] [stderr]    Compiling csaps v0.4.0 (/opt/rustwide/workdir)
[INFO] [stdout] warning: use of deprecated method `ndarray::impl_methods::<impl ndarray::ArrayBase<S, D>>::into_shape`: Use `.into_shape_with_order()` or `.to_shape()`
[INFO] [stdout]   --> src/ndarrayext.rs:46:41
[INFO] [stdout]    |
[INFO] [stdout] 46 |     match data_view.permuted_axes(axes).into_shape(new_shape) {
[INFO] [stdout]    |                                         ^^^^^^^^^^
[INFO] [stdout]    |
[INFO] [stdout]    = note: `#[warn(deprecated)]` on by default
[INFO] [stdout] 
[INFO] [stdout] 
[INFO] [stdout] warning: use of deprecated method `ndarray::impl_methods::<impl ndarray::ArrayBase<S, D>>::into_shape`: Use `.into_shape_with_order()` or `.to_shape()`
[INFO] [stdout]   --> src/ndarrayext.rs:65:16
[INFO] [stdout]    |
[INFO] [stdout] 65 |     match data.into_shape(new_shape) {
[INFO] [stdout]    |                ^^^^^^^^^^
[INFO] [stdout] 
[INFO] [stdout] 
[INFO] [stdout] warning: use of deprecated method `ndarray::impl_methods::<impl ndarray::ArrayBase<S, D>>::into_shape`: Use `.into_shape_with_order()` or `.to_shape()`
[INFO] [stdout]   --> src/ndarrayext.rs:96:21
[INFO] [stdout]    |
[INFO] [stdout] 96 |     match data_view.into_shape(new_shape) {
[INFO] [stdout]    |                     ^^^^^^^^^^
[INFO] [stdout] 
[INFO] [stdout] 
[INFO] [stdout] warning: use of deprecated method `ndarray::impl_methods::<impl ndarray::ArrayBase<S, D>>::into_shape`: Use `.into_shape_with_order()` or `.to_shape()`
[INFO] [stdout]   --> src/ndg/evaluate.rs:40:22
[INFO] [stdout]    |
[INFO] [stdout] 40 |                     .into_shape(shape)
[INFO] [stdout]    |                      ^^^^^^^^^^
[INFO] [stdout] 
[INFO] [stdout] 
[INFO] [stdout] warning: use of deprecated method `ndarray::impl_methods::<impl ndarray::ArrayBase<S, D>>::into_shape`: Use `.into_shape_with_order()` or `.to_shape()`
[INFO] [stdout]   --> src/ndg/make.rs:59:22
[INFO] [stdout]    |
[INFO] [stdout] 59 |                     .into_shape(new_shape)
[INFO] [stdout]    |                      ^^^^^^^^^^
[INFO] [stdout] 
[INFO] [stdout] 
[INFO] [stdout] warning: use of deprecated method `ndarray::impl_methods::<impl ndarray::ArrayBase<S, D>>::into_shape`: Use `.into_shape_with_order()` or `.to_shape()`
[INFO] [stdout]   --> src/ndarrayext.rs:46:41
[INFO] [stdout]    |
[INFO] [stdout] 46 |     match data_view.permuted_axes(axes).into_shape(new_shape) {
[INFO] [stdout]    |                                         ^^^^^^^^^^
[INFO] [stdout]    |
[INFO] [stdout]    = note: `#[warn(deprecated)]` on by default
[INFO] [stdout] 
[INFO] [stdout] 
[INFO] [stdout] warning: use of deprecated method `ndarray::impl_methods::<impl ndarray::ArrayBase<S, D>>::into_shape`: Use `.into_shape_with_order()` or `.to_shape()`
[INFO] [stdout]   --> src/ndarrayext.rs:65:16
[INFO] [stdout]    |
[INFO] [stdout] 65 |     match data.into_shape(new_shape) {
[INFO] [stdout]    |                ^^^^^^^^^^
[INFO] [stdout] 
[INFO] [stdout] 
[INFO] [stdout] warning: use of deprecated method `ndarray::impl_methods::<impl ndarray::ArrayBase<S, D>>::into_shape`: Use `.into_shape_with_order()` or `.to_shape()`
[INFO] [stdout]   --> src/ndarrayext.rs:96:21
[INFO] [stdout]    |
[INFO] [stdout] 96 |     match data_view.into_shape(new_shape) {
[INFO] [stdout]    |                     ^^^^^^^^^^
[INFO] [stdout] 
[INFO] [stdout] 
[INFO] [stdout] warning: use of deprecated method `ndarray::impl_methods::<impl ndarray::ArrayBase<S, D>>::into_shape`: Use `.into_shape_with_order()` or `.to_shape()`
[INFO] [stdout]   --> src/ndg/evaluate.rs:40:22
[INFO] [stdout]    |
[INFO] [stdout] 40 |                     .into_shape(shape)
[INFO] [stdout]    |                      ^^^^^^^^^^
[INFO] [stdout] 
[INFO] [stdout] 
[INFO] [stdout] warning: use of deprecated method `ndarray::impl_methods::<impl ndarray::ArrayBase<S, D>>::into_shape`: Use `.into_shape_with_order()` or `.to_shape()`
[INFO] [stdout]   --> src/ndg/make.rs:59:22
[INFO] [stdout]    |
[INFO] [stdout] 59 |                     .into_shape(new_shape)
[INFO] [stdout]    |                      ^^^^^^^^^^
[INFO] [stdout] 
[INFO] [stdout] 
[INFO] [stderr]     Finished `test` profile [unoptimized + debuginfo] target(s) in 9.63s
[INFO] running `Command { std: "docker" "inspect" "6f72791f8ad81d6e14e34bab0825bdd58b55e9fa9457f9a66c4d3dad44176144", kill_on_drop: false }`
[INFO] running `Command { std: "docker" "rm" "-f" "6f72791f8ad81d6e14e34bab0825bdd58b55e9fa9457f9a66c4d3dad44176144", kill_on_drop: false }`
[INFO] [stdout] 6f72791f8ad81d6e14e34bab0825bdd58b55e9fa9457f9a66c4d3dad44176144
[INFO] running `Command { std: "docker" "create" "-v" "/var/lib/crater-agent-workspace/builds/worker-2-tc1/target:/opt/rustwide/target:rw,Z" "-v" "/var/lib/crater-agent-workspace/builds/worker-2-tc1/source:/opt/rustwide/workdir:ro,Z" "-v" "/var/lib/crater-agent-workspace/cargo-home:/opt/rustwide/cargo-home:ro,Z" "-v" "/var/lib/crater-agent-workspace/rustup-home:/opt/rustwide/rustup-home:ro,Z" "-e" "SOURCE_DIR=/opt/rustwide/workdir" "-e" "CARGO_TARGET_DIR=/opt/rustwide/target" "-e" "CARGO_INCREMENTAL=0" "-e" "RUST_BACKTRACE=full" "-e" "RUSTFLAGS=--cap-lints=forbid" "-e" "RUSTDOCFLAGS=--cap-lints=forbid" "-e" "CARGO_HOME=/opt/rustwide/cargo-home" "-e" "RUSTUP_HOME=/opt/rustwide/rustup-home" "-w" "/opt/rustwide/workdir" "-m" "1610612736" "--user" "0:0" "--network" "none" "ghcr.io/rust-lang/crates-build-env/linux@sha256:4a844ea9eb2546a2d2c7022eacef16ef2e8229c7fbb2c7d4d55a9ceca922f72d" "/opt/rustwide/cargo-home/bin/cargo" "+nightly-2024-10-28" "test" "--frozen", kill_on_drop: false }`
[INFO] [stdout] e554ad43cc3979da514ad26b488d779c0c47fab892f195d6c0582039ca8b8771
[INFO] running `Command { std: "docker" "start" "-a" "e554ad43cc3979da514ad26b488d779c0c47fab892f195d6c0582039ca8b8771", kill_on_drop: false }`
[INFO] [stderr] warning: use of deprecated method `ndarray::impl_methods::<impl ndarray::ArrayBase<S, D>>::into_shape`: Use `.into_shape_with_order()` or `.to_shape()`
[INFO] [stderr]   --> src/ndarrayext.rs:46:41
[INFO] [stderr]    |
[INFO] [stderr] 46 |     match data_view.permuted_axes(axes).into_shape(new_shape) {
[INFO] [stderr]    |                                         ^^^^^^^^^^
[INFO] [stderr]    |
[INFO] [stderr]    = note: `#[warn(deprecated)]` on by default
[INFO] [stderr] 
[INFO] [stderr] warning: use of deprecated method `ndarray::impl_methods::<impl ndarray::ArrayBase<S, D>>::into_shape`: Use `.into_shape_with_order()` or `.to_shape()`
[INFO] [stderr]   --> src/ndarrayext.rs:65:16
[INFO] [stderr]    |
[INFO] [stderr] 65 |     match data.into_shape(new_shape) {
[INFO] [stderr]    |                ^^^^^^^^^^
[INFO] [stderr] 
[INFO] [stderr] warning: use of deprecated method `ndarray::impl_methods::<impl ndarray::ArrayBase<S, D>>::into_shape`: Use `.into_shape_with_order()` or `.to_shape()`
[INFO] [stderr]   --> src/ndarrayext.rs:96:21
[INFO] [stderr]    |
[INFO] [stderr] 96 |     match data_view.into_shape(new_shape) {
[INFO] [stderr]    |                     ^^^^^^^^^^
[INFO] [stderr] 
[INFO] [stderr] warning: use of deprecated method `ndarray::impl_methods::<impl ndarray::ArrayBase<S, D>>::into_shape`: Use `.into_shape_with_order()` or `.to_shape()`
[INFO] [stderr]   --> src/ndg/evaluate.rs:40:22
[INFO] [stderr]    |
[INFO] [stderr] 40 |                     .into_shape(shape)
[INFO] [stderr]    |                      ^^^^^^^^^^
[INFO] [stderr] 
[INFO] [stderr] warning: use of deprecated method `ndarray::impl_methods::<impl ndarray::ArrayBase<S, D>>::into_shape`: Use `.into_shape_with_order()` or `.to_shape()`
[INFO] [stderr]   --> src/ndg/make.rs:59:22
[INFO] [stderr]    |
[INFO] [stderr] 59 |                     .into_shape(new_shape)
[INFO] [stderr]    |                      ^^^^^^^^^^
[INFO] [stderr] 
[INFO] [stderr] warning: `csaps` (lib) generated 5 warnings
[INFO] [stderr] warning: `csaps` (lib test) generated 5 warnings (5 duplicates)
[INFO] [stderr]     Finished `test` profile [unoptimized + debuginfo] target(s) in 0.15s
[INFO] [stderr]      Running unittests src/lib.rs (/opt/rustwide/target/debug/deps/csaps-6aa852f8b4e6de0a)
[INFO] [stdout] 
[INFO] [stdout] running 32 tests
[INFO] [stdout] test ndarrayext::tests::test_digitize_1 ... ok
[INFO] [stdout] test ndarrayext::tests::test_diff_3d ... ok
[INFO] [stdout] test ndarrayext::tests::test_digitize_2 ... ok
[INFO] [stdout] test ndarrayext::tests::test_digitize_3 ... ok
[INFO] [stdout] test ndarrayext::tests::test_diff_1d ... ok
[INFO] [stdout] test ndarrayext::tests::test_diff_2d ... ok
[INFO] [stdout] test ndarrayext::tests::test_digitize_5 ... ok
[INFO] [stdout] test ndarrayext::tests::test_to_2d_from_1d ... ok
[INFO] [stdout] test ndarrayext::tests::test_to_2d_from_2d ... ok
[INFO] [stdout] test ndarrayext::tests::test_digitize_not_increased ... ok
[INFO] [stdout] test ndarrayext::tests::test_digitize_4 ... ok
[INFO] [stdout] test ndarrayext::tests::test_to_2d_simple_from_1d ... ok
[INFO] [stdout] test ndarrayext::tests::test_to_2d_from_3d ... ok
[INFO] [stdout] test ndarrayext::tests::test_from_2d_to_3d ... ok
[INFO] [stdout] test ndarrayext::tests::test_to_2d_simple_from_2d ... ok
[INFO] [stdout] test ndarrayext::tests::test_to_2d_simple_from_3d ... ok
[INFO] [stdout] test ndarrayext::tests::test_digitize_6 ... ok
[INFO] [stdout] test ndarrayext::tests::test_to_from_1d_axis0 ... ok
[INFO] [stdout] test ndarrayext::tests::test_to_from_2d_axis0 ... ok
[INFO] [stdout] test ndarrayext::tests::test_to_from_2d_axis1 ... ok
[INFO] [stdout] test sprsext::tests::test_diagonal_1 ... ok
[INFO] [stdout] test sprsext::tests::test_diagonal_2 ... ok
[INFO] [stdout] test sprsext::tests::test_diagonal_3 ... ok
[INFO] [stdout] test sprsext::tests::test_diagonal_6 ... ok
[INFO] [stdout] test sprsext::tests::test_diags_2 ... ok
[INFO] [stdout] test sprsext::tests::test_diags_1 ... ok
[INFO] [stdout] test sprsext::tests::test_diags_3 ... ok
[INFO] [stdout] test sprsext::tests::test_diagonal_4 ... ok
[INFO] [stdout] test sprsext::tests::test_diagonal_5 ... ok
[INFO] [stdout] test sprsext::tests::test_diags_4 ... ok
[INFO] [stdout] test sprsext::tests::test_diags_5 ... ok
[INFO] [stdout] test ndarrayext::tests::test_to_from_3d_axis2 ... ok
[INFO] [stdout] 
[INFO] [stdout] test result: ok. 32 passed; 0 failed; 0 ignored; 0 measured; 0 filtered out; finished in 0.01s
[INFO] [stdout] 
[INFO] [stderr]      Running tests/ndg_evaluate.rs (/opt/rustwide/target/debug/deps/ndg_evaluate-d108f0140630c297)
[INFO] [stdout] 
[INFO] [stdout] running 4 tests
[INFO] [stdout] test test_make_surface_2 ... ok
[INFO] [stdout] test test_make_surface_1 ... ok
[INFO] [stdout] test test_make_vector_1 ... ok
[INFO] [stdout] test test_make_vector_2 ... ok
[INFO] [stdout] 
[INFO] [stdout] test result: ok. 4 passed; 0 failed; 0 ignored; 0 measured; 0 filtered out; finished in 0.01s
[INFO] [stdout] 
[INFO] [stderr]      Running tests/ndg_make.rs (/opt/rustwide/target/debug/deps/ndg_make-1b6b7430d490a296)
[INFO] [stdout] 
[INFO] [stdout] running 1 test
[INFO] [stdout] test test_make_surface ... ok
[INFO] [stdout] 
[INFO] [stdout] test result: ok. 1 passed; 0 failed; 0 ignored; 0 measured; 0 filtered out; finished in 0.01s
[INFO] [stdout] 
[INFO] [stderr]      Running tests/umv_evaluate.rs (/opt/rustwide/target/debug/deps/umv_evaluate-a6e5a05f7bff100b)
[INFO] [stdout] 
[INFO] [stdout] running 4 tests
[INFO] [stdout] test test_evaluate_2d_2 ... ok
[INFO] [stdout] test test_evaluate_2d_1 ... ok
[INFO] [stdout] test test_evaluate_1d ... ok
[INFO] [stdout] test test_evaluate_3d ... FAILED
[INFO] [stdout] 
[INFO] [stdout] failures:
[INFO] [stdout] 
[INFO] [stdout] ---- test_evaluate_3d stdout ----
[INFO] [stdout] thread 'test_evaluate_3d' panicked at tests/umv_evaluate.rs:60:5:
[INFO] [stdout] assertion `left == right` failed
[INFO] [stdout]   left: [[[1.0, 2.0, 3.0, 4.0],
[INFO] [stdout]   [1.0, 3.0, 5.0, 7.0]],
[INFO] [stdout] 
[INFO] [stdout]  [[2.0, 4.0, 6.0, 8.0],
[INFO] [stdout]   [3.0, 5.0, 7.0, 9.0]]], shape=[2, 2, 4], strides=[1, 2, 4], layout=Ff (0xa), const ndim=3
[INFO] [stdout]  right: [[[1.0, 2.0, 3.0, 4.0],
[INFO] [stdout]   [2.0, 4.0, 6.0, 8.0]],
[INFO] [stdout] 
[INFO] [stdout]  [[1.0, 3.0, 5.0, 7.0],
[INFO] [stdout]   [3.0, 5.0, 7.0, 9.0]]], shape=[2, 2, 4], strides=[8, 4, 1], layout=Cc (0x5), const ndim=3
[INFO] [stdout] stack backtrace:
[INFO] [stdout]    0:     0x6530529b376a - std::backtrace_rs::backtrace::libunwind::trace::h207520d6e9873551
[INFO] [stdout]                                at /rustc/df4ca44d3fbc9301ee17f30f4d474e6ae4b05252/library/std/src/../../backtrace/src/backtrace/libunwind.rs:116:5
[INFO] [stdout]    1:     0x6530529b376a - std::backtrace_rs::backtrace::trace_unsynchronized::h2ed7433f370e3eca
[INFO] [stdout]                                at /rustc/df4ca44d3fbc9301ee17f30f4d474e6ae4b05252/library/std/src/../../backtrace/src/backtrace/mod.rs:66:5
[INFO] [stdout]    2:     0x6530529b376a - std::sys::backtrace::_print_fmt::h916fac51166b18d7
[INFO] [stdout]                                at /rustc/df4ca44d3fbc9301ee17f30f4d474e6ae4b05252/library/std/src/sys/backtrace.rs:66:9
[INFO] [stdout]    3:     0x6530529b376a - <std::sys::backtrace::BacktraceLock::print::DisplayBacktrace as core::fmt::Display>::fmt::ha0a4c9b8ce3802e6
[INFO] [stdout]                                at /rustc/df4ca44d3fbc9301ee17f30f4d474e6ae4b05252/library/std/src/sys/backtrace.rs:39:26
[INFO] [stdout]    4:     0x6530529da463 - core::fmt::rt::Argument::fmt::h4cfc8587d52b3eb5
[INFO] [stdout]                                at /rustc/df4ca44d3fbc9301ee17f30f4d474e6ae4b05252/library/core/src/fmt/rt.rs:177:76
[INFO] [stdout]    5:     0x6530529da463 - core::fmt::write::h522cc39e5b36ae9f
[INFO] [stdout]                                at /rustc/df4ca44d3fbc9301ee17f30f4d474e6ae4b05252/library/core/src/fmt/mod.rs:1190:21
[INFO] [stdout]    6:     0x6530529b01c3 - std::io::Write::write_fmt::h7d3c26752da97734
[INFO] [stdout]                                at /rustc/df4ca44d3fbc9301ee17f30f4d474e6ae4b05252/library/std/src/io/mod.rs:1839:15
[INFO] [stdout]    7:     0x6530529b35b2 - std::sys::backtrace::BacktraceLock::print::h4b9e00b29e9c0942
[INFO] [stdout]                                at /rustc/df4ca44d3fbc9301ee17f30f4d474e6ae4b05252/library/std/src/sys/backtrace.rs:42:9
[INFO] [stdout]    8:     0x6530529b4bfa - std::panicking::default_hook::{{closure}}::hb59b88280d0324d9
[INFO] [stdout]                                at /rustc/df4ca44d3fbc9301ee17f30f4d474e6ae4b05252/library/std/src/panicking.rs:268:22
[INFO] [stdout]    9:     0x6530529b4a04 - std::panicking::default_hook::he1dd496665be4a29
[INFO] [stdout]                                at /rustc/df4ca44d3fbc9301ee17f30f4d474e6ae4b05252/library/std/src/panicking.rs:292:9
[INFO] [stdout]   10:     0x6530529367c9 - <alloc::boxed::Box<F,A> as core::ops::function::Fn<Args>>::call::h4ff71de18744e1dc
[INFO] [stdout]                                at /rustc/df4ca44d3fbc9301ee17f30f4d474e6ae4b05252/library/alloc/src/boxed.rs:2468:9
[INFO] [stdout]   11:     0x6530529367c9 - test::test_main::{{closure}}::hcf7c055ce117aa81
[INFO] [stdout]                                at /rustc/df4ca44d3fbc9301ee17f30f4d474e6ae4b05252/library/test/src/lib.rs:133:21
[INFO] [stdout]   12:     0x6530529b52f8 - <alloc::boxed::Box<F,A> as core::ops::function::Fn<Args>>::call::h1d66c6bbd60c9692
[INFO] [stdout]                                at /rustc/df4ca44d3fbc9301ee17f30f4d474e6ae4b05252/library/alloc/src/boxed.rs:2468:9
[INFO] [stdout]   13:     0x6530529b52f8 - std::panicking::rust_panic_with_hook::h2ff17fe8f26dfcf8
[INFO] [stdout]                                at /rustc/df4ca44d3fbc9301ee17f30f4d474e6ae4b05252/library/std/src/panicking.rs:809:13
[INFO] [stdout]   14:     0x6530529b50ba - std::panicking::begin_panic_handler::{{closure}}::h4fad77951c07e101
[INFO] [stdout]                                at /rustc/df4ca44d3fbc9301ee17f30f4d474e6ae4b05252/library/std/src/panicking.rs:674:13
[INFO] [stdout]   15:     0x6530529b3c49 - std::sys::backtrace::__rust_end_short_backtrace::hb1a25b3da5d0ea08
[INFO] [stdout]                                at /rustc/df4ca44d3fbc9301ee17f30f4d474e6ae4b05252/library/std/src/sys/backtrace.rs:170:18
[INFO] [stdout]   16:     0x6530529b4d4c - rust_begin_unwind
[INFO] [stdout]                                at /rustc/df4ca44d3fbc9301ee17f30f4d474e6ae4b05252/library/std/src/panicking.rs:665:5
[INFO] [stdout]   17:     0x6530529d8ba0 - core::panicking::panic_fmt::ha9db07b529f9b256
[INFO] [stdout]                                at /rustc/df4ca44d3fbc9301ee17f30f4d474e6ae4b05252/library/core/src/panicking.rs:75:14
[INFO] [stdout]   18:     0x6530529d8f6b - core::panicking::assert_failed_inner::h04f38944d74a80a8
[INFO] [stdout]   19:     0x6530528cd786 - core::panicking::assert_failed::hf8040c0f0bfc1877
[INFO] [stdout]                                at /rustc/df4ca44d3fbc9301ee17f30f4d474e6ae4b05252/library/core/src/panicking.rs:377:5
[INFO] [stdout]   20:     0x6530528bec28 - umv_evaluate::test_evaluate_3d::h80470ec10f26f4a7
[INFO] [stdout]                                at /opt/rustwide/workdir/tests/umv_evaluate.rs:60:5
[INFO] [stdout]   21:     0x6530528be527 - umv_evaluate::test_evaluate_3d::{{closure}}::h48a1c6d67714d3c4
[INFO] [stdout]                                at /opt/rustwide/workdir/tests/umv_evaluate.rs:49:22
[INFO] [stdout]   22:     0x6530528d6816 - core::ops::function::FnOnce::call_once::h2943303d675f0e57
[INFO] [stdout]                                at /rustc/df4ca44d3fbc9301ee17f30f4d474e6ae4b05252/library/core/src/ops/function.rs:250:5
[INFO] [stdout]   23:     0x65305293b09b - core::ops::function::FnOnce::call_once::h22c3ba5715e93f05
[INFO] [stdout]                                at /rustc/df4ca44d3fbc9301ee17f30f4d474e6ae4b05252/library/core/src/ops/function.rs:250:5
[INFO] [stdout]   24:     0x65305293b09b - test::__rust_begin_short_backtrace::h8e82d8113d0da17f
[INFO] [stdout]                                at /rustc/df4ca44d3fbc9301ee17f30f4d474e6ae4b05252/library/test/src/lib.rs:621:18
[INFO] [stdout]   25:     0x65305293aa17 - test::run_test_in_process::{{closure}}::h33235f4f20b7b7c7
[INFO] [stdout]                                at /rustc/df4ca44d3fbc9301ee17f30f4d474e6ae4b05252/library/test/src/lib.rs:644:60
[INFO] [stdout]   26:     0x65305293aa17 - <core::panic::unwind_safe::AssertUnwindSafe<F> as core::ops::function::FnOnce<()>>::call_once::hb5043206310c586f
[INFO] [stdout]                                at /rustc/df4ca44d3fbc9301ee17f30f4d474e6ae4b05252/library/core/src/panic/unwind_safe.rs:272:9
[INFO] [stdout]   27:     0x65305293aa17 - std::panicking::try::do_call::h9ad4731a60ab23e2
[INFO] [stdout]                                at /rustc/df4ca44d3fbc9301ee17f30f4d474e6ae4b05252/library/std/src/panicking.rs:557:40
[INFO] [stdout]   28:     0x65305293aa17 - std::panicking::try::h3824d23db772a716
[INFO] [stdout]                                at /rustc/df4ca44d3fbc9301ee17f30f4d474e6ae4b05252/library/std/src/panicking.rs:520:19
[INFO] [stdout]   29:     0x65305293aa17 - std::panic::catch_unwind::h5afd514605fde46b
[INFO] [stdout]                                at /rustc/df4ca44d3fbc9301ee17f30f4d474e6ae4b05252/library/std/src/panic.rs:358:14
[INFO] [stdout]   30:     0x65305293aa17 - test::run_test_in_process::h0d5cbfa7067d1720
[INFO] [stdout]                                at /rustc/df4ca44d3fbc9301ee17f30f4d474e6ae4b05252/library/test/src/lib.rs:644:27
[INFO] [stdout]   31:     0x65305293aa17 - test::run_test::{{closure}}::h708eb8872708115d
[INFO] [stdout]                                at /rustc/df4ca44d3fbc9301ee17f30f4d474e6ae4b05252/library/test/src/lib.rs:565:43
[INFO] [stdout]   32:     0x6530528fe134 - test::run_test::{{closure}}::h392c51cee94713ab
[INFO] [stdout]                                at /rustc/df4ca44d3fbc9301ee17f30f4d474e6ae4b05252/library/test/src/lib.rs:595:41
[INFO] [stdout]   33:     0x6530528fe134 - std::sys::backtrace::__rust_begin_short_backtrace::h2f40290710935a8b
[INFO] [stdout]                                at /rustc/df4ca44d3fbc9301ee17f30f4d474e6ae4b05252/library/std/src/sys/backtrace.rs:154:18
[INFO] [stdout]   34:     0x6530529018de - std::thread::Builder::spawn_unchecked_::{{closure}}::{{closure}}::h3fd968d89053a903
[INFO] [stdout]                                at /rustc/df4ca44d3fbc9301ee17f30f4d474e6ae4b05252/library/std/src/thread/mod.rs:541:17
[INFO] [stdout]   35:     0x6530529018de - <core::panic::unwind_safe::AssertUnwindSafe<F> as core::ops::function::FnOnce<()>>::call_once::h743f637ba4229880
[INFO] [stdout]                                at /rustc/df4ca44d3fbc9301ee17f30f4d474e6ae4b05252/library/core/src/panic/unwind_safe.rs:272:9
[INFO] [stdout]   36:     0x6530529018de - std::panicking::try::do_call::h07440897322525a6
[INFO] [stdout]                                at /rustc/df4ca44d3fbc9301ee17f30f4d474e6ae4b05252/library/std/src/panicking.rs:557:40
[INFO] [stdout]   37:     0x6530529018de - std::panicking::try::he5a2e00188156637
[INFO] [stdout]                                at /rustc/df4ca44d3fbc9301ee17f30f4d474e6ae4b05252/library/std/src/panicking.rs:520:19
[INFO] [stdout]   38:     0x6530529018de - std::panic::catch_unwind::hbaf3cae49b3c6433
[INFO] [stdout]                                at /rustc/df4ca44d3fbc9301ee17f30f4d474e6ae4b05252/library/std/src/panic.rs:358:14
[INFO] [stdout]   39:     0x6530529018de - std::thread::Builder::spawn_unchecked_::{{closure}}::h8e141ea224820bce
[INFO] [stdout]                                at /rustc/df4ca44d3fbc9301ee17f30f4d474e6ae4b05252/library/std/src/thread/mod.rs:540:30
[INFO] [stdout]   40:     0x6530529018de - core::ops::function::FnOnce::call_once{{vtable.shim}}::h90d312fedd7b8ea8
[INFO] [stdout]                                at /rustc/df4ca44d3fbc9301ee17f30f4d474e6ae4b05252/library/core/src/ops/function.rs:250:5
[INFO] [stdout]   41:     0x6530529b91fb - <alloc::boxed::Box<F,A> as core::ops::function::FnOnce<Args>>::call_once::h69aa08ddb6adb8b6
[INFO] [stdout]                                at /rustc/df4ca44d3fbc9301ee17f30f4d474e6ae4b05252/library/alloc/src/boxed.rs:2454:9
[INFO] [stdout]   42:     0x6530529b91fb - <alloc::boxed::Box<F,A> as core::ops::function::FnOnce<Args>>::call_once::h5aa36efdb79c806f
[INFO] [stdout]                                at /rustc/df4ca44d3fbc9301ee17f30f4d474e6ae4b05252/library/alloc/src/boxed.rs:2454:9
[INFO] [stdout]   43:     0x6530529b91fb - std::sys::pal::unix::thread::Thread::new::thread_start::h6cd80a1b4be5158d
[INFO] [stdout]                                at /rustc/df4ca44d3fbc9301ee17f30f4d474e6ae4b05252/library/std/src/sys/pal/unix/thread.rs:105:17
[INFO] [stdout]   44:     0x79434b964ac3 - <unknown>
[INFO] [stdout]   45:     0x79434b9f5a04 - clone
[INFO] [stdout]   46:                0x0 - <unknown>
[INFO] [stdout] 
[INFO] [stdout] 
[INFO] [stdout] failures:
[INFO] [stdout]     test_evaluate_3d
[INFO] [stdout] 
[INFO] [stdout] test result: FAILED. 3 passed; 1 failed; 0 ignored; 0 measured; 0 filtered out; finished in 0.03s
[INFO] [stdout] 
[INFO] [stderr] error: test failed, to rerun pass `--test umv_evaluate`
[INFO] running `Command { std: "docker" "inspect" "e554ad43cc3979da514ad26b488d779c0c47fab892f195d6c0582039ca8b8771", kill_on_drop: false }`
[INFO] running `Command { std: "docker" "rm" "-f" "e554ad43cc3979da514ad26b488d779c0c47fab892f195d6c0582039ca8b8771", kill_on_drop: false }`
[INFO] [stdout] e554ad43cc3979da514ad26b488d779c0c47fab892f195d6c0582039ca8b8771
