[INFO] cloning repository https://github.com/epanchee/big_brother
[INFO] running `Command { std: "git" "-c" "credential.helper=" "-c" "credential.helper=/workspace/cargo-home/bin/git-credential-null" "clone" "--bare" "https://github.com/epanchee/big_brother" "/workspace/cache/git-repos/https%3A%2F%2Fgithub.com%2Fepanchee%2Fbig_brother", kill_on_drop: false }`
[INFO] [stderr] Cloning into bare repository '/workspace/cache/git-repos/https%3A%2F%2Fgithub.com%2Fepanchee%2Fbig_brother'...
[INFO] running `Command { std: "git" "rev-parse" "HEAD", kill_on_drop: false }`
[INFO] [stdout] 8fdea4fb7de9f11f6dbd9ecc2adf36ed1d7209fb
[INFO] testing epanchee/big_brother/8fdea4fb7de9f11f6dbd9ecc2adf36ed1d7209fb against nightly-2024-10-28+rustflags=-Zrandomize-layout for randomize-layout
[INFO] running `Command { std: "git" "clone" "/workspace/cache/git-repos/https%3A%2F%2Fgithub.com%2Fepanchee%2Fbig_brother" "/workspace/builds/worker-0-tc2/source", kill_on_drop: false }`
[INFO] [stderr] Cloning into '/workspace/builds/worker-0-tc2/source'...
[INFO] [stderr] done.
[INFO] validating manifest of git repo https://github.com/epanchee/big_brother on toolchain nightly-2024-10-28
[INFO] running `Command { std: CARGO_HOME="/workspace/cargo-home" RUSTUP_HOME="/workspace/rustup-home" "/workspace/cargo-home/bin/cargo" "+nightly-2024-10-28" "metadata" "--manifest-path" "Cargo.toml" "--no-deps", kill_on_drop: false }`
[INFO] started tweaking git repo https://github.com/epanchee/big_brother
[INFO] finished tweaking git repo https://github.com/epanchee/big_brother
[INFO] tweaked toml for git repo https://github.com/epanchee/big_brother written to /workspace/builds/worker-0-tc2/source/Cargo.toml
[INFO] crate git repo https://github.com/epanchee/big_brother already has a lockfile, it will not be regenerated
[INFO] running `Command { std: CARGO_HOME="/workspace/cargo-home" RUSTUP_HOME="/workspace/rustup-home" "/workspace/cargo-home/bin/cargo" "+nightly-2024-10-28" "fetch" "--manifest-path" "Cargo.toml", kill_on_drop: false }`
[INFO] running `Command { std: "docker" "create" "-v" "/var/lib/crater-agent-workspace/builds/worker-0-tc2/target:/opt/rustwide/target:rw,Z" "-v" "/var/lib/crater-agent-workspace/builds/worker-0-tc2/source:/opt/rustwide/workdir:ro,Z" "-v" "/var/lib/crater-agent-workspace/cargo-home:/opt/rustwide/cargo-home:ro,Z" "-v" "/var/lib/crater-agent-workspace/rustup-home:/opt/rustwide/rustup-home:ro,Z" "-e" "SOURCE_DIR=/opt/rustwide/workdir" "-e" "CARGO_TARGET_DIR=/opt/rustwide/target" "-e" "CARGO_HOME=/opt/rustwide/cargo-home" "-e" "RUSTUP_HOME=/opt/rustwide/rustup-home" "-w" "/opt/rustwide/workdir" "-m" "1610612736" "--user" "0:0" "--network" "none" "ghcr.io/rust-lang/crates-build-env/linux@sha256:4a844ea9eb2546a2d2c7022eacef16ef2e8229c7fbb2c7d4d55a9ceca922f72d" "/opt/rustwide/cargo-home/bin/cargo" "+nightly-2024-10-28" "metadata" "--no-deps" "--format-version=1", kill_on_drop: false }`
[INFO] [stdout] cd4a5bf08ad88ca9a71b0ee1e54ac8b55b60ac3b70cef9e29fa4576d0484db46
[INFO] running `Command { std: "docker" "start" "-a" "cd4a5bf08ad88ca9a71b0ee1e54ac8b55b60ac3b70cef9e29fa4576d0484db46", kill_on_drop: false }`
[INFO] running `Command { std: "docker" "inspect" "cd4a5bf08ad88ca9a71b0ee1e54ac8b55b60ac3b70cef9e29fa4576d0484db46", kill_on_drop: false }`
[INFO] running `Command { std: "docker" "rm" "-f" "cd4a5bf08ad88ca9a71b0ee1e54ac8b55b60ac3b70cef9e29fa4576d0484db46", kill_on_drop: false }`
[INFO] [stdout] cd4a5bf08ad88ca9a71b0ee1e54ac8b55b60ac3b70cef9e29fa4576d0484db46
[INFO] running `Command { std: "docker" "create" "-v" "/var/lib/crater-agent-workspace/builds/worker-0-tc2/target:/opt/rustwide/target:rw,Z" "-v" "/var/lib/crater-agent-workspace/builds/worker-0-tc2/source:/opt/rustwide/workdir:ro,Z" "-v" "/var/lib/crater-agent-workspace/cargo-home:/opt/rustwide/cargo-home:ro,Z" "-v" "/var/lib/crater-agent-workspace/rustup-home:/opt/rustwide/rustup-home:ro,Z" "-e" "SOURCE_DIR=/opt/rustwide/workdir" "-e" "CARGO_TARGET_DIR=/opt/rustwide/target" "-e" "CARGO_INCREMENTAL=0" "-e" "RUST_BACKTRACE=full" "-e" "RUSTFLAGS=--cap-lints=forbid -Zrandomize-layout" "-e" "RUSTDOCFLAGS=--cap-lints=forbid" "-e" "CARGO_HOME=/opt/rustwide/cargo-home" "-e" "RUSTUP_HOME=/opt/rustwide/rustup-home" "-w" "/opt/rustwide/workdir" "-m" "1610612736" "--user" "0:0" "--network" "none" "ghcr.io/rust-lang/crates-build-env/linux@sha256:4a844ea9eb2546a2d2c7022eacef16ef2e8229c7fbb2c7d4d55a9ceca922f72d" "/opt/rustwide/cargo-home/bin/cargo" "+nightly-2024-10-28" "build" "--frozen" "--message-format=json", kill_on_drop: false }`
[INFO] [stdout] 97355aa96ca37a713e6a836f529708763e9d1ce432c550349ca3a427685338cb
[INFO] running `Command { std: "docker" "start" "-a" "97355aa96ca37a713e6a836f529708763e9d1ce432c550349ca3a427685338cb", kill_on_drop: false }`
[INFO] [stderr]    Compiling proc-macro2 v1.0.28
[INFO] [stderr]    Compiling libc v0.2.100
[INFO] [stderr]    Compiling syn v1.0.75
[INFO] [stderr]    Compiling version_check v0.9.3
[INFO] [stderr]    Compiling proc-macro-hack v0.5.19
[INFO] [stderr]    Compiling ppv-lite86 v0.2.10
[INFO] [stderr]    Compiling getrandom v0.1.16
[INFO] [stderr]    Compiling siphasher v0.3.6
[INFO] [stderr]    Compiling smallvec v1.6.1
[INFO] [stderr]    Compiling bytes v1.0.1
[INFO] [stderr]    Compiling futures-core v0.3.16
[INFO] [stderr]    Compiling serde_derive v1.0.128
[INFO] [stderr]    Compiling futures-macro v0.3.16
[INFO] [stderr]    Compiling futures-sink v0.3.16
[INFO] [stderr]    Compiling futures-task v0.3.16
[INFO] [stderr]    Compiling serde v1.0.128
[INFO] [stderr]    Compiling proc-macro-nested v0.1.7
[INFO] [stderr]    Compiling phf_shared v0.8.0
[INFO] [stderr]    Compiling futures-channel v0.3.16
[INFO] [stderr]    Compiling tinyvec v1.3.1
[INFO] [stderr]    Compiling instant v0.1.10
[INFO] [stderr]    Compiling futures-util v0.3.16
[INFO] [stderr]    Compiling typenum v1.13.0
[INFO] [stderr]    Compiling scopeguard v1.1.0
[INFO] [stderr]    Compiling tokio v1.10.0
[INFO] [stderr]    Compiling cc v1.0.69
[INFO] [stderr]    Compiling slab v0.4.4
[INFO] [stderr]    Compiling lock_api v0.4.4
[INFO] [stderr]    Compiling generic-array v0.14.4
[INFO] [stderr]    Compiling futures-io v0.3.16
[INFO] [stderr]    Compiling unicode-bidi v0.3.6
[INFO] [stderr]    Compiling pkg-config v0.3.19
[INFO] [stderr]    Compiling standback v0.2.17
[INFO] [stderr]    Compiling hashbrown v0.11.2
[INFO] [stderr]    Compiling byteorder v1.4.3
[INFO] [stderr]    Compiling http v0.2.4
[INFO] [stderr]    Compiling unicase v2.6.0
[INFO] [stderr]    Compiling const_fn v0.4.8
[INFO] [stderr]    Compiling ryu v1.0.5
[INFO] [stderr]    Compiling time v0.2.27
[INFO] [stderr]    Compiling tracing-core v0.1.19
[INFO] [stderr]    Compiling dtoa v0.4.8
[INFO] [stderr]    Compiling openssl v0.10.36
[INFO] [stderr]    Compiling quote v1.0.9
[INFO] [stderr]    Compiling parking_lot_core v0.8.3
[INFO] [stderr]    Compiling signal-hook-registry v1.4.0
[INFO] [stderr]    Compiling num_cpus v1.13.0
[INFO] [stderr]    Compiling mio v0.7.13
[INFO] [stderr]    Compiling rand_core v0.5.1
[INFO] [stderr]    Compiling getrandom v0.2.3
[INFO] [stderr]    Compiling indexmap v1.7.0
[INFO] [stderr]    Compiling parking_lot v0.11.1
[INFO] [stderr]    Compiling tracing v0.1.26
[INFO] [stderr]    Compiling rand_pcg v0.2.1
[INFO] [stderr]    Compiling rand_chacha v0.2.2
[INFO] [stderr]    Compiling unicode-normalization v0.1.19
[INFO] [stderr]    Compiling rand_core v0.6.3
[INFO] [stderr]    Compiling socket2 v0.4.1
[INFO] [stderr]    Compiling precomputed-hash v0.1.1
[INFO] [stderr]    Compiling new_debug_unreachable v1.0.4
[INFO] [stderr]    Compiling serde_json v1.0.66
[INFO] [stderr]    Compiling dtoa-short v0.3.3
[INFO] [stderr]    Compiling opaque-debug v0.3.0
[INFO] [stderr]    Compiling rand v0.7.3
[INFO] [stderr]    Compiling openssl-sys v0.9.66
[INFO] [stderr]    Compiling rand_chacha v0.3.1
[INFO] [stderr]    Compiling mac v0.1.1
[INFO] [stderr]    Compiling subtle v2.4.1
[INFO] [stderr]    Compiling httpdate v1.0.1
[INFO] [stderr]    Compiling futf v0.1.4
[INFO] [stderr]    Compiling mime_guess v2.0.3
[INFO] [stderr]    Compiling cookie v0.14.4
[INFO] [stderr]    Compiling stable_deref_trait v1.2.0
[INFO] [stderr]    Compiling nodrop v0.1.14
[INFO] [stderr]    Compiling convert_case v0.4.0
[INFO] [stderr]    Compiling utf-8 v0.7.6
[INFO] [stderr]    Compiling cpufeatures v0.1.5
[INFO] [stderr]    Compiling rand v0.8.4
[INFO] [stderr]    Compiling servo_arc v0.1.1
[INFO] [stderr]    Compiling fxhash v0.2.1
[INFO] [stderr]    Compiling cookie v0.15.1
[INFO] [stderr]    Compiling encoding_rs v0.8.28
[INFO] [stderr]    Compiling tendril v0.4.2
[INFO] [stderr]    Compiling async-trait v0.1.51
[INFO] [stderr]    Compiling fallible-iterator v0.2.0
[INFO] [stderr]    Compiling psl-types v2.0.7
[INFO] [stderr]    Compiling unicode-width v0.1.8
[INFO] [stderr]    Compiling thin-slice v0.1.1
[INFO] [stderr]    Compiling native-tls v0.2.8
[INFO] [stderr]    Compiling digest v0.9.0
[INFO] [stderr]    Compiling block-buffer v0.9.0
[INFO] [stderr]    Compiling crypto-mac v0.10.1
[INFO] [stderr]    Compiling linked-hash-map v0.5.4
[INFO] [stderr]    Compiling anyhow v1.0.43
[INFO] [stderr]    Compiling idna v0.2.3
[INFO] [stderr]    Compiling sha2 v0.9.5
[INFO] [stderr]    Compiling hmac v0.10.1
[INFO] [stderr]    Compiling md-5 v0.9.1
[INFO] [stderr]    Compiling stringprep v0.1.2
[INFO] [stderr]    Compiling getopts v0.2.21
[INFO] [stderr]    Compiling yaml-rust v0.4.5
[INFO] [stderr]    Compiling ego-tree v0.6.2
[INFO] [stderr]    Compiling diff v0.1.12
[INFO] [stderr]    Compiling phf_generator v0.8.0
[INFO] [stderr]    Compiling ansi_term v0.12.1
[INFO] [stderr]    Compiling phf_codegen v0.8.0
[INFO] [stderr]    Compiling http-body v0.4.3
[INFO] [stderr]    Compiling string_cache_codegen v0.5.1
[INFO] [stderr]    Compiling selectors v0.22.0
[INFO] [stderr]    Compiling url v2.2.2
[INFO] [stderr]    Compiling postgres-protocol v0.6.1
[INFO] [stderr]    Compiling selectors v0.23.0
[INFO] [stderr]    Compiling publicsuffix v2.1.0
[INFO] [stderr]    Compiling pretty_assertions v0.7.2
[INFO] [stderr]    Compiling markup5ever v0.10.1
[INFO] [stderr]    Compiling postgres-types v0.2.1
[INFO] [stderr]    Compiling publicsuffix v1.5.6
[INFO] [stderr]    Compiling tokio-macros v1.3.0
[INFO] [stderr]    Compiling phf_macros v0.8.0
[INFO] [stderr]    Compiling time-macros-impl v0.1.2
[INFO] [stderr]    Compiling cssparser-macros v0.6.0
[INFO] [stderr]    Compiling cssparser v0.27.2
[INFO] [stderr]    Compiling thiserror-impl v1.0.26
[INFO] [stderr]    Compiling cssparser v0.28.1
[INFO] [stderr]    Compiling html5ever v0.25.1
[INFO] [stderr]    Compiling derive_more v0.99.16
[INFO] [stderr]    Compiling async-recursion v0.3.2
[INFO] [stderr]    Compiling time-macros v0.1.1
[INFO] [stderr]    Compiling phf v0.8.0
[INFO] [stderr]    Compiling thiserror v1.0.26
[INFO] [stderr]    Compiling futures-executor v0.3.16
[INFO] [stderr]    Compiling futures v0.3.16
[INFO] [stderr]    Compiling common-multipart-rfc7578 v0.3.0
[INFO] [stderr]    Compiling tokio-util v0.6.7
[INFO] [stderr]    Compiling tokio-native-tls v0.3.0
[INFO] [stderr]    Compiling h2 v0.3.4
[INFO] [stderr]    Compiling tokio-postgres v0.7.2
[INFO] [stderr]    Compiling string_cache v0.8.1
[INFO] [stderr]    Compiling serde_urlencoded v0.7.0
[INFO] [stderr]    Compiling serde_yaml v0.8.19
[INFO] [stderr]    Compiling cookie_store v0.12.0
[INFO] [stderr]    Compiling cookie_store v0.15.0
[INFO] [stderr]    Compiling scraper v0.12.0
[INFO] [stderr]    Compiling hyper v0.14.11
[INFO] [stderr]    Compiling hyper-tls v0.5.0
[INFO] [stderr]    Compiling hyper-multipart-rfc7578 v0.5.0
[INFO] [stderr]    Compiling reqwest v0.11.4
[INFO] [stderr]    Compiling rutebot v0.7.0
[INFO] [stderr]    Compiling big_brother v0.1.0 (/opt/rustwide/workdir)
[INFO] [stdout] warning: elided lifetime has a name
[INFO] [stdout]   --> src/slaves/fetchers.rs:51:59
[INFO] [stdout]    |
[INFO] [stdout] 51 |     pub fn select<'a>(&'a self, tree: &'a Html) -> Result<ElementRef> {
[INFO] [stdout]    |                   -- lifetime `'a` declared here          ^^^^^^^^^^ this elided lifetime gets resolved as `'a`
[INFO] [stdout]    |
[INFO] [stdout]    = note: `#[warn(elided_named_lifetimes)]` on by default
[INFO] [stdout] 
[INFO] [stdout] 
[INFO] [stdout] warning: use of deprecated method `cookie_store::CookieStore::get_request_cookies`: Please use the `get_request_values` function instead
[INFO] [stdout]   --> src/slaves/clients/custom_cookies.rs:45:14
[INFO] [stdout]    |
[INFO] [stdout] 45 |             .get_request_cookies(url)
[INFO] [stdout]    |              ^^^^^^^^^^^^^^^^^^^
[INFO] [stdout]    |
[INFO] [stdout]    = note: `#[warn(deprecated)]` on by default
[INFO] [stdout] 
[INFO] [stdout] 
[INFO] [stdout] warning: associated function `new` is never used
[INFO] [stdout]   --> src/slaves/daemon.rs:16:12
[INFO] [stdout]    |
[INFO] [stdout] 15 | impl FetchDaemon {
[INFO] [stdout]    | ---------------- associated function in this implementation
[INFO] [stdout] 16 |     pub fn new(interval: Duration, conf_path: String, saver: Saver) -> Self {
[INFO] [stdout]    |            ^^^
[INFO] [stdout]    |
[INFO] [stdout]    = note: `#[warn(dead_code)]` on by default
[INFO] [stdout] 
[INFO] [stdout] 
[INFO] [stdout] warning: method `as_any` is never used
[INFO] [stdout]    --> src/slaves/fetchers.rs:102:8
[INFO] [stdout]     |
[INFO] [stdout] 100 | pub trait Fetchable: Debug + Send + 'static {
[INFO] [stdout]     |           --------- method in this trait
[INFO] [stdout] 101 |     async fn retrieve(&self) -> Result<Html>;
[INFO] [stdout] 102 |     fn as_any(&self) -> &dyn Any;
[INFO] [stdout]     |        ^^^^^^
[INFO] [stdout] 
[INFO] [stdout] 
[INFO] [stdout] warning: variants `Action` and `Err` are never constructed
[INFO] [stdout]   --> src/slaves/notifier.rs:14:5
[INFO] [stdout]    |
[INFO] [stdout] 13 | pub enum Signal<T: Display = String> {
[INFO] [stdout]    |          ------ variants in this enum
[INFO] [stdout] 14 |     Action(T),
[INFO] [stdout]    |     ^^^^^^
[INFO] [stdout] 15 |     Msg(T),
[INFO] [stdout] 16 |     Err(T),
[INFO] [stdout]    |     ^^^
[INFO] [stdout]    |
[INFO] [stdout]    = note: `Signal` has derived impls for the traits `Debug` and `Clone`, but these are intentionally ignored during dead code analysis
[INFO] [stdout] 
[INFO] [stdout] 
[INFO] [stdout] warning: unused `Result` that must be used
[INFO] [stdout]   --> src/slaves/daemon.rs:66:13
[INFO] [stdout]    |
[INFO] [stdout] 66 |             self.saver.push(fetched).await;
[INFO] [stdout]    |             ^^^^^^^^^^^^^^^^^^^^^^^^^^^^^^
[INFO] [stdout]    |
[INFO] [stdout]    = note: this `Result` may be an `Err` variant, which should be handled
[INFO] [stdout]    = note: `#[warn(unused_must_use)]` on by default
[INFO] [stdout] help: use `let _ = ...` to ignore the resulting value
[INFO] [stdout]    |
[INFO] [stdout] 66 |             let _ = self.saver.push(fetched).await;
[INFO] [stdout]    |             +++++++
[INFO] [stdout] 
[INFO] [stdout] 
[INFO] [stdout] warning: unused `Result` that must be used
[INFO] [stdout]    --> src/slaves/saver.rs:102:21
[INFO] [stdout]     |
[INFO] [stdout] 102 |                     handler.await?;
[INFO] [stdout]     |                     ^^^^^^^^^^^^^^
[INFO] [stdout]     |
[INFO] [stdout]     = note: this `Result` may be an `Err` variant, which should be handled
[INFO] [stdout] help: use `let _ = ...` to ignore the resulting value
[INFO] [stdout]     |
[INFO] [stdout] 102 |                     let _ = handler.await?;
[INFO] [stdout]     |                     +++++++
[INFO] [stdout] 
[INFO] [stdout] 
[INFO] [stdout] warning: unused `Result` that must be used
[INFO] [stdout]   --> src/slaves/collector.rs:24:9
[INFO] [stdout]    |
[INFO] [stdout] 24 | /         client
[INFO] [stdout] 25 | |             .query(
[INFO] [stdout] 26 | |                 "CREATE TABLE history
[INFO] [stdout] 27 | |                     (
[INFO] [stdout] ...  |
[INFO] [stdout] 33 | |             )
[INFO] [stdout] 34 | |             .await;
[INFO] [stdout]    | |__________________^
[INFO] [stdout]    |
[INFO] [stdout]    = note: this `Result` may be an `Err` variant, which should be handled
[INFO] [stdout] help: use `let _ = ...` to ignore the resulting value
[INFO] [stdout]    |
[INFO] [stdout] 24 |         let _ = client
[INFO] [stdout]    |         +++++++
[INFO] [stdout] 
[INFO] [stdout] 
[INFO] [stderr]     Finished `dev` profile [unoptimized + debuginfo] target(s) in 16.87s
[INFO] [stderr] warning: the following packages contain code that will be rejected by a future version of Rust: html5ever v0.25.1
[INFO] [stderr] note: to see what the problems were, use the option `--future-incompat-report`, or run `cargo report future-incompatibilities --id 1`
[INFO] running `Command { std: "docker" "inspect" "97355aa96ca37a713e6a836f529708763e9d1ce432c550349ca3a427685338cb", kill_on_drop: false }`
[INFO] running `Command { std: "docker" "rm" "-f" "97355aa96ca37a713e6a836f529708763e9d1ce432c550349ca3a427685338cb", kill_on_drop: false }`
[INFO] [stdout] 97355aa96ca37a713e6a836f529708763e9d1ce432c550349ca3a427685338cb
[INFO] running `Command { std: "docker" "create" "-v" "/var/lib/crater-agent-workspace/builds/worker-0-tc2/target:/opt/rustwide/target:rw,Z" "-v" "/var/lib/crater-agent-workspace/builds/worker-0-tc2/source:/opt/rustwide/workdir:ro,Z" "-v" "/var/lib/crater-agent-workspace/cargo-home:/opt/rustwide/cargo-home:ro,Z" "-v" "/var/lib/crater-agent-workspace/rustup-home:/opt/rustwide/rustup-home:ro,Z" "-e" "SOURCE_DIR=/opt/rustwide/workdir" "-e" "CARGO_TARGET_DIR=/opt/rustwide/target" "-e" "CARGO_INCREMENTAL=0" "-e" "RUST_BACKTRACE=full" "-e" "RUSTFLAGS=--cap-lints=forbid -Zrandomize-layout" "-e" "RUSTDOCFLAGS=--cap-lints=forbid" "-e" "CARGO_HOME=/opt/rustwide/cargo-home" "-e" "RUSTUP_HOME=/opt/rustwide/rustup-home" "-w" "/opt/rustwide/workdir" "-m" "1610612736" "--user" "0:0" "--network" "none" "ghcr.io/rust-lang/crates-build-env/linux@sha256:4a844ea9eb2546a2d2c7022eacef16ef2e8229c7fbb2c7d4d55a9ceca922f72d" "/opt/rustwide/cargo-home/bin/cargo" "+nightly-2024-10-28" "test" "--frozen" "--no-run" "--message-format=json", kill_on_drop: false }`
[INFO] [stdout] 038875713fccfc4ba44ccf6acbae68204fb9375e35ef233e25f1d053ab9e1c54
[INFO] running `Command { std: "docker" "start" "-a" "038875713fccfc4ba44ccf6acbae68204fb9375e35ef233e25f1d053ab9e1c54", kill_on_drop: false }`
[INFO] [stderr]    Compiling big_brother v0.1.0 (/opt/rustwide/workdir)
[INFO] [stdout] warning: elided lifetime has a name
[INFO] [stdout]   --> src/slaves/fetchers.rs:51:59
[INFO] [stdout]    |
[INFO] [stdout] 51 |     pub fn select<'a>(&'a self, tree: &'a Html) -> Result<ElementRef> {
[INFO] [stdout]    |                   -- lifetime `'a` declared here          ^^^^^^^^^^ this elided lifetime gets resolved as `'a`
[INFO] [stdout]    |
[INFO] [stdout]    = note: `#[warn(elided_named_lifetimes)]` on by default
[INFO] [stdout] 
[INFO] [stdout] 
[INFO] [stdout] warning: use of deprecated method `cookie_store::CookieStore::get_request_cookies`: Please use the `get_request_values` function instead
[INFO] [stdout]   --> src/slaves/clients/custom_cookies.rs:45:14
[INFO] [stdout]    |
[INFO] [stdout] 45 |             .get_request_cookies(url)
[INFO] [stdout]    |              ^^^^^^^^^^^^^^^^^^^
[INFO] [stdout]    |
[INFO] [stdout]    = note: `#[warn(deprecated)]` on by default
[INFO] [stdout] 
[INFO] [stdout] 
[INFO] [stdout] warning: associated function `new` is never used
[INFO] [stdout]   --> src/slaves/daemon.rs:16:12
[INFO] [stdout]    |
[INFO] [stdout] 15 | impl FetchDaemon {
[INFO] [stdout]    | ---------------- associated function in this implementation
[INFO] [stdout] 16 |     pub fn new(interval: Duration, conf_path: String, saver: Saver) -> Self {
[INFO] [stdout]    |            ^^^
[INFO] [stdout]    |
[INFO] [stdout]    = note: `#[warn(dead_code)]` on by default
[INFO] [stdout] 
[INFO] [stdout] 
[INFO] [stdout] warning: unused `Result` that must be used
[INFO] [stdout]   --> src/slaves/daemon.rs:66:13
[INFO] [stdout]    |
[INFO] [stdout] 66 |             self.saver.push(fetched).await;
[INFO] [stdout]    |             ^^^^^^^^^^^^^^^^^^^^^^^^^^^^^^
[INFO] [stdout]    |
[INFO] [stdout]    = note: this `Result` may be an `Err` variant, which should be handled
[INFO] [stdout]    = note: `#[warn(unused_must_use)]` on by default
[INFO] [stdout] help: use `let _ = ...` to ignore the resulting value
[INFO] [stdout]    |
[INFO] [stdout] 66 |             let _ = self.saver.push(fetched).await;
[INFO] [stdout]    |             +++++++
[INFO] [stdout] 
[INFO] [stdout] 
[INFO] [stdout] warning: unused `Result` that must be used
[INFO] [stdout]    --> src/slaves/saver.rs:102:21
[INFO] [stdout]     |
[INFO] [stdout] 102 |                     handler.await?;
[INFO] [stdout]     |                     ^^^^^^^^^^^^^^
[INFO] [stdout]     |
[INFO] [stdout]     = note: this `Result` may be an `Err` variant, which should be handled
[INFO] [stdout] help: use `let _ = ...` to ignore the resulting value
[INFO] [stdout]     |
[INFO] [stdout] 102 |                     let _ = handler.await?;
[INFO] [stdout]     |                     +++++++
[INFO] [stdout] 
[INFO] [stdout] 
[INFO] [stdout] warning: unused `Result` that must be used
[INFO] [stdout]   --> src/slaves/collector.rs:24:9
[INFO] [stdout]    |
[INFO] [stdout] 24 | /         client
[INFO] [stdout] 25 | |             .query(
[INFO] [stdout] 26 | |                 "CREATE TABLE history
[INFO] [stdout] 27 | |                     (
[INFO] [stdout] ...  |
[INFO] [stdout] 33 | |             )
[INFO] [stdout] 34 | |             .await;
[INFO] [stdout]    | |__________________^
[INFO] [stdout]    |
[INFO] [stdout]    = note: this `Result` may be an `Err` variant, which should be handled
[INFO] [stdout] help: use `let _ = ...` to ignore the resulting value
[INFO] [stdout]    |
[INFO] [stdout] 24 |         let _ = client
[INFO] [stdout]    |         +++++++
[INFO] [stdout] 
[INFO] [stdout] 
[INFO] [stderr]     Finished `test` profile [unoptimized + debuginfo] target(s) in 2.92s
[INFO] [stderr] warning: the following packages contain code that will be rejected by a future version of Rust: html5ever v0.25.1
[INFO] [stderr] note: to see what the problems were, use the option `--future-incompat-report`, or run `cargo report future-incompatibilities --id 1`
[INFO] running `Command { std: "docker" "inspect" "038875713fccfc4ba44ccf6acbae68204fb9375e35ef233e25f1d053ab9e1c54", kill_on_drop: false }`
[INFO] running `Command { std: "docker" "rm" "-f" "038875713fccfc4ba44ccf6acbae68204fb9375e35ef233e25f1d053ab9e1c54", kill_on_drop: false }`
[INFO] [stdout] 038875713fccfc4ba44ccf6acbae68204fb9375e35ef233e25f1d053ab9e1c54
[INFO] running `Command { std: "docker" "create" "-v" "/var/lib/crater-agent-workspace/builds/worker-0-tc2/target:/opt/rustwide/target:rw,Z" "-v" "/var/lib/crater-agent-workspace/builds/worker-0-tc2/source:/opt/rustwide/workdir:ro,Z" "-v" "/var/lib/crater-agent-workspace/cargo-home:/opt/rustwide/cargo-home:ro,Z" "-v" "/var/lib/crater-agent-workspace/rustup-home:/opt/rustwide/rustup-home:ro,Z" "-e" "SOURCE_DIR=/opt/rustwide/workdir" "-e" "CARGO_TARGET_DIR=/opt/rustwide/target" "-e" "CARGO_INCREMENTAL=0" "-e" "RUST_BACKTRACE=full" "-e" "RUSTFLAGS=--cap-lints=forbid -Zrandomize-layout" "-e" "RUSTDOCFLAGS=--cap-lints=forbid" "-e" "CARGO_HOME=/opt/rustwide/cargo-home" "-e" "RUSTUP_HOME=/opt/rustwide/rustup-home" "-w" "/opt/rustwide/workdir" "-m" "1610612736" "--user" "0:0" "--network" "none" "ghcr.io/rust-lang/crates-build-env/linux@sha256:4a844ea9eb2546a2d2c7022eacef16ef2e8229c7fbb2c7d4d55a9ceca922f72d" "/opt/rustwide/cargo-home/bin/cargo" "+nightly-2024-10-28" "test" "--frozen", kill_on_drop: false }`
[INFO] [stdout] b3a6e85d435845f34e8603c8bfc0d2ac1362091ed11ade4634cc9d7de15b35e0
[INFO] running `Command { std: "docker" "start" "-a" "b3a6e85d435845f34e8603c8bfc0d2ac1362091ed11ade4634cc9d7de15b35e0", kill_on_drop: false }`
[INFO] [stderr] warning: elided lifetime has a name
[INFO] [stderr]   --> src/slaves/fetchers.rs:51:59
[INFO] [stderr]    |
[INFO] [stderr] 51 |     pub fn select<'a>(&'a self, tree: &'a Html) -> Result<ElementRef> {
[INFO] [stderr]    |                   -- lifetime `'a` declared here          ^^^^^^^^^^ this elided lifetime gets resolved as `'a`
[INFO] [stderr]    |
[INFO] [stderr]    = note: `#[warn(elided_named_lifetimes)]` on by default
[INFO] [stderr] 
[INFO] [stderr] warning: use of deprecated method `cookie_store::CookieStore::get_request_cookies`: Please use the `get_request_values` function instead
[INFO] [stderr]   --> src/slaves/clients/custom_cookies.rs:45:14
[INFO] [stderr]    |
[INFO] [stderr] 45 |             .get_request_cookies(url)
[INFO] [stderr]    |              ^^^^^^^^^^^^^^^^^^^
[INFO] [stderr]    |
[INFO] [stderr]    = note: `#[warn(deprecated)]` on by default
[INFO] [stderr] 
[INFO] [stderr] warning: associated function `new` is never used
[INFO] [stderr]   --> src/slaves/daemon.rs:16:12
[INFO] [stderr]    |
[INFO] [stderr] 15 | impl FetchDaemon {
[INFO] [stderr]    | ---------------- associated function in this implementation
[INFO] [stderr] 16 |     pub fn new(interval: Duration, conf_path: String, saver: Saver) -> Self {
[INFO] [stderr]    |            ^^^
[INFO] [stderr]    |
[INFO] [stderr]    = note: `#[warn(dead_code)]` on by default
[INFO] [stderr] 
[INFO] [stderr] warning: unused `Result` that must be used
[INFO] [stderr]   --> src/slaves/daemon.rs:66:13
[INFO] [stderr]    |
[INFO] [stderr] 66 |             self.saver.push(fetched).await;
[INFO] [stderr]    |             ^^^^^^^^^^^^^^^^^^^^^^^^^^^^^^
[INFO] [stderr]    |
[INFO] [stderr]    = note: this `Result` may be an `Err` variant, which should be handled
[INFO] [stderr]    = note: `#[warn(unused_must_use)]` on by default
[INFO] [stderr] help: use `let _ = ...` to ignore the resulting value
[INFO] [stderr]    |
[INFO] [stderr] 66 |             let _ = self.saver.push(fetched).await;
[INFO] [stderr]    |             +++++++
[INFO] [stderr] 
[INFO] [stderr] warning: unused `Result` that must be used
[INFO] [stderr]    --> src/slaves/saver.rs:102:21
[INFO] [stderr]     |
[INFO] [stderr] 102 |                     handler.await?;
[INFO] [stderr]     |                     ^^^^^^^^^^^^^^
[INFO] [stderr]     |
[INFO] [stderr]     = note: this `Result` may be an `Err` variant, which should be handled
[INFO] [stderr] help: use `let _ = ...` to ignore the resulting value
[INFO] [stderr]     |
[INFO] [stderr] 102 |                     let _ = handler.await?;
[INFO] [stderr]     |                     +++++++
[INFO] [stderr] 
[INFO] [stderr] warning: unused `Result` that must be used
[INFO] [stderr]   --> src/slaves/collector.rs:24:9
[INFO] [stderr]    |
[INFO] [stderr] 24 | /         client
[INFO] [stderr] 25 | |             .query(
[INFO] [stderr] 26 | |                 "CREATE TABLE history
[INFO] [stderr] 27 | |                     (
[INFO] [stderr] ...  |
[INFO] [stderr] 33 | |             )
[INFO] [stderr] 34 | |             .await;
[INFO] [stderr]    | |__________________^
[INFO] [stderr]    |
[INFO] [stderr]    = note: this `Result` may be an `Err` variant, which should be handled
[INFO] [stderr] help: use `let _ = ...` to ignore the resulting value
[INFO] [stderr]    |
[INFO] [stderr] 24 |         let _ = client
[INFO] [stderr]    |         +++++++
[INFO] [stderr] 
[INFO] [stderr] warning: `big_brother` (bin "big_brother" test) generated 6 warnings
[INFO] [stderr]     Finished `test` profile [unoptimized + debuginfo] target(s) in 0.11s
[INFO] [stderr] warning: the following packages contain code that will be rejected by a future version of Rust: html5ever v0.25.1
[INFO] [stderr] note: to see what the problems were, use the option `--future-incompat-report`, or run `cargo report future-incompatibilities --id 1`
[INFO] [stderr]      Running unittests src/main.rs (/opt/rustwide/target/debug/deps/big_brother-26534014704f1af6)
[INFO] [stdout] 
[INFO] [stdout] running 13 tests
[INFO] [stdout] test slaves::config_parser::tests::test_parse_yaml ... ok
[INFO] [stdout] test slaves::serializer::tests::test_serialize_json ... ok
[INFO] [stdout] test slaves::serializer::tests::test_serialize_plain ... ok
[INFO] [stdout] test slaves::notifier::tests::test_notifier ... FAILED
[INFO] [stdout] test slaves::saver::tests::test_save_to_file ... FAILED
[INFO] [stdout] test slaves::config_parser::tests::test_parse_config_dir ... ok
[INFO] [stdout] test slaves::fetchers::tests::scraper_works ... FAILED
[INFO] [stdout] test slaves::clients::yandex::client::tests::test_yaclient_works ... ok
[INFO] [stdout] test slaves::daemon::tests::test_class_fetch_item ... FAILED
[INFO] [stdout] test slaves::fetchers::tests::reqwest_works ... FAILED
[INFO] [stdout] test slaves::daemon::tests::test_mixed_items ... FAILED
[INFO] [stdout] test slaves::fetchers::tests::test_base_fetcher ... FAILED
[INFO] [stdout] test slaves::daemon::tests::test_fetch_data ... FAILED
[INFO] [stdout] 
[INFO] [stdout] failures:
[INFO] [stdout] 
[INFO] [stdout] ---- slaves::notifier::tests::test_notifier stdout ----
[INFO] [stdout] thread 'slaves::notifier::tests::test_notifier' panicked at src/slaves/notifier.rs:100:69:
[INFO] [stdout] called `Result::unwrap()` on an `Err` value: No such file or directory (os error 2)
[INFO] [stdout] stack backtrace:
[INFO] [stdout]    0:     0x574c431d4bca - std::backtrace_rs::backtrace::libunwind::trace::h207520d6e9873551
[INFO] [stdout]                                at /rustc/df4ca44d3fbc9301ee17f30f4d474e6ae4b05252/library/std/src/../../backtrace/src/backtrace/libunwind.rs:116:5
[INFO] [stdout]    1:     0x574c431d4bca - std::backtrace_rs::backtrace::trace_unsynchronized::h2ed7433f370e3eca
[INFO] [stdout]                                at /rustc/df4ca44d3fbc9301ee17f30f4d474e6ae4b05252/library/std/src/../../backtrace/src/backtrace/mod.rs:66:5
[INFO] [stdout]    2:     0x574c431d4bca - std::sys::backtrace::_print_fmt::h916fac51166b18d7
[INFO] [stdout]                                at /rustc/df4ca44d3fbc9301ee17f30f4d474e6ae4b05252/library/std/src/sys/backtrace.rs:66:9
[INFO] [stdout]    3:     0x574c431d4bca - <std::sys::backtrace::BacktraceLock::print::DisplayBacktrace as core::fmt::Display>::fmt::ha0a4c9b8ce3802e6
[INFO] [stdout]                                at /rustc/df4ca44d3fbc9301ee17f30f4d474e6ae4b05252/library/std/src/sys/backtrace.rs:39:26
[INFO] [stdout]    4:     0x574c432009c3 - core::fmt::rt::Argument::fmt::h4cfc8587d52b3eb5
[INFO] [stdout]                                at /rustc/df4ca44d3fbc9301ee17f30f4d474e6ae4b05252/library/core/src/fmt/rt.rs:177:76
[INFO] [stdout]    5:     0x574c432009c3 - core::fmt::write::h522cc39e5b36ae9f
[INFO] [stdout]                                at /rustc/df4ca44d3fbc9301ee17f30f4d474e6ae4b05252/library/core/src/fmt/mod.rs:1190:21
[INFO] [stdout]    6:     0x574c431d0313 - std::io::Write::write_fmt::h7d3c26752da97734
[INFO] [stdout]                                at /rustc/df4ca44d3fbc9301ee17f30f4d474e6ae4b05252/library/std/src/io/mod.rs:1839:15
[INFO] [stdout]    7:     0x574c431d4a12 - std::sys::backtrace::BacktraceLock::print::h4b9e00b29e9c0942
[INFO] [stdout]                                at /rustc/df4ca44d3fbc9301ee17f30f4d474e6ae4b05252/library/std/src/sys/backtrace.rs:42:9
[INFO] [stdout]    8:     0x574c431d605a - std::panicking::default_hook::{{closure}}::hb59b88280d0324d9
[INFO] [stdout]                                at /rustc/df4ca44d3fbc9301ee17f30f4d474e6ae4b05252/library/std/src/panicking.rs:268:22
[INFO] [stdout]    9:     0x574c431d5e64 - std::panicking::default_hook::he1dd496665be4a29
[INFO] [stdout]                                at /rustc/df4ca44d3fbc9301ee17f30f4d474e6ae4b05252/library/std/src/panicking.rs:292:9
[INFO] [stdout]   10:     0x574c42b4d339 - <alloc::boxed::Box<F,A> as core::ops::function::Fn<Args>>::call::h4ff71de18744e1dc
[INFO] [stdout]                                at /rustc/df4ca44d3fbc9301ee17f30f4d474e6ae4b05252/library/alloc/src/boxed.rs:2468:9
[INFO] [stdout]   11:     0x574c42b4d339 - test::test_main::{{closure}}::hcf7c055ce117aa81
[INFO] [stdout]                                at /rustc/df4ca44d3fbc9301ee17f30f4d474e6ae4b05252/library/test/src/lib.rs:133:21
[INFO] [stdout]   12:     0x574c431d6758 - <alloc::boxed::Box<F,A> as core::ops::function::Fn<Args>>::call::h1d66c6bbd60c9692
[INFO] [stdout]                                at /rustc/df4ca44d3fbc9301ee17f30f4d474e6ae4b05252/library/alloc/src/boxed.rs:2468:9
[INFO] [stdout]   13:     0x574c431d6758 - std::panicking::rust_panic_with_hook::h2ff17fe8f26dfcf8
[INFO] [stdout]                                at /rustc/df4ca44d3fbc9301ee17f30f4d474e6ae4b05252/library/std/src/panicking.rs:809:13
[INFO] [stdout]   14:     0x574c431d651a - std::panicking::begin_panic_handler::{{closure}}::h4fad77951c07e101
[INFO] [stdout]                                at /rustc/df4ca44d3fbc9301ee17f30f4d474e6ae4b05252/library/std/src/panicking.rs:674:13
[INFO] [stdout]   15:     0x574c431d50a9 - std::sys::backtrace::__rust_end_short_backtrace::hb1a25b3da5d0ea08
[INFO] [stdout]                                at /rustc/df4ca44d3fbc9301ee17f30f4d474e6ae4b05252/library/std/src/sys/backtrace.rs:170:18
[INFO] [stdout]   16:     0x574c431d61ac - rust_begin_unwind
[INFO] [stdout]                                at /rustc/df4ca44d3fbc9301ee17f30f4d474e6ae4b05252/library/std/src/panicking.rs:665:5
[INFO] [stdout]   17:     0x574c431fe260 - core::panicking::panic_fmt::ha9db07b529f9b256
[INFO] [stdout]                                at /rustc/df4ca44d3fbc9301ee17f30f4d474e6ae4b05252/library/core/src/panicking.rs:75:14
[INFO] [stdout]   18:     0x574c431fe6e6 - core::result::unwrap_failed::h5e8218e4d4338b8a
[INFO] [stdout]                                at /rustc/df4ca44d3fbc9301ee17f30f4d474e6ae4b05252/library/core/src/result.rs:1698:5
[INFO] [stdout]   19:     0x574c429a9036 - core::result::Result<T,E>::unwrap::h8e7eee3cd8521c49
[INFO] [stdout]                                at /rustc/df4ca44d3fbc9301ee17f30f4d474e6ae4b05252/library/core/src/result.rs:1103:23
[INFO] [stdout]   20:     0x574c429a9036 - big_brother::slaves::notifier::tests::test_notifier::{{closure}}::h59a5c4632eac21eb
[INFO] [stdout]                                at /opt/rustwide/workdir/src/slaves/notifier.rs:100:34
[INFO] [stdout]   21:     0x574c428e6d2d - <core::pin::Pin<P> as core::future::future::Future>::poll::hd0bee16005fb3f47
[INFO] [stdout]                                at /rustc/df4ca44d3fbc9301ee17f30f4d474e6ae4b05252/library/core/src/future/future.rs:123:9
[INFO] [stdout]   22:     0x574c42a366ef - tokio::runtime::basic_scheduler::Inner<P>::block_on::{{closure}}::{{closure}}::he7a2795d6bafc1bf
[INFO] [stdout]                                at /opt/rustwide/cargo-home/registry/src/index.crates.io-6f17d22bba15001f/tokio-1.10.0/src/runtime/basic_scheduler.rs:208:62
[INFO] [stdout]   23:     0x574c4297e233 - tokio::coop::with_budget::{{closure}}::h54166ac7c415e606
[INFO] [stdout]                                at /opt/rustwide/cargo-home/registry/src/index.crates.io-6f17d22bba15001f/tokio-1.10.0/src/coop.rs:106:9
[INFO] [stdout]   24:     0x574c4292a7fa - std::thread::local::LocalKey<T>::try_with::hcdf76d0069b560cc
[INFO] [stdout]                                at /rustc/df4ca44d3fbc9301ee17f30f4d474e6ae4b05252/library/std/src/thread/local.rs:283:12
[INFO] [stdout]   25:     0x574c4292825a - std::thread::local::LocalKey<T>::with::hda6685bad292b19b
[INFO] [stdout]                                at /rustc/df4ca44d3fbc9301ee17f30f4d474e6ae4b05252/library/std/src/thread/local.rs:260:9
[INFO] [stdout]   26:     0x574c42a3383a - tokio::coop::with_budget::hd1374787cc437b75
[INFO] [stdout]                                at /opt/rustwide/cargo-home/registry/src/index.crates.io-6f17d22bba15001f/tokio-1.10.0/src/coop.rs:99:5
[INFO] [stdout]   27:     0x574c42a3383a - tokio::coop::budget::hdabb564f0534381a
[INFO] [stdout]                                at /opt/rustwide/cargo-home/registry/src/index.crates.io-6f17d22bba15001f/tokio-1.10.0/src/coop.rs:76:5
[INFO] [stdout]   28:     0x574c42a3383a - tokio::runtime::basic_scheduler::Inner<P>::block_on::{{closure}}::h89e31df890410b31
[INFO] [stdout]                                at /opt/rustwide/cargo-home/registry/src/index.crates.io-6f17d22bba15001f/tokio-1.10.0/src/runtime/basic_scheduler.rs:208:39
[INFO] [stdout]   29:     0x574c42a3b2fa - tokio::runtime::basic_scheduler::enter::{{closure}}::h5688d6f014593d36
[INFO] [stdout]                                at /opt/rustwide/cargo-home/registry/src/index.crates.io-6f17d22bba15001f/tokio-1.10.0/src/runtime/basic_scheduler.rs:302:29
[INFO] [stdout]   30:     0x574c42991f95 - tokio::macros::scoped_tls::ScopedKey<T>::set::h86eff09d062a7063
[INFO] [stdout]                                at /opt/rustwide/cargo-home/registry/src/index.crates.io-6f17d22bba15001f/tokio-1.10.0/src/macros/scoped_tls.rs:61:9
[INFO] [stdout]   31:     0x574c42a3af01 - tokio::runtime::basic_scheduler::enter::h8fdd03569af2c3b6
[INFO] [stdout]                                at /opt/rustwide/cargo-home/registry/src/index.crates.io-6f17d22bba15001f/tokio-1.10.0/src/runtime/basic_scheduler.rs:302:5
[INFO] [stdout]   32:     0x574c42a31453 - tokio::runtime::basic_scheduler::Inner<P>::block_on::h6f2f4025287898b5
[INFO] [stdout]                                at /opt/rustwide/cargo-home/registry/src/index.crates.io-6f17d22bba15001f/tokio-1.10.0/src/runtime/basic_scheduler.rs:197:9
[INFO] [stdout]   33:     0x574c42a36cf9 - tokio::runtime::basic_scheduler::InnerGuard<P>::block_on::haea5d8f2d24ad38c
[INFO] [stdout]                                at /opt/rustwide/cargo-home/registry/src/index.crates.io-6f17d22bba15001f/tokio-1.10.0/src/runtime/basic_scheduler.rs:448:9
[INFO] [stdout]   34:     0x574c42a3745b - tokio::runtime::basic_scheduler::BasicScheduler<P>::block_on::h24b64764e30635c3
[INFO] [stdout]                                at /opt/rustwide/cargo-home/registry/src/index.crates.io-6f17d22bba15001f/tokio-1.10.0/src/runtime/basic_scheduler.rs:157:24
[INFO] [stdout]   35:     0x574c42a09ee4 - tokio::runtime::Runtime::block_on::h5fc31471852f3f9e
[INFO] [stdout]                                at /opt/rustwide/cargo-home/registry/src/index.crates.io-6f17d22bba15001f/tokio-1.10.0/src/runtime/mod.rs:450:46
[INFO] [stdout]   36:     0x574c429a8e45 - big_brother::slaves::notifier::tests::test_notifier::haa9b2b495ad17fa3
[INFO] [stdout]                                at /opt/rustwide/workdir/src/slaves/notifier.rs:115:9
[INFO] [stdout]   37:     0x574c429a8d77 - big_brother::slaves::notifier::tests::test_notifier::{{closure}}::h0ed8ff01c9afb644
[INFO] [stdout]                                at /opt/rustwide/workdir/src/slaves/notifier.rs:99:29
[INFO] [stdout]   38:     0x574c429f2ec6 - core::ops::function::FnOnce::call_once::he411737de9818417
[INFO] [stdout]                                at /rustc/df4ca44d3fbc9301ee17f30f4d474e6ae4b05252/library/core/src/ops/function.rs:250:5
[INFO] [stdout]   39:     0x574c42b51c0b - core::ops::function::FnOnce::call_once::h22c3ba5715e93f05
[INFO] [stdout]                                at /rustc/df4ca44d3fbc9301ee17f30f4d474e6ae4b05252/library/core/src/ops/function.rs:250:5
[INFO] [stdout]   40:     0x574c42b51c0b - test::__rust_begin_short_backtrace::h8e82d8113d0da17f
[INFO] [stdout]                                at /rustc/df4ca44d3fbc9301ee17f30f4d474e6ae4b05252/library/test/src/lib.rs:621:18
[INFO] [stdout]   41:     0x574c42b51587 - test::run_test_in_process::{{closure}}::h33235f4f20b7b7c7
[INFO] [stdout]                                at /rustc/df4ca44d3fbc9301ee17f30f4d474e6ae4b05252/library/test/src/lib.rs:644:60
[INFO] [stdout]   42:     0x574c42b51587 - <core::panic::unwind_safe::AssertUnwindSafe<F> as core::ops::function::FnOnce<()>>::call_once::hb5043206310c586f
[INFO] [stdout]                                at /rustc/df4ca44d3fbc9301ee17f30f4d474e6ae4b05252/library/core/src/panic/unwind_safe.rs:272:9
[INFO] [stdout]   43:     0x574c42b51587 - std::panicking::try::do_call::h9ad4731a60ab23e2
[INFO] [stdout]                                at /rustc/df4ca44d3fbc9301ee17f30f4d474e6ae4b05252/library/std/src/panicking.rs:557:40
[INFO] [stdout]   44:     0x574c42b51587 - std::panicking::try::h3824d23db772a716
[INFO] [stdout]                                at /rustc/df4ca44d3fbc9301ee17f30f4d474e6ae4b05252/library/std/src/panicking.rs:520:19
[INFO] [stdout]   45:     0x574c42b51587 - std::panic::catch_unwind::h5afd514605fde46b
[INFO] [stdout]                                at /rustc/df4ca44d3fbc9301ee17f30f4d474e6ae4b05252/library/std/src/panic.rs:358:14
[INFO] [stdout]   46:     0x574c42b51587 - test::run_test_in_process::h0d5cbfa7067d1720
[INFO] [stdout]                                at /rustc/df4ca44d3fbc9301ee17f30f4d474e6ae4b05252/library/test/src/lib.rs:644:27
[INFO] [stdout]   47:     0x574c42b51587 - test::run_test::{{closure}}::h708eb8872708115d
[INFO] [stdout]                                at /rustc/df4ca44d3fbc9301ee17f30f4d474e6ae4b05252/library/test/src/lib.rs:565:43
[INFO] [stdout]   48:     0x574c42b14ca4 - test::run_test::{{closure}}::h392c51cee94713ab
[INFO] [stdout]                                at /rustc/df4ca44d3fbc9301ee17f30f4d474e6ae4b05252/library/test/src/lib.rs:595:41
[INFO] [stdout]   49:     0x574c42b14ca4 - std::sys::backtrace::__rust_begin_short_backtrace::h2f40290710935a8b
[INFO] [stdout]                                at /rustc/df4ca44d3fbc9301ee17f30f4d474e6ae4b05252/library/std/src/sys/backtrace.rs:154:18
[INFO] [stdout]   50:     0x574c42b1844e - std::thread::Builder::spawn_unchecked_::{{closure}}::{{closure}}::h3fd968d89053a903
[INFO] [stdout]                                at /rustc/df4ca44d3fbc9301ee17f30f4d474e6ae4b05252/library/std/src/thread/mod.rs:541:17
[INFO] [stdout]   51:     0x574c42b1844e - <core::panic::unwind_safe::AssertUnwindSafe<F> as core::ops::function::FnOnce<()>>::call_once::h743f637ba4229880
[INFO] [stdout]                                at /rustc/df4ca44d3fbc9301ee17f30f4d474e6ae4b05252/library/core/src/panic/unwind_safe.rs:272:9
[INFO] [stdout]   52:     0x574c42b1844e - std::panicking::try::do_call::h07440897322525a6
[INFO] [stdout]                                at /rustc/df4ca44d3fbc9301ee17f30f4d474e6ae4b05252/library/std/src/panicking.rs:557:40
[INFO] [stdout]   53:     0x574c42b1844e - std::panicking::try::he5a2e00188156637
[INFO] [stdout]                                at /rustc/df4ca44d3fbc9301ee17f30f4d474e6ae4b05252/library/std/src/panicking.rs:520:19
[INFO] [stdout]   54:     0x574c42b1844e - std::panic::catch_unwind::hbaf3cae49b3c6433
[INFO] [stdout]                                at /rustc/df4ca44d3fbc9301ee17f30f4d474e6ae4b05252/library/std/src/panic.rs:358:14
[INFO] [stdout]   55:     0x574c42b1844e - std::thread::Builder::spawn_unchecked_::{{closure}}::h8e141ea224820bce
[INFO] [stdout]                                at /rustc/df4ca44d3fbc9301ee17f30f4d474e6ae4b05252/library/std/src/thread/mod.rs:540:30
[INFO] [stdout]   56:     0x574c42b1844e - core::ops::function::FnOnce::call_once{{vtable.shim}}::h90d312fedd7b8ea8
[INFO] [stdout]                                at /rustc/df4ca44d3fbc9301ee17f30f4d474e6ae4b05252/library/core/src/ops/function.rs:250:5
[INFO] [stdout]   57:     0x574c431db07b - <alloc::boxed::Box<F,A> as core::ops::function::FnOnce<Args>>::call_once::h69aa08ddb6adb8b6
[INFO] [stdout]                                at /rustc/df4ca44d3fbc9301ee17f30f4d474e6ae4b05252/library/alloc/src/boxed.rs:2454:9
[INFO] [stdout]   58:     0x574c431db07b - <alloc::boxed::Box<F,A> as core::ops::function::FnOnce<Args>>::call_once::h5aa36efdb79c806f
[INFO] [stdout]                                at /rustc/df4ca44d3fbc9301ee17f30f4d474e6ae4b05252/library/alloc/src/boxed.rs:2454:9
[INFO] [stdout]   59:     0x574c431db07b - std::sys::pal::unix::thread::Thread::new::thread_start::h6cd80a1b4be5158d
[INFO] [stdout]                                at /rustc/df4ca44d3fbc9301ee17f30f4d474e6ae4b05252/library/std/src/sys/pal/unix/thread.rs:105:17
[INFO] [stdout]   60:     0x733eae442ac3 - <unknown>
[INFO] [stdout]   61:     0x733eae4d3a04 - clone
[INFO] [stdout]   62:                0x0 - <unknown>
[INFO] [stdout] 
[INFO] [stdout] ---- slaves::saver::tests::test_save_to_file stdout ----
[INFO] [stdout] thread 'slaves::saver::tests::test_save_to_file' panicked at src/slaves/saver.rs:181:37:
[INFO] [stdout] called `Result::unwrap()` on an `Err` value: Read-only file system (os error 30)
[INFO] [stdout] stack backtrace:
[INFO] [stdout]    0:     0x574c431d4bca - std::backtrace_rs::backtrace::libunwind::trace::h207520d6e9873551
[INFO] [stdout]                                at /rustc/df4ca44d3fbc9301ee17f30f4d474e6ae4b05252/library/std/src/../../backtrace/src/backtrace/libunwind.rs:116:5
[INFO] [stdout]    1:     0x574c431d4bca - std::backtrace_rs::backtrace::trace_unsynchronized::h2ed7433f370e3eca
[INFO] [stdout]                                at /rustc/df4ca44d3fbc9301ee17f30f4d474e6ae4b05252/library/std/src/../../backtrace/src/backtrace/mod.rs:66:5
[INFO] [stdout]    2:     0x574c431d4bca - std::sys::backtrace::_print_fmt::h916fac51166b18d7
[INFO] [stdout]                                at /rustc/df4ca44d3fbc9301ee17f30f4d474e6ae4b05252/library/std/src/sys/backtrace.rs:66:9
[INFO] [stdout]    3:     0x574c431d4bca - <std::sys::backtrace::BacktraceLock::print::DisplayBacktrace as core::fmt::Display>::fmt::ha0a4c9b8ce3802e6
[INFO] [stdout]                                at /rustc/df4ca44d3fbc9301ee17f30f4d474e6ae4b05252/library/std/src/sys/backtrace.rs:39:26
[INFO] [stdout]    4:     0x574c432009c3 - core::fmt::rt::Argument::fmt::h4cfc8587d52b3eb5
[INFO] [stdout]                                at /rustc/df4ca44d3fbc9301ee17f30f4d474e6ae4b05252/library/core/src/fmt/rt.rs:177:76
[INFO] [stdout]    5:     0x574c432009c3 - core::fmt::write::h522cc39e5b36ae9f
[INFO] [stdout]                                at /rustc/df4ca44d3fbc9301ee17f30f4d474e6ae4b05252/library/core/src/fmt/mod.rs:1190:21
[INFO] [stdout]    6:     0x574c431d0313 - std::io::Write::write_fmt::h7d3c26752da97734
[INFO] [stdout]                                at /rustc/df4ca44d3fbc9301ee17f30f4d474e6ae4b05252/library/std/src/io/mod.rs:1839:15
[INFO] [stdout]    7:     0x574c431d4a12 - std::sys::backtrace::BacktraceLock::print::h4b9e00b29e9c0942
[INFO] [stdout]                                at /rustc/df4ca44d3fbc9301ee17f30f4d474e6ae4b05252/library/std/src/sys/backtrace.rs:42:9
[INFO] [stdout]    8:     0x574c431d605a - std::panicking::default_hook::{{closure}}::hb59b88280d0324d9
[INFO] [stdout]                                at /rustc/df4ca44d3fbc9301ee17f30f4d474e6ae4b05252/library/std/src/panicking.rs:268:22
[INFO] [stdout]    9:     0x574c431d5e64 - std::panicking::default_hook::he1dd496665be4a29
[INFO] [stdout]                                at /rustc/df4ca44d3fbc9301ee17f30f4d474e6ae4b05252/library/std/src/panicking.rs:292:9
[INFO] [stdout]   10:     0x574c42b4d339 - <alloc::boxed::Box<F,A> as core::ops::function::Fn<Args>>::call::h4ff71de18744e1dc
[INFO] [stdout]                                at /rustc/df4ca44d3fbc9301ee17f30f4d474e6ae4b05252/library/alloc/src/boxed.rs:2468:9
[INFO] [stdout]   11:     0x574c42b4d339 - test::test_main::{{closure}}::hcf7c055ce117aa81
[INFO] [stdout]                                at /rustc/df4ca44d3fbc9301ee17f30f4d474e6ae4b05252/library/test/src/lib.rs:133:21
[INFO] [stdout]   12:     0x574c431d6758 - <alloc::boxed::Box<F,A> as core::ops::function::Fn<Args>>::call::h1d66c6bbd60c9692
[INFO] [stdout]                                at /rustc/df4ca44d3fbc9301ee17f30f4d474e6ae4b05252/library/alloc/src/boxed.rs:2468:9
[INFO] [stdout]   13:     0x574c431d6758 - std::panicking::rust_panic_with_hook::h2ff17fe8f26dfcf8
[INFO] [stdout]                                at /rustc/df4ca44d3fbc9301ee17f30f4d474e6ae4b05252/library/std/src/panicking.rs:809:13
[INFO] [stdout]   14:     0x574c431d651a - std::panicking::begin_panic_handler::{{closure}}::h4fad77951c07e101
[INFO] [stdout]                                at /rustc/df4ca44d3fbc9301ee17f30f4d474e6ae4b05252/library/std/src/panicking.rs:674:13
[INFO] [stdout]   15:     0x574c431d50a9 - std::sys::backtrace::__rust_end_short_backtrace::hb1a25b3da5d0ea08
[INFO] [stdout]                                at /rustc/df4ca44d3fbc9301ee17f30f4d474e6ae4b05252/library/std/src/sys/backtrace.rs:170:18
[INFO] [stdout]   16:     0x574c431d61ac - rust_begin_unwind
[INFO] [stdout]                                at /rustc/df4ca44d3fbc9301ee17f30f4d474e6ae4b05252/library/std/src/panicking.rs:665:5
[INFO] [stdout]   17:     0x574c431fe260 - core::panicking::panic_fmt::ha9db07b529f9b256
[INFO] [stdout]                                at /rustc/df4ca44d3fbc9301ee17f30f4d474e6ae4b05252/library/core/src/panicking.rs:75:14
[INFO] [stdout]   18:     0x574c431fe6e6 - core::result::unwrap_failed::h5e8218e4d4338b8a
[INFO] [stdout]                                at /rustc/df4ca44d3fbc9301ee17f30f4d474e6ae4b05252/library/core/src/result.rs:1698:5
[INFO] [stdout]   19:     0x574c42aa96c7 - core::result::Result<T,E>::unwrap::he75a17cbae9a1682
[INFO] [stdout]                                at /rustc/df4ca44d3fbc9301ee17f30f4d474e6ae4b05252/library/core/src/result.rs:1103:23
[INFO] [stdout]   20:     0x574c42aa96c7 - big_brother::slaves::saver::tests::test_save_to_file::{{closure}}::he388491f7f7dea8a
[INFO] [stdout]                                at /opt/rustwide/workdir/src/slaves/saver.rs:181:9
[INFO] [stdout]   21:     0x574c428e690d - <core::pin::Pin<P> as core::future::future::Future>::poll::h4e55608599a9d641
[INFO] [stdout]                                at /rustc/df4ca44d3fbc9301ee17f30f4d474e6ae4b05252/library/core/src/future/future.rs:123:9
[INFO] [stdout]   22:     0x574c42a3657f - tokio::runtime::basic_scheduler::Inner<P>::block_on::{{closure}}::{{closure}}::ha752d2f9dd6f9346
[INFO] [stdout]                                at /opt/rustwide/cargo-home/registry/src/index.crates.io-6f17d22bba15001f/tokio-1.10.0/src/runtime/basic_scheduler.rs:208:62
[INFO] [stdout]   23:     0x574c4297d783 - tokio::coop::with_budget::{{closure}}::h38f2bfed89679439
[INFO] [stdout]                                at /opt/rustwide/cargo-home/registry/src/index.crates.io-6f17d22bba15001f/tokio-1.10.0/src/coop.rs:106:9
[INFO] [stdout]   24:     0x574c42928eba - std::thread::local::LocalKey<T>::try_with::h42e38465d669dd45
[INFO] [stdout]                                at /rustc/df4ca44d3fbc9301ee17f30f4d474e6ae4b05252/library/std/src/thread/local.rs:283:12
[INFO] [stdout]   25:     0x574c42927dca - std::thread::local::LocalKey<T>::with::h4178435dbfc01490
[INFO] [stdout]                                at /rustc/df4ca44d3fbc9301ee17f30f4d474e6ae4b05252/library/std/src/thread/local.rs:260:9
[INFO] [stdout]   26:     0x574c42a317ba - tokio::coop::with_budget::hd672b8db6cc49bc1
[INFO] [stdout]                                at /opt/rustwide/cargo-home/registry/src/index.crates.io-6f17d22bba15001f/tokio-1.10.0/src/coop.rs:99:5
[INFO] [stdout]   27:     0x574c42a317ba - tokio::coop::budget::h9387f236b5aebe67
[INFO] [stdout]                                at /opt/rustwide/cargo-home/registry/src/index.crates.io-6f17d22bba15001f/tokio-1.10.0/src/coop.rs:76:5
[INFO] [stdout]   28:     0x574c42a317ba - tokio::runtime::basic_scheduler::Inner<P>::block_on::{{closure}}::h05238bae18f0c14f
[INFO] [stdout]                                at /opt/rustwide/cargo-home/registry/src/index.crates.io-6f17d22bba15001f/tokio-1.10.0/src/runtime/basic_scheduler.rs:208:39
[INFO] [stdout]   29:     0x574c42a3b39a - tokio::runtime::basic_scheduler::enter::{{closure}}::hc9abfd799104ee8e
[INFO] [stdout]                                at /opt/rustwide/cargo-home/registry/src/index.crates.io-6f17d22bba15001f/tokio-1.10.0/src/runtime/basic_scheduler.rs:302:29
[INFO] [stdout]   30:     0x574c42992175 - tokio::macros::scoped_tls::ScopedKey<T>::set::hd0271e2fac4ad575
[INFO] [stdout]                                at /opt/rustwide/cargo-home/registry/src/index.crates.io-6f17d22bba15001f/tokio-1.10.0/src/macros/scoped_tls.rs:61:9
[INFO] [stdout]   31:     0x574c42a3b251 - tokio::runtime::basic_scheduler::enter::h96381e74ca92704c
[INFO] [stdout]                                at /opt/rustwide/cargo-home/registry/src/index.crates.io-6f17d22bba15001f/tokio-1.10.0/src/runtime/basic_scheduler.rs:302:5
[INFO] [stdout]   32:     0x574c42a314f3 - tokio::runtime::basic_scheduler::Inner<P>::block_on::he67e31d5a79ab6d2
[INFO] [stdout]                                at /opt/rustwide/cargo-home/registry/src/index.crates.io-6f17d22bba15001f/tokio-1.10.0/src/runtime/basic_scheduler.rs:197:9
[INFO] [stdout]   33:     0x574c42a36b99 - tokio::runtime::basic_scheduler::InnerGuard<P>::block_on::h61df3b990f6309b7
[INFO] [stdout]                                at /opt/rustwide/cargo-home/registry/src/index.crates.io-6f17d22bba15001f/tokio-1.10.0/src/runtime/basic_scheduler.rs:448:9
[INFO] [stdout]   34:     0x574c42a37e4b - tokio::runtime::basic_scheduler::BasicScheduler<P>::block_on::h76f15d4a72d96ace
[INFO] [stdout]                                at /opt/rustwide/cargo-home/registry/src/index.crates.io-6f17d22bba15001f/tokio-1.10.0/src/runtime/basic_scheduler.rs:157:24
[INFO] [stdout]   35:     0x574c42a0a380 - tokio::runtime::Runtime::block_on::ha2c67a23ba373043
[INFO] [stdout]                                at /opt/rustwide/cargo-home/registry/src/index.crates.io-6f17d22bba15001f/tokio-1.10.0/src/runtime/mod.rs:450:46
[INFO] [stdout]   36:     0x574c42aa90ae - big_brother::slaves::saver::tests::test_save_to_file::hea7211c267224cc1
[INFO] [stdout]                                at /opt/rustwide/workdir/src/slaves/saver.rs:193:9
[INFO] [stdout]   37:     0x574c42aa8fc7 - big_brother::slaves::saver::tests::test_save_to_file::{{closure}}::h9ccfc072b6e97641
[INFO] [stdout]                                at /opt/rustwide/workdir/src/slaves/saver.rs:176:33
[INFO] [stdout]   38:     0x574c429f1466 - core::ops::function::FnOnce::call_once::h74bb4dd7b3bbd080
[INFO] [stdout]                                at /rustc/df4ca44d3fbc9301ee17f30f4d474e6ae4b05252/library/core/src/ops/function.rs:250:5
[INFO] [stdout]   39:     0x574c42b51c0b - core::ops::function::FnOnce::call_once::h22c3ba5715e93f05
[INFO] [stdout]                                at /rustc/df4ca44d3fbc9301ee17f30f4d474e6ae4b05252/library/core/src/ops/function.rs:250:5
[INFO] [stdout]   40:     0x574c42b51c0b - test::__rust_begin_short_backtrace::h8e82d8113d0da17f
[INFO] [stdout]                                at /rustc/df4ca44d3fbc9301ee17f30f4d474e6ae4b05252/library/test/src/lib.rs:621:18
[INFO] [stdout]   41:     0x574c42b51587 - test::run_test_in_process::{{closure}}::h33235f4f20b7b7c7
[INFO] [stdout]                                at /rustc/df4ca44d3fbc9301ee17f30f4d474e6ae4b05252/library/test/src/lib.rs:644:60
[INFO] [stdout]   42:     0x574c42b51587 - <core::panic::unwind_safe::AssertUnwindSafe<F> as core::ops::function::FnOnce<()>>::call_once::hb5043206310c586f
[INFO] [stdout]                                at /rustc/df4ca44d3fbc9301ee17f30f4d474e6ae4b05252/library/core/src/panic/unwind_safe.rs:272:9
[INFO] [stdout]   43:     0x574c42b51587 - std::panicking::try::do_call::h9ad4731a60ab23e2
[INFO] [stdout]                                at /rustc/df4ca44d3fbc9301ee17f30f4d474e6ae4b05252/library/std/src/panicking.rs:557:40
[INFO] [stdout]   44:     0x574c42b51587 - std::panicking::try::h3824d23db772a716
[INFO] [stdout]                                at /rustc/df4ca44d3fbc9301ee17f30f4d474e6ae4b05252/library/std/src/panicking.rs:520:19
[INFO] [stdout]   45:     0x574c42b51587 - std::panic::catch_unwind::h5afd514605fde46b
[INFO] [stdout]                                at /rustc/df4ca44d3fbc9301ee17f30f4d474e6ae4b05252/library/std/src/panic.rs:358:14
[INFO] [stdout]   46:     0x574c42b51587 - test::run_test_in_process::h0d5cbfa7067d1720
[INFO] [stdout]                                at /rustc/df4ca44d3fbc9301ee17f30f4d474e6ae4b05252/library/test/src/lib.rs:644:27
[INFO] [stdout]   47:     0x574c42b51587 - test::run_test::{{closure}}::h708eb8872708115d
[INFO] [stdout]                                at /rustc/df4ca44d3fbc9301ee17f30f4d474e6ae4b05252/library/test/src/lib.rs:565:43
[INFO] [stdout]   48:     0x574c42b14ca4 - test::run_test::{{closure}}::h392c51cee94713ab
[INFO] [stdout]                                at /rustc/df4ca44d3fbc9301ee17f30f4d474e6ae4b05252/library/test/src/lib.rs:595:41
[INFO] [stdout]   49:     0x574c42b14ca4 - std::sys::backtrace::__rust_begin_short_backtrace::h2f40290710935a8b
[INFO] [stdout]                                at /rustc/df4ca44d3fbc9301ee17f30f4d474e6ae4b05252/library/std/src/sys/backtrace.rs:154:18
[INFO] [stdout]   50:     0x574c42b1844e - std::thread::Builder::spawn_unchecked_::{{closure}}::{{closure}}::h3fd968d89053a903
[INFO] [stdout]                                at /rustc/df4ca44d3fbc9301ee17f30f4d474e6ae4b05252/library/std/src/thread/mod.rs:541:17
[INFO] [stdout]   51:     0x574c42b1844e - <core::panic::unwind_safe::AssertUnwindSafe<F> as core::ops::function::FnOnce<()>>::call_once::h743f637ba4229880
[INFO] [stdout]                                at /rustc/df4ca44d3fbc9301ee17f30f4d474e6ae4b05252/library/core/src/panic/unwind_safe.rs:272:9
[INFO] [stdout]   52:     0x574c42b1844e - std::panicking::try::do_call::h07440897322525a6
[INFO] [stdout]                                at /rustc/df4ca44d3fbc9301ee17f30f4d474e6ae4b05252/library/std/src/panicking.rs:557:40
[INFO] [stdout]   53:     0x574c42b1844e - std::panicking::try::he5a2e00188156637
[INFO] [stdout]                                at /rustc/df4ca44d3fbc9301ee17f30f4d474e6ae4b05252/library/std/src/panicking.rs:520:19
[INFO] [stdout]   54:     0x574c42b1844e - std::panic::catch_unwind::hbaf3cae49b3c6433
[INFO] [stdout]                                at /rustc/df4ca44d3fbc9301ee17f30f4d474e6ae4b05252/library/std/src/panic.rs:358:14
[INFO] [stdout]   55:     0x574c42b1844e - std::thread::Builder::spawn_unchecked_::{{closure}}::h8e141ea224820bce
[INFO] [stdout]                                at /rustc/df4ca44d3fbc9301ee17f30f4d474e6ae4b05252/library/std/src/thread/mod.rs:540:30
[INFO] [stdout]   56:     0x574c42b1844e - core::ops::function::FnOnce::call_once{{vtable.shim}}::h90d312fedd7b8ea8
[INFO] [stdout]                                at /rustc/df4ca44d3fbc9301ee17f30f4d474e6ae4b05252/library/core/src/ops/function.rs:250:5
[INFO] [stdout]   57:     0x574c431db07b - <alloc::boxed::Box<F,A> as core::ops::function::FnOnce<Args>>::call_once::h69aa08ddb6adb8b6
[INFO] [stdout]                                at /rustc/df4ca44d3fbc9301ee17f30f4d474e6ae4b05252/library/alloc/src/boxed.rs:2454:9
[INFO] [stdout]   58:     0x574c431db07b - <alloc::boxed::Box<F,A> as core::ops::function::FnOnce<Args>>::call_once::h5aa36efdb79c806f
[INFO] [stdout]                                at /rustc/df4ca44d3fbc9301ee17f30f4d474e6ae4b05252/library/alloc/src/boxed.rs:2454:9
[INFO] [stdout]   59:     0x574c431db07b - std::sys::pal::unix::thread::Thread::new::thread_start::h6cd80a1b4be5158d
[INFO] [stdout]                                at /rustc/df4ca44d3fbc9301ee17f30f4d474e6ae4b05252/library/std/src/sys/pal/unix/thread.rs:105:17
[INFO] [stdout]   60:     0x733eae442ac3 - <unknown>
[INFO] [stdout]   61:     0x733eae4d3a04 - clone
[INFO] [stdout]   62:                0x0 - <unknown>
[INFO] [stdout] 
[INFO] [stdout] ---- slaves::fetchers::tests::scraper_works stdout ----
[INFO] [stdout] thread 'slaves::fetchers::tests::scraper_works' panicked at src/slaves/fetchers.rs:193:14:
[INFO] [stdout] called `Result::unwrap()` on an `Err` value: reqwest::Error { kind: Request, url: Url { scheme: "http", cannot_be_a_base: false, username: "", password: None, host: Some(Domain("example.com")), port: None, path: "/", query: None, fragment: None }, source: hyper::Error(Connect, ConnectError("dns error", Custom { kind: Uncategorized, error: "failed to lookup address information: Temporary failure in name resolution" })) }
[INFO] [stdout] stack backtrace:
[INFO] [stdout]    0:     0x574c431d4bca - std::backtrace_rs::backtrace::libunwind::trace::h207520d6e9873551
[INFO] [stdout]                                at /rustc/df4ca44d3fbc9301ee17f30f4d474e6ae4b05252/library/std/src/../../backtrace/src/backtrace/libunwind.rs:116:5
[INFO] [stdout]    1:     0x574c431d4bca - std::backtrace_rs::backtrace::trace_unsynchronized::h2ed7433f370e3eca
[INFO] [stdout]                                at /rustc/df4ca44d3fbc9301ee17f30f4d474e6ae4b05252/library/std/src/../../backtrace/src/backtrace/mod.rs:66:5
[INFO] [stdout]    2:     0x574c431d4bca - std::sys::backtrace::_print_fmt::h916fac51166b18d7
[INFO] [stdout]                                at /rustc/df4ca44d3fbc9301ee17f30f4d474e6ae4b05252/library/std/src/sys/backtrace.rs:66:9
[INFO] [stdout]    3:     0x574c431d4bca - <std::sys::backtrace::BacktraceLock::print::DisplayBacktrace as core::fmt::Display>::fmt::ha0a4c9b8ce3802e6
[INFO] [stdout]                                at /rustc/df4ca44d3fbc9301ee17f30f4d474e6ae4b05252/library/std/src/sys/backtrace.rs:39:26
[INFO] [stdout]    4:     0x574c432009c3 - core::fmt::rt::Argument::fmt::h4cfc8587d52b3eb5
[INFO] [stdout]                                at /rustc/df4ca44d3fbc9301ee17f30f4d474e6ae4b05252/library/core/src/fmt/rt.rs:177:76
[INFO] [stdout]    5:     0x574c432009c3 - core::fmt::write::h522cc39e5b36ae9f
[INFO] [stdout]                                at /rustc/df4ca44d3fbc9301ee17f30f4d474e6ae4b05252/library/core/src/fmt/mod.rs:1190:21
[INFO] [stdout]    6:     0x574c431d0313 - std::io::Write::write_fmt::h7d3c26752da97734
[INFO] [stdout]                                at /rustc/df4ca44d3fbc9301ee17f30f4d474e6ae4b05252/library/std/src/io/mod.rs:1839:15
[INFO] [stdout]    7:     0x574c431d4a12 - std::sys::backtrace::BacktraceLock::print::h4b9e00b29e9c0942
[INFO] [stdout]                                at /rustc/df4ca44d3fbc9301ee17f30f4d474e6ae4b05252/library/std/src/sys/backtrace.rs:42:9
[INFO] [stdout]    8:     0x574c431d605a - std::panicking::default_hook::{{closure}}::hb59b88280d0324d9
[INFO] [stdout]                                at /rustc/df4ca44d3fbc9301ee17f30f4d474e6ae4b05252/library/std/src/panicking.rs:268:22
[INFO] [stdout]    9:     0x574c431d5e64 - std::panicking::default_hook::he1dd496665be4a29
[INFO] [stdout]                                at /rustc/df4ca44d3fbc9301ee17f30f4d474e6ae4b05252/library/std/src/panicking.rs:292:9
[INFO] [stdout]   10:     0x574c42b4d339 - <alloc::boxed::Box<F,A> as core::ops::function::Fn<Args>>::call::h4ff71de18744e1dc
[INFO] [stdout]                                at /rustc/df4ca44d3fbc9301ee17f30f4d474e6ae4b05252/library/alloc/src/boxed.rs:2468:9
[INFO] [stdout]   11:     0x574c42b4d339 - test::test_main::{{closure}}::hcf7c055ce117aa81
[INFO] [stdout]                                at /rustc/df4ca44d3fbc9301ee17f30f4d474e6ae4b05252/library/test/src/lib.rs:133:21
[INFO] [stdout]   12:     0x574c431d6758 - <alloc::boxed::Box<F,A> as core::ops::function::Fn<Args>>::call::h1d66c6bbd60c9692
[INFO] [stdout]                                at /rustc/df4ca44d3fbc9301ee17f30f4d474e6ae4b05252/library/alloc/src/boxed.rs:2468:9
[INFO] [stdout]   13:     0x574c431d6758 - std::panicking::rust_panic_with_hook::h2ff17fe8f26dfcf8
[INFO] [stdout]                                at /rustc/df4ca44d3fbc9301ee17f30f4d474e6ae4b05252/library/std/src/panicking.rs:809:13
[INFO] [stdout]   14:     0x574c431d651a - std::panicking::begin_panic_handler::{{closure}}::h4fad77951c07e101
[INFO] [stdout]                                at /rustc/df4ca44d3fbc9301ee17f30f4d474e6ae4b05252/library/std/src/panicking.rs:674:13
[INFO] [stdout]   15:     0x574c431d50a9 - std::sys::backtrace::__rust_end_short_backtrace::hb1a25b3da5d0ea08
[INFO] [stdout]                                at /rustc/df4ca44d3fbc9301ee17f30f4d474e6ae4b05252/library/std/src/sys/backtrace.rs:170:18
[INFO] [stdout]   16:     0x574c431d61ac - rust_begin_unwind
[INFO] [stdout]                                at /rustc/df4ca44d3fbc9301ee17f30f4d474e6ae4b05252/library/std/src/panicking.rs:665:5
[INFO] [stdout]   17:     0x574c431fe260 - core::panicking::panic_fmt::ha9db07b529f9b256
[INFO] [stdout]                                at /rustc/df4ca44d3fbc9301ee17f30f4d474e6ae4b05252/library/core/src/panicking.rs:75:14
[INFO] [stdout]   18:     0x574c431fe6e6 - core::result::unwrap_failed::h5e8218e4d4338b8a
[INFO] [stdout]                                at /rustc/df4ca44d3fbc9301ee17f30f4d474e6ae4b05252/library/core/src/result.rs:1698:5
[INFO] [stdout]   19:     0x574c429a55d5 - core::result::Result<T,E>::unwrap::h0faa33d74fda2586
[INFO] [stdout]                                at /rustc/df4ca44d3fbc9301ee17f30f4d474e6ae4b05252/library/core/src/result.rs:1103:23
[INFO] [stdout]   20:     0x574c429a55d5 - big_brother::slaves::fetchers::tests::scraper_works::{{closure}}::h9e4929d7ddbe1f20
[INFO] [stdout]                                at /opt/rustwide/workdir/src/slaves/fetchers.rs:191:25
[INFO] [stdout]   21:     0x574c428e6d6d - <core::pin::Pin<P> as core::future::future::Future>::poll::hebed460a4e49b2c5
[INFO] [stdout]                                at /rustc/df4ca44d3fbc9301ee17f30f4d474e6ae4b05252/library/core/src/future/future.rs:123:9
[INFO] [stdout]   22:     0x574c42a3682f - tokio::runtime::basic_scheduler::Inner<P>::block_on::{{closure}}::{{closure}}::hf63c0a3f72413a36
[INFO] [stdout]                                at /opt/rustwide/cargo-home/registry/src/index.crates.io-6f17d22bba15001f/tokio-1.10.0/src/runtime/basic_scheduler.rs:208:62
[INFO] [stdout]   23:     0x574c4297e823 - tokio::coop::with_budget::{{closure}}::h8e4799c933787a44
[INFO] [stdout]                                at /opt/rustwide/cargo-home/registry/src/index.crates.io-6f17d22bba15001f/tokio-1.10.0/src/coop.rs:106:9
[INFO] [stdout]   24:     0x574c4292a3ba - std::thread::local::LocalKey<T>::try_with::hb716ff1c59a67cd3
[INFO] [stdout]                                at /rustc/df4ca44d3fbc9301ee17f30f4d474e6ae4b05252/library/std/src/thread/local.rs:283:12
[INFO] [stdout]   25:     0x574c42927e2a - std::thread::local::LocalKey<T>::with::h4602135a4963753d
[INFO] [stdout]                                at /rustc/df4ca44d3fbc9301ee17f30f4d474e6ae4b05252/library/std/src/thread/local.rs:260:9
[INFO] [stdout]   26:     0x574c42a31fda - tokio::coop::with_budget::hbfe0da331fdc9a9f
[INFO] [stdout]                                at /opt/rustwide/cargo-home/registry/src/index.crates.io-6f17d22bba15001f/tokio-1.10.0/src/coop.rs:99:5
[INFO] [stdout]   27:     0x574c42a31fda - tokio::coop::budget::hfc5f5e4d78fd616f
[INFO] [stdout]                                at /opt/rustwide/cargo-home/registry/src/index.crates.io-6f17d22bba15001f/tokio-1.10.0/src/coop.rs:76:5
[INFO] [stdout]   28:     0x574c42a31fda - tokio::runtime::basic_scheduler::Inner<P>::block_on::{{closure}}::h2c774144950e2300
[INFO] [stdout]                                at /opt/rustwide/cargo-home/registry/src/index.crates.io-6f17d22bba15001f/tokio-1.10.0/src/runtime/basic_scheduler.rs:208:39
[INFO] [stdout]   29:     0x574c42a3b3ba - tokio::runtime::basic_scheduler::enter::{{closure}}::hf2a80b5008e71ff9
[INFO] [stdout]                                at /opt/rustwide/cargo-home/registry/src/index.crates.io-6f17d22bba15001f/tokio-1.10.0/src/runtime/basic_scheduler.rs:302:29
[INFO] [stdout]   30:     0x574c42991db5 - tokio::macros::scoped_tls::ScopedKey<T>::set::h707308efd58e1f7c
[INFO] [stdout]                                at /opt/rustwide/cargo-home/registry/src/index.crates.io-6f17d22bba15001f/tokio-1.10.0/src/macros/scoped_tls.rs:61:9
[INFO] [stdout]   31:     0x574c42a39e71 - tokio::runtime::basic_scheduler::enter::h7659416ba6fd3e63
[INFO] [stdout]                                at /opt/rustwide/cargo-home/registry/src/index.crates.io-6f17d22bba15001f/tokio-1.10.0/src/runtime/basic_scheduler.rs:302:5
[INFO] [stdout]   32:     0x574c42a314b3 - tokio::runtime::basic_scheduler::Inner<P>::block_on::h9cc23f4b8f87bb48
[INFO] [stdout]                                at /opt/rustwide/cargo-home/registry/src/index.crates.io-6f17d22bba15001f/tokio-1.10.0/src/runtime/basic_scheduler.rs:197:9
[INFO] [stdout]   33:     0x574c42a36a39 - tokio::runtime::basic_scheduler::InnerGuard<P>::block_on::h3654416f7d070354
[INFO] [stdout]                                at /opt/rustwide/cargo-home/registry/src/index.crates.io-6f17d22bba15001f/tokio-1.10.0/src/runtime/basic_scheduler.rs:448:9
[INFO] [stdout]   34:     0x574c42a37ae7 - tokio::runtime::basic_scheduler::BasicScheduler<P>::block_on::h4ab235eb415267e8
[INFO] [stdout]                                at /opt/rustwide/cargo-home/registry/src/index.crates.io-6f17d22bba15001f/tokio-1.10.0/src/runtime/basic_scheduler.rs:157:24
[INFO] [stdout]   35:     0x574c42a0a066 - tokio::runtime::Runtime::block_on::h65469a17a7f57487
[INFO] [stdout]                                at /opt/rustwide/cargo-home/registry/src/index.crates.io-6f17d22bba15001f/tokio-1.10.0/src/runtime/mod.rs:450:46
[INFO] [stdout]   36:     0x574c429a52f5 - big_brother::slaves::fetchers::tests::scraper_works::h6043ee7263984911
[INFO] [stdout]                                at /opt/rustwide/workdir/src/slaves/fetchers.rs:200:9
[INFO] [stdout]   37:     0x574c429a5227 - big_brother::slaves::fetchers::tests::scraper_works::{{closure}}::h2b44ba7ba5162c17
[INFO] [stdout]                                at /opt/rustwide/workdir/src/slaves/fetchers.rs:190:29
[INFO] [stdout]   38:     0x574c429f0ce6 - core::ops::function::FnOnce::call_once::h50ebc186adbf6844
[INFO] [stdout]                                at /rustc/df4ca44d3fbc9301ee17f30f4d474e6ae4b05252/library/core/src/ops/function.rs:250:5
[INFO] [stdout]   39:     0x574c42b51c0b - core::ops::function::FnOnce::call_once::h22c3ba5715e93f05
[INFO] [stdout]                                at /rustc/df4ca44d3fbc9301ee17f30f4d474e6ae4b05252/library/core/src/ops/function.rs:250:5
[INFO] [stdout]   40:     0x574c42b51c0b - test::__rust_begin_short_backtrace::h8e82d8113d0da17f
[INFO] [stdout]                                at /rustc/df4ca44d3fbc9301ee17f30f4d474e6ae4b05252/library/test/src/lib.rs:621:18
[INFO] [stdout]   41:     0x574c42b51587 - test::run_test_in_process::{{closure}}::h33235f4f20b7b7c7
[INFO] [stdout]                                at /rustc/df4ca44d3fbc9301ee17f30f4d474e6ae4b05252/library/test/src/lib.rs:644:60
[INFO] [stdout]   42:     0x574c42b51587 - <core::panic::unwind_safe::AssertUnwindSafe<F> as core::ops::function::FnOnce<()>>::call_once::hb5043206310c586f
[INFO] [stdout]                                at /rustc/df4ca44d3fbc9301ee17f30f4d474e6ae4b05252/library/core/src/panic/unwind_safe.rs:272:9
[INFO] [stdout]   43:     0x574c42b51587 - std::panicking::try::do_call::h9ad4731a60ab23e2
[INFO] [stdout]                                at /rustc/df4ca44d3fbc9301ee17f30f4d474e6ae4b05252/library/std/src/panicking.rs:557:40
[INFO] [stdout]   44:     0x574c42b51587 - std::panicking::try::h3824d23db772a716
[INFO] [stdout]                                at /rustc/df4ca44d3fbc9301ee17f30f4d474e6ae4b05252/library/std/src/panicking.rs:520:19
[INFO] [stdout]   45:     0x574c42b51587 - std::panic::catch_unwind::h5afd514605fde46b
[INFO] [stdout]                                at /rustc/df4ca44d3fbc9301ee17f30f4d474e6ae4b05252/library/std/src/panic.rs:358:14
[INFO] [stdout]   46:     0x574c42b51587 - test::run_test_in_process::h0d5cbfa7067d1720
[INFO] [stdout]                                at /rustc/df4ca44d3fbc9301ee17f30f4d474e6ae4b05252/library/test/src/lib.rs:644:27
[INFO] [stdout]   47:     0x574c42b51587 - test::run_test::{{closure}}::h708eb8872708115d
[INFO] [stdout]                                at /rustc/df4ca44d3fbc9301ee17f30f4d474e6ae4b05252/library/test/src/lib.rs:565:43
[INFO] [stdout]   48:     0x574c42b14ca4 - test::run_test::{{closure}}::h392c51cee94713ab
[INFO] [stdout]                                at /rustc/df4ca44d3fbc9301ee17f30f4d474e6ae4b05252/library/test/src/lib.rs:595:41
[INFO] [stdout]   49:     0x574c42b14ca4 - std::sys::backtrace::__rust_begin_short_backtrace::h2f40290710935a8b
[INFO] [stdout]                                at /rustc/df4ca44d3fbc9301ee17f30f4d474e6ae4b05252/library/std/src/sys/backtrace.rs:154:18
[INFO] [stdout]   50:     0x574c42b1844e - std::thread::Builder::spawn_unchecked_::{{closure}}::{{closure}}::h3fd968d89053a903
[INFO] [stdout]                                at /rustc/df4ca44d3fbc9301ee17f30f4d474e6ae4b05252/library/std/src/thread/mod.rs:541:17
[INFO] [stdout]   51:     0x574c42b1844e - <core::panic::unwind_safe::AssertUnwindSafe<F> as core::ops::function::FnOnce<()>>::call_once::h743f637ba4229880
[INFO] [stdout]                                at /rustc/df4ca44d3fbc9301ee17f30f4d474e6ae4b05252/library/core/src/panic/unwind_safe.rs:272:9
[INFO] [stdout]   52:     0x574c42b1844e - std::panicking::try::do_call::h07440897322525a6
[INFO] [stdout]                                at /rustc/df4ca44d3fbc9301ee17f30f4d474e6ae4b05252/library/std/src/panicking.rs:557:40
[INFO] [stdout]   53:     0x574c42b1844e - std::panicking::try::he5a2e00188156637
[INFO] [stdout]                                at /rustc/df4ca44d3fbc9301ee17f30f4d474e6ae4b05252/library/std/src/panicking.rs:520:19
[INFO] [stdout]   54:     0x574c42b1844e - std::panic::catch_unwind::hbaf3cae49b3c6433
[INFO] [stdout]                                at /rustc/df4ca44d3fbc9301ee17f30f4d474e6ae4b05252/library/std/src/panic.rs:358:14
[INFO] [stdout]   55:     0x574c42b1844e - std::thread::Builder::spawn_unchecked_::{{closure}}::h8e141ea224820bce
[INFO] [stdout]                                at /rustc/df4ca44d3fbc9301ee17f30f4d474e6ae4b05252/library/std/src/thread/mod.rs:540:30
[INFO] [stdout]   56:     0x574c42b1844e - core::ops::function::FnOnce::call_once{{vtable.shim}}::h90d312fedd7b8ea8
[INFO] [stdout]                                at /rustc/df4ca44d3fbc9301ee17f30f4d474e6ae4b05252/library/core/src/ops/function.rs:250:5
[INFO] [stdout]   57:     0x574c431db07b - <alloc::boxed::Box<F,A> as core::ops::function::FnOnce<Args>>::call_once::h69aa08ddb6adb8b6
[INFO] [stdout]                                at /rustc/df4ca44d3fbc9301ee17f30f4d474e6ae4b05252/library/alloc/src/boxed.rs:2454:9
[INFO] [stdout]   58:     0x574c431db07b - <alloc::boxed::Box<F,A> as core::ops::function::FnOnce<Args>>::call_once::h5aa36efdb79c806f
[INFO] [stdout]                                at /rustc/df4ca44d3fbc9301ee17f30f4d474e6ae4b05252/library/alloc/src/boxed.rs:2454:9
[INFO] [stdout]   59:     0x574c431db07b - std::sys::pal::unix::thread::Thread::new::thread_start::h6cd80a1b4be5158d
[INFO] [stdout]                                at /rustc/df4ca44d3fbc9301ee17f30f4d474e6ae4b05252/library/std/src/sys/pal/unix/thread.rs:105:17
[INFO] [stdout]   60:     0x733eae442ac3 - <unknown>
[INFO] [stdout]   61:     0x733eae4d3a04 - clone
[INFO] [stdout]   62:                0x0 - <unknown>
[INFO] [stdout] 
[INFO] [stdout] ---- slaves::daemon::tests::test_class_fetch_item stdout ----
[INFO] [stdout] Couldn't fetch any data in SimpleFetcher { config: FetcherConfig { client_type: Simple, items: [FetchItem { name: "translations", path: "#Content > div:nth-child(5)", primary: true, item_type: Class, related: [] }, FetchItem { name: "banner", path: "#Content > div:nth-child(7)", primary: true, item_type: Class, related: [] }], url: "https://www.lipsum.com/" } }
[INFO] [stdout] thread 'slaves::daemon::tests::test_class_fetch_item' panicked at src/slaves/daemon.rs:207:9:
[INFO] [stdout] assertion `left == right` failed
[INFO] [stdout]   left: []
[INFO] [stdout]  right: [[FoundItem { fetch_item: FetchItem { name: "translations", path: "#Content > div:nth-child(5)", primary: true, item_type: Class, related: [] }, content: Arr(["boxed"]), related: [] }, FoundItem { fetch_item: FetchItem { name: "banner", path: "#Content > div:nth-child(7)", primary: true, item_type: Class, related: [] }, content: Arr(["boxed"]), related: [] }]]
[INFO] [stdout] stack backtrace:
[INFO] [stdout]    0:     0x574c431d4bca - std::backtrace_rs::backtrace::libunwind::trace::h207520d6e9873551
[INFO] [stdout]                                at /rustc/df4ca44d3fbc9301ee17f30f4d474e6ae4b05252/library/std/src/../../backtrace/src/backtrace/libunwind.rs:116:5
[INFO] [stdout]    1:     0x574c431d4bca - std::backtrace_rs::backtrace::trace_unsynchronized::h2ed7433f370e3eca
[INFO] [stdout]                                at /rustc/df4ca44d3fbc9301ee17f30f4d474e6ae4b05252/library/std/src/../../backtrace/src/backtrace/mod.rs:66:5
[INFO] [stdout]    2:     0x574c431d4bca - std::sys::backtrace::_print_fmt::h916fac51166b18d7
[INFO] [stdout]                                at /rustc/df4ca44d3fbc9301ee17f30f4d474e6ae4b05252/library/std/src/sys/backtrace.rs:66:9
[INFO] [stdout]    3:     0x574c431d4bca - <std::sys::backtrace::BacktraceLock::print::DisplayBacktrace as core::fmt::Display>::fmt::ha0a4c9b8ce3802e6
[INFO] [stdout]                                at /rustc/df4ca44d3fbc9301ee17f30f4d474e6ae4b05252/library/std/src/sys/backtrace.rs:39:26
[INFO] [stdout]    4:     0x574c432009c3 - core::fmt::rt::Argument::fmt::h4cfc8587d52b3eb5
[INFO] [stdout]                                at /rustc/df4ca44d3fbc9301ee17f30f4d474e6ae4b05252/library/core/src/fmt/rt.rs:177:76
[INFO] [stdout]    5:     0x574c432009c3 - core::fmt::write::h522cc39e5b36ae9f
[INFO] [stdout]                                at /rustc/df4ca44d3fbc9301ee17f30f4d474e6ae4b05252/library/core/src/fmt/mod.rs:1190:21
[INFO] [stdout]    6:     0x574c431d0313 - std::io::Write::write_fmt::h7d3c26752da97734
[INFO] [stdout]                                at /rustc/df4ca44d3fbc9301ee17f30f4d474e6ae4b05252/library/std/src/io/mod.rs:1839:15
[INFO] [stdout]    7:     0x574c431d4a12 - std::sys::backtrace::BacktraceLock::print::h4b9e00b29e9c0942
[INFO] [stdout]                                at /rustc/df4ca44d3fbc9301ee17f30f4d474e6ae4b05252/library/std/src/sys/backtrace.rs:42:9
[INFO] [stdout]    8:     0x574c431d605a - std::panicking::default_hook::{{closure}}::hb59b88280d0324d9
[INFO] [stdout]                                at /rustc/df4ca44d3fbc9301ee17f30f4d474e6ae4b05252/library/std/src/panicking.rs:268:22
[INFO] [stdout]    9:     0x574c431d5e64 - std::panicking::default_hook::he1dd496665be4a29
[INFO] [stdout]                                at /rustc/df4ca44d3fbc9301ee17f30f4d474e6ae4b05252/library/std/src/panicking.rs:292:9
[INFO] [stdout]   10:     0x574c42b4d339 - <alloc::boxed::Box<F,A> as core::ops::function::Fn<Args>>::call::h4ff71de18744e1dc
[INFO] [stdout]                                at /rustc/df4ca44d3fbc9301ee17f30f4d474e6ae4b05252/library/alloc/src/boxed.rs:2468:9
[INFO] [stdout]   11:     0x574c42b4d339 - test::test_main::{{closure}}::hcf7c055ce117aa81
[INFO] [stdout]                                at /rustc/df4ca44d3fbc9301ee17f30f4d474e6ae4b05252/library/test/src/lib.rs:133:21
[INFO] [stdout]   12:     0x574c431d6758 - <alloc::boxed::Box<F,A> as core::ops::function::Fn<Args>>::call::h1d66c6bbd60c9692
[INFO] [stdout]                                at /rustc/df4ca44d3fbc9301ee17f30f4d474e6ae4b05252/library/alloc/src/boxed.rs:2468:9
[INFO] [stdout]   13:     0x574c431d6758 - std::panicking::rust_panic_with_hook::h2ff17fe8f26dfcf8
[INFO] [stdout]                                at /rustc/df4ca44d3fbc9301ee17f30f4d474e6ae4b05252/library/std/src/panicking.rs:809:13
[INFO] [stdout]   14:     0x574c431d651a - std::panicking::begin_panic_handler::{{closure}}::h4fad77951c07e101
[INFO] [stdout]                                at /rustc/df4ca44d3fbc9301ee17f30f4d474e6ae4b05252/library/std/src/panicking.rs:674:13
[INFO] [stdout]   15:     0x574c431d50a9 - std::sys::backtrace::__rust_end_short_backtrace::hb1a25b3da5d0ea08
[INFO] [stdout]                                at /rustc/df4ca44d3fbc9301ee17f30f4d474e6ae4b05252/library/std/src/sys/backtrace.rs:170:18
[INFO] [stdout]   16:     0x574c431d61ac - rust_begin_unwind
[INFO] [stdout]                                at /rustc/df4ca44d3fbc9301ee17f30f4d474e6ae4b05252/library/std/src/panicking.rs:665:5
[INFO] [stdout]   17:     0x574c431fe260 - core::panicking::panic_fmt::ha9db07b529f9b256
[INFO] [stdout]                                at /rustc/df4ca44d3fbc9301ee17f30f4d474e6ae4b05252/library/core/src/panicking.rs:75:14
[INFO] [stdout]   18:     0x574c431fe664 - core::panicking::assert_failed_inner::h04f38944d74a80a8
[INFO] [stdout]   19:     0x574c42a4bca9 - core::panicking::assert_failed::hf1b11ab7a629a79a
[INFO] [stdout]                                at /rustc/df4ca44d3fbc9301ee17f30f4d474e6ae4b05252/library/core/src/panicking.rs:377:5
[INFO] [stdout]   20:     0x574c42a46b44 - big_brother::slaves::daemon::tests::test_class_fetch_item::{{closure}}::h02f0ab2f1533e73a
[INFO] [stdout]                                at /opt/rustwide/workdir/src/slaves/daemon.rs:207:9
[INFO] [stdout]   21:     0x574c428e686d - <core::pin::Pin<P> as core::future::future::Future>::poll::h42b3e5266fdbc70c
[INFO] [stdout]                                at /rustc/df4ca44d3fbc9301ee17f30f4d474e6ae4b05252/library/core/src/future/future.rs:123:9
[INFO] [stdout]   22:     0x574c42a3611f - tokio::runtime::basic_scheduler::Inner<P>::block_on::{{closure}}::{{closure}}::h29a5deeb9b44a2fd
[INFO] [stdout]                                at /opt/rustwide/cargo-home/registry/src/index.crates.io-6f17d22bba15001f/tokio-1.10.0/src/runtime/basic_scheduler.rs:208:62
[INFO] [stdout]   23:     0x574c4297ea83 - tokio::coop::with_budget::{{closure}}::h9cba31d1082cf96b
[INFO] [stdout]                                at /opt/rustwide/cargo-home/registry/src/index.crates.io-6f17d22bba15001f/tokio-1.10.0/src/coop.rs:106:9
[INFO] [stdout]   24:     0x574c429293fa - std::thread::local::LocalKey<T>::try_with::h6b8bb6e6a061e884
[INFO] [stdout]                                at /rustc/df4ca44d3fbc9301ee17f30f4d474e6ae4b05252/library/std/src/thread/local.rs:283:12
[INFO] [stdout]   25:     0x574c42927e5a - std::thread::local::LocalKey<T>::with::h4a8349bb4381cb3b
[INFO] [stdout]                                at /rustc/df4ca44d3fbc9301ee17f30f4d474e6ae4b05252/library/std/src/thread/local.rs:260:9
[INFO] [stdout]   26:     0x574c42a3405a - tokio::coop::with_budget::h3f86dbffe8de880f
[INFO] [stdout]                                at /opt/rustwide/cargo-home/registry/src/index.crates.io-6f17d22bba15001f/tokio-1.10.0/src/coop.rs:99:5
[INFO] [stdout]   27:     0x574c42a3405a - tokio::coop::budget::h4a3aed1eac2ab198
[INFO] [stdout]                                at /opt/rustwide/cargo-home/registry/src/index.crates.io-6f17d22bba15001f/tokio-1.10.0/src/coop.rs:76:5
[INFO] [stdout]   28:     0x574c42a3405a - tokio::runtime::basic_scheduler::Inner<P>::block_on::{{closure}}::hbcf145f51b891b83
[INFO] [stdout]                                at /opt/rustwide/cargo-home/registry/src/index.crates.io-6f17d22bba15001f/tokio-1.10.0/src/runtime/basic_scheduler.rs:208:39
[INFO] [stdout]   29:     0x574c42a3b31a - tokio::runtime::basic_scheduler::enter::{{closure}}::h805ab5bccae8f1ab
[INFO] [stdout]                                at /opt/rustwide/cargo-home/registry/src/index.crates.io-6f17d22bba15001f/tokio-1.10.0/src/runtime/basic_scheduler.rs:302:29
[INFO] [stdout]   30:     0x574c42992355 - tokio::macros::scoped_tls::ScopedKey<T>::set::hfdbfb3c787806ea5
[INFO] [stdout]                                at /opt/rustwide/cargo-home/registry/src/index.crates.io-6f17d22bba15001f/tokio-1.10.0/src/macros/scoped_tls.rs:61:9
[INFO] [stdout]   31:     0x574c42a39b21 - tokio::runtime::basic_scheduler::enter::h73e10f9fb8f5752e
[INFO] [stdout]                                at /opt/rustwide/cargo-home/registry/src/index.crates.io-6f17d22bba15001f/tokio-1.10.0/src/runtime/basic_scheduler.rs:302:5
[INFO] [stdout]   32:     0x574c42a313f3 - tokio::runtime::basic_scheduler::Inner<P>::block_on::h217eb9be0ede5895
[INFO] [stdout]                                at /opt/rustwide/cargo-home/registry/src/index.crates.io-6f17d22bba15001f/tokio-1.10.0/src/runtime/basic_scheduler.rs:197:9
[INFO] [stdout]   33:     0x574c42a36989 - tokio::runtime::basic_scheduler::InnerGuard<P>::block_on::h3438a72d6c4be0fb
[INFO] [stdout]                                at /opt/rustwide/cargo-home/registry/src/index.crates.io-6f17d22bba15001f/tokio-1.10.0/src/runtime/basic_scheduler.rs:448:9
[INFO] [stdout]   34:     0x574c42a37797 - tokio::runtime::basic_scheduler::BasicScheduler<P>::block_on::h47337b533f45b673
[INFO] [stdout]                                at /opt/rustwide/cargo-home/registry/src/index.crates.io-6f17d22bba15001f/tokio-1.10.0/src/runtime/basic_scheduler.rs:157:24
[INFO] [stdout]   35:     0x574c42a09be6 - tokio::runtime::Runtime::block_on::h11bd29c22cafc3bf
[INFO] [stdout]                                at /opt/rustwide/cargo-home/registry/src/index.crates.io-6f17d22bba15001f/tokio-1.10.0/src/runtime/mod.rs:450:46
[INFO] [stdout]   36:     0x574c42a45947 - big_brother::slaves::daemon::tests::test_class_fetch_item::h0b3d7e6b04b2f3e5
[INFO] [stdout]                                at /opt/rustwide/workdir/src/slaves/daemon.rs:207:9
[INFO] [stdout]   37:     0x574c42a45877 - big_brother::slaves::daemon::tests::test_class_fetch_item::{{closure}}::h8a65ecd7c088d6ac
[INFO] [stdout]                                at /opt/rustwide/workdir/src/slaves/daemon.rs:167:37
[INFO] [stdout]   38:     0x574c429f0586 - core::ops::function::FnOnce::call_once::h3610358b1f84b922
[INFO] [stdout]                                at /rustc/df4ca44d3fbc9301ee17f30f4d474e6ae4b05252/library/core/src/ops/function.rs:250:5
[INFO] [stdout]   39:     0x574c42b51c0b - core::ops::function::FnOnce::call_once::h22c3ba5715e93f05
[INFO] [stdout]                                at /rustc/df4ca44d3fbc9301ee17f30f4d474e6ae4b05252/library/core/src/ops/function.rs:250:5
[INFO] [stdout]   40:     0x574c42b51c0b - test::__rust_begin_short_backtrace::h8e82d8113d0da17f
[INFO] [stdout]                                at /rustc/df4ca44d3fbc9301ee17f30f4d474e6ae4b05252/library/test/src/lib.rs:621:18
[INFO] [stdout]   41:     0x574c42b51587 - test::run_test_in_process::{{closure}}::h33235f4f20b7b7c7
[INFO] [stdout]                                at /rustc/df4ca44d3fbc9301ee17f30f4d474e6ae4b05252/library/test/src/lib.rs:644:60
[INFO] [stdout]   42:     0x574c42b51587 - <core::panic::unwind_safe::AssertUnwindSafe<F> as core::ops::function::FnOnce<()>>::call_once::hb5043206310c586f
[INFO] [stdout]                                at /rustc/df4ca44d3fbc9301ee17f30f4d474e6ae4b05252/library/core/src/panic/unwind_safe.rs:272:9
[INFO] [stdout]   43:     0x574c42b51587 - std::panicking::try::do_call::h9ad4731a60ab23e2
[INFO] [stdout]                                at /rustc/df4ca44d3fbc9301ee17f30f4d474e6ae4b05252/library/std/src/panicking.rs:557:40
[INFO] [stdout]   44:     0x574c42b51587 - std::panicking::try::h3824d23db772a716
[INFO] [stdout]                                at /rustc/df4ca44d3fbc9301ee17f30f4d474e6ae4b05252/library/std/src/panicking.rs:520:19
[INFO] [stdout]   45:     0x574c42b51587 - std::panic::catch_unwind::h5afd514605fde46b
[INFO] [stdout]                                at /rustc/df4ca44d3fbc9301ee17f30f4d474e6ae4b05252/library/std/src/panic.rs:358:14
[INFO] [stdout]   46:     0x574c42b51587 - test::run_test_in_process::h0d5cbfa7067d1720
[INFO] [stdout]                                at /rustc/df4ca44d3fbc9301ee17f30f4d474e6ae4b05252/library/test/src/lib.rs:644:27
[INFO] [stdout]   47:     0x574c42b51587 - test::run_test::{{closure}}::h708eb8872708115d
[INFO] [stdout]                                at /rustc/df4ca44d3fbc9301ee17f30f4d474e6ae4b05252/library/test/src/lib.rs:565:43
[INFO] [stdout]   48:     0x574c42b14ca4 - test::run_test::{{closure}}::h392c51cee94713ab
[INFO] [stdout]                                at /rustc/df4ca44d3fbc9301ee17f30f4d474e6ae4b05252/library/test/src/lib.rs:595:41
[INFO] [stdout]   49:     0x574c42b14ca4 - std::sys::backtrace::__rust_begin_short_backtrace::h2f40290710935a8b
[INFO] [stdout]                                at /rustc/df4ca44d3fbc9301ee17f30f4d474e6ae4b05252/library/std/src/sys/backtrace.rs:154:18
[INFO] [stdout]   50:     0x574c42b1844e - std::thread::Builder::spawn_unchecked_::{{closure}}::{{closure}}::h3fd968d89053a903
[INFO] [stdout]                                at /rustc/df4ca44d3fbc9301ee17f30f4d474e6ae4b05252/library/std/src/thread/mod.rs:541:17
[INFO] [stdout]   51:     0x574c42b1844e - <core::panic::unwind_safe::AssertUnwindSafe<F> as core::ops::function::FnOnce<()>>::call_once::h743f637ba4229880
[INFO] [stdout]                                at /rustc/df4ca44d3fbc9301ee17f30f4d474e6ae4b05252/library/core/src/panic/unwind_safe.rs:272:9
[INFO] [stdout]   52:     0x574c42b1844e - std::panicking::try::do_call::h07440897322525a6
[INFO] [stdout]                                at /rustc/df4ca44d3fbc9301ee17f30f4d474e6ae4b05252/library/std/src/panicking.rs:557:40
[INFO] [stdout]   53:     0x574c42b1844e - std::panicking::try::he5a2e00188156637
[INFO] [stdout]                                at /rustc/df4ca44d3fbc9301ee17f30f4d474e6ae4b05252/library/std/src/panicking.rs:520:19
[INFO] [stdout]   54:     0x574c42b1844e - std::panic::catch_unwind::hbaf3cae49b3c6433
[INFO] [stdout]                                at /rustc/df4ca44d3fbc9301ee17f30f4d474e6ae4b05252/library/std/src/panic.rs:358:14
[INFO] [stdout]   55:     0x574c42b1844e - std::thread::Builder::spawn_unchecked_::{{closure}}::h8e141ea224820bce
[INFO] [stdout]                                at /rustc/df4ca44d3fbc9301ee17f30f4d474e6ae4b05252/library/std/src/thread/mod.rs:540:30
[INFO] [stdout]   56:     0x574c42b1844e - core::ops::function::FnOnce::call_once{{vtable.shim}}::h90d312fedd7b8ea8
[INFO] [stdout]                                at /rustc/df4ca44d3fbc9301ee17f30f4d474e6ae4b05252/library/core/src/ops/function.rs:250:5
[INFO] [stdout]   57:     0x574c431db07b - <alloc::boxed::Box<F,A> as core::ops::function::FnOnce<Args>>::call_once::h69aa08ddb6adb8b6
[INFO] [stdout]                                at /rustc/df4ca44d3fbc9301ee17f30f4d474e6ae4b05252/library/alloc/src/boxed.rs:2454:9
[INFO] [stdout]   58:     0x574c431db07b - <alloc::boxed::Box<F,A> as core::ops::function::FnOnce<Args>>::call_once::h5aa36efdb79c806f
[INFO] [stdout]                                at /rustc/df4ca44d3fbc9301ee17f30f4d474e6ae4b05252/library/alloc/src/boxed.rs:2454:9
[INFO] [stdout]   59:     0x574c431db07b - std::sys::pal::unix::thread::Thread::new::thread_start::h6cd80a1b4be5158d
[INFO] [stdout]                                at /rustc/df4ca44d3fbc9301ee17f30f4d474e6ae4b05252/library/std/src/sys/pal/unix/thread.rs:105:17
[INFO] [stdout]   60:     0x733eae442ac3 - <unknown>
[INFO] [stdout]   61:     0x733eae4d3a04 - clone
[INFO] [stdout]   62:                0x0 - <unknown>
[INFO] [stdout] 
[INFO] [stdout] ---- slaves::fetchers::tests::reqwest_works stdout ----
[INFO] [stdout] thread 'slaves::fetchers::tests::reqwest_works' panicked at src/slaves/fetchers.rs:182:14:
[INFO] [stdout] called `Result::unwrap()` on an `Err` value: reqwest::Error { kind: Request, url: Url { scheme: "https", cannot_be_a_base: false, username: "", password: None, host: Some(Domain("httpbin.org")), port: None, path: "/ip", query: None, fragment: None }, source: hyper::Error(Connect, ConnectError("dns error", Custom { kind: Uncategorized, error: "failed to lookup address information: Temporary failure in name resolution" })) }
[INFO] [stdout] stack backtrace:
[INFO] [stdout]    0:     0x574c431d4bca - std::backtrace_rs::backtrace::libunwind::trace::h207520d6e9873551
[INFO] [stdout]                                at /rustc/df4ca44d3fbc9301ee17f30f4d474e6ae4b05252/library/std/src/../../backtrace/src/backtrace/libunwind.rs:116:5
[INFO] [stdout]    1:     0x574c431d4bca - std::backtrace_rs::backtrace::trace_unsynchronized::h2ed7433f370e3eca
[INFO] [stdout]                                at /rustc/df4ca44d3fbc9301ee17f30f4d474e6ae4b05252/library/std/src/../../backtrace/src/backtrace/mod.rs:66:5
[INFO] [stdout]    2:     0x574c431d4bca - std::sys::backtrace::_print_fmt::h916fac51166b18d7
[INFO] [stdout]                                at /rustc/df4ca44d3fbc9301ee17f30f4d474e6ae4b05252/library/std/src/sys/backtrace.rs:66:9
[INFO] [stdout]    3:     0x574c431d4bca - <std::sys::backtrace::BacktraceLock::print::DisplayBacktrace as core::fmt::Display>::fmt::ha0a4c9b8ce3802e6
[INFO] [stdout]                                at /rustc/df4ca44d3fbc9301ee17f30f4d474e6ae4b05252/library/std/src/sys/backtrace.rs:39:26
[INFO] [stdout]    4:     0x574c432009c3 - core::fmt::rt::Argument::fmt::h4cfc8587d52b3eb5
[INFO] [stdout]                                at /rustc/df4ca44d3fbc9301ee17f30f4d474e6ae4b05252/library/core/src/fmt/rt.rs:177:76
[INFO] [stdout]    5:     0x574c432009c3 - core::fmt::write::h522cc39e5b36ae9f
[INFO] [stdout]                                at /rustc/df4ca44d3fbc9301ee17f30f4d474e6ae4b05252/library/core/src/fmt/mod.rs:1190:21
[INFO] [stdout]    6:     0x574c431d0313 - std::io::Write::write_fmt::h7d3c26752da97734
[INFO] [stdout]                                at /rustc/df4ca44d3fbc9301ee17f30f4d474e6ae4b05252/library/std/src/io/mod.rs:1839:15
[INFO] [stdout]    7:     0x574c431d4a12 - std::sys::backtrace::BacktraceLock::print::h4b9e00b29e9c0942
[INFO] [stdout]                                at /rustc/df4ca44d3fbc9301ee17f30f4d474e6ae4b05252/library/std/src/sys/backtrace.rs:42:9
[INFO] [stdout]    8:     0x574c431d605a - std::panicking::default_hook::{{closure}}::hb59b88280d0324d9
[INFO] [stdout]                                at /rustc/df4ca44d3fbc9301ee17f30f4d474e6ae4b05252/library/std/src/panicking.rs:268:22
[INFO] [stdout]    9:     0x574c431d5e64 - std::panicking::default_hook::he1dd496665be4a29
[INFO] [stdout]                                at /rustc/df4ca44d3fbc9301ee17f30f4d474e6ae4b05252/library/std/src/panicking.rs:292:9
[INFO] [stdout]   10:     0x574c42b4d339 - <alloc::boxed::Box<F,A> as core::ops::function::Fn<Args>>::call::h4ff71de18744e1dc
[INFO] [stdout]                                at /rustc/df4ca44d3fbc9301ee17f30f4d474e6ae4b05252/library/alloc/src/boxed.rs:2468:9
[INFO] [stdout]   11:     0x574c42b4d339 - test::test_main::{{closure}}::hcf7c055ce117aa81
[INFO] [stdout]                                at /rustc/df4ca44d3fbc9301ee17f30f4d474e6ae4b05252/library/test/src/lib.rs:133:21
[INFO] [stdout]   12:     0x574c431d6758 - <alloc::boxed::Box<F,A> as core::ops::function::Fn<Args>>::call::h1d66c6bbd60c9692
[INFO] [stdout]                                at /rustc/df4ca44d3fbc9301ee17f30f4d474e6ae4b05252/library/alloc/src/boxed.rs:2468:9
[INFO] [stdout]   13:     0x574c431d6758 - std::panicking::rust_panic_with_hook::h2ff17fe8f26dfcf8
[INFO] [stdout]                                at /rustc/df4ca44d3fbc9301ee17f30f4d474e6ae4b05252/library/std/src/panicking.rs:809:13
[INFO] [stdout]   14:     0x574c431d651a - std::panicking::begin_panic_handler::{{closure}}::h4fad77951c07e101
[INFO] [stdout]                                at /rustc/df4ca44d3fbc9301ee17f30f4d474e6ae4b05252/library/std/src/panicking.rs:674:13
[INFO] [stdout]   15:     0x574c431d50a9 - std::sys::backtrace::__rust_end_short_backtrace::hb1a25b3da5d0ea08
[INFO] [stdout]                                at /rustc/df4ca44d3fbc9301ee17f30f4d474e6ae4b05252/library/std/src/sys/backtrace.rs:170:18
[INFO] [stdout]   16:     0x574c431d61ac - rust_begin_unwind
[INFO] [stdout]                                at /rustc/df4ca44d3fbc9301ee17f30f4d474e6ae4b05252/library/std/src/panicking.rs:665:5
[INFO] [stdout]   17:     0x574c431fe260 - core::panicking::panic_fmt::ha9db07b529f9b256
[INFO] [stdout]                                at /rustc/df4ca44d3fbc9301ee17f30f4d474e6ae4b05252/library/core/src/panicking.rs:75:14
[INFO] [stdout]   18:     0x574c431fe6e6 - core::result::unwrap_failed::h5e8218e4d4338b8a
[INFO] [stdout]                                at /rustc/df4ca44d3fbc9301ee17f30f4d474e6ae4b05252/library/core/src/result.rs:1698:5
[INFO] [stdout]   19:     0x574c429a4f30 - core::result::Result<T,E>::unwrap::h0faa33d74fda2586
[INFO] [stdout]                                at /rustc/df4ca44d3fbc9301ee17f30f4d474e6ae4b05252/library/core/src/result.rs:1103:23
[INFO] [stdout]   20:     0x574c429a4f30 - big_brother::slaves::fetchers::tests::reqwest_works::{{closure}}::he6247e381ad4c38c
[INFO] [stdout]                                at /opt/rustwide/workdir/src/slaves/fetchers.rs:180:20
[INFO] [stdout]   21:     0x574c428e6a6d - <core::pin::Pin<P> as core::future::future::Future>::poll::h8580c65c07a19d3a
[INFO] [stdout]                                at /rustc/df4ca44d3fbc9301ee17f30f4d474e6ae4b05252/library/core/src/future/future.rs:123:9
[INFO] [stdout]   22:     0x574c42a365bf - tokio::runtime::basic_scheduler::Inner<P>::block_on::{{closure}}::{{closure}}::ha95141c71858ff44
[INFO] [stdout]                                at /opt/rustwide/cargo-home/registry/src/index.crates.io-6f17d22bba15001f/tokio-1.10.0/src/runtime/basic_scheduler.rs:208:62
[INFO] [stdout]   23:     0x574c4297ef43 - tokio::coop::with_budget::{{closure}}::hb7a24e88f2b92e23
[INFO] [stdout]                                at /opt/rustwide/cargo-home/registry/src/index.crates.io-6f17d22bba15001f/tokio-1.10.0/src/coop.rs:106:9
[INFO] [stdout]   24:     0x574c42928fca - std::thread::local::LocalKey<T>::try_with::h4f47575b9dd613f7
[INFO] [stdout]                                at /rustc/df4ca44d3fbc9301ee17f30f4d474e6ae4b05252/library/std/src/thread/local.rs:283:12
[INFO] [stdout]   25:     0x574c429281fa - std::thread::local::LocalKey<T>::with::hd32c52adbaf2827e
[INFO] [stdout]                                at /rustc/df4ca44d3fbc9301ee17f30f4d474e6ae4b05252/library/std/src/thread/local.rs:260:9
[INFO] [stdout]   26:     0x574c42a3487a - tokio::coop::with_budget::hb79d23163b78c5b5
[INFO] [stdout]                                at /opt/rustwide/cargo-home/registry/src/index.crates.io-6f17d22bba15001f/tokio-1.10.0/src/coop.rs:99:5
[INFO] [stdout]   27:     0x574c42a3487a - tokio::coop::budget::h4ef5140cf861422b
[INFO] [stdout]                                at /opt/rustwide/cargo-home/registry/src/index.crates.io-6f17d22bba15001f/tokio-1.10.0/src/coop.rs:76:5
[INFO] [stdout]   28:     0x574c42a3487a - tokio::runtime::basic_scheduler::Inner<P>::block_on::{{closure}}::hbfeac037186c5de0
[INFO] [stdout]                                at /opt/rustwide/cargo-home/registry/src/index.crates.io-6f17d22bba15001f/tokio-1.10.0/src/runtime/basic_scheduler.rs:208:39
[INFO] [stdout]   29:     0x574c42a3b35a - tokio::runtime::basic_scheduler::enter::{{closure}}::h9767abe919a4ab2e
[INFO] [stdout]                                at /opt/rustwide/cargo-home/registry/src/index.crates.io-6f17d22bba15001f/tokio-1.10.0/src/runtime/basic_scheduler.rs:302:29
[INFO] [stdout]   30:     0x574c42992085 - tokio::macros::scoped_tls::ScopedKey<T>::set::hb5cd95319eeac91e
[INFO] [stdout]                                at /opt/rustwide/cargo-home/registry/src/index.crates.io-6f17d22bba15001f/tokio-1.10.0/src/macros/scoped_tls.rs:61:9
[INFO] [stdout]   31:     0x574c42a3abb1 - tokio::runtime::basic_scheduler::enter::h87942155476fda35
[INFO] [stdout]                                at /opt/rustwide/cargo-home/registry/src/index.crates.io-6f17d22bba15001f/tokio-1.10.0/src/runtime/basic_scheduler.rs:302:5
[INFO] [stdout]   32:     0x574c42a31473 - tokio::runtime::basic_scheduler::Inner<P>::block_on::h87dbb19c4268909c
[INFO] [stdout]                                at /opt/rustwide/cargo-home/registry/src/index.crates.io-6f17d22bba15001f/tokio-1.10.0/src/runtime/basic_scheduler.rs:197:9
[INFO] [stdout]   33:     0x574c42a36e59 - tokio::runtime::basic_scheduler::InnerGuard<P>::block_on::hdbd98662ec4826eb
[INFO] [stdout]                                at /opt/rustwide/cargo-home/registry/src/index.crates.io-6f17d22bba15001f/tokio-1.10.0/src/runtime/basic_scheduler.rs:448:9
[INFO] [stdout]   34:     0x574c42a38b77 - tokio::runtime::basic_scheduler::BasicScheduler<P>::block_on::hec6f942093bce189
[INFO] [stdout]                                at /opt/rustwide/cargo-home/registry/src/index.crates.io-6f17d22bba15001f/tokio-1.10.0/src/runtime/basic_scheduler.rs:157:24
[INFO] [stdout]   35:     0x574c42a09a66 - tokio::runtime::Runtime::block_on::h114e871a90e800cd
[INFO] [stdout]                                at /opt/rustwide/cargo-home/registry/src/index.crates.io-6f17d22bba15001f/tokio-1.10.0/src/runtime/mod.rs:450:46
[INFO] [stdout]   36:     0x574c429a4c67 - big_brother::slaves::fetchers::tests::reqwest_works::hbc9885a0b1757449
[INFO] [stdout]                                at /opt/rustwide/workdir/src/slaves/fetchers.rs:186:9
[INFO] [stdout]   37:     0x574c429a4b97 - big_brother::slaves::fetchers::tests::reqwest_works::{{closure}}::h921fd3ac83abbd59
[INFO] [stdout]                                at /opt/rustwide/workdir/src/slaves/fetchers.rs:179:29
[INFO] [stdout]   38:     0x574c429f2146 - core::ops::function::FnOnce::call_once::haa4e928def66aaed
[INFO] [stdout]                                at /rustc/df4ca44d3fbc9301ee17f30f4d474e6ae4b05252/library/core/src/ops/function.rs:250:5
[INFO] [stdout]   39:     0x574c42b51c0b - core::ops::function::FnOnce::call_once::h22c3ba5715e93f05
[INFO] [stdout]                                at /rustc/df4ca44d3fbc9301ee17f30f4d474e6ae4b05252/library/core/src/ops/function.rs:250:5
[INFO] [stdout]   40:     0x574c42b51c0b - test::__rust_begin_short_backtrace::h8e82d8113d0da17f
[INFO] [stdout]                                at /rustc/df4ca44d3fbc9301ee17f30f4d474e6ae4b05252/library/test/src/lib.rs:621:18
[INFO] [stdout]   41:     0x574c42b51587 - test::run_test_in_process::{{closure}}::h33235f4f20b7b7c7
[INFO] [stdout]                                at /rustc/df4ca44d3fbc9301ee17f30f4d474e6ae4b05252/library/test/src/lib.rs:644:60
[INFO] [stdout]   42:     0x574c42b51587 - <core::panic::unwind_safe::AssertUnwindSafe<F> as core::ops::function::FnOnce<()>>::call_once::hb5043206310c586f
[INFO] [stdout]                                at /rustc/df4ca44d3fbc9301ee17f30f4d474e6ae4b05252/library/core/src/panic/unwind_safe.rs:272:9
[INFO] [stdout]   43:     0x574c42b51587 - std::panicking::try::do_call::h9ad4731a60ab23e2
[INFO] [stdout]                                at /rustc/df4ca44d3fbc9301ee17f30f4d474e6ae4b05252/library/std/src/panicking.rs:557:40
[INFO] [stdout]   44:     0x574c42b51587 - std::panicking::try::h3824d23db772a716
[INFO] [stdout]                                at /rustc/df4ca44d3fbc9301ee17f30f4d474e6ae4b05252/library/std/src/panicking.rs:520:19
[INFO] [stdout]   45:     0x574c42b51587 - std::panic::catch_unwind::h5afd514605fde46b
[INFO] [stdout]                                at /rustc/df4ca44d3fbc9301ee17f30f4d474e6ae4b05252/library/std/src/panic.rs:358:14
[INFO] [stdout]   46:     0x574c42b51587 - test::run_test_in_process::h0d5cbfa7067d1720
[INFO] [stdout]                                at /rustc/df4ca44d3fbc9301ee17f30f4d474e6ae4b05252/library/test/src/lib.rs:644:27
[INFO] [stdout]   47:     0x574c42b51587 - test::run_test::{{closure}}::h708eb8872708115d
[INFO] [stdout]                                at /rustc/df4ca44d3fbc9301ee17f30f4d474e6ae4b05252/library/test/src/lib.rs:565:43
[INFO] [stdout]   48:     0x574c42b14ca4 - test::run_test::{{closure}}::h392c51cee94713ab
[INFO] [stdout]                                at /rustc/df4ca44d3fbc9301ee17f30f4d474e6ae4b05252/library/test/src/lib.rs:595:41
[INFO] [stdout]   49:     0x574c42b14ca4 - std::sys::backtrace::__rust_begin_short_backtrace::h2f40290710935a8b
[INFO] [stdout]                                at /rustc/df4ca44d3fbc9301ee17f30f4d474e6ae4b05252/library/std/src/sys/backtrace.rs:154:18
[INFO] [stdout]   50:     0x574c42b1844e - std::thread::Builder::spawn_unchecked_::{{closure}}::{{closure}}::h3fd968d89053a903
[INFO] [stdout]                                at /rustc/df4ca44d3fbc9301ee17f30f4d474e6ae4b05252/library/std/src/thread/mod.rs:541:17
[INFO] [stdout]   51:     0x574c42b1844e - <core::panic::unwind_safe::AssertUnwindSafe<F> as core::ops::function::FnOnce<()>>::call_once::h743f637ba4229880
[INFO] [stdout]                                at /rustc/df4ca44d3fbc9301ee17f30f4d474e6ae4b05252/library/core/src/panic/unwind_safe.rs:272:9
[INFO] [stdout]   52:     0x574c42b1844e - std::panicking::try::do_call::h07440897322525a6
[INFO] [stdout]                                at /rustc/df4ca44d3fbc9301ee17f30f4d474e6ae4b05252/library/std/src/panicking.rs:557:40
[INFO] [stdout]   53:     0x574c42b1844e - std::panicking::try::he5a2e00188156637
[INFO] [stdout]                                at /rustc/df4ca44d3fbc9301ee17f30f4d474e6ae4b05252/library/std/src/panicking.rs:520:19
[INFO] [stdout]   54:     0x574c42b1844e - std::panic::catch_unwind::hbaf3cae49b3c6433
[INFO] [stdout]                                at /rustc/df4ca44d3fbc9301ee17f30f4d474e6ae4b05252/library/std/src/panic.rs:358:14
[INFO] [stdout]   55:     0x574c42b1844e - std::thread::Builder::spawn_unchecked_::{{closure}}::h8e141ea224820bce
[INFO] [stdout]                                at /rustc/df4ca44d3fbc9301ee17f30f4d474e6ae4b05252/library/std/src/thread/mod.rs:540:30
[INFO] [stdout]   56:     0x574c42b1844e - core::ops::function::FnOnce::call_once{{vtable.shim}}::h90d312fedd7b8ea8
[INFO] [stdout]                                at /rustc/df4ca44d3fbc9301ee17f30f4d474e6ae4b05252/library/core/src/ops/function.rs:250:5
[INFO] [stdout]   57:     0x574c431db07b - <alloc::boxed::Box<F,A> as core::ops::function::FnOnce<Args>>::call_once::h69aa08ddb6adb8b6
[INFO] [stdout]                                at /rustc/df4ca44d3fbc9301ee17f30f4d474e6ae4b05252/library/alloc/src/boxed.rs:2454:9
[INFO] [stdout]   58:     0x574c431db07b - <alloc::boxed::Box<F,A> as core::ops::function::FnOnce<Args>>::call_once::h5aa36efdb79c806f
[INFO] [stdout]                                at /rustc/df4ca44d3fbc9301ee17f30f4d474e6ae4b05252/library/alloc/src/boxed.rs:2454:9
[INFO] [stdout]   59:     0x574c431db07b - std::sys::pal::unix::thread::Thread::new::thread_start::h6cd80a1b4be5158d
[INFO] [stdout]                                at /rustc/df4ca44d3fbc9301ee17f30f4d474e6ae4b05252/library/std/src/sys/pal/unix/thread.rs:105:17
[INFO] [stdout]   60:     0x733eae442ac3 - <unknown>
[INFO] [stdout]   61:     0x733eae4d3a04 - clone
[INFO] [stdout]   62:                0x0 - <unknown>
[INFO] [stdout] 
[INFO] [stdout] ---- slaves::daemon::tests::test_mixed_items stdout ----
[INFO] [stdout] Couldn't fetch any data in SimpleFetcher { config: FetcherConfig { client_type: Simple, items: [FetchItem { name: "translations", path: "#Content > div:nth-child(5)", primary: false, item_type: Class, related: [] }, FetchItem { name: "item1", path: "#Content > div:nth-child(5) > strong", primary: true, item_type: Text, related: [FetchItem { name: "translations", path: "#Content > div:nth-child(5)", primary: false, item_type: Class, related: [] }] }], url: "https://www.lipsum.com/" } }
[INFO] [stdout] thread 'slaves::daemon::tests::test_mixed_items' panicked at src/slaves/daemon.rs:250:9:
[INFO] [stdout] assertion `left == right` failed
[INFO] [stdout]   left: []
[INFO] [stdout]  right: [[FoundItem { fetch_item: FetchItem { name: "item1", path: "#Content > div:nth-child(5) > strong", primary: true, item_type: Text, related: [FetchItem { name: "translations", path: "#Content > div:nth-child(5)", primary: false, item_type: Class, related: [] }] }, content: Str("Translations:"), related: [Some(FoundItem { fetch_item: FetchItem { name: "translations", path: "#Content > div:nth-child(5)", primary: false, item_type: Class, related: [] }, content: Arr(["boxed"]), related: [] })] }]]
[INFO] [stdout] stack backtrace:
[INFO] [stdout]    0:     0x574c431d4bca - std::backtrace_rs::backtrace::libunwind::trace::h207520d6e9873551
[INFO] [stdout]                                at /rustc/df4ca44d3fbc9301ee17f30f4d474e6ae4b05252/library/std/src/../../backtrace/src/backtrace/libunwind.rs:116:5
[INFO] [stdout]    1:     0x574c431d4bca - std::backtrace_rs::backtrace::trace_unsynchronized::h2ed7433f370e3eca
[INFO] [stdout]                                at /rustc/df4ca44d3fbc9301ee17f30f4d474e6ae4b05252/library/std/src/../../backtrace/src/backtrace/mod.rs:66:5
[INFO] [stdout]    2:     0x574c431d4bca - std::sys::backtrace::_print_fmt::h916fac51166b18d7
[INFO] [stdout]                                at /rustc/df4ca44d3fbc9301ee17f30f4d474e6ae4b05252/library/std/src/sys/backtrace.rs:66:9
[INFO] [stdout]    3:     0x574c431d4bca - <std::sys::backtrace::BacktraceLock::print::DisplayBacktrace as core::fmt::Display>::fmt::ha0a4c9b8ce3802e6
[INFO] [stdout]                                at /rustc/df4ca44d3fbc9301ee17f30f4d474e6ae4b05252/library/std/src/sys/backtrace.rs:39:26
[INFO] [stdout]    4:     0x574c432009c3 - core::fmt::rt::Argument::fmt::h4cfc8587d52b3eb5
[INFO] [stdout]                                at /rustc/df4ca44d3fbc9301ee17f30f4d474e6ae4b05252/library/core/src/fmt/rt.rs:177:76
[INFO] [stdout]    5:     0x574c432009c3 - core::fmt::write::h522cc39e5b36ae9f
[INFO] [stdout]                                at /rustc/df4ca44d3fbc9301ee17f30f4d474e6ae4b05252/library/core/src/fmt/mod.rs:1190:21
[INFO] [stdout]    6:     0x574c431d0313 - std::io::Write::write_fmt::h7d3c26752da97734
[INFO] [stdout]                                at /rustc/df4ca44d3fbc9301ee17f30f4d474e6ae4b05252/library/std/src/io/mod.rs:1839:15
[INFO] [stdout]    7:     0x574c431d4a12 - std::sys::backtrace::BacktraceLock::print::h4b9e00b29e9c0942
[INFO] [stdout]                                at /rustc/df4ca44d3fbc9301ee17f30f4d474e6ae4b05252/library/std/src/sys/backtrace.rs:42:9
[INFO] [stdout]    8:     0x574c431d605a - std::panicking::default_hook::{{closure}}::hb59b88280d0324d9
[INFO] [stdout]                                at /rustc/df4ca44d3fbc9301ee17f30f4d474e6ae4b05252/library/std/src/panicking.rs:268:22
[INFO] [stdout]    9:     0x574c431d5e64 - std::panicking::default_hook::he1dd496665be4a29
[INFO] [stdout]                                at /rustc/df4ca44d3fbc9301ee17f30f4d474e6ae4b05252/library/std/src/panicking.rs:292:9
[INFO] [stdout]   10:     0x574c42b4d339 - <alloc::boxed::Box<F,A> as core::ops::function::Fn<Args>>::call::h4ff71de18744e1dc
[INFO] [stdout]                                at /rustc/df4ca44d3fbc9301ee17f30f4d474e6ae4b05252/library/alloc/src/boxed.rs:2468:9
[INFO] [stdout]   11:     0x574c42b4d339 - test::test_main::{{closure}}::hcf7c055ce117aa81
[INFO] [stdout]                                at /rustc/df4ca44d3fbc9301ee17f30f4d474e6ae4b05252/library/test/src/lib.rs:133:21
[INFO] [stdout]   12:     0x574c431d6758 - <alloc::boxed::Box<F,A> as core::ops::function::Fn<Args>>::call::h1d66c6bbd60c9692
[INFO] [stdout]                                at /rustc/df4ca44d3fbc9301ee17f30f4d474e6ae4b05252/library/alloc/src/boxed.rs:2468:9
[INFO] [stdout]   13:     0x574c431d6758 - std::panicking::rust_panic_with_hook::h2ff17fe8f26dfcf8
[INFO] [stdout]                                at /rustc/df4ca44d3fbc9301ee17f30f4d474e6ae4b05252/library/std/src/panicking.rs:809:13
[INFO] [stdout]   14:     0x574c431d651a - std::panicking::begin_panic_handler::{{closure}}::h4fad77951c07e101
[INFO] [stdout]                                at /rustc/df4ca44d3fbc9301ee17f30f4d474e6ae4b05252/library/std/src/panicking.rs:674:13
[INFO] [stdout]   15:     0x574c431d50a9 - std::sys::backtrace::__rust_end_short_backtrace::hb1a25b3da5d0ea08
[INFO] [stdout]                                at /rustc/df4ca44d3fbc9301ee17f30f4d474e6ae4b05252/library/std/src/sys/backtrace.rs:170:18
[INFO] [stdout]   16:     0x574c431d61ac - rust_begin_unwind
[INFO] [stdout]                                at /rustc/df4ca44d3fbc9301ee17f30f4d474e6ae4b05252/library/std/src/panicking.rs:665:5
[INFO] [stdout]   17:     0x574c431fe260 - core::panicking::panic_fmt::ha9db07b529f9b256
[INFO] [stdout]                                at /rustc/df4ca44d3fbc9301ee17f30f4d474e6ae4b05252/library/core/src/panicking.rs:75:14
[INFO] [stdout]   18:     0x574c431fe664 - core::panicking::assert_failed_inner::h04f38944d74a80a8
[INFO] [stdout]   19:     0x574c42a4bca9 - core::panicking::assert_failed::hf1b11ab7a629a79a
[INFO] [stdout]                                at /rustc/df4ca44d3fbc9301ee17f30f4d474e6ae4b05252/library/core/src/panicking.rs:377:5
[INFO] [stdout]   20:     0x574c42a48003 - big_brother::slaves::daemon::tests::test_mixed_items::{{closure}}::h752e64c21eb53257
[INFO] [stdout]                                at /opt/rustwide/workdir/src/slaves/daemon.rs:250:9
[INFO] [stdout]   21:     0x574c428e698d - <core::pin::Pin<P> as core::future::future::Future>::poll::h50e48252272edb37
[INFO] [stdout]                                at /rustc/df4ca44d3fbc9301ee17f30f4d474e6ae4b05252/library/core/src/future/future.rs:123:9
[INFO] [stdout]   22:     0x574c42a3633f - tokio::runtime::basic_scheduler::Inner<P>::block_on::{{closure}}::{{closure}}::h7c591329caac064a
[INFO] [stdout]                                at /opt/rustwide/cargo-home/registry/src/index.crates.io-6f17d22bba15001f/tokio-1.10.0/src/runtime/basic_scheduler.rs:208:62
[INFO] [stdout]   23:     0x574c4297f9f3 - tokio::coop::with_budget::{{closure}}::hde6db7d54c2936fa
[INFO] [stdout]                                at /opt/rustwide/cargo-home/registry/src/index.crates.io-6f17d22bba15001f/tokio-1.10.0/src/coop.rs:106:9
[INFO] [stdout]   24:     0x574c4292a09a - std::thread::local::LocalKey<T>::try_with::ha87d029f134e06b7
[INFO] [stdout]                                at /rustc/df4ca44d3fbc9301ee17f30f4d474e6ae4b05252/library/std/src/thread/local.rs:283:12
[INFO] [stdout]   25:     0x574c42927c0a - std::thread::local::LocalKey<T>::with::h20caf2dae2274d09
[INFO] [stdout]                                at /rustc/df4ca44d3fbc9301ee17f30f4d474e6ae4b05252/library/std/src/thread/local.rs:260:9
[INFO] [stdout]   26:     0x574c42a3509a - tokio::coop::with_budget::h488c797760fa6819
[INFO] [stdout]                                at /opt/rustwide/cargo-home/registry/src/index.crates.io-6f17d22bba15001f/tokio-1.10.0/src/coop.rs:99:5
[INFO] [stdout]   27:     0x574c42a3509a - tokio::coop::budget::hecd29ba95e76b657
[INFO] [stdout]                                at /opt/rustwide/cargo-home/registry/src/index.crates.io-6f17d22bba15001f/tokio-1.10.0/src/coop.rs:76:5
[INFO] [stdout]   28:     0x574c42a3509a - tokio::runtime::basic_scheduler::Inner<P>::block_on::{{closure}}::hc4b5847c7785de66
[INFO] [stdout]                                at /opt/rustwide/cargo-home/registry/src/index.crates.io-6f17d22bba15001f/tokio-1.10.0/src/runtime/basic_scheduler.rs:208:39
[INFO] [stdout]   29:     0x574c42a3b2ba - tokio::runtime::basic_scheduler::enter::{{closure}}::h028bb5b5f48d6543
[INFO] [stdout]                                at /opt/rustwide/cargo-home/registry/src/index.crates.io-6f17d22bba15001f/tokio-1.10.0/src/runtime/basic_scheduler.rs:302:29
[INFO] [stdout]   30:     0x574c42991ea5 - tokio::macros::scoped_tls::ScopedKey<T>::set::h81410962636b5434
[INFO] [stdout]                                at /opt/rustwide/cargo-home/registry/src/index.crates.io-6f17d22bba15001f/tokio-1.10.0/src/macros/scoped_tls.rs:61:9
[INFO] [stdout]   31:     0x574c42a397d1 - tokio::runtime::basic_scheduler::enter::h0a5c4f96c31cc549
[INFO] [stdout]                                at /opt/rustwide/cargo-home/registry/src/index.crates.io-6f17d22bba15001f/tokio-1.10.0/src/runtime/basic_scheduler.rs:302:5
[INFO] [stdout]   32:     0x574c42a314d3 - tokio::runtime::basic_scheduler::Inner<P>::block_on::he039c3e897a78ca6
[INFO] [stdout]                                at /opt/rustwide/cargo-home/registry/src/index.crates.io-6f17d22bba15001f/tokio-1.10.0/src/runtime/basic_scheduler.rs:197:9
[INFO] [stdout]   33:     0x574c42a36ae9 - tokio::runtime::basic_scheduler::InnerGuard<P>::block_on::h365a8ea45e3c87c4
[INFO] [stdout]                                at /opt/rustwide/cargo-home/registry/src/index.crates.io-6f17d22bba15001f/tokio-1.10.0/src/runtime/basic_scheduler.rs:448:9
[INFO] [stdout]   34:     0x574c42a384e7 - tokio::runtime::basic_scheduler::BasicScheduler<P>::block_on::hc60c64b5425b2576
[INFO] [stdout]                                at /opt/rustwide/cargo-home/registry/src/index.crates.io-6f17d22bba15001f/tokio-1.10.0/src/runtime/basic_scheduler.rs:157:24
[INFO] [stdout]   35:     0x574c42a0a1e6 - tokio::runtime::Runtime::block_on::h7123e064d325f2fa
[INFO] [stdout]                                at /opt/rustwide/cargo-home/registry/src/index.crates.io-6f17d22bba15001f/tokio-1.10.0/src/runtime/mod.rs:450:46
[INFO] [stdout]   36:     0x574c42a46df7 - big_brother::slaves::daemon::tests::test_mixed_items::hfeaba5cf2cd72b8f
[INFO] [stdout]                                at /opt/rustwide/workdir/src/slaves/daemon.rs:250:9
[INFO] [stdout]   37:     0x574c42a46d27 - big_brother::slaves::daemon::tests::test_mixed_items::{{closure}}::hb0e7ca133da46044
[INFO] [stdout]                                at /opt/rustwide/workdir/src/slaves/daemon.rs:211:32
[INFO] [stdout]   38:     0x574c429f10c6 - core::ops::function::FnOnce::call_once::h605b223f7513c6f7
[INFO] [stdout]                                at /rustc/df4ca44d3fbc9301ee17f30f4d474e6ae4b05252/library/core/src/ops/function.rs:250:5
[INFO] [stdout]   39:     0x574c42b51c0b - core::ops::function::FnOnce::call_once::h22c3ba5715e93f05
[INFO] [stdout]                                at /rustc/df4ca44d3fbc9301ee17f30f4d474e6ae4b05252/library/core/src/ops/function.rs:250:5
[INFO] [stdout]   40:     0x574c42b51c0b - test::__rust_begin_short_backtrace::h8e82d8113d0da17f
[INFO] [stdout]                                at /rustc/df4ca44d3fbc9301ee17f30f4d474e6ae4b05252/library/test/src/lib.rs:621:18
[INFO] [stdout]   41:     0x574c42b51587 - test::run_test_in_process::{{closure}}::h33235f4f20b7b7c7
[INFO] [stdout]                                at /rustc/df4ca44d3fbc9301ee17f30f4d474e6ae4b05252/library/test/src/lib.rs:644:60
[INFO] [stdout]   42:     0x574c42b51587 - <core::panic::unwind_safe::AssertUnwindSafe<F> as core::ops::function::FnOnce<()>>::call_once::hb5043206310c586f
[INFO] [stdout]                                at /rustc/df4ca44d3fbc9301ee17f30f4d474e6ae4b05252/library/core/src/panic/unwind_safe.rs:272:9
[INFO] [stdout]   43:     0x574c42b51587 - std::panicking::try::do_call::h9ad4731a60ab23e2
[INFO] [stdout]                                at /rustc/df4ca44d3fbc9301ee17f30f4d474e6ae4b05252/library/std/src/panicking.rs:557:40
[INFO] [stdout]   44:     0x574c42b51587 - std::panicking::try::h3824d23db772a716
[INFO] [stdout]                                at /rustc/df4ca44d3fbc9301ee17f30f4d474e6ae4b05252/library/std/src/panicking.rs:520:19
[INFO] [stdout]   45:     0x574c42b51587 - std::panic::catch_unwind::h5afd514605fde46b
[INFO] [stdout]                                at /rustc/df4ca44d3fbc9301ee17f30f4d474e6ae4b05252/library/std/src/panic.rs:358:14
[INFO] [stdout]   46:     0x574c42b51587 - test::run_test_in_process::h0d5cbfa7067d1720
[INFO] [stdout]                                at /rustc/df4ca44d3fbc9301ee17f30f4d474e6ae4b05252/library/test/src/lib.rs:644:27
[INFO] [stdout]   47:     0x574c42b51587 - test::run_test::{{closure}}::h708eb8872708115d
[INFO] [stdout]                                at /rustc/df4ca44d3fbc9301ee17f30f4d474e6ae4b05252/library/test/src/lib.rs:565:43
[INFO] [stdout]   48:     0x574c42b14ca4 - test::run_test::{{closure}}::h392c51cee94713ab
[INFO] [stdout]                                at /rustc/df4ca44d3fbc9301ee17f30f4d474e6ae4b05252/library/test/src/lib.rs:595:41
[INFO] [stdout]   49:     0x574c42b14ca4 - std::sys::backtrace::__rust_begin_short_backtrace::h2f40290710935a8b
[INFO] [stdout]                                at /rustc/df4ca44d3fbc9301ee17f30f4d474e6ae4b05252/library/std/src/sys/backtrace.rs:154:18
[INFO] [stdout]   50:     0x574c42b1844e - std::thread::Builder::spawn_unchecked_::{{closure}}::{{closure}}::h3fd968d89053a903
[INFO] [stdout]                                at /rustc/df4ca44d3fbc9301ee17f30f4d474e6ae4b05252/library/std/src/thread/mod.rs:541:17
[INFO] [stdout]   51:     0x574c42b1844e - <core::panic::unwind_safe::AssertUnwindSafe<F> as core::ops::function::FnOnce<()>>::call_once::h743f637ba4229880
[INFO] [stdout]                                at /rustc/df4ca44d3fbc9301ee17f30f4d474e6ae4b05252/library/core/src/panic/unwind_safe.rs:272:9
[INFO] [stdout]   52:     0x574c42b1844e - std::panicking::try::do_call::h07440897322525a6
[INFO] [stdout]                                at /rustc/df4ca44d3fbc9301ee17f30f4d474e6ae4b05252/library/std/src/panicking.rs:557:40
[INFO] [stdout]   53:     0x574c42b1844e - std::panicking::try::he5a2e00188156637
[INFO] [stdout]                                at /rustc/df4ca44d3fbc9301ee17f30f4d474e6ae4b05252/library/std/src/panicking.rs:520:19
[INFO] [stdout]   54:     0x574c42b1844e - std::panic::catch_unwind::hbaf3cae49b3c6433
[INFO] [stdout]                                at /rustc/df4ca44d3fbc9301ee17f30f4d474e6ae4b05252/library/std/src/panic.rs:358:14
[INFO] [stdout]   55:     0x574c42b1844e - std::thread::Builder::spawn_unchecked_::{{closure}}::h8e141ea224820bce
[INFO] [stdout]                                at /rustc/df4ca44d3fbc9301ee17f30f4d474e6ae4b05252/library/std/src/thread/mod.rs:540:30
[INFO] [stdout]   56:     0x574c42b1844e - core::ops::function::FnOnce::call_once{{vtable.shim}}::h90d312fedd7b8ea8
[INFO] [stdout]                                at /rustc/df4ca44d3fbc9301ee17f30f4d474e6ae4b05252/library/core/src/ops/function.rs:250:5
[INFO] [stdout]   57:     0x574c431db07b - <alloc::boxed::Box<F,A> as core::ops::function::FnOnce<Args>>::call_once::h69aa08ddb6adb8b6
[INFO] [stdout]                                at /rustc/df4ca44d3fbc9301ee17f30f4d474e6ae4b05252/library/alloc/src/boxed.rs:2454:9
[INFO] [stdout]   58:     0x574c431db07b - <alloc::boxed::Box<F,A> as core::ops::function::FnOnce<Args>>::call_once::h5aa36efdb79c806f
[INFO] [stdout]                                at /rustc/df4ca44d3fbc9301ee17f30f4d474e6ae4b05252/library/alloc/src/boxed.rs:2454:9
[INFO] [stdout]   59:     0x574c431db07b - std::sys::pal::unix::thread::Thread::new::thread_start::h6cd80a1b4be5158d
[INFO] [stdout]                                at /rustc/df4ca44d3fbc9301ee17f30f4d474e6ae4b05252/library/std/src/sys/pal/unix/thread.rs:105:17
[INFO] [stdout]   60:     0x733eae442ac3 - <unknown>
[INFO] [stdout]   61:     0x733eae4d3a04 - clone
[INFO] [stdout]   62:                0x0 - <unknown>
[INFO] [stdout] 
[INFO] [stdout] ---- slaves::fetchers::tests::test_base_fetcher stdout ----
[INFO] [stdout] thread 'slaves::fetchers::tests::test_base_fetcher' panicked at src/slaves/fetchers.rs:221:45:
[INFO] [stdout] Fetch failed: error sending request for url (http://example.com/): error trying to connect: dns error: failed to lookup address information: Temporary failure in name resolution
[INFO] [stdout] 
[INFO] [stdout] Caused by:
[INFO] [stdout]     0: error trying to connect: dns error: failed to lookup address information: Temporary failure in name resolution
[INFO] [stdout]     1: dns error: failed to lookup address information: Temporary failure in name resolution
[INFO] [stdout]     2: failed to lookup address information: Temporary failure in name resolution
[INFO] [stdout] stack backtrace:
[INFO] [stdout]    0:     0x574c431d4bca - std::backtrace_rs::backtrace::libunwind::trace::h207520d6e9873551
[INFO] [stdout]                                at /rustc/df4ca44d3fbc9301ee17f30f4d474e6ae4b05252/library/std/src/../../backtrace/src/backtrace/libunwind.rs:116:5
[INFO] [stdout]    1:     0x574c431d4bca - std::backtrace_rs::backtrace::trace_unsynchronized::h2ed7433f370e3eca
[INFO] [stdout]                                at /rustc/df4ca44d3fbc9301ee17f30f4d474e6ae4b05252/library/std/src/../../backtrace/src/backtrace/mod.rs:66:5
[INFO] [stdout]    2:     0x574c431d4bca - std::sys::backtrace::_print_fmt::h916fac51166b18d7
[INFO] [stdout]                                at /rustc/df4ca44d3fbc9301ee17f30f4d474e6ae4b05252/library/std/src/sys/backtrace.rs:66:9
[INFO] [stdout]    3:     0x574c431d4bca - <std::sys::backtrace::BacktraceLock::print::DisplayBacktrace as core::fmt::Display>::fmt::ha0a4c9b8ce3802e6
[INFO] [stdout]                                at /rustc/df4ca44d3fbc9301ee17f30f4d474e6ae4b05252/library/std/src/sys/backtrace.rs:39:26
[INFO] [stdout]    4:     0x574c432009c3 - core::fmt::rt::Argument::fmt::h4cfc8587d52b3eb5
[INFO] [stdout]                                at /rustc/df4ca44d3fbc9301ee17f30f4d474e6ae4b05252/library/core/src/fmt/rt.rs:177:76
[INFO] [stdout]    5:     0x574c432009c3 - core::fmt::write::h522cc39e5b36ae9f
[INFO] [stdout]                                at /rustc/df4ca44d3fbc9301ee17f30f4d474e6ae4b05252/library/core/src/fmt/mod.rs:1190:21
[INFO] [stdout]    6:     0x574c431d0313 - std::io::Write::write_fmt::h7d3c26752da97734
[INFO] [stdout]                                at /rustc/df4ca44d3fbc9301ee17f30f4d474e6ae4b05252/library/std/src/io/mod.rs:1839:15
[INFO] [stdout]    7:     0x574c431d4a12 - std::sys::backtrace::BacktraceLock::print::h4b9e00b29e9c0942
[INFO] [stdout]                                at /rustc/df4ca44d3fbc9301ee17f30f4d474e6ae4b05252/library/std/src/sys/backtrace.rs:42:9
[INFO] [stdout]    8:     0x574c431d605a - std::panicking::default_hook::{{closure}}::hb59b88280d0324d9
[INFO] [stdout]                                at /rustc/df4ca44d3fbc9301ee17f30f4d474e6ae4b05252/library/std/src/panicking.rs:268:22
[INFO] [stdout]    9:     0x574c431d5e64 - std::panicking::default_hook::he1dd496665be4a29
[INFO] [stdout]                                at /rustc/df4ca44d3fbc9301ee17f30f4d474e6ae4b05252/library/std/src/panicking.rs:292:9
[INFO] [stdout]   10:     0x574c42b4d339 - <alloc::boxed::Box<F,A> as core::ops::function::Fn<Args>>::call::h4ff71de18744e1dc
[INFO] [stdout]                                at /rustc/df4ca44d3fbc9301ee17f30f4d474e6ae4b05252/library/alloc/src/boxed.rs:2468:9
[INFO] [stdout]   11:     0x574c42b4d339 - test::test_main::{{closure}}::hcf7c055ce117aa81
[INFO] [stdout]                                at /rustc/df4ca44d3fbc9301ee17f30f4d474e6ae4b05252/library/test/src/lib.rs:133:21
[INFO] [stdout]   12:     0x574c431d6758 - <alloc::boxed::Box<F,A> as core::ops::function::Fn<Args>>::call::h1d66c6bbd60c9692
[INFO] [stdout]                                at /rustc/df4ca44d3fbc9301ee17f30f4d474e6ae4b05252/library/alloc/src/boxed.rs:2468:9
[INFO] [stdout]   13:     0x574c431d6758 - std::panicking::rust_panic_with_hook::h2ff17fe8f26dfcf8
[INFO] [stdout]                                at /rustc/df4ca44d3fbc9301ee17f30f4d474e6ae4b05252/library/std/src/panicking.rs:809:13
[INFO] [stdout]   14:     0x574c431d651a - std::panicking::begin_panic_handler::{{closure}}::h4fad77951c07e101
[INFO] [stdout]                                at /rustc/df4ca44d3fbc9301ee17f30f4d474e6ae4b05252/library/std/src/panicking.rs:674:13
[INFO] [stdout]   15:     0x574c431d50a9 - std::sys::backtrace::__rust_end_short_backtrace::hb1a25b3da5d0ea08
[INFO] [stdout]                                at /rustc/df4ca44d3fbc9301ee17f30f4d474e6ae4b05252/library/std/src/sys/backtrace.rs:170:18
[INFO] [stdout]   16:     0x574c431d61ac - rust_begin_unwind
[INFO] [stdout]                                at /rustc/df4ca44d3fbc9301ee17f30f4d474e6ae4b05252/library/std/src/panicking.rs:665:5
[INFO] [stdout]   17:     0x574c431fe260 - core::panicking::panic_fmt::ha9db07b529f9b256
[INFO] [stdout]                                at /rustc/df4ca44d3fbc9301ee17f30f4d474e6ae4b05252/library/core/src/panicking.rs:75:14
[INFO] [stdout]   18:     0x574c431fe6e6 - core::result::unwrap_failed::h5e8218e4d4338b8a
[INFO] [stdout]                                at /rustc/df4ca44d3fbc9301ee17f30f4d474e6ae4b05252/library/core/src/result.rs:1698:5
[INFO] [stdout]   19:     0x574c428d9764 - core::result::Result<T,E>::expect::hbb7ef2feee0bcecd
[INFO] [stdout]                                at /rustc/df4ca44d3fbc9301ee17f30f4d474e6ae4b05252/library/core/src/result.rs:1060:23
[INFO] [stdout]   20:     0x574c429a6276 - big_brother::slaves::fetchers::tests::test_base_fetcher::{{closure}}::h2e2d819a79121fac
[INFO] [stdout]                                at /opt/rustwide/workdir/src/slaves/fetchers.rs:221:23
[INFO] [stdout]   21:     0x574c428e682d - <core::pin::Pin<P> as core::future::future::Future>::poll::h387f5ab024c30a45
[INFO] [stdout]                                at /rustc/df4ca44d3fbc9301ee17f30f4d474e6ae4b05252/library/core/src/future/future.rs:123:9
[INFO] [stdout]   22:     0x574c42a365ff - tokio::runtime::basic_scheduler::Inner<P>::block_on::{{closure}}::{{closure}}::hbb64d575d0d7f90c
[INFO] [stdout]                                at /opt/rustwide/cargo-home/registry/src/index.crates.io-6f17d22bba15001f/tokio-1.10.0/src/runtime/basic_scheduler.rs:208:62
[INFO] [stdout]   23:     0x574c4297ee13 - tokio::coop::with_budget::{{closure}}::hb79b10a8b6ffa46a
[INFO] [stdout]                                at /opt/rustwide/cargo-home/registry/src/index.crates.io-6f17d22bba15001f/tokio-1.10.0/src/coop.rs:106:9
[INFO] [stdout]   24:     0x574c42928c9a - std::thread::local::LocalKey<T>::try_with::h367c272db67474e9
[INFO] [stdout]                                at /rustc/df4ca44d3fbc9301ee17f30f4d474e6ae4b05252/library/std/src/thread/local.rs:283:12
[INFO] [stdout]   25:     0x574c42927caa - std::thread::local::LocalKey<T>::with::h390cbc98124ec5b2
[INFO] [stdout]                                at /rustc/df4ca44d3fbc9301ee17f30f4d474e6ae4b05252/library/std/src/thread/local.rs:260:9
[INFO] [stdout]   26:     0x574c42a358ba - tokio::coop::with_budget::hc58261e60ece5f7b
[INFO] [stdout]                                at /opt/rustwide/cargo-home/registry/src/index.crates.io-6f17d22bba15001f/tokio-1.10.0/src/coop.rs:99:5
[INFO] [stdout]   27:     0x574c42a358ba - tokio::coop::budget::h1a7397b4adbc6ada
[INFO] [stdout]                                at /opt/rustwide/cargo-home/registry/src/index.crates.io-6f17d22bba15001f/tokio-1.10.0/src/coop.rs:76:5
[INFO] [stdout]   28:     0x574c42a358ba - tokio::runtime::basic_scheduler::Inner<P>::block_on::{{closure}}::hf8f5660d8abb0e29
[INFO] [stdout]                                at /opt/rustwide/cargo-home/registry/src/index.crates.io-6f17d22bba15001f/tokio-1.10.0/src/runtime/basic_scheduler.rs:208:39
[INFO] [stdout]   29:     0x574c42a3b37a - tokio::runtime::basic_scheduler::enter::{{closure}}::haa985f129dace217
[INFO] [stdout]                                at /opt/rustwide/cargo-home/registry/src/index.crates.io-6f17d22bba15001f/tokio-1.10.0/src/runtime/basic_scheduler.rs:302:29
[INFO] [stdout]   30:     0x574c42992265 - tokio::macros::scoped_tls::ScopedKey<T>::set::hd306cb6facf5d477
[INFO] [stdout]                                at /opt/rustwide/cargo-home/registry/src/index.crates.io-6f17d22bba15001f/tokio-1.10.0/src/macros/scoped_tls.rs:61:9
[INFO] [stdout]   31:     0x574c42a3a511 - tokio::runtime::basic_scheduler::enter::h78582f0a4134a32e
[INFO] [stdout]                                at /opt/rustwide/cargo-home/registry/src/index.crates.io-6f17d22bba15001f/tokio-1.10.0/src/runtime/basic_scheduler.rs:302:5
[INFO] [stdout]   32:     0x574c42a31433 - tokio::runtime::basic_scheduler::Inner<P>::block_on::h4d7582cbd065fff3
[INFO] [stdout]                                at /opt/rustwide/cargo-home/registry/src/index.crates.io-6f17d22bba15001f/tokio-1.10.0/src/runtime/basic_scheduler.rs:197:9
[INFO] [stdout]   33:     0x574c42a36da9 - tokio::runtime::basic_scheduler::InnerGuard<P>::block_on::hc94bf2c233f48bcd
[INFO] [stdout]                                at /opt/rustwide/cargo-home/registry/src/index.crates.io-6f17d22bba15001f/tokio-1.10.0/src/runtime/basic_scheduler.rs:448:9
[INFO] [stdout]   34:     0x574c42a38831 - tokio::runtime::basic_scheduler::BasicScheduler<P>::block_on::hc8fb5a8a4c788d45
[INFO] [stdout]                                at /opt/rustwide/cargo-home/registry/src/index.crates.io-6f17d22bba15001f/tokio-1.10.0/src/runtime/basic_scheduler.rs:157:24
[INFO] [stdout]   35:     0x574c42a0a51c - tokio::runtime::Runtime::block_on::hfa7f9a669144324c
[INFO] [stdout]                                at /opt/rustwide/cargo-home/registry/src/index.crates.io-6f17d22bba15001f/tokio-1.10.0/src/runtime/mod.rs:450:46
[INFO] [stdout]   36:     0x574c429a5d07 - big_brother::slaves::fetchers::tests::test_base_fetcher::h84dd5e0fea0eed21
[INFO] [stdout]                                at /opt/rustwide/workdir/src/slaves/fetchers.rs:223:9
[INFO] [stdout]   37:     0x574c429a5c37 - big_brother::slaves::fetchers::tests::test_base_fetcher::{{closure}}::h00cecff81697b243
[INFO] [stdout]                                at /opt/rustwide/workdir/src/slaves/fetchers.rs:204:33
[INFO] [stdout]   38:     0x574c429f0b86 - core::ops::function::FnOnce::call_once::h4d8a06fa118a3fd6
[INFO] [stdout]                                at /rustc/df4ca44d3fbc9301ee17f30f4d474e6ae4b05252/library/core/src/ops/function.rs:250:5
[INFO] [stdout]   39:     0x574c42b51c0b - core::ops::function::FnOnce::call_once::h22c3ba5715e93f05
[INFO] [stdout]                                at /rustc/df4ca44d3fbc9301ee17f30f4d474e6ae4b05252/library/core/src/ops/function.rs:250:5
[INFO] [stdout]   40:     0x574c42b51c0b - test::__rust_begin_short_backtrace::h8e82d8113d0da17f
[INFO] [stdout]                                at /rustc/df4ca44d3fbc9301ee17f30f4d474e6ae4b05252/library/test/src/lib.rs:621:18
[INFO] [stdout]   41:     0x574c42b51587 - test::run_test_in_process::{{closure}}::h33235f4f20b7b7c7
[INFO] [stdout]                                at /rustc/df4ca44d3fbc9301ee17f30f4d474e6ae4b05252/library/test/src/lib.rs:644:60
[INFO] [stdout]   42:     0x574c42b51587 - <core::panic::unwind_safe::AssertUnwindSafe<F> as core::ops::function::FnOnce<()>>::call_once::hb5043206310c586f
[INFO] [stdout]                                at /rustc/df4ca44d3fbc9301ee17f30f4d474e6ae4b05252/library/core/src/panic/unwind_safe.rs:272:9
[INFO] [stdout]   43:     0x574c42b51587 - std::panicking::try::do_call::h9ad4731a60ab23e2
[INFO] [stdout]                                at /rustc/df4ca44d3fbc9301ee17f30f4d474e6ae4b05252/library/std/src/panicking.rs:557:40
[INFO] [stdout]   44:     0x574c42b51587 - std::panicking::try::h3824d23db772a716
[INFO] [stdout]                                at /rustc/df4ca44d3fbc9301ee17f30f4d474e6ae4b05252/library/std/src/panicking.rs:520:19
[INFO] [stdout]   45:     0x574c42b51587 - std::panic::catch_unwind::h5afd514605fde46b
[INFO] [stdout]                                at /rustc/df4ca44d3fbc9301ee17f30f4d474e6ae4b05252/library/std/src/panic.rs:358:14
[INFO] [stdout]   46:     0x574c42b51587 - test::run_test_in_process::h0d5cbfa7067d1720
[INFO] [stdout]                                at /rustc/df4ca44d3fbc9301ee17f30f4d474e6ae4b05252/library/test/src/lib.rs:644:27
[INFO] [stdout]   47:     0x574c42b51587 - test::run_test::{{closure}}::h708eb8872708115d
[INFO] [stdout]                                at /rustc/df4ca44d3fbc9301ee17f30f4d474e6ae4b05252/library/test/src/lib.rs:565:43
[INFO] [stdout]   48:     0x574c42b14ca4 - test::run_test::{{closure}}::h392c51cee94713ab
[INFO] [stdout]                                at /rustc/df4ca44d3fbc9301ee17f30f4d474e6ae4b05252/library/test/src/lib.rs:595:41
[INFO] [stdout]   49:     0x574c42b14ca4 - std::sys::backtrace::__rust_begin_short_backtrace::h2f40290710935a8b
[INFO] [stdout]                                at /rustc/df4ca44d3fbc9301ee17f30f4d474e6ae4b05252/library/std/src/sys/backtrace.rs:154:18
[INFO] [stdout]   50:     0x574c42b1844e - std::thread::Builder::spawn_unchecked_::{{closure}}::{{closure}}::h3fd968d89053a903
[INFO] [stdout]                                at /rustc/df4ca44d3fbc9301ee17f30f4d474e6ae4b05252/library/std/src/thread/mod.rs:541:17
[INFO] [stdout]   51:     0x574c42b1844e - <core::panic::unwind_safe::AssertUnwindSafe<F> as core::ops::function::FnOnce<()>>::call_once::h743f637ba4229880
[INFO] [stdout]                                at /rustc/df4ca44d3fbc9301ee17f30f4d474e6ae4b05252/library/core/src/panic/unwind_safe.rs:272:9
[INFO] [stdout]   52:     0x574c42b1844e - std::panicking::try::do_call::h07440897322525a6
[INFO] [stdout]                                at /rustc/df4ca44d3fbc9301ee17f30f4d474e6ae4b05252/library/std/src/panicking.rs:557:40
[INFO] [stdout]   53:     0x574c42b1844e - std::panicking::try::he5a2e00188156637
[INFO] [stdout]                                at /rustc/df4ca44d3fbc9301ee17f30f4d474e6ae4b05252/library/std/src/panicking.rs:520:19
[INFO] [stdout]   54:     0x574c42b1844e - std::panic::catch_unwind::hbaf3cae49b3c6433
[INFO] [stdout]                                at /rustc/df4ca44d3fbc9301ee17f30f4d474e6ae4b05252/library/std/src/panic.rs:358:14
[INFO] [stdout]   55:     0x574c42b1844e - std::thread::Builder::spawn_unchecked_::{{closure}}::h8e141ea224820bce
[INFO] [stdout]                                at /rustc/df4ca44d3fbc9301ee17f30f4d474e6ae4b05252/library/std/src/thread/mod.rs:540:30
[INFO] [stdout]   56:     0x574c42b1844e - core::ops::function::FnOnce::call_once{{vtable.shim}}::h90d312fedd7b8ea8
[INFO] [stdout]                                at /rustc/df4ca44d3fbc9301ee17f30f4d474e6ae4b05252/library/core/src/ops/function.rs:250:5
[INFO] [stdout]   57:     0x574c431db07b - <alloc::boxed::Box<F,A> as core::ops::function::FnOnce<Args>>::call_once::h69aa08ddb6adb8b6
[INFO] [stdout]                                at /rustc/df4ca44d3fbc9301ee17f30f4d474e6ae4b05252/library/alloc/src/boxed.rs:2454:9
[INFO] [stdout]   58:     0x574c431db07b - <alloc::boxed::Box<F,A> as core::ops::function::FnOnce<Args>>::call_once::h5aa36efdb79c806f
[INFO] [stdout]                                at /rustc/df4ca44d3fbc9301ee17f30f4d474e6ae4b05252/library/alloc/src/boxed.rs:2454:9
[INFO] [stdout]   59:     0x574c431db07b - std::sys::pal::unix::thread::Thread::new::thread_start::h6cd80a1b4be5158d
[INFO] [stdout]                                at /rustc/df4ca44d3fbc9301ee17f30f4d474e6ae4b05252/library/std/src/sys/pal/unix/thread.rs:105:17
[INFO] [stdout]   60:     0x733eae442ac3 - <unknown>
[INFO] [stdout]   61:     0x733eae4d3a04 - clone
[INFO] [stdout]   62:                0x0 - <unknown>
[INFO] [stdout] 
[INFO] [stdout] ---- slaves::daemon::tests::test_fetch_data stdout ----
[INFO] [stdout] Couldn't fetch any data in SimpleFetcher { config: FetcherConfig { client_type: Simple, items: [FetchItem { name: "item1", path: "body > div > p:nth-child(3) > a", primary: false, item_type: Text, related: [] }, FetchItem { name: "item2", path: "body > div > p:nth-child(3) > a", primary: false, item_type: Text, related: [] }, FetchItem { name: "item3", path: "body > div > p:nth-child(3) > a", primary: true, item_type: Text, related: [FetchItem { name: "item1", path: "body > div > p:nth-child(3) > a", primary: false, item_type: Text, related: [] }, FetchItem { name: "item2", path: "body > div > p:nth-child(3) > a", primary: false, item_type: Text, related: [] }] }], url: "http://example.com" } }
[INFO] [stdout] Couldn't fetch any data in SimpleFetcher { config: FetcherConfig { client_type: Simple, items: [FetchItem { name: "entity_x", path: "body > div > p:nth-child(3) > a", primary: false, item_type: Text, related: [] }, FetchItem { name: "entity_y", path: "body > div > p:nth-child(3) > a", primary: false, item_type: Text, related: [FetchItem { name: "entity_x", path: "body > div > p:nth-child(3) > a", primary: false, item_type: Text, related: [] }] }, FetchItem { name: "entity_z", path: "body > div > p:nth-child(3) > a", primary: true, item_type: Text, related: [FetchItem { name: "entity_y", path: "body > div > p:nth-child(3) > a", primary: false, item_type: Text, related: [FetchItem { name: "entity_x", path: "body > div > p:nth-child(3) > a", primary: false, item_type: Text, related: [] }] }] }], url: "http://another-example.com" } }
[INFO] [stdout] thread 'slaves::daemon::tests::test_fetch_data' panicked at src/slaves/daemon.rs:163:9:
[INFO] [stdout] assertion `left == right` failed
[INFO] [stdout]   left: []
[INFO] [stdout]  right: [[FoundItem { fetch_item: FetchItem { name: "item3", path: "body > div > p:nth-child(3) > a", primary: true, item_type: Text, related: [FetchItem { name: "item1", path: "body > div > p:nth-child(3) > a", primary: false, item_type: Text, related: [] }, FetchItem { name: "item2", path: "body > div > p:nth-child(3) > a", primary: false, item_type: Text, related: [] }] }, content: Str("More information..."), related: [Some(FoundItem { fetch_item: FetchItem { name: "item1", path: "body > div > p:nth-child(3) > a", primary: false, item_type: Text, related: [] }, content: Str("More information..."), related: [] }), Some(FoundItem { fetch_item: FetchItem { name: "item2", path: "body > div > p:nth-child(3) > a", primary: false, item_type: Text, related: [] }, content: Str("More information..."), related: [] })] }]]
[INFO] [stdout] stack backtrace:
[INFO] [stdout]    0:     0x574c431d4bca - std::backtrace_rs::backtrace::libunwind::trace::h207520d6e9873551
[INFO] [stdout]                                at /rustc/df4ca44d3fbc9301ee17f30f4d474e6ae4b05252/library/std/src/../../backtrace/src/backtrace/libunwind.rs:116:5
[INFO] [stdout]    1:     0x574c431d4bca - std::backtrace_rs::backtrace::trace_unsynchronized::h2ed7433f370e3eca
[INFO] [stdout]                                at /rustc/df4ca44d3fbc9301ee17f30f4d474e6ae4b05252/library/std/src/../../backtrace/src/backtrace/mod.rs:66:5
[INFO] [stdout]    2:     0x574c431d4bca - std::sys::backtrace::_print_fmt::h916fac51166b18d7
[INFO] [stdout]                                at /rustc/df4ca44d3fbc9301ee17f30f4d474e6ae4b05252/library/std/src/sys/backtrace.rs:66:9
[INFO] [stdout]    3:     0x574c431d4bca - <std::sys::backtrace::BacktraceLock::print::DisplayBacktrace as core::fmt::Display>::fmt::ha0a4c9b8ce3802e6
[INFO] [stdout]                                at /rustc/df4ca44d3fbc9301ee17f30f4d474e6ae4b05252/library/std/src/sys/backtrace.rs:39:26
[INFO] [stdout]    4:     0x574c432009c3 - core::fmt::rt::Argument::fmt::h4cfc8587d52b3eb5
[INFO] [stdout]                                at /rustc/df4ca44d3fbc9301ee17f30f4d474e6ae4b05252/library/core/src/fmt/rt.rs:177:76
[INFO] [stdout]    5:     0x574c432009c3 - core::fmt::write::h522cc39e5b36ae9f
[INFO] [stdout]                                at /rustc/df4ca44d3fbc9301ee17f30f4d474e6ae4b05252/library/core/src/fmt/mod.rs:1190:21
[INFO] [stdout]    6:     0x574c431d0313 - std::io::Write::write_fmt::h7d3c26752da97734
[INFO] [stdout]                                at /rustc/df4ca44d3fbc9301ee17f30f4d474e6ae4b05252/library/std/src/io/mod.rs:1839:15
[INFO] [stdout]    7:     0x574c431d4a12 - std::sys::backtrace::BacktraceLock::print::h4b9e00b29e9c0942
[INFO] [stdout]                                at /rustc/df4ca44d3fbc9301ee17f30f4d474e6ae4b05252/library/std/src/sys/backtrace.rs:42:9
[INFO] [stdout]    8:     0x574c431d605a - std::panicking::default_hook::{{closure}}::hb59b88280d0324d9
[INFO] [stdout]                                at /rustc/df4ca44d3fbc9301ee17f30f4d474e6ae4b05252/library/std/src/panicking.rs:268:22
[INFO] [stdout]    9:     0x574c431d5e64 - std::panicking::default_hook::he1dd496665be4a29
[INFO] [stdout]                                at /rustc/df4ca44d3fbc9301ee17f30f4d474e6ae4b05252/library/std/src/panicking.rs:292:9
[INFO] [stdout]   10:     0x574c42b4d339 - <alloc::boxed::Box<F,A> as core::ops::function::Fn<Args>>::call::h4ff71de18744e1dc
[INFO] [stdout]                                at /rustc/df4ca44d3fbc9301ee17f30f4d474e6ae4b05252/library/alloc/src/boxed.rs:2468:9
[INFO] [stdout]   11:     0x574c42b4d339 - test::test_main::{{closure}}::hcf7c055ce117aa81
[INFO] [stdout]                                at /rustc/df4ca44d3fbc9301ee17f30f4d474e6ae4b05252/library/test/src/lib.rs:133:21
[INFO] [stdout]   12:     0x574c431d6758 - <alloc::boxed::Box<F,A> as core::ops::function::Fn<Args>>::call::h1d66c6bbd60c9692
[INFO] [stdout]                                at /rustc/df4ca44d3fbc9301ee17f30f4d474e6ae4b05252/library/alloc/src/boxed.rs:2468:9
[INFO] [stdout]   13:     0x574c431d6758 - std::panicking::rust_panic_with_hook::h2ff17fe8f26dfcf8
[INFO] [stdout]                                at /rustc/df4ca44d3fbc9301ee17f30f4d474e6ae4b05252/library/std/src/panicking.rs:809:13
[INFO] [stdout]   14:     0x574c431d651a - std::panicking::begin_panic_handler::{{closure}}::h4fad77951c07e101
[INFO] [stdout]                                at /rustc/df4ca44d3fbc9301ee17f30f4d474e6ae4b05252/library/std/src/panicking.rs:674:13
[INFO] [stdout]   15:     0x574c431d50a9 - std::sys::backtrace::__rust_end_short_backtrace::hb1a25b3da5d0ea08
[INFO] [stdout]                                at /rustc/df4ca44d3fbc9301ee17f30f4d474e6ae4b05252/library/std/src/sys/backtrace.rs:170:18
[INFO] [stdout]   16:     0x574c431d61ac - rust_begin_unwind
[INFO] [stdout]                                at /rustc/df4ca44d3fbc9301ee17f30f4d474e6ae4b05252/library/std/src/panicking.rs:665:5
[INFO] [stdout]   17:     0x574c431fe260 - core::panicking::panic_fmt::ha9db07b529f9b256
[INFO] [stdout]                                at /rustc/df4ca44d3fbc9301ee17f30f4d474e6ae4b05252/library/core/src/panicking.rs:75:14
[INFO] [stdout]   18:     0x574c431fe664 - core::panicking::assert_failed_inner::h04f38944d74a80a8
[INFO] [stdout]   19:     0x574c42a4bca9 - core::panicking::assert_failed::hf1b11ab7a629a79a
[INFO] [stdout]                                at /rustc/df4ca44d3fbc9301ee17f30f4d474e6ae4b05252/library/core/src/panicking.rs:377:5
[INFO] [stdout]   20:     0x574c42a4559f - big_brother::slaves::daemon::tests::test_fetch_data::{{closure}}::h402a28eaaf5c2971
[INFO] [stdout]                                at /opt/rustwide/workdir/src/slaves/daemon.rs:163:9
[INFO] [stdout]   21:     0x574c428e6c6d - <core::pin::Pin<P> as core::future::future::Future>::poll::hc2e3ff0b73da24d3
[INFO] [stdout]                                at /rustc/df4ca44d3fbc9301ee17f30f4d474e6ae4b05252/library/core/src/future/future.rs:123:9
[INFO] [stdout]   22:     0x574c42a35f1f - tokio::runtime::basic_scheduler::Inner<P>::block_on::{{closure}}::{{closure}}::h13f7e41320c3efe8
[INFO] [stdout]                                at /opt/rustwide/cargo-home/registry/src/index.crates.io-6f17d22bba15001f/tokio-1.10.0/src/runtime/basic_scheduler.rs:208:62
[INFO] [stdout]   23:     0x574c4297ebb3 - tokio::coop::with_budget::{{closure}}::had45c5abbeebb2f5
[INFO] [stdout]                                at /opt/rustwide/cargo-home/registry/src/index.crates.io-6f17d22bba15001f/tokio-1.10.0/src/coop.rs:106:9
[INFO] [stdout]   24:     0x574c42929d7a - std::thread::local::LocalKey<T>::try_with::ha0c8288faafb00e3
[INFO] [stdout]                                at /rustc/df4ca44d3fbc9301ee17f30f4d474e6ae4b05252/library/std/src/thread/local.rs:283:12
[INFO] [stdout]   25:     0x574c42927dfa - std::thread::local::LocalKey<T>::with::h43d5c145efb79ab6
[INFO] [stdout]                                at /rustc/df4ca44d3fbc9301ee17f30f4d474e6ae4b05252/library/std/src/thread/local.rs:260:9
[INFO] [stdout]   26:     0x574c42a3301a - tokio::coop::with_budget::hbe6542331a1e0ce6
[INFO] [stdout]                                at /opt/rustwide/cargo-home/registry/src/index.crates.io-6f17d22bba15001f/tokio-1.10.0/src/coop.rs:99:5
[INFO] [stdout]   27:     0x574c42a3301a - tokio::coop::budget::h32e51ab4290e4a0d
[INFO] [stdout]                                at /opt/rustwide/cargo-home/registry/src/index.crates.io-6f17d22bba15001f/tokio-1.10.0/src/coop.rs:76:5
[INFO] [stdout]   28:     0x574c42a3301a - tokio::runtime::basic_scheduler::Inner<P>::block_on::{{closure}}::h8568e8967941a6ed
[INFO] [stdout]                                at /opt/rustwide/cargo-home/registry/src/index.crates.io-6f17d22bba15001f/tokio-1.10.0/src/runtime/basic_scheduler.rs:208:39
[INFO] [stdout]   29:     0x574c42a3b33a - tokio::runtime::basic_scheduler::enter::{{closure}}::h85c2b55b1c918402
[INFO] [stdout]                                at /opt/rustwide/cargo-home/registry/src/index.crates.io-6f17d22bba15001f/tokio-1.10.0/src/runtime/basic_scheduler.rs:302:29
[INFO] [stdout]   30:     0x574c42991bd5 - tokio::macros::scoped_tls::ScopedKey<T>::set::h4d7f77bae7c3790d
[INFO] [stdout]                                at /opt/rustwide/cargo-home/registry/src/index.crates.io-6f17d22bba15001f/tokio-1.10.0/src/macros/scoped_tls.rs:61:9
[INFO] [stdout]   31:     0x574c42a3a861 - tokio::runtime::basic_scheduler::enter::h79c8c3247546acf8
[INFO] [stdout]                                at /opt/rustwide/cargo-home/registry/src/index.crates.io-6f17d22bba15001f/tokio-1.10.0/src/runtime/basic_scheduler.rs:302:5
[INFO] [stdout]   32:     0x574c42a31413 - tokio::runtime::basic_scheduler::Inner<P>::block_on::h22a975eef5ac1790
[INFO] [stdout]                                at /opt/rustwide/cargo-home/registry/src/index.crates.io-6f17d22bba15001f/tokio-1.10.0/src/runtime/basic_scheduler.rs:197:9
[INFO] [stdout]   33:     0x574c42a36c49 - tokio::runtime::basic_scheduler::InnerGuard<P>::block_on::h68570d904d594b91
[INFO] [stdout]                                at /opt/rustwide/cargo-home/registry/src/index.crates.io-6f17d22bba15001f/tokio-1.10.0/src/runtime/basic_scheduler.rs:448:9
[INFO] [stdout]   34:     0x574c42a38197 - tokio::runtime::basic_scheduler::BasicScheduler<P>::block_on::habdd2d394510fac3
[INFO] [stdout]                                at /opt/rustwide/cargo-home/registry/src/index.crates.io-6f17d22bba15001f/tokio-1.10.0/src/runtime/basic_scheduler.rs:157:24
[INFO] [stdout]   35:     0x574c42a09d66 - tokio::runtime::Runtime::block_on::h2a2be79a2b6eabb3
[INFO] [stdout]                                at /opt/rustwide/cargo-home/registry/src/index.crates.io-6f17d22bba15001f/tokio-1.10.0/src/runtime/mod.rs:450:46
[INFO] [stdout]   36:     0x574c42a43f67 - big_brother::slaves::daemon::tests::test_fetch_data::h63f0f2bddfc85725
[INFO] [stdout]                                at /opt/rustwide/workdir/src/slaves/daemon.rs:163:9
[INFO] [stdout]   37:     0x574c42a43e97 - big_brother::slaves::daemon::tests::test_fetch_data::{{closure}}::he9fde754d1ede21d
[INFO] [stdout]                                at /opt/rustwide/workdir/src/slaves/daemon.rs:112:31
[INFO] [stdout]   38:     0x574c429efbb6 - core::ops::function::FnOnce::call_once::h0e1dc277914ffb7b
[INFO] [stdout]                                at /rustc/df4ca44d3fbc9301ee17f30f4d474e6ae4b05252/library/core/src/ops/function.rs:250:5
[INFO] [stdout]   39:     0x574c42b51c0b - core::ops::function::FnOnce::call_once::h22c3ba5715e93f05
[INFO] [stdout]                                at /rustc/df4ca44d3fbc9301ee17f30f4d474e6ae4b05252/library/core/src/ops/function.rs:250:5
[INFO] [stdout]   40:     0x574c42b51c0b - test::__rust_begin_short_backtrace::h8e82d8113d0da17f
[INFO] [stdout]                                at /rustc/df4ca44d3fbc9301ee17f30f4d474e6ae4b05252/library/test/src/lib.rs:621:18
[INFO] [stdout]   41:     0x574c42b51587 - test::run_test_in_process::{{closure}}::h33235f4f20b7b7c7
[INFO] [stdout]                                at /rustc/df4ca44d3fbc9301ee17f30f4d474e6ae4b05252/library/test/src/lib.rs:644:60
[INFO] [stdout]   42:     0x574c42b51587 - <core::panic::unwind_safe::AssertUnwindSafe<F> as core::ops::function::FnOnce<()>>::call_once::hb5043206310c586f
[INFO] [stdout]                                at /rustc/df4ca44d3fbc9301ee17f30f4d474e6ae4b05252/library/core/src/panic/unwind_safe.rs:272:9
[INFO] [stdout]   43:     0x574c42b51587 - std::panicking::try::do_call::h9ad4731a60ab23e2
[INFO] [stdout]                                at /rustc/df4ca44d3fbc9301ee17f30f4d474e6ae4b05252/library/std/src/panicking.rs:557:40
[INFO] [stdout]   44:     0x574c42b51587 - std::panicking::try::h3824d23db772a716
[INFO] [stdout]                                at /rustc/df4ca44d3fbc9301ee17f30f4d474e6ae4b05252/library/std/src/panicking.rs:520:19
[INFO] [stdout]   45:     0x574c42b51587 - std::panic::catch_unwind::h5afd514605fde46b
[INFO] [stdout]                                at /rustc/df4ca44d3fbc9301ee17f30f4d474e6ae4b05252/library/std/src/panic.rs:358:14
[INFO] [stdout]   46:     0x574c42b51587 - test::run_test_in_process::h0d5cbfa7067d1720
[INFO] [stdout]                                at /rustc/df4ca44d3fbc9301ee17f30f4d474e6ae4b05252/library/test/src/lib.rs:644:27
[INFO] [stdout]   47:     0x574c42b51587 - test::run_test::{{closure}}::h708eb8872708115d
[INFO] [stdout]                                at /rustc/df4ca44d3fbc9301ee17f30f4d474e6ae4b05252/library/test/src/lib.rs:565:43
[INFO] [stdout]   48:     0x574c42b14ca4 - test::run_test::{{closure}}::h392c51cee94713ab
[INFO] [stdout]                                at /rustc/df4ca44d3fbc9301ee17f30f4d474e6ae4b05252/library/test/src/lib.rs:595:41
[INFO] [stdout]   49:     0x574c42b14ca4 - std::sys::backtrace::__rust_begin_short_backtrace::h2f40290710935a8b
[INFO] [stdout]                                at /rustc/df4ca44d3fbc9301ee17f30f4d474e6ae4b05252/library/std/src/sys/backtrace.rs:154:18
[INFO] [stdout]   50:     0x574c42b1844e - std::thread::Builder::spawn_unchecked_::{{closure}}::{{closure}}::h3fd968d89053a903
[INFO] [stdout]                                at /rustc/df4ca44d3fbc9301ee17f30f4d474e6ae4b05252/library/std/src/thread/mod.rs:541:17
[INFO] [stdout]   51:     0x574c42b1844e - <core::panic::unwind_safe::AssertUnwindSafe<F> as core::ops::function::FnOnce<()>>::call_once::h743f637ba4229880
[INFO] [stdout]                                at /rustc/df4ca44d3fbc9301ee17f30f4d474e6ae4b05252/library/core/src/panic/unwind_safe.rs:272:9
[INFO] [stdout]   52:     0x574c42b1844e - std::panicking::try::do_call::h07440897322525a6
[INFO] [stdout]                                at /rustc/df4ca44d3fbc9301ee17f30f4d474e6ae4b05252/library/std/src/panicking.rs:557:40
[INFO] [stdout]   53:     0x574c42b1844e - std::panicking::try::he5a2e00188156637
[INFO] [stdout]                                at /rustc/df4ca44d3fbc9301ee17f30f4d474e6ae4b05252/library/std/src/panicking.rs:520:19
[INFO] [stdout]   54:     0x574c42b1844e - std::panic::catch_unwind::hbaf3cae49b3c6433
[INFO] [stdout]                                at /rustc/df4ca44d3fbc9301ee17f30f4d474e6ae4b05252/library/std/src/panic.rs:358:14
[INFO] [stdout]   55:     0x574c42b1844e - std::thread::Builder::spawn_unchecked_::{{closure}}::h8e141ea224820bce
[INFO] [stdout]                                at /rustc/df4ca44d3fbc9301ee17f30f4d474e6ae4b05252/library/std/src/thread/mod.rs:540:30
[INFO] [stdout]   56:     0x574c42b1844e - core::ops::function::FnOnce::call_once{{vtable.shim}}::h90d312fedd7b8ea8
[INFO] [stdout]                                at /rustc/df4ca44d3fbc9301ee17f30f4d474e6ae4b05252/library/core/src/ops/function.rs:250:5
[INFO] [stdout]   57:     0x574c431db07b - <alloc::boxed::Box<F,A> as core::ops::function::FnOnce<Args>>::call_once::h69aa08ddb6adb8b6
[INFO] [stdout]                                at /rustc/df4ca44d3fbc9301ee17f30f4d474e6ae4b05252/library/alloc/src/boxed.rs:2454:9
[INFO] [stdout]   58:     0x574c431db07b - <alloc::boxed::Box<F,A> as core::ops::function::FnOnce<Args>>::call_once::h5aa36efdb79c806f
[INFO] [stdout]                                at /rustc/df4ca44d3fbc9301ee17f30f4d474e6ae4b05252/library/alloc/src/boxed.rs:2454:9
[INFO] [stdout]   59:     0x574c431db07b - std::sys::pal::unix::thread::Thread::new::thread_start::h6cd80a1b4be5158d
[INFO] [stdout]                                at /rustc/df4ca44d3fbc9301ee17f30f4d474e6ae4b05252/library/std/src/sys/pal/unix/thread.rs:105:17
[INFO] [stdout]   60:     0x733eae442ac3 - <unknown>
[INFO] [stdout]   61:     0x733eae4d3a04 - clone
[INFO] [stdout]   62:                0x0 - <unknown>
[INFO] [stdout] 
[INFO] [stdout] 
[INFO] [stdout] failures:
[INFO] [stdout]     slaves::daemon::tests::test_class_fetch_item
[INFO] [stdout]     slaves::daemon::tests::test_fetch_data
[INFO] [stdout]     slaves::daemon::tests::test_mixed_items
[INFO] [stdout]     slaves::fetchers::tests::reqwest_works
[INFO] [stdout]     slaves::fetchers::tests::scraper_works
[INFO] [stdout]     slaves::fetchers::tests::test_base_fetcher
[INFO] [stdout]     slaves::notifier::tests::test_notifier
[INFO] [stdout]     slaves::saver::tests::test_save_to_file
[INFO] [stdout] 
[INFO] [stdout] test result: FAILED. 5 passed; 8 failed; 0 ignored; 0 measured; 0 filtered out; finished in 0.30s
[INFO] [stdout] 
[INFO] [stderr] error: test failed, to rerun pass `--bin big_brother`
[INFO] running `Command { std: "docker" "inspect" "b3a6e85d435845f34e8603c8bfc0d2ac1362091ed11ade4634cc9d7de15b35e0", kill_on_drop: false }`
[INFO] running `Command { std: "docker" "rm" "-f" "b3a6e85d435845f34e8603c8bfc0d2ac1362091ed11ade4634cc9d7de15b35e0", kill_on_drop: false }`
[INFO] [stdout] b3a6e85d435845f34e8603c8bfc0d2ac1362091ed11ade4634cc9d7de15b35e0
