[INFO] cloning repository https://github.com/elsirion/webkv
[INFO] running `Command { std: "git" "-c" "credential.helper=" "-c" "credential.helper=/workspace/cargo-home/bin/git-credential-null" "clone" "--bare" "https://github.com/elsirion/webkv" "/workspace/cache/git-repos/https%3A%2F%2Fgithub.com%2Felsirion%2Fwebkv", kill_on_drop: false }`
[INFO] [stderr] Cloning into bare repository '/workspace/cache/git-repos/https%3A%2F%2Fgithub.com%2Felsirion%2Fwebkv'...
[INFO] running `Command { std: "git" "rev-parse" "HEAD", kill_on_drop: false }`
[INFO] [stdout] 1af1fceaed65c3f7b023152abbb563dc81619ac3
[INFO] testing elsirion/webkv/1af1fceaed65c3f7b023152abbb563dc81619ac3 against nightly-2024-10-28+rustflags=-Zrandomize-layout for randomize-layout
[INFO] running `Command { std: "git" "clone" "/workspace/cache/git-repos/https%3A%2F%2Fgithub.com%2Felsirion%2Fwebkv" "/workspace/builds/worker-1-tc2/source", kill_on_drop: false }`
[INFO] [stderr] Cloning into '/workspace/builds/worker-1-tc2/source'...
[INFO] [stderr] done.
[INFO] validating manifest of git repo https://github.com/elsirion/webkv on toolchain nightly-2024-10-28
[INFO] running `Command { std: CARGO_HOME="/workspace/cargo-home" RUSTUP_HOME="/workspace/rustup-home" "/workspace/cargo-home/bin/cargo" "+nightly-2024-10-28" "metadata" "--manifest-path" "Cargo.toml" "--no-deps", kill_on_drop: false }`
[INFO] started tweaking git repo https://github.com/elsirion/webkv
[INFO] finished tweaking git repo https://github.com/elsirion/webkv
[INFO] tweaked toml for git repo https://github.com/elsirion/webkv written to /workspace/builds/worker-1-tc2/source/Cargo.toml
[INFO] crate git repo https://github.com/elsirion/webkv already has a lockfile, it will not be regenerated
[INFO] running `Command { std: CARGO_HOME="/workspace/cargo-home" RUSTUP_HOME="/workspace/rustup-home" "/workspace/cargo-home/bin/cargo" "+nightly-2024-10-28" "fetch" "--manifest-path" "Cargo.toml", kill_on_drop: false }`
[INFO] running `Command { std: "docker" "create" "-v" "/var/lib/crater-agent-workspace/builds/worker-1-tc2/target:/opt/rustwide/target:rw,Z" "-v" "/var/lib/crater-agent-workspace/builds/worker-1-tc2/source:/opt/rustwide/workdir:ro,Z" "-v" "/var/lib/crater-agent-workspace/cargo-home:/opt/rustwide/cargo-home:ro,Z" "-v" "/var/lib/crater-agent-workspace/rustup-home:/opt/rustwide/rustup-home:ro,Z" "-e" "SOURCE_DIR=/opt/rustwide/workdir" "-e" "CARGO_TARGET_DIR=/opt/rustwide/target" "-e" "CARGO_HOME=/opt/rustwide/cargo-home" "-e" "RUSTUP_HOME=/opt/rustwide/rustup-home" "-w" "/opt/rustwide/workdir" "-m" "1610612736" "--user" "0:0" "--network" "none" "ghcr.io/rust-lang/crates-build-env/linux@sha256:4a844ea9eb2546a2d2c7022eacef16ef2e8229c7fbb2c7d4d55a9ceca922f72d" "/opt/rustwide/cargo-home/bin/cargo" "+nightly-2024-10-28" "metadata" "--no-deps" "--format-version=1", kill_on_drop: false }`
[INFO] [stdout] bcee3b659b384f7e5ef4905815a7c6c08e962dbc08a43315cefb5a1f3848627d
[INFO] running `Command { std: "docker" "start" "-a" "bcee3b659b384f7e5ef4905815a7c6c08e962dbc08a43315cefb5a1f3848627d", kill_on_drop: false }`
[INFO] running `Command { std: "docker" "inspect" "bcee3b659b384f7e5ef4905815a7c6c08e962dbc08a43315cefb5a1f3848627d", kill_on_drop: false }`
[INFO] running `Command { std: "docker" "rm" "-f" "bcee3b659b384f7e5ef4905815a7c6c08e962dbc08a43315cefb5a1f3848627d", kill_on_drop: false }`
[INFO] [stdout] bcee3b659b384f7e5ef4905815a7c6c08e962dbc08a43315cefb5a1f3848627d
[INFO] running `Command { std: "docker" "create" "-v" "/var/lib/crater-agent-workspace/builds/worker-1-tc2/target:/opt/rustwide/target:rw,Z" "-v" "/var/lib/crater-agent-workspace/builds/worker-1-tc2/source:/opt/rustwide/workdir:ro,Z" "-v" "/var/lib/crater-agent-workspace/cargo-home:/opt/rustwide/cargo-home:ro,Z" "-v" "/var/lib/crater-agent-workspace/rustup-home:/opt/rustwide/rustup-home:ro,Z" "-e" "SOURCE_DIR=/opt/rustwide/workdir" "-e" "CARGO_TARGET_DIR=/opt/rustwide/target" "-e" "CARGO_INCREMENTAL=0" "-e" "RUST_BACKTRACE=full" "-e" "RUSTFLAGS=--cap-lints=forbid -Zrandomize-layout" "-e" "RUSTDOCFLAGS=--cap-lints=forbid" "-e" "CARGO_HOME=/opt/rustwide/cargo-home" "-e" "RUSTUP_HOME=/opt/rustwide/rustup-home" "-w" "/opt/rustwide/workdir" "-m" "1610612736" "--user" "0:0" "--network" "none" "ghcr.io/rust-lang/crates-build-env/linux@sha256:4a844ea9eb2546a2d2c7022eacef16ef2e8229c7fbb2c7d4d55a9ceca922f72d" "/opt/rustwide/cargo-home/bin/cargo" "+nightly-2024-10-28" "build" "--frozen" "--message-format=json", kill_on_drop: false }`
[INFO] [stdout] fef6fa5ebddc94313a75a75337aa8a8e823b862f3f6569fc179b5cb20e552a19
[INFO] running `Command { std: "docker" "start" "-a" "fef6fa5ebddc94313a75a75337aa8a8e823b862f3f6569fc179b5cb20e552a19", kill_on_drop: false }`
[INFO] [stderr]    Compiling proc-macro2 v1.0.84
[INFO] [stderr]    Compiling wasm-bindgen-shared v0.2.92
[INFO] [stderr]    Compiling bumpalo v3.16.0
[INFO] [stderr]    Compiling wasm-bindgen v0.2.92
[INFO] [stderr]    Compiling syn v1.0.109
[INFO] [stderr]    Compiling num-traits v0.2.19
[INFO] [stderr]    Compiling tokio v1.38.0
[INFO] [stderr]    Compiling futures-core v0.3.30
[INFO] [stderr]    Compiling futures-channel v0.3.30
[INFO] [stderr]    Compiling base64 v0.13.1
[INFO] [stderr]    Compiling futures-task v0.3.30
[INFO] [stderr]    Compiling macro_rules_attribute-proc_macro v0.2.0
[INFO] [stderr]    Compiling itertools v0.13.0
[INFO] [stderr]    Compiling macro_rules_attribute v0.2.0
[INFO] [stderr]    Compiling quote v1.0.36
[INFO] [stderr]    Compiling syn v2.0.66
[INFO] [stderr]    Compiling futures-locks v0.7.1
[INFO] [stderr]    Compiling embed-doc-image v0.1.4
[INFO] [stderr]    Compiling wasm-bindgen-backend v0.2.92
[INFO] [stderr]    Compiling thiserror-impl v1.0.61
[INFO] [stderr]    Compiling tracing-attributes v0.1.27
[INFO] [stderr]    Compiling async-trait v0.1.80
[INFO] [stderr]    Compiling wasm-bindgen-macro-support v0.2.92
[INFO] [stderr]    Compiling thiserror v1.0.61
[INFO] [stderr]    Compiling tracing v0.1.40
[INFO] [stderr]    Compiling wasm-bindgen-macro v0.2.92
[INFO] [stderr]    Compiling js-sys v0.3.69
[INFO] [stderr]    Compiling web-sys v0.3.69
[INFO] [stderr]    Compiling wasm-bindgen-futures v0.4.42
[INFO] [stderr]    Compiling idb v0.6.1
[INFO] [stderr]    Compiling webkv v0.1.0 (/opt/rustwide/workdir)
[INFO] [stderr]     Finished `dev` profile [unoptimized + debuginfo] target(s) in 14.72s
[INFO] running `Command { std: "docker" "inspect" "fef6fa5ebddc94313a75a75337aa8a8e823b862f3f6569fc179b5cb20e552a19", kill_on_drop: false }`
[INFO] running `Command { std: "docker" "rm" "-f" "fef6fa5ebddc94313a75a75337aa8a8e823b862f3f6569fc179b5cb20e552a19", kill_on_drop: false }`
[INFO] [stdout] fef6fa5ebddc94313a75a75337aa8a8e823b862f3f6569fc179b5cb20e552a19
[INFO] running `Command { std: "docker" "create" "-v" "/var/lib/crater-agent-workspace/builds/worker-1-tc2/target:/opt/rustwide/target:rw,Z" "-v" "/var/lib/crater-agent-workspace/builds/worker-1-tc2/source:/opt/rustwide/workdir:ro,Z" "-v" "/var/lib/crater-agent-workspace/cargo-home:/opt/rustwide/cargo-home:ro,Z" "-v" "/var/lib/crater-agent-workspace/rustup-home:/opt/rustwide/rustup-home:ro,Z" "-e" "SOURCE_DIR=/opt/rustwide/workdir" "-e" "CARGO_TARGET_DIR=/opt/rustwide/target" "-e" "CARGO_INCREMENTAL=0" "-e" "RUST_BACKTRACE=full" "-e" "RUSTFLAGS=--cap-lints=forbid -Zrandomize-layout" "-e" "RUSTDOCFLAGS=--cap-lints=forbid" "-e" "CARGO_HOME=/opt/rustwide/cargo-home" "-e" "RUSTUP_HOME=/opt/rustwide/rustup-home" "-w" "/opt/rustwide/workdir" "-m" "1610612736" "--user" "0:0" "--network" "none" "ghcr.io/rust-lang/crates-build-env/linux@sha256:4a844ea9eb2546a2d2c7022eacef16ef2e8229c7fbb2c7d4d55a9ceca922f72d" "/opt/rustwide/cargo-home/bin/cargo" "+nightly-2024-10-28" "test" "--frozen" "--no-run" "--message-format=json", kill_on_drop: false }`
[INFO] [stdout] 4bc0dbf27fa80b6df07d44d9d623bc21d5420180afe812134a628cb7ef27f439
[INFO] running `Command { std: "docker" "start" "-a" "4bc0dbf27fa80b6df07d44d9d623bc21d5420180afe812134a628cb7ef27f439", kill_on_drop: false }`
[INFO] [stderr]    Compiling libc v0.2.155
[INFO] [stderr]    Compiling futures-sink v0.3.30
[INFO] [stderr]    Compiling slab v0.4.9
[INFO] [stderr]    Compiling tokio-macros v2.3.0
[INFO] [stderr]    Compiling futures-macro v0.3.30
[INFO] [stderr]    Compiling futures-io v0.3.30
[INFO] [stderr]    Compiling async-stream-impl v0.3.5
[INFO] [stderr]    Compiling console_error_panic_hook v0.1.7
[INFO] [stderr]    Compiling futures-channel v0.3.30
[INFO] [stderr]    Compiling wasm-bindgen-test-macro v0.3.42
[INFO] [stderr]    Compiling async-stream v0.3.5
[INFO] [stderr]    Compiling wasm-bindgen-test v0.3.42
[INFO] [stderr]    Compiling futures-util v0.3.30
[INFO] [stderr]    Compiling num_cpus v1.16.0
[INFO] [stderr]    Compiling getrandom v0.2.15
[INFO] [stderr]    Compiling tokio v1.38.0
[INFO] [stderr]    Compiling rand_core v0.6.4
[INFO] [stderr]    Compiling rand_chacha v0.3.1
[INFO] [stderr]    Compiling rand v0.8.5
[INFO] [stderr]    Compiling idb v0.6.1
[INFO] [stderr]    Compiling tokio-stream v0.1.15
[INFO] [stderr]    Compiling futures-locks v0.7.1
[INFO] [stderr]    Compiling tokio-test v0.4.4
[INFO] [stderr]    Compiling futures-executor v0.3.30
[INFO] [stderr]    Compiling webkv v0.1.0 (/opt/rustwide/workdir)
[INFO] [stderr]    Compiling futures v0.3.30
[INFO] [stderr]     Finished `test` profile [unoptimized + debuginfo] target(s) in 6.97s
[INFO] running `Command { std: "docker" "inspect" "4bc0dbf27fa80b6df07d44d9d623bc21d5420180afe812134a628cb7ef27f439", kill_on_drop: false }`
[INFO] running `Command { std: "docker" "rm" "-f" "4bc0dbf27fa80b6df07d44d9d623bc21d5420180afe812134a628cb7ef27f439", kill_on_drop: false }`
[INFO] [stdout] 4bc0dbf27fa80b6df07d44d9d623bc21d5420180afe812134a628cb7ef27f439
[INFO] running `Command { std: "docker" "create" "-v" "/var/lib/crater-agent-workspace/builds/worker-1-tc2/target:/opt/rustwide/target:rw,Z" "-v" "/var/lib/crater-agent-workspace/builds/worker-1-tc2/source:/opt/rustwide/workdir:ro,Z" "-v" "/var/lib/crater-agent-workspace/cargo-home:/opt/rustwide/cargo-home:ro,Z" "-v" "/var/lib/crater-agent-workspace/rustup-home:/opt/rustwide/rustup-home:ro,Z" "-e" "SOURCE_DIR=/opt/rustwide/workdir" "-e" "CARGO_TARGET_DIR=/opt/rustwide/target" "-e" "CARGO_INCREMENTAL=0" "-e" "RUST_BACKTRACE=full" "-e" "RUSTFLAGS=--cap-lints=forbid -Zrandomize-layout" "-e" "RUSTDOCFLAGS=--cap-lints=forbid" "-e" "CARGO_HOME=/opt/rustwide/cargo-home" "-e" "RUSTUP_HOME=/opt/rustwide/rustup-home" "-w" "/opt/rustwide/workdir" "-m" "1610612736" "--user" "0:0" "--network" "none" "ghcr.io/rust-lang/crates-build-env/linux@sha256:4a844ea9eb2546a2d2c7022eacef16ef2e8229c7fbb2c7d4d55a9ceca922f72d" "/opt/rustwide/cargo-home/bin/cargo" "+nightly-2024-10-28" "test" "--frozen", kill_on_drop: false }`
[INFO] [stdout] 6107d07f30d9b185ebf3bee144978a8048d1027d45d90d3ae78939dd40997c7d
[INFO] running `Command { std: "docker" "start" "-a" "6107d07f30d9b185ebf3bee144978a8048d1027d45d90d3ae78939dd40997c7d", kill_on_drop: false }`
[INFO] [stderr]     Finished `test` profile [unoptimized + debuginfo] target(s) in 0.08s
[INFO] [stderr]      Running unittests src/lib.rs (/opt/rustwide/target/debug/deps/webkv-ef636616818725ec)
[INFO] [stdout] 
[INFO] [stdout] running 4 tests
[INFO] [stdout] test snapshot::tests::test_snapshot ... ok
[INFO] [stdout] test transaction::tests::test_parallel_transactions_mt4 ... ok
[INFO] [stdout] test transaction::tests::test_parallel_transactions_mt1 ... ok
[INFO] [stdout] test transaction::tests::test_parallel_transactions_st ... ok
[INFO] [stdout] 
[INFO] [stdout] test result: ok. 4 passed; 0 failed; 0 ignored; 0 measured; 0 filtered out; finished in 22.81s
[INFO] [stdout] 
[INFO] [stderr]      Running tests/idb.rs (/opt/rustwide/target/debug/deps/idb-596c71ca0585216a)
[INFO] [stdout] 
[INFO] [stdout] running 0 tests
[INFO] [stdout] 
[INFO] [stdout] test result: ok. 0 passed; 0 failed; 0 ignored; 0 measured; 0 filtered out; finished in 0.00s
[INFO] [stdout] 
[INFO] [stderr]    Doc-tests webkv
[INFO] [stdout] 
[INFO] [stdout] running 1 test
[INFO] [stdout] test src/lib.rs - (line 27) ... FAILED
[INFO] [stdout] 
[INFO] [stdout] failures:
[INFO] [stdout] 
[INFO] [stdout] ---- src/lib.rs - (line 27) stdout ----
[INFO] [stdout] error[E0753]: expected outer doc comment
[INFO] [stdout]   --> src/lib.rs:50:70
[INFO] [stdout]    |
[INFO] [stdout] 26 | assert_eq!(tx.get(b"key2").await.unwrap(), Some(b"value2".to_vec()));//!
[INFO] [stdout]    |                                                                      ^^^
[INFO] [stdout] 27 | assert_eq!(tx.get(b"key3").await.unwrap(), None);
[INFO] [stdout]    | ------------------------------------------------- the inner doc comment doesn't annotate this item macro invocation
[INFO] [stdout]    |
[INFO] [stdout] help: to annotate the item macro invocation, change the doc comment from inner to outer style
[INFO] [stdout]    |
[INFO] [stdout] 26 | assert_eq!(tx.get(b"key2").await.unwrap(), Some(b"value2".to_vec()));///
[INFO] [stdout]    |                                                                        ~
[INFO] [stdout] 
[INFO] [stdout] error[E0432]: unresolved import `webkv::IdbStorage`
[INFO] [stdout]   --> src/lib.rs:31:23
[INFO] [stdout]    |
[INFO] [stdout] 7  | use webkv::{Database, IdbStorage};
[INFO] [stdout]    |                       ^^^^^^^^^^
[INFO] [stdout]    |                       |
[INFO] [stdout]    |                       no `IdbStorage` in the root
[INFO] [stdout]    |                       help: a similar name exists in the module: `MemStorage`
[INFO] [stdout]    |
[INFO] [stdout] note: found an item that was configured out
[INFO] [stdout]   --> /opt/rustwide/workdir/src/lib.rs:62:23
[INFO] [stdout]    |
[INFO] [stdout] 62 | pub use storage::idb::IdbStorage;
[INFO] [stdout]    |                       ^^^^^^^^^^
[INFO] [stdout] note: the item is gated behind the `wasm` feature
[INFO] [stdout]   --> /opt/rustwide/workdir/src/lib.rs:61:7
[INFO] [stdout]    |
[INFO] [stdout] 61 | #[cfg(target_family = "wasm")]
[INFO] [stdout]    |       ^^^^^^^^^^^^^^^^^^^^^^
[INFO] [stdout] 
[INFO] [stdout] error: aborting due to 2 previous errors
[INFO] [stdout] 
[INFO] [stdout] Some errors have detailed explanations: E0432, E0753.
[INFO] [stdout] For more information about an error, try `rustc --explain E0432`.
[INFO] [stdout] Couldn't compile the test.
[INFO] [stdout] 
[INFO] [stdout] failures:
[INFO] [stdout]     src/lib.rs - (line 27)
[INFO] [stdout] 
[INFO] [stdout] test result: FAILED. 0 passed; 1 failed; 0 ignored; 0 measured; 0 filtered out; finished in 0.22s
[INFO] [stdout] 
[INFO] [stderr] error: doctest failed, to rerun pass `--doc`
[INFO] running `Command { std: "docker" "inspect" "6107d07f30d9b185ebf3bee144978a8048d1027d45d90d3ae78939dd40997c7d", kill_on_drop: false }`
[INFO] running `Command { std: "docker" "rm" "-f" "6107d07f30d9b185ebf3bee144978a8048d1027d45d90d3ae78939dd40997c7d", kill_on_drop: false }`
[INFO] [stdout] 6107d07f30d9b185ebf3bee144978a8048d1027d45d90d3ae78939dd40997c7d
