[INFO] cloning repository https://github.com/elpinal/stletiori
[INFO] running `Command { std: "git" "-c" "credential.helper=" "-c" "credential.helper=/workspace/cargo-home/bin/git-credential-null" "clone" "--bare" "https://github.com/elpinal/stletiori" "/workspace/cache/git-repos/https%3A%2F%2Fgithub.com%2Felpinal%2Fstletiori", kill_on_drop: false }`
[INFO] [stderr] Cloning into bare repository '/workspace/cache/git-repos/https%3A%2F%2Fgithub.com%2Felpinal%2Fstletiori'...
[INFO] running `Command { std: "git" "rev-parse" "HEAD", kill_on_drop: false }`
[INFO] [stdout] 70ebb204ac7eef0f9008e68817133fce3b17dd0e
[INFO] testing elpinal/stletiori/70ebb204ac7eef0f9008e68817133fce3b17dd0e against nightly-2024-10-28+rustflags=-Zrandomize-layout for randomize-layout
[INFO] running `Command { std: "git" "clone" "/workspace/cache/git-repos/https%3A%2F%2Fgithub.com%2Felpinal%2Fstletiori" "/workspace/builds/worker-7-tc2/source", kill_on_drop: false }`
[INFO] [stderr] Cloning into '/workspace/builds/worker-7-tc2/source'...
[INFO] [stderr] done.
[INFO] validating manifest of git repo https://github.com/elpinal/stletiori on toolchain nightly-2024-10-28
[INFO] running `Command { std: CARGO_HOME="/workspace/cargo-home" RUSTUP_HOME="/workspace/rustup-home" "/workspace/cargo-home/bin/cargo" "+nightly-2024-10-28" "metadata" "--manifest-path" "Cargo.toml" "--no-deps", kill_on_drop: false }`
[INFO] started tweaking git repo https://github.com/elpinal/stletiori
[INFO] finished tweaking git repo https://github.com/elpinal/stletiori
[INFO] tweaked toml for git repo https://github.com/elpinal/stletiori written to /workspace/builds/worker-7-tc2/source/Cargo.toml
[INFO] crate git repo https://github.com/elpinal/stletiori already has a lockfile, it will not be regenerated
[INFO] running `Command { std: CARGO_HOME="/workspace/cargo-home" RUSTUP_HOME="/workspace/rustup-home" "/workspace/cargo-home/bin/cargo" "+nightly-2024-10-28" "fetch" "--manifest-path" "Cargo.toml", kill_on_drop: false }`
[INFO] running `Command { std: "docker" "create" "-v" "/var/lib/crater-agent-workspace/builds/worker-7-tc2/target:/opt/rustwide/target:rw,Z" "-v" "/var/lib/crater-agent-workspace/builds/worker-7-tc2/source:/opt/rustwide/workdir:ro,Z" "-v" "/var/lib/crater-agent-workspace/cargo-home:/opt/rustwide/cargo-home:ro,Z" "-v" "/var/lib/crater-agent-workspace/rustup-home:/opt/rustwide/rustup-home:ro,Z" "-e" "SOURCE_DIR=/opt/rustwide/workdir" "-e" "CARGO_TARGET_DIR=/opt/rustwide/target" "-e" "CARGO_HOME=/opt/rustwide/cargo-home" "-e" "RUSTUP_HOME=/opt/rustwide/rustup-home" "-w" "/opt/rustwide/workdir" "-m" "1610612736" "--user" "0:0" "--network" "none" "ghcr.io/rust-lang/crates-build-env/linux@sha256:4a844ea9eb2546a2d2c7022eacef16ef2e8229c7fbb2c7d4d55a9ceca922f72d" "/opt/rustwide/cargo-home/bin/cargo" "+nightly-2024-10-28" "metadata" "--no-deps" "--format-version=1", kill_on_drop: false }`
[INFO] [stdout] e4ba325f7665614eb26437dcac88e274b4964e4df6a6f22aa11b7bb571d35676
[INFO] running `Command { std: "docker" "start" "-a" "e4ba325f7665614eb26437dcac88e274b4964e4df6a6f22aa11b7bb571d35676", kill_on_drop: false }`
[INFO] running `Command { std: "docker" "inspect" "e4ba325f7665614eb26437dcac88e274b4964e4df6a6f22aa11b7bb571d35676", kill_on_drop: false }`
[INFO] running `Command { std: "docker" "rm" "-f" "e4ba325f7665614eb26437dcac88e274b4964e4df6a6f22aa11b7bb571d35676", kill_on_drop: false }`
[INFO] [stdout] e4ba325f7665614eb26437dcac88e274b4964e4df6a6f22aa11b7bb571d35676
[INFO] running `Command { std: "docker" "create" "-v" "/var/lib/crater-agent-workspace/builds/worker-7-tc2/target:/opt/rustwide/target:rw,Z" "-v" "/var/lib/crater-agent-workspace/builds/worker-7-tc2/source:/opt/rustwide/workdir:ro,Z" "-v" "/var/lib/crater-agent-workspace/cargo-home:/opt/rustwide/cargo-home:ro,Z" "-v" "/var/lib/crater-agent-workspace/rustup-home:/opt/rustwide/rustup-home:ro,Z" "-e" "SOURCE_DIR=/opt/rustwide/workdir" "-e" "CARGO_TARGET_DIR=/opt/rustwide/target" "-e" "CARGO_INCREMENTAL=0" "-e" "RUST_BACKTRACE=full" "-e" "RUSTFLAGS=--cap-lints=forbid -Zrandomize-layout" "-e" "RUSTDOCFLAGS=--cap-lints=forbid" "-e" "CARGO_HOME=/opt/rustwide/cargo-home" "-e" "RUSTUP_HOME=/opt/rustwide/rustup-home" "-w" "/opt/rustwide/workdir" "-m" "1610612736" "--user" "0:0" "--network" "none" "ghcr.io/rust-lang/crates-build-env/linux@sha256:4a844ea9eb2546a2d2c7022eacef16ef2e8229c7fbb2c7d4d55a9ceca922f72d" "/opt/rustwide/cargo-home/bin/cargo" "+nightly-2024-10-28" "build" "--frozen" "--message-format=json", kill_on_drop: false }`
[INFO] [stdout] c28fa5efff4c727d1ffb6b5c369fffe39952de496106ba041d24012ede8e1f29
[INFO] running `Command { std: "docker" "start" "-a" "c28fa5efff4c727d1ffb6b5c369fffe39952de496106ba041d24012ede8e1f29", kill_on_drop: false }`
[INFO] [stderr]    Compiling proc-macro2 v0.4.27
[INFO] [stderr]    Compiling unicode-xid v0.1.0
[INFO] [stderr]    Compiling libc v0.2.49
[INFO] [stderr]    Compiling cc v1.0.30
[INFO] [stderr]    Compiling autocfg v0.1.2
[INFO] [stderr]    Compiling unicode-width v0.1.5
[INFO] [stderr]    Compiling failure_derive v0.1.5
[INFO] [stderr]    Compiling unicode-segmentation v1.2.1
[INFO] [stderr]    Compiling bitflags v1.0.4
[INFO] [stderr]    Compiling strsim v0.7.0
[INFO] [stderr]    Compiling rustc-demangle v0.1.13
[INFO] [stderr]    Compiling vec_map v0.8.1
[INFO] [stderr]    Compiling ansi_term v0.11.0
[INFO] [stderr]    Compiling cfg-if v0.1.7
[INFO] [stderr]    Compiling lazy_static v1.3.0
[INFO] [stderr]    Compiling textwrap v0.10.0
[INFO] [stderr]    Compiling colored v1.7.0
[INFO] [stderr]    Compiling heck v0.3.1
[INFO] [stderr]    Compiling backtrace v0.3.14
[INFO] [stderr]    Compiling atty v0.2.11
[INFO] [stderr]    Compiling quote v0.6.11
[INFO] [stderr]    Compiling backtrace-sys v0.1.28
[INFO] [stderr]    Compiling clap v2.32.0
[INFO] [stderr]    Compiling syn v0.15.27
[INFO] [stderr]    Compiling synstructure v0.10.1
[INFO] [stderr]    Compiling structopt-derive v0.2.14
[INFO] [stderr]    Compiling failure v0.1.5
[INFO] [stderr]    Compiling structopt v0.2.14
[INFO] [stderr]    Compiling stletiori v0.1.0 (/opt/rustwide/workdir)
[INFO] [stdout] warning: trailing semicolon in macro used in expression position
[INFO] [stdout]    --> src/parser.rs:474:59
[INFO] [stdout]     |
[INFO] [stdout] 474 |                 $p.proceeding(Positional::new(start, $ty));
[INFO] [stdout]     |                                                           ^
[INFO] [stdout] ...
[INFO] [stdout] 479 |             TokenKind::Int => one_token!(self, Type::Base(BaseType::Int)),
[INFO] [stdout]     |                               ------------------------------------------- in this macro invocation
[INFO] [stdout]     |
[INFO] [stdout]     = warning: this was previously accepted by the compiler but is being phased out; it will become a hard error in a future release!
[INFO] [stdout]     = note: for more information, see issue #79813 <https://github.com/rust-lang/rust/issues/79813>
[INFO] [stdout]     = note: `#[warn(semicolon_in_expressions_from_macros)]` on by default
[INFO] [stdout]     = note: this warning originates in the macro `one_token` (in Nightly builds, run with -Z macro-backtrace for more info)
[INFO] [stdout] 
[INFO] [stdout] 
[INFO] [stdout] warning: trailing semicolon in macro used in expression position
[INFO] [stdout]    --> src/parser.rs:474:59
[INFO] [stdout]     |
[INFO] [stdout] 474 |                 $p.proceeding(Positional::new(start, $ty));
[INFO] [stdout]     |                                                           ^
[INFO] [stdout] ...
[INFO] [stdout] 480 |             TokenKind::Bool => one_token!(self, Type::Base(BaseType::Bool)),
[INFO] [stdout]     |                                -------------------------------------------- in this macro invocation
[INFO] [stdout]     |
[INFO] [stdout]     = warning: this was previously accepted by the compiler but is being phased out; it will become a hard error in a future release!
[INFO] [stdout]     = note: for more information, see issue #79813 <https://github.com/rust-lang/rust/issues/79813>
[INFO] [stdout]     = note: this warning originates in the macro `one_token` (in Nightly builds, run with -Z macro-backtrace for more info)
[INFO] [stdout] 
[INFO] [stdout] 
[INFO] [stdout] warning: trailing semicolon in macro used in expression position
[INFO] [stdout]    --> src/parser.rs:474:59
[INFO] [stdout]     |
[INFO] [stdout] 474 |                 $p.proceeding(Positional::new(start, $ty));
[INFO] [stdout]     |                                                           ^
[INFO] [stdout] ...
[INFO] [stdout] 481 |             TokenKind::KeywordType => one_token!(self, Type::Base(BaseType::Keyword)),
[INFO] [stdout]     |                                       ----------------------------------------------- in this macro invocation
[INFO] [stdout]     |
[INFO] [stdout]     = warning: this was previously accepted by the compiler but is being phased out; it will become a hard error in a future release!
[INFO] [stdout]     = note: for more information, see issue #79813 <https://github.com/rust-lang/rust/issues/79813>
[INFO] [stdout]     = note: this warning originates in the macro `one_token` (in Nightly builds, run with -Z macro-backtrace for more info)
[INFO] [stdout] 
[INFO] [stdout] 
[INFO] [stdout] warning: trailing semicolon in macro used in expression position
[INFO] [stdout]    --> src/parser.rs:474:59
[INFO] [stdout]     |
[INFO] [stdout] 474 |                 $p.proceeding(Positional::new(start, $ty));
[INFO] [stdout]     |                                                           ^
[INFO] [stdout] ...
[INFO] [stdout] 482 |             TokenKind::Vector => one_token!(self, Type::Base(BaseType::Vector)),
[INFO] [stdout]     |                                  ---------------------------------------------- in this macro invocation
[INFO] [stdout]     |
[INFO] [stdout]     = warning: this was previously accepted by the compiler but is being phased out; it will become a hard error in a future release!
[INFO] [stdout]     = note: for more information, see issue #79813 <https://github.com/rust-lang/rust/issues/79813>
[INFO] [stdout]     = note: this warning originates in the macro `one_token` (in Nightly builds, run with -Z macro-backtrace for more info)
[INFO] [stdout] 
[INFO] [stdout] 
[INFO] [stdout] warning: trailing semicolon in macro used in expression position
[INFO] [stdout]    --> src/parser.rs:474:59
[INFO] [stdout]     |
[INFO] [stdout] 474 |                 $p.proceeding(Positional::new(start, $ty));
[INFO] [stdout]     |                                                           ^
[INFO] [stdout] ...
[INFO] [stdout] 483 |             TokenKind::Map => one_token!(self, Type::Base(BaseType::Map)),
[INFO] [stdout]     |                               ------------------------------------------- in this macro invocation
[INFO] [stdout]     |
[INFO] [stdout]     = warning: this was previously accepted by the compiler but is being phased out; it will become a hard error in a future release!
[INFO] [stdout]     = note: for more information, see issue #79813 <https://github.com/rust-lang/rust/issues/79813>
[INFO] [stdout]     = note: this warning originates in the macro `one_token` (in Nightly builds, run with -Z macro-backtrace for more info)
[INFO] [stdout] 
[INFO] [stdout] 
[INFO] [stdout] warning: trailing semicolon in macro used in expression position
[INFO] [stdout]    --> src/parser.rs:474:59
[INFO] [stdout]     |
[INFO] [stdout] 474 |                 $p.proceeding(Positional::new(start, $ty));
[INFO] [stdout]     |                                                           ^
[INFO] [stdout] ...
[INFO] [stdout] 484 |             TokenKind::String => one_token!(self, Type::Base(BaseType::String)),
[INFO] [stdout]     |                                  ---------------------------------------------- in this macro invocation
[INFO] [stdout]     |
[INFO] [stdout]     = warning: this was previously accepted by the compiler but is being phased out; it will become a hard error in a future release!
[INFO] [stdout]     = note: for more information, see issue #79813 <https://github.com/rust-lang/rust/issues/79813>
[INFO] [stdout]     = note: this warning originates in the macro `one_token` (in Nightly builds, run with -Z macro-backtrace for more info)
[INFO] [stdout] 
[INFO] [stdout] 
[INFO] [stdout] warning: trailing semicolon in macro used in expression position
[INFO] [stdout]    --> src/parser.rs:474:59
[INFO] [stdout]     |
[INFO] [stdout] 474 |                 $p.proceeding(Positional::new(start, $ty));
[INFO] [stdout]     |                                                           ^
[INFO] [stdout] ...
[INFO] [stdout] 485 |             TokenKind::Unknown => one_token!(self, Type::Unknown),
[INFO] [stdout]     |                                   ------------------------------- in this macro invocation
[INFO] [stdout]     |
[INFO] [stdout]     = warning: this was previously accepted by the compiler but is being phased out; it will become a hard error in a future release!
[INFO] [stdout]     = note: for more information, see issue #79813 <https://github.com/rust-lang/rust/issues/79813>
[INFO] [stdout]     = note: this warning originates in the macro `one_token` (in Nightly builds, run with -Z macro-backtrace for more info)
[INFO] [stdout] 
[INFO] [stdout] 
[INFO] [stdout] warning: the feature `bind_by_move_pattern_guards` has been stable since 1.39.0 and no longer requires an attribute to enable
[INFO] [stdout]  --> src/lib.rs:1:12
[INFO] [stdout]   |
[INFO] [stdout] 1 | #![feature(bind_by_move_pattern_guards)]
[INFO] [stdout]   |            ^^^^^^^^^^^^^^^^^^^^^^^^^^^
[INFO] [stdout]   |
[INFO] [stdout]   = note: `#[warn(stable_features)]` on by default
[INFO] [stdout] 
[INFO] [stdout] 
[INFO] [stdout] warning: the feature `try_from` has been stable since 1.34.0 and no longer requires an attribute to enable
[INFO] [stdout]  --> src/lib.rs:3:12
[INFO] [stdout]   |
[INFO] [stdout] 3 | #![feature(try_from)]
[INFO] [stdout]   |            ^^^^^^^^
[INFO] [stdout] 
[INFO] [stdout] 
[INFO] [stdout] warning: non-local `impl` definition, `impl` blocks should be written at the same level as their item
[INFO] [stdout]   --> src/language/intermediate.rs:51:17
[INFO] [stdout]    |
[INFO] [stdout] 51 | #[derive(Debug, Fail, PartialEq)]
[INFO] [stdout]    |                 ^---
[INFO] [stdout]    |                 |
[INFO] [stdout]    |                 `Fail` is not local
[INFO] [stdout]    |                 move the `impl` block outside of this constant `_DERIVE_failure_Fail_FOR_EnvError`
[INFO] [stdout] 52 | pub enum EnvError {
[INFO] [stdout]    |          -------- `EnvError` is not local
[INFO] [stdout]    |
[INFO] [stdout]    = note: the derive macro `Fail` defines the non-local `impl`, and may need to be changed
[INFO] [stdout]    = note: the derive macro `Fail` may come from an old version of the `failure_derive` crate, try updating your dependency with `cargo update -p failure_derive`
[INFO] [stdout]    = note: an `impl` is never scoped, even when it is nested inside an item, as it may impact type checking outside of that item, which can be the case if neither the trait or the self type are at the same nesting level as the `impl`
[INFO] [stdout]    = note: items in an anonymous const item (`const _: () = { ... }`) are treated as in the same scope as the anonymous const's declaration for the purpose of this lint
[INFO] [stdout]    = note: `#[warn(non_local_definitions)]` on by default
[INFO] [stdout]    = note: this warning originates in the derive macro `Fail` (in Nightly builds, run with -Z macro-backtrace for more info)
[INFO] [stdout] 
[INFO] [stdout] 
[INFO] [stdout] warning: non-local `impl` definition, `impl` blocks should be written at the same level as their item
[INFO] [stdout]   --> src/language/intermediate.rs:51:17
[INFO] [stdout]    |
[INFO] [stdout] 51 | #[derive(Debug, Fail, PartialEq)]
[INFO] [stdout]    |                 ^---
[INFO] [stdout]    |                 |
[INFO] [stdout]    |                 `Display` is not local
[INFO] [stdout]    |                 move the `impl` block outside of this constant `_DERIVE_failure_core_fmt_Display_FOR_EnvError`
[INFO] [stdout] 52 | pub enum EnvError {
[INFO] [stdout]    |          -------- `EnvError` is not local
[INFO] [stdout]    |
[INFO] [stdout]    = note: the derive macro `Fail` defines the non-local `impl`, and may need to be changed
[INFO] [stdout]    = note: the derive macro `Fail` may come from an old version of the `failure_derive` crate, try updating your dependency with `cargo update -p failure_derive`
[INFO] [stdout]    = note: an `impl` is never scoped, even when it is nested inside an item, as it may impact type checking outside of that item, which can be the case if neither the trait or the self type are at the same nesting level as the `impl`
[INFO] [stdout]    = note: items in an anonymous const item (`const _: () = { ... }`) are treated as in the same scope as the anonymous const's declaration for the purpose of this lint
[INFO] [stdout]    = note: this warning originates in the derive macro `Fail` (in Nightly builds, run with -Z macro-backtrace for more info)
[INFO] [stdout] 
[INFO] [stdout] 
[INFO] [stdout] warning: non-local `impl` definition, `impl` blocks should be written at the same level as their item
[INFO] [stdout]   --> src/language/intermediate.rs:96:17
[INFO] [stdout]    |
[INFO] [stdout] 96 | #[derive(Debug, Fail, PartialEq)]
[INFO] [stdout]    |                 ^---
[INFO] [stdout]    |                 |
[INFO] [stdout]    |                 `Fail` is not local
[INFO] [stdout]    |                 move the `impl` block outside of this constant `_DERIVE_failure_Fail_FOR_TranslateError`
[INFO] [stdout] 97 | pub enum TranslateError {
[INFO] [stdout]    |          -------------- `TranslateError` is not local
[INFO] [stdout]    |
[INFO] [stdout]    = note: the derive macro `Fail` defines the non-local `impl`, and may need to be changed
[INFO] [stdout]    = note: the derive macro `Fail` may come from an old version of the `failure_derive` crate, try updating your dependency with `cargo update -p failure_derive`
[INFO] [stdout]    = note: an `impl` is never scoped, even when it is nested inside an item, as it may impact type checking outside of that item, which can be the case if neither the trait or the self type are at the same nesting level as the `impl`
[INFO] [stdout]    = note: items in an anonymous const item (`const _: () = { ... }`) are treated as in the same scope as the anonymous const's declaration for the purpose of this lint
[INFO] [stdout]    = note: this warning originates in the derive macro `Fail` (in Nightly builds, run with -Z macro-backtrace for more info)
[INFO] [stdout] 
[INFO] [stdout] 
[INFO] [stdout] warning: non-local `impl` definition, `impl` blocks should be written at the same level as their item
[INFO] [stdout]   --> src/language/intermediate.rs:96:17
[INFO] [stdout]    |
[INFO] [stdout] 96 | #[derive(Debug, Fail, PartialEq)]
[INFO] [stdout]    |                 ^---
[INFO] [stdout]    |                 |
[INFO] [stdout]    |                 `Display` is not local
[INFO] [stdout]    |                 move the `impl` block outside of this constant `_DERIVE_failure_core_fmt_Display_FOR_TranslateError`
[INFO] [stdout] 97 | pub enum TranslateError {
[INFO] [stdout]    |          -------------- `TranslateError` is not local
[INFO] [stdout]    |
[INFO] [stdout]    = note: the derive macro `Fail` defines the non-local `impl`, and may need to be changed
[INFO] [stdout]    = note: the derive macro `Fail` may come from an old version of the `failure_derive` crate, try updating your dependency with `cargo update -p failure_derive`
[INFO] [stdout]    = note: an `impl` is never scoped, even when it is nested inside an item, as it may impact type checking outside of that item, which can be the case if neither the trait or the self type are at the same nesting level as the `impl`
[INFO] [stdout]    = note: items in an anonymous const item (`const _: () = { ... }`) are treated as in the same scope as the anonymous const's declaration for the purpose of this lint
[INFO] [stdout]    = note: this warning originates in the derive macro `Fail` (in Nightly builds, run with -Z macro-backtrace for more info)
[INFO] [stdout] 
[INFO] [stdout] 
[INFO] [stdout] warning: non-local `impl` definition, `impl` blocks should be written at the same level as their item
[INFO] [stdout]   --> src/language/intermediate/dynamic.rs:89:17
[INFO] [stdout]    |
[INFO] [stdout] 89 | #[derive(Debug, Fail, PartialEq)]
[INFO] [stdout]    |                 ^---
[INFO] [stdout]    |                 |
[INFO] [stdout]    |                 `Fail` is not local
[INFO] [stdout]    |                 move the `impl` block outside of this constant `_DERIVE_failure_Fail_FOR_TypeError`
[INFO] [stdout] 90 | pub enum TypeError {
[INFO] [stdout]    |          --------- `TypeError` is not local
[INFO] [stdout]    |
[INFO] [stdout]    = note: the derive macro `Fail` defines the non-local `impl`, and may need to be changed
[INFO] [stdout]    = note: the derive macro `Fail` may come from an old version of the `failure_derive` crate, try updating your dependency with `cargo update -p failure_derive`
[INFO] [stdout]    = note: an `impl` is never scoped, even when it is nested inside an item, as it may impact type checking outside of that item, which can be the case if neither the trait or the self type are at the same nesting level as the `impl`
[INFO] [stdout]    = note: items in an anonymous const item (`const _: () = { ... }`) are treated as in the same scope as the anonymous const's declaration for the purpose of this lint
[INFO] [stdout]    = note: this warning originates in the derive macro `Fail` (in Nightly builds, run with -Z macro-backtrace for more info)
[INFO] [stdout] 
[INFO] [stdout] 
[INFO] [stdout] warning: non-local `impl` definition, `impl` blocks should be written at the same level as their item
[INFO] [stdout]   --> src/language/intermediate/dynamic.rs:89:17
[INFO] [stdout]    |
[INFO] [stdout] 89 | #[derive(Debug, Fail, PartialEq)]
[INFO] [stdout]    |                 ^---
[INFO] [stdout]    |                 |
[INFO] [stdout]    |                 `Display` is not local
[INFO] [stdout]    |                 move the `impl` block outside of this constant `_DERIVE_failure_core_fmt_Display_FOR_TypeError`
[INFO] [stdout] 90 | pub enum TypeError {
[INFO] [stdout]    |          --------- `TypeError` is not local
[INFO] [stdout]    |
[INFO] [stdout]    = note: the derive macro `Fail` defines the non-local `impl`, and may need to be changed
[INFO] [stdout]    = note: the derive macro `Fail` may come from an old version of the `failure_derive` crate, try updating your dependency with `cargo update -p failure_derive`
[INFO] [stdout]    = note: an `impl` is never scoped, even when it is nested inside an item, as it may impact type checking outside of that item, which can be the case if neither the trait or the self type are at the same nesting level as the `impl`
[INFO] [stdout]    = note: items in an anonymous const item (`const _: () = { ... }`) are treated as in the same scope as the anonymous const's declaration for the purpose of this lint
[INFO] [stdout]    = note: this warning originates in the derive macro `Fail` (in Nightly builds, run with -Z macro-backtrace for more info)
[INFO] [stdout] 
[INFO] [stdout] 
[INFO] [stdout] warning: non-local `impl` definition, `impl` blocks should be written at the same level as their item
[INFO] [stdout]    --> src/language/intermediate/dynamic.rs:298:17
[INFO] [stdout]     |
[INFO] [stdout] 298 | #[derive(Debug, Fail, PartialEq)]
[INFO] [stdout]     |                 ^---
[INFO] [stdout]     |                 |
[INFO] [stdout]     |                 `Fail` is not local
[INFO] [stdout]     |                 move the `impl` block outside of this constant `_DERIVE_failure_Fail_FOR_ContextError`
[INFO] [stdout] 299 | pub enum ContextError {
[INFO] [stdout]     |          ------------ `ContextError` is not local
[INFO] [stdout]     |
[INFO] [stdout]     = note: the derive macro `Fail` defines the non-local `impl`, and may need to be changed
[INFO] [stdout]     = note: the derive macro `Fail` may come from an old version of the `failure_derive` crate, try updating your dependency with `cargo update -p failure_derive`
[INFO] [stdout]     = note: an `impl` is never scoped, even when it is nested inside an item, as it may impact type checking outside of that item, which can be the case if neither the trait or the self type are at the same nesting level as the `impl`
[INFO] [stdout]     = note: items in an anonymous const item (`const _: () = { ... }`) are treated as in the same scope as the anonymous const's declaration for the purpose of this lint
[INFO] [stdout]     = note: this warning originates in the derive macro `Fail` (in Nightly builds, run with -Z macro-backtrace for more info)
[INFO] [stdout] 
[INFO] [stdout] 
[INFO] [stdout] warning: non-local `impl` definition, `impl` blocks should be written at the same level as their item
[INFO] [stdout]    --> src/language/intermediate/dynamic.rs:298:17
[INFO] [stdout]     |
[INFO] [stdout] 298 | #[derive(Debug, Fail, PartialEq)]
[INFO] [stdout]     |                 ^---
[INFO] [stdout]     |                 |
[INFO] [stdout]     |                 `Display` is not local
[INFO] [stdout]     |                 move the `impl` block outside of this constant `_DERIVE_failure_core_fmt_Display_FOR_ContextError`
[INFO] [stdout] 299 | pub enum ContextError {
[INFO] [stdout]     |          ------------ `ContextError` is not local
[INFO] [stdout]     |
[INFO] [stdout]     = note: the derive macro `Fail` defines the non-local `impl`, and may need to be changed
[INFO] [stdout]     = note: the derive macro `Fail` may come from an old version of the `failure_derive` crate, try updating your dependency with `cargo update -p failure_derive`
[INFO] [stdout]     = note: an `impl` is never scoped, even when it is nested inside an item, as it may impact type checking outside of that item, which can be the case if neither the trait or the self type are at the same nesting level as the `impl`
[INFO] [stdout]     = note: items in an anonymous const item (`const _: () = { ... }`) are treated as in the same scope as the anonymous const's declaration for the purpose of this lint
[INFO] [stdout]     = note: this warning originates in the derive macro `Fail` (in Nightly builds, run with -Z macro-backtrace for more info)
[INFO] [stdout] 
[INFO] [stdout] 
[INFO] [stdout] warning: non-local `impl` definition, `impl` blocks should be written at the same level as their item
[INFO] [stdout]    --> src/language/intermediate/dynamic.rs:423:17
[INFO] [stdout]     |
[INFO] [stdout] 423 | #[derive(Debug, Fail, PartialEq)]
[INFO] [stdout]     |                 ^---
[INFO] [stdout]     |                 |
[INFO] [stdout]     |                 `Fail` is not local
[INFO] [stdout]     |                 move the `impl` block outside of this constant `_DERIVE_failure_Fail_FOR_ReductionError`
[INFO] [stdout] 424 | pub enum ReductionError {
[INFO] [stdout]     |          -------------- `ReductionError` is not local
[INFO] [stdout]     |
[INFO] [stdout]     = note: the derive macro `Fail` defines the non-local `impl`, and may need to be changed
[INFO] [stdout]     = note: the derive macro `Fail` may come from an old version of the `failure_derive` crate, try updating your dependency with `cargo update -p failure_derive`
[INFO] [stdout]     = note: an `impl` is never scoped, even when it is nested inside an item, as it may impact type checking outside of that item, which can be the case if neither the trait or the self type are at the same nesting level as the `impl`
[INFO] [stdout]     = note: items in an anonymous const item (`const _: () = { ... }`) are treated as in the same scope as the anonymous const's declaration for the purpose of this lint
[INFO] [stdout]     = note: this warning originates in the derive macro `Fail` (in Nightly builds, run with -Z macro-backtrace for more info)
[INFO] [stdout] 
[INFO] [stdout] 
[INFO] [stdout] warning: non-local `impl` definition, `impl` blocks should be written at the same level as their item
[INFO] [stdout]    --> src/language/intermediate/dynamic.rs:423:17
[INFO] [stdout]     |
[INFO] [stdout] 423 | #[derive(Debug, Fail, PartialEq)]
[INFO] [stdout]     |                 ^---
[INFO] [stdout]     |                 |
[INFO] [stdout]     |                 `Display` is not local
[INFO] [stdout]     |                 move the `impl` block outside of this constant `_DERIVE_failure_core_fmt_Display_FOR_ReductionError`
[INFO] [stdout] 424 | pub enum ReductionError {
[INFO] [stdout]     |          -------------- `ReductionError` is not local
[INFO] [stdout]     |
[INFO] [stdout]     = note: the derive macro `Fail` defines the non-local `impl`, and may need to be changed
[INFO] [stdout]     = note: the derive macro `Fail` may come from an old version of the `failure_derive` crate, try updating your dependency with `cargo update -p failure_derive`
[INFO] [stdout]     = note: an `impl` is never scoped, even when it is nested inside an item, as it may impact type checking outside of that item, which can be the case if neither the trait or the self type are at the same nesting level as the `impl`
[INFO] [stdout]     = note: items in an anonymous const item (`const _: () = { ... }`) are treated as in the same scope as the anonymous const's declaration for the purpose of this lint
[INFO] [stdout]     = note: this warning originates in the derive macro `Fail` (in Nightly builds, run with -Z macro-backtrace for more info)
[INFO] [stdout] 
[INFO] [stdout] 
[INFO] [stdout] warning: non-local `impl` definition, `impl` blocks should be written at the same level as their item
[INFO] [stdout]   --> src/parser.rs:65:17
[INFO] [stdout]    |
[INFO] [stdout] 65 | #[derive(Debug, Fail, PartialEq)]
[INFO] [stdout]    |                 ^---
[INFO] [stdout]    |                 |
[INFO] [stdout]    |                 `Fail` is not local
[INFO] [stdout]    |                 move the `impl` block outside of this constant `_DERIVE_failure_Fail_FOR_LexError`
[INFO] [stdout] 66 | enum LexError {
[INFO] [stdout]    |      -------- `LexError` is not local
[INFO] [stdout]    |
[INFO] [stdout]    = note: the derive macro `Fail` defines the non-local `impl`, and may need to be changed
[INFO] [stdout]    = note: the derive macro `Fail` may come from an old version of the `failure_derive` crate, try updating your dependency with `cargo update -p failure_derive`
[INFO] [stdout]    = note: an `impl` is never scoped, even when it is nested inside an item, as it may impact type checking outside of that item, which can be the case if neither the trait or the self type are at the same nesting level as the `impl`
[INFO] [stdout]    = note: items in an anonymous const item (`const _: () = { ... }`) are treated as in the same scope as the anonymous const's declaration for the purpose of this lint
[INFO] [stdout]    = note: this warning originates in the derive macro `Fail` (in Nightly builds, run with -Z macro-backtrace for more info)
[INFO] [stdout] 
[INFO] [stdout] 
[INFO] [stdout] warning: non-local `impl` definition, `impl` blocks should be written at the same level as their item
[INFO] [stdout]   --> src/parser.rs:65:17
[INFO] [stdout]    |
[INFO] [stdout] 65 | #[derive(Debug, Fail, PartialEq)]
[INFO] [stdout]    |                 ^---
[INFO] [stdout]    |                 |
[INFO] [stdout]    |                 `Display` is not local
[INFO] [stdout]    |                 move the `impl` block outside of this constant `_DERIVE_failure_core_fmt_Display_FOR_LexError`
[INFO] [stdout] 66 | enum LexError {
[INFO] [stdout]    |      -------- `LexError` is not local
[INFO] [stdout]    |
[INFO] [stdout]    = note: the derive macro `Fail` defines the non-local `impl`, and may need to be changed
[INFO] [stdout]    = note: the derive macro `Fail` may come from an old version of the `failure_derive` crate, try updating your dependency with `cargo update -p failure_derive`
[INFO] [stdout]    = note: an `impl` is never scoped, even when it is nested inside an item, as it may impact type checking outside of that item, which can be the case if neither the trait or the self type are at the same nesting level as the `impl`
[INFO] [stdout]    = note: items in an anonymous const item (`const _: () = { ... }`) are treated as in the same scope as the anonymous const's declaration for the purpose of this lint
[INFO] [stdout]    = note: this warning originates in the derive macro `Fail` (in Nightly builds, run with -Z macro-backtrace for more info)
[INFO] [stdout] 
[INFO] [stdout] 
[INFO] [stdout] warning: non-local `impl` definition, `impl` blocks should be written at the same level as their item
[INFO] [stdout]    --> src/parser.rs:359:17
[INFO] [stdout]     |
[INFO] [stdout] 359 | #[derive(Debug, Fail, PartialEq)]
[INFO] [stdout]     |                 ^---
[INFO] [stdout]     |                 |
[INFO] [stdout]     |                 `Fail` is not local
[INFO] [stdout]     |                 move the `impl` block outside of this constant `_DERIVE_failure_Fail_FOR_ParseError`
[INFO] [stdout] 360 | enum ParseError {
[INFO] [stdout]     |      ---------- `ParseError` is not local
[INFO] [stdout]     |
[INFO] [stdout]     = note: the derive macro `Fail` defines the non-local `impl`, and may need to be changed
[INFO] [stdout]     = note: the derive macro `Fail` may come from an old version of the `failure_derive` crate, try updating your dependency with `cargo update -p failure_derive`
[INFO] [stdout]     = note: an `impl` is never scoped, even when it is nested inside an item, as it may impact type checking outside of that item, which can be the case if neither the trait or the self type are at the same nesting level as the `impl`
[INFO] [stdout]     = note: items in an anonymous const item (`const _: () = { ... }`) are treated as in the same scope as the anonymous const's declaration for the purpose of this lint
[INFO] [stdout]     = note: this warning originates in the derive macro `Fail` (in Nightly builds, run with -Z macro-backtrace for more info)
[INFO] [stdout] 
[INFO] [stdout] 
[INFO] [stdout] warning: non-local `impl` definition, `impl` blocks should be written at the same level as their item
[INFO] [stdout]    --> src/parser.rs:359:17
[INFO] [stdout]     |
[INFO] [stdout] 359 | #[derive(Debug, Fail, PartialEq)]
[INFO] [stdout]     |                 ^---
[INFO] [stdout]     |                 |
[INFO] [stdout]     |                 `Display` is not local
[INFO] [stdout]     |                 move the `impl` block outside of this constant `_DERIVE_failure_core_fmt_Display_FOR_ParseError`
[INFO] [stdout] 360 | enum ParseError {
[INFO] [stdout]     |      ---------- `ParseError` is not local
[INFO] [stdout]     |
[INFO] [stdout]     = note: the derive macro `Fail` defines the non-local `impl`, and may need to be changed
[INFO] [stdout]     = note: the derive macro `Fail` may come from an old version of the `failure_derive` crate, try updating your dependency with `cargo update -p failure_derive`
[INFO] [stdout]     = note: an `impl` is never scoped, even when it is nested inside an item, as it may impact type checking outside of that item, which can be the case if neither the trait or the self type are at the same nesting level as the `impl`
[INFO] [stdout]     = note: items in an anonymous const item (`const _: () = { ... }`) are treated as in the same scope as the anonymous const's declaration for the purpose of this lint
[INFO] [stdout]     = note: this warning originates in the derive macro `Fail` (in Nightly builds, run with -Z macro-backtrace for more info)
[INFO] [stdout] 
[INFO] [stdout] 
[INFO] [stdout] warning: the feature `try_from` has been stable since 1.34.0 and no longer requires an attribute to enable
[INFO] [stdout]  --> src/main.rs:1:12
[INFO] [stdout]   |
[INFO] [stdout] 1 | #![feature(try_from)]
[INFO] [stdout]   |            ^^^^^^^^
[INFO] [stdout]   |
[INFO] [stdout]   = note: `#[warn(stable_features)]` on by default
[INFO] [stdout] 
[INFO] [stdout] 
[INFO] [stderr]     Finished `dev` profile [unoptimized + debuginfo] target(s) in 3.49s
[INFO] [stderr] warning: the following packages contain code that will be rejected by a future version of Rust: stletiori v0.1.0 (/opt/rustwide/workdir)
[INFO] [stderr] note: to see what the problems were, use the option `--future-incompat-report`, or run `cargo report future-incompatibilities --id 1`
[INFO] running `Command { std: "docker" "inspect" "c28fa5efff4c727d1ffb6b5c369fffe39952de496106ba041d24012ede8e1f29", kill_on_drop: false }`
[INFO] running `Command { std: "docker" "rm" "-f" "c28fa5efff4c727d1ffb6b5c369fffe39952de496106ba041d24012ede8e1f29", kill_on_drop: false }`
[INFO] [stdout] c28fa5efff4c727d1ffb6b5c369fffe39952de496106ba041d24012ede8e1f29
[INFO] running `Command { std: "docker" "create" "-v" "/var/lib/crater-agent-workspace/builds/worker-7-tc2/target:/opt/rustwide/target:rw,Z" "-v" "/var/lib/crater-agent-workspace/builds/worker-7-tc2/source:/opt/rustwide/workdir:ro,Z" "-v" "/var/lib/crater-agent-workspace/cargo-home:/opt/rustwide/cargo-home:ro,Z" "-v" "/var/lib/crater-agent-workspace/rustup-home:/opt/rustwide/rustup-home:ro,Z" "-e" "SOURCE_DIR=/opt/rustwide/workdir" "-e" "CARGO_TARGET_DIR=/opt/rustwide/target" "-e" "CARGO_INCREMENTAL=0" "-e" "RUST_BACKTRACE=full" "-e" "RUSTFLAGS=--cap-lints=forbid -Zrandomize-layout" "-e" "RUSTDOCFLAGS=--cap-lints=forbid" "-e" "CARGO_HOME=/opt/rustwide/cargo-home" "-e" "RUSTUP_HOME=/opt/rustwide/rustup-home" "-w" "/opt/rustwide/workdir" "-m" "1610612736" "--user" "0:0" "--network" "none" "ghcr.io/rust-lang/crates-build-env/linux@sha256:4a844ea9eb2546a2d2c7022eacef16ef2e8229c7fbb2c7d4d55a9ceca922f72d" "/opt/rustwide/cargo-home/bin/cargo" "+nightly-2024-10-28" "test" "--frozen" "--no-run" "--message-format=json", kill_on_drop: false }`
[INFO] [stdout] fbbeb76b64d1b68cc1e1bbf3d589d9c3300106e5d38d1f105974b264f9634f94
[INFO] running `Command { std: "docker" "start" "-a" "fbbeb76b64d1b68cc1e1bbf3d589d9c3300106e5d38d1f105974b264f9634f94", kill_on_drop: false }`
[INFO] [stdout] warning: trailing semicolon in macro used in expression position
[INFO] [stdout]    --> src/parser.rs:474:59
[INFO] [stdout]     |
[INFO] [stdout] 474 |                 $p.proceeding(Positional::new(start, $ty));
[INFO] [stdout]     |                                                           ^
[INFO] [stdout] ...
[INFO] [stdout] 479 |             TokenKind::Int => one_token!(self, Type::Base(BaseType::Int)),
[INFO] [stdout]     |                               ------------------------------------------- in this macro invocation
[INFO] [stdout]     |
[INFO] [stdout]     = warning: this was previously accepted by the compiler but is being phased out; it will become a hard error in a future release!
[INFO] [stdout]     = note: for more information, see issue #79813 <https://github.com/rust-lang/rust/issues/79813>
[INFO] [stdout]     = note: `#[warn(semicolon_in_expressions_from_macros)]` on by default
[INFO] [stdout]     = note: this warning originates in the macro `one_token` (in Nightly builds, run with -Z macro-backtrace for more info)
[INFO] [stdout] 
[INFO] [stdout] 
[INFO] [stdout] warning: trailing semicolon in macro used in expression position
[INFO] [stdout]    --> src/parser.rs:474:59
[INFO] [stdout]     |
[INFO] [stdout] 474 |                 $p.proceeding(Positional::new(start, $ty));
[INFO] [stdout]     |                                                           ^
[INFO] [stdout] ...
[INFO] [stdout] 480 |             TokenKind::Bool => one_token!(self, Type::Base(BaseType::Bool)),
[INFO] [stdout]     |                                -------------------------------------------- in this macro invocation
[INFO] [stdout]     |
[INFO] [stdout]     = warning: this was previously accepted by the compiler but is being phased out; it will become a hard error in a future release!
[INFO] [stdout]     = note: for more information, see issue #79813 <https://github.com/rust-lang/rust/issues/79813>
[INFO] [stdout]     = note: this warning originates in the macro `one_token` (in Nightly builds, run with -Z macro-backtrace for more info)
[INFO] [stdout] 
[INFO] [stdout] 
[INFO] [stdout] warning: trailing semicolon in macro used in expression position
[INFO] [stdout]    --> src/parser.rs:474:59
[INFO] [stdout]     |
[INFO] [stdout] 474 |                 $p.proceeding(Positional::new(start, $ty));
[INFO] [stdout]     |                                                           ^
[INFO] [stdout] ...
[INFO] [stdout] 481 |             TokenKind::KeywordType => one_token!(self, Type::Base(BaseType::Keyword)),
[INFO] [stdout]     |                                       ----------------------------------------------- in this macro invocation
[INFO] [stdout]     |
[INFO] [stdout]     = warning: this was previously accepted by the compiler but is being phased out; it will become a hard error in a future release!
[INFO] [stdout]     = note: for more information, see issue #79813 <https://github.com/rust-lang/rust/issues/79813>
[INFO] [stdout]     = note: this warning originates in the macro `one_token` (in Nightly builds, run with -Z macro-backtrace for more info)
[INFO] [stdout] 
[INFO] [stdout] 
[INFO] [stdout] warning: trailing semicolon in macro used in expression position
[INFO] [stdout]    --> src/parser.rs:474:59
[INFO] [stdout]     |
[INFO] [stdout] 474 |                 $p.proceeding(Positional::new(start, $ty));
[INFO] [stdout]     |                                                           ^
[INFO] [stdout] ...
[INFO] [stdout] 482 |             TokenKind::Vector => one_token!(self, Type::Base(BaseType::Vector)),
[INFO] [stdout]     |                                  ---------------------------------------------- in this macro invocation
[INFO] [stdout]     |
[INFO] [stdout]     = warning: this was previously accepted by the compiler but is being phased out; it will become a hard error in a future release!
[INFO] [stdout]     = note: for more information, see issue #79813 <https://github.com/rust-lang/rust/issues/79813>
[INFO] [stdout]     = note: this warning originates in the macro `one_token` (in Nightly builds, run with -Z macro-backtrace for more info)
[INFO] [stdout] 
[INFO] [stdout] 
[INFO] [stdout] warning: trailing semicolon in macro used in expression position
[INFO] [stdout]    --> src/parser.rs:474:59
[INFO] [stdout]     |
[INFO] [stdout] 474 |                 $p.proceeding(Positional::new(start, $ty));
[INFO] [stdout]     |                                                           ^
[INFO] [stdout] ...
[INFO] [stdout] 483 |             TokenKind::Map => one_token!(self, Type::Base(BaseType::Map)),
[INFO] [stdout]     |                               ------------------------------------------- in this macro invocation
[INFO] [stdout]     |
[INFO] [stdout]     = warning: this was previously accepted by the compiler but is being phased out; it will become a hard error in a future release!
[INFO] [stdout]     = note: for more information, see issue #79813 <https://github.com/rust-lang/rust/issues/79813>
[INFO] [stdout]     = note: this warning originates in the macro `one_token` (in Nightly builds, run with -Z macro-backtrace for more info)
[INFO] [stdout] 
[INFO] [stdout] 
[INFO] [stdout] warning: trailing semicolon in macro used in expression position
[INFO] [stdout]    --> src/parser.rs:474:59
[INFO] [stdout]     |
[INFO] [stdout] 474 |                 $p.proceeding(Positional::new(start, $ty));
[INFO] [stdout]     |                                                           ^
[INFO] [stdout] ...
[INFO] [stdout] 484 |             TokenKind::String => one_token!(self, Type::Base(BaseType::String)),
[INFO] [stdout]     |                                  ---------------------------------------------- in this macro invocation
[INFO] [stdout]     |
[INFO] [stdout]     = warning: this was previously accepted by the compiler but is being phased out; it will become a hard error in a future release!
[INFO] [stdout]     = note: for more information, see issue #79813 <https://github.com/rust-lang/rust/issues/79813>
[INFO] [stdout]     = note: this warning originates in the macro `one_token` (in Nightly builds, run with -Z macro-backtrace for more info)
[INFO] [stdout] 
[INFO] [stdout] 
[INFO] [stdout] warning: trailing semicolon in macro used in expression position
[INFO] [stdout]    --> src/parser.rs:474:59
[INFO] [stdout]     |
[INFO] [stdout] 474 |                 $p.proceeding(Positional::new(start, $ty));
[INFO] [stdout]     |                                                           ^
[INFO] [stdout] ...
[INFO] [stdout] 485 |             TokenKind::Unknown => one_token!(self, Type::Unknown),
[INFO] [stdout]     |                                   ------------------------------- in this macro invocation
[INFO] [stdout]     |
[INFO] [stdout]     = warning: this was previously accepted by the compiler but is being phased out; it will become a hard error in a future release!
[INFO] [stdout]     = note: for more information, see issue #79813 <https://github.com/rust-lang/rust/issues/79813>
[INFO] [stdout]     = note: this warning originates in the macro `one_token` (in Nightly builds, run with -Z macro-backtrace for more info)
[INFO] [stdout] 
[INFO] [stdout] 
[INFO] [stdout] warning: the feature `bind_by_move_pattern_guards` has been stable since 1.39.0 and no longer requires an attribute to enable
[INFO] [stdout]  --> src/lib.rs:1:12
[INFO] [stdout]   |
[INFO] [stdout] 1 | #![feature(bind_by_move_pattern_guards)]
[INFO] [stdout]   |            ^^^^^^^^^^^^^^^^^^^^^^^^^^^
[INFO] [stdout]   |
[INFO] [stdout]   = note: `#[warn(stable_features)]` on by default
[INFO] [stdout] 
[INFO] [stdout] 
[INFO] [stdout] warning: the feature `try_from` has been stable since 1.34.0 and no longer requires an attribute to enable
[INFO] [stdout]  --> src/lib.rs:3:12
[INFO] [stdout]   |
[INFO] [stdout] 3 | #![feature(try_from)]
[INFO] [stdout]   |            ^^^^^^^^
[INFO] [stdout] 
[INFO] [stdout] 
[INFO] [stdout] warning: non-local `impl` definition, `impl` blocks should be written at the same level as their item
[INFO] [stdout]   --> src/language/intermediate.rs:51:17
[INFO] [stdout]    |
[INFO] [stdout] 51 | #[derive(Debug, Fail, PartialEq)]
[INFO] [stdout]    |                 ^---
[INFO] [stdout]    |                 |
[INFO] [stdout]    |                 `Fail` is not local
[INFO] [stdout]    |                 move the `impl` block outside of this constant `_DERIVE_failure_Fail_FOR_EnvError`
[INFO] [stdout] 52 | pub enum EnvError {
[INFO] [stdout]    |          -------- `EnvError` is not local
[INFO] [stdout]    |
[INFO] [stdout]    = note: the derive macro `Fail` defines the non-local `impl`, and may need to be changed
[INFO] [stdout]    = note: the derive macro `Fail` may come from an old version of the `failure_derive` crate, try updating your dependency with `cargo update -p failure_derive`
[INFO] [stdout]    = note: an `impl` is never scoped, even when it is nested inside an item, as it may impact type checking outside of that item, which can be the case if neither the trait or the self type are at the same nesting level as the `impl`
[INFO] [stdout]    = note: items in an anonymous const item (`const _: () = { ... }`) are treated as in the same scope as the anonymous const's declaration for the purpose of this lint
[INFO] [stdout]    = note: `#[warn(non_local_definitions)]` on by default
[INFO] [stdout]    = note: this warning originates in the derive macro `Fail` (in Nightly builds, run with -Z macro-backtrace for more info)
[INFO] [stdout] 
[INFO] [stdout] 
[INFO] [stdout] warning: non-local `impl` definition, `impl` blocks should be written at the same level as their item
[INFO] [stdout]   --> src/language/intermediate.rs:51:17
[INFO] [stdout]    |
[INFO] [stdout] 51 | #[derive(Debug, Fail, PartialEq)]
[INFO] [stdout]    |                 ^---
[INFO] [stdout]    |                 |
[INFO] [stdout]    |                 `Display` is not local
[INFO] [stdout]    |                 move the `impl` block outside of this constant `_DERIVE_failure_core_fmt_Display_FOR_EnvError`
[INFO] [stdout] 52 | pub enum EnvError {
[INFO] [stdout]    |          -------- `EnvError` is not local
[INFO] [stdout]    |
[INFO] [stdout]    = note: the derive macro `Fail` defines the non-local `impl`, and may need to be changed
[INFO] [stdout]    = note: the derive macro `Fail` may come from an old version of the `failure_derive` crate, try updating your dependency with `cargo update -p failure_derive`
[INFO] [stdout]    = note: an `impl` is never scoped, even when it is nested inside an item, as it may impact type checking outside of that item, which can be the case if neither the trait or the self type are at the same nesting level as the `impl`
[INFO] [stdout]    = note: items in an anonymous const item (`const _: () = { ... }`) are treated as in the same scope as the anonymous const's declaration for the purpose of this lint
[INFO] [stdout]    = note: this warning originates in the derive macro `Fail` (in Nightly builds, run with -Z macro-backtrace for more info)
[INFO] [stdout] 
[INFO] [stdout] 
[INFO] [stdout] warning: non-local `impl` definition, `impl` blocks should be written at the same level as their item
[INFO] [stdout]   --> src/language/intermediate.rs:96:17
[INFO] [stdout]    |
[INFO] [stdout] 96 | #[derive(Debug, Fail, PartialEq)]
[INFO] [stdout]    |                 ^---
[INFO] [stdout]    |                 |
[INFO] [stdout]    |                 `Fail` is not local
[INFO] [stdout]    |                 move the `impl` block outside of this constant `_DERIVE_failure_Fail_FOR_TranslateError`
[INFO] [stdout] 97 | pub enum TranslateError {
[INFO] [stdout]    |          -------------- `TranslateError` is not local
[INFO] [stdout]    |
[INFO] [stdout]    = note: the derive macro `Fail` defines the non-local `impl`, and may need to be changed
[INFO] [stdout]    = note: the derive macro `Fail` may come from an old version of the `failure_derive` crate, try updating your dependency with `cargo update -p failure_derive`
[INFO] [stdout]    = note: an `impl` is never scoped, even when it is nested inside an item, as it may impact type checking outside of that item, which can be the case if neither the trait or the self type are at the same nesting level as the `impl`
[INFO] [stdout]    = note: items in an anonymous const item (`const _: () = { ... }`) are treated as in the same scope as the anonymous const's declaration for the purpose of this lint
[INFO] [stdout]    = note: this warning originates in the derive macro `Fail` (in Nightly builds, run with -Z macro-backtrace for more info)
[INFO] [stdout] 
[INFO] [stdout] 
[INFO] [stdout] warning: non-local `impl` definition, `impl` blocks should be written at the same level as their item
[INFO] [stdout]   --> src/language/intermediate.rs:96:17
[INFO] [stdout]    |
[INFO] [stdout] 96 | #[derive(Debug, Fail, PartialEq)]
[INFO] [stdout]    |                 ^---
[INFO] [stdout]    |                 |
[INFO] [stdout]    |                 `Display` is not local
[INFO] [stdout]    |                 move the `impl` block outside of this constant `_DERIVE_failure_core_fmt_Display_FOR_TranslateError`
[INFO] [stdout] 97 | pub enum TranslateError {
[INFO] [stdout]    |          -------------- `TranslateError` is not local
[INFO] [stdout]    |
[INFO] [stdout]    = note: the derive macro `Fail` defines the non-local `impl`, and may need to be changed
[INFO] [stdout]    = note: the derive macro `Fail` may come from an old version of the `failure_derive` crate, try updating your dependency with `cargo update -p failure_derive`
[INFO] [stdout]    = note: an `impl` is never scoped, even when it is nested inside an item, as it may impact type checking outside of that item, which can be the case if neither the trait or the self type are at the same nesting level as the `impl`
[INFO] [stdout]    = note: items in an anonymous const item (`const _: () = { ... }`) are treated as in the same scope as the anonymous const's declaration for the purpose of this lint
[INFO] [stdout]    = note: this warning originates in the derive macro `Fail` (in Nightly builds, run with -Z macro-backtrace for more info)
[INFO] [stdout] 
[INFO] [stdout] 
[INFO] [stdout] warning: non-local `impl` definition, `impl` blocks should be written at the same level as their item
[INFO] [stdout]   --> src/language/intermediate/dynamic.rs:89:17
[INFO] [stdout]    |
[INFO] [stdout] 89 | #[derive(Debug, Fail, PartialEq)]
[INFO] [stdout]    |                 ^---
[INFO] [stdout]    |                 |
[INFO] [stdout]    |                 `Fail` is not local
[INFO] [stdout]    |                 move the `impl` block outside of this constant `_DERIVE_failure_Fail_FOR_TypeError`
[INFO] [stdout] 90 | pub enum TypeError {
[INFO] [stdout]    |          --------- `TypeError` is not local
[INFO] [stdout]    |
[INFO] [stdout]    = note: the derive macro `Fail` defines the non-local `impl`, and may need to be changed
[INFO] [stdout]    = note: the derive macro `Fail` may come from an old version of the `failure_derive` crate, try updating your dependency with `cargo update -p failure_derive`
[INFO] [stdout]    = note: an `impl` is never scoped, even when it is nested inside an item, as it may impact type checking outside of that item, which can be the case if neither the trait or the self type are at the same nesting level as the `impl`
[INFO] [stdout]    = note: items in an anonymous const item (`const _: () = { ... }`) are treated as in the same scope as the anonymous const's declaration for the purpose of this lint
[INFO] [stdout]    = note: this warning originates in the derive macro `Fail` (in Nightly builds, run with -Z macro-backtrace for more info)
[INFO] [stdout] 
[INFO] [stdout] 
[INFO] [stdout] warning: non-local `impl` definition, `impl` blocks should be written at the same level as their item
[INFO] [stdout]   --> src/language/intermediate/dynamic.rs:89:17
[INFO] [stdout]    |
[INFO] [stdout] 89 | #[derive(Debug, Fail, PartialEq)]
[INFO] [stdout]    |                 ^---
[INFO] [stdout]    |                 |
[INFO] [stdout]    |                 `Display` is not local
[INFO] [stdout]    |                 move the `impl` block outside of this constant `_DERIVE_failure_core_fmt_Display_FOR_TypeError`
[INFO] [stdout] 90 | pub enum TypeError {
[INFO] [stdout]    |          --------- `TypeError` is not local
[INFO] [stdout]    |
[INFO] [stdout]    = note: the derive macro `Fail` defines the non-local `impl`, and may need to be changed
[INFO] [stdout]    = note: the derive macro `Fail` may come from an old version of the `failure_derive` crate, try updating your dependency with `cargo update -p failure_derive`
[INFO] [stdout]    = note: an `impl` is never scoped, even when it is nested inside an item, as it may impact type checking outside of that item, which can be the case if neither the trait or the self type are at the same nesting level as the `impl`
[INFO] [stdout]    = note: items in an anonymous const item (`const _: () = { ... }`) are treated as in the same scope as the anonymous const's declaration for the purpose of this lint
[INFO] [stdout]    = note: this warning originates in the derive macro `Fail` (in Nightly builds, run with -Z macro-backtrace for more info)
[INFO] [stdout] 
[INFO] [stdout] 
[INFO] [stdout] warning: non-local `impl` definition, `impl` blocks should be written at the same level as their item
[INFO] [stdout]    --> src/language/intermediate/dynamic.rs:298:17
[INFO] [stdout]     |
[INFO] [stdout] 298 | #[derive(Debug, Fail, PartialEq)]
[INFO] [stdout]     |                 ^---
[INFO] [stdout]     |                 |
[INFO] [stdout]     |                 `Fail` is not local
[INFO] [stdout]     |                 move the `impl` block outside of this constant `_DERIVE_failure_Fail_FOR_ContextError`
[INFO] [stdout] 299 | pub enum ContextError {
[INFO] [stdout]     |          ------------ `ContextError` is not local
[INFO] [stdout]     |
[INFO] [stdout]     = note: the derive macro `Fail` defines the non-local `impl`, and may need to be changed
[INFO] [stdout]     = note: the derive macro `Fail` may come from an old version of the `failure_derive` crate, try updating your dependency with `cargo update -p failure_derive`
[INFO] [stdout]     = note: an `impl` is never scoped, even when it is nested inside an item, as it may impact type checking outside of that item, which can be the case if neither the trait or the self type are at the same nesting level as the `impl`
[INFO] [stdout]     = note: items in an anonymous const item (`const _: () = { ... }`) are treated as in the same scope as the anonymous const's declaration for the purpose of this lint
[INFO] [stdout]     = note: this warning originates in the derive macro `Fail` (in Nightly builds, run with -Z macro-backtrace for more info)
[INFO] [stdout] 
[INFO] [stdout] 
[INFO] [stdout] warning: non-local `impl` definition, `impl` blocks should be written at the same level as their item
[INFO] [stdout]    --> src/language/intermediate/dynamic.rs:298:17
[INFO] [stdout]     |
[INFO] [stdout] 298 | #[derive(Debug, Fail, PartialEq)]
[INFO] [stdout]     |                 ^---
[INFO] [stdout]     |                 |
[INFO] [stdout]     |                 `Display` is not local
[INFO] [stdout]     |                 move the `impl` block outside of this constant `_DERIVE_failure_core_fmt_Display_FOR_ContextError`
[INFO] [stdout] 299 | pub enum ContextError {
[INFO] [stdout]     |          ------------ `ContextError` is not local
[INFO] [stdout]     |
[INFO] [stdout]     = note: the derive macro `Fail` defines the non-local `impl`, and may need to be changed
[INFO] [stdout]     = note: the derive macro `Fail` may come from an old version of the `failure_derive` crate, try updating your dependency with `cargo update -p failure_derive`
[INFO] [stdout]     = note: an `impl` is never scoped, even when it is nested inside an item, as it may impact type checking outside of that item, which can be the case if neither the trait or the self type are at the same nesting level as the `impl`
[INFO] [stdout]     = note: items in an anonymous const item (`const _: () = { ... }`) are treated as in the same scope as the anonymous const's declaration for the purpose of this lint
[INFO] [stdout]     = note: this warning originates in the derive macro `Fail` (in Nightly builds, run with -Z macro-backtrace for more info)
[INFO] [stdout] 
[INFO] [stdout] 
[INFO] [stdout] warning: non-local `impl` definition, `impl` blocks should be written at the same level as their item
[INFO] [stdout]    --> src/language/intermediate/dynamic.rs:423:17
[INFO] [stdout]     |
[INFO] [stdout] 423 | #[derive(Debug, Fail, PartialEq)]
[INFO] [stdout]     |                 ^---
[INFO] [stdout]     |                 |
[INFO] [stdout]     |                 `Fail` is not local
[INFO] [stdout]     |                 move the `impl` block outside of this constant `_DERIVE_failure_Fail_FOR_ReductionError`
[INFO] [stdout] 424 | pub enum ReductionError {
[INFO] [stdout]     |          -------------- `ReductionError` is not local
[INFO] [stdout]     |
[INFO] [stdout]     = note: the derive macro `Fail` defines the non-local `impl`, and may need to be changed
[INFO] [stdout]     = note: the derive macro `Fail` may come from an old version of the `failure_derive` crate, try updating your dependency with `cargo update -p failure_derive`
[INFO] [stdout]     = note: an `impl` is never scoped, even when it is nested inside an item, as it may impact type checking outside of that item, which can be the case if neither the trait or the self type are at the same nesting level as the `impl`
[INFO] [stdout]     = note: items in an anonymous const item (`const _: () = { ... }`) are treated as in the same scope as the anonymous const's declaration for the purpose of this lint
[INFO] [stdout]     = note: this warning originates in the derive macro `Fail` (in Nightly builds, run with -Z macro-backtrace for more info)
[INFO] [stdout] 
[INFO] [stdout] 
[INFO] [stdout] warning: non-local `impl` definition, `impl` blocks should be written at the same level as their item
[INFO] [stdout]    --> src/language/intermediate/dynamic.rs:423:17
[INFO] [stdout]     |
[INFO] [stdout] 423 | #[derive(Debug, Fail, PartialEq)]
[INFO] [stdout]     |                 ^---
[INFO] [stdout]     |                 |
[INFO] [stdout]     |                 `Display` is not local
[INFO] [stdout]     |                 move the `impl` block outside of this constant `_DERIVE_failure_core_fmt_Display_FOR_ReductionError`
[INFO] [stdout] 424 | pub enum ReductionError {
[INFO] [stdout]     |          -------------- `ReductionError` is not local
[INFO] [stdout]     |
[INFO] [stdout]     = note: the derive macro `Fail` defines the non-local `impl`, and may need to be changed
[INFO] [stdout]     = note: the derive macro `Fail` may come from an old version of the `failure_derive` crate, try updating your dependency with `cargo update -p failure_derive`
[INFO] [stdout]     = note: an `impl` is never scoped, even when it is nested inside an item, as it may impact type checking outside of that item, which can be the case if neither the trait or the self type are at the same nesting level as the `impl`
[INFO] [stdout]     = note: items in an anonymous const item (`const _: () = { ... }`) are treated as in the same scope as the anonymous const's declaration for the purpose of this lint
[INFO] [stdout]     = note: this warning originates in the derive macro `Fail` (in Nightly builds, run with -Z macro-backtrace for more info)
[INFO] [stdout] 
[INFO] [stdout] 
[INFO] [stdout] warning: non-local `impl` definition, `impl` blocks should be written at the same level as their item
[INFO] [stdout]   --> src/parser.rs:65:17
[INFO] [stdout]    |
[INFO] [stdout] 65 | #[derive(Debug, Fail, PartialEq)]
[INFO] [stdout]    |                 ^---
[INFO] [stdout]    |                 |
[INFO] [stdout]    |                 `Fail` is not local
[INFO] [stdout]    |                 move the `impl` block outside of this constant `_DERIVE_failure_Fail_FOR_LexError`
[INFO] [stdout] 66 | enum LexError {
[INFO] [stdout]    |      -------- `LexError` is not local
[INFO] [stdout]    |
[INFO] [stdout]    = note: the derive macro `Fail` defines the non-local `impl`, and may need to be changed
[INFO] [stdout]    = note: the derive macro `Fail` may come from an old version of the `failure_derive` crate, try updating your dependency with `cargo update -p failure_derive`
[INFO] [stdout]    = note: an `impl` is never scoped, even when it is nested inside an item, as it may impact type checking outside of that item, which can be the case if neither the trait or the self type are at the same nesting level as the `impl`
[INFO] [stdout]    = note: items in an anonymous const item (`const _: () = { ... }`) are treated as in the same scope as the anonymous const's declaration for the purpose of this lint
[INFO] [stdout]    = note: this warning originates in the derive macro `Fail` (in Nightly builds, run with -Z macro-backtrace for more info)
[INFO] [stdout] 
[INFO] [stdout] 
[INFO] [stdout] warning: non-local `impl` definition, `impl` blocks should be written at the same level as their item
[INFO] [stdout]   --> src/parser.rs:65:17
[INFO] [stdout]    |
[INFO] [stdout] 65 | #[derive(Debug, Fail, PartialEq)]
[INFO] [stdout]    |                 ^---
[INFO] [stdout]    |                 |
[INFO] [stdout]    |                 `Display` is not local
[INFO] [stdout]    |                 move the `impl` block outside of this constant `_DERIVE_failure_core_fmt_Display_FOR_LexError`
[INFO] [stdout] 66 | enum LexError {
[INFO] [stdout]    |      -------- `LexError` is not local
[INFO] [stdout]    |
[INFO] [stdout]    = note: the derive macro `Fail` defines the non-local `impl`, and may need to be changed
[INFO] [stdout]    = note: the derive macro `Fail` may come from an old version of the `failure_derive` crate, try updating your dependency with `cargo update -p failure_derive`
[INFO] [stdout]    = note: an `impl` is never scoped, even when it is nested inside an item, as it may impact type checking outside of that item, which can be the case if neither the trait or the self type are at the same nesting level as the `impl`
[INFO] [stdout]    = note: items in an anonymous const item (`const _: () = { ... }`) are treated as in the same scope as the anonymous const's declaration for the purpose of this lint
[INFO] [stdout]    = note: this warning originates in the derive macro `Fail` (in Nightly builds, run with -Z macro-backtrace for more info)
[INFO] [stdout] 
[INFO] [stdout] 
[INFO] [stdout] warning: non-local `impl` definition, `impl` blocks should be written at the same level as their item
[INFO] [stdout]    --> src/parser.rs:359:17
[INFO] [stdout]     |
[INFO] [stdout] 359 | #[derive(Debug, Fail, PartialEq)]
[INFO] [stdout]     |                 ^---
[INFO] [stdout]     |                 |
[INFO] [stdout]     |                 `Fail` is not local
[INFO] [stdout]     |                 move the `impl` block outside of this constant `_DERIVE_failure_Fail_FOR_ParseError`
[INFO] [stdout] 360 | enum ParseError {
[INFO] [stdout]     |      ---------- `ParseError` is not local
[INFO] [stdout]     |
[INFO] [stdout]     = note: the derive macro `Fail` defines the non-local `impl`, and may need to be changed
[INFO] [stdout]     = note: the derive macro `Fail` may come from an old version of the `failure_derive` crate, try updating your dependency with `cargo update -p failure_derive`
[INFO] [stdout]     = note: an `impl` is never scoped, even when it is nested inside an item, as it may impact type checking outside of that item, which can be the case if neither the trait or the self type are at the same nesting level as the `impl`
[INFO] [stdout]     = note: items in an anonymous const item (`const _: () = { ... }`) are treated as in the same scope as the anonymous const's declaration for the purpose of this lint
[INFO] [stdout]     = note: this warning originates in the derive macro `Fail` (in Nightly builds, run with -Z macro-backtrace for more info)
[INFO] [stdout] 
[INFO] [stdout] 
[INFO] [stdout] warning: non-local `impl` definition, `impl` blocks should be written at the same level as their item
[INFO] [stdout]    --> src/parser.rs:359:17
[INFO] [stdout]     |
[INFO] [stdout] 359 | #[derive(Debug, Fail, PartialEq)]
[INFO] [stdout]     |                 ^---
[INFO] [stdout]     |                 |
[INFO] [stdout]     |                 `Display` is not local
[INFO] [stdout]     |                 move the `impl` block outside of this constant `_DERIVE_failure_core_fmt_Display_FOR_ParseError`
[INFO] [stdout] 360 | enum ParseError {
[INFO] [stdout]     |      ---------- `ParseError` is not local
[INFO] [stdout]     |
[INFO] [stdout]     = note: the derive macro `Fail` defines the non-local `impl`, and may need to be changed
[INFO] [stdout]     = note: the derive macro `Fail` may come from an old version of the `failure_derive` crate, try updating your dependency with `cargo update -p failure_derive`
[INFO] [stdout]     = note: an `impl` is never scoped, even when it is nested inside an item, as it may impact type checking outside of that item, which can be the case if neither the trait or the self type are at the same nesting level as the `impl`
[INFO] [stdout]     = note: items in an anonymous const item (`const _: () = { ... }`) are treated as in the same scope as the anonymous const's declaration for the purpose of this lint
[INFO] [stdout]     = note: this warning originates in the derive macro `Fail` (in Nightly builds, run with -Z macro-backtrace for more info)
[INFO] [stdout] 
[INFO] [stdout] 
[INFO] [stderr]    Compiling stletiori v0.1.0 (/opt/rustwide/workdir)
[INFO] [stdout] warning: the feature `try_from` has been stable since 1.34.0 and no longer requires an attribute to enable
[INFO] [stdout]  --> src/main.rs:1:12
[INFO] [stdout]   |
[INFO] [stdout] 1 | #![feature(try_from)]
[INFO] [stdout]   |            ^^^^^^^^
[INFO] [stdout]   |
[INFO] [stdout]   = note: `#[warn(stable_features)]` on by default
[INFO] [stdout] 
[INFO] [stdout] 
[INFO] [stdout] warning: trailing semicolon in macro used in expression position
[INFO] [stdout]    --> src/parser.rs:474:59
[INFO] [stdout]     |
[INFO] [stdout] 474 |                 $p.proceeding(Positional::new(start, $ty));
[INFO] [stdout]     |                                                           ^
[INFO] [stdout] ...
[INFO] [stdout] 479 |             TokenKind::Int => one_token!(self, Type::Base(BaseType::Int)),
[INFO] [stdout]     |                               ------------------------------------------- in this macro invocation
[INFO] [stdout]     |
[INFO] [stdout]     = warning: this was previously accepted by the compiler but is being phased out; it will become a hard error in a future release!
[INFO] [stdout]     = note: for more information, see issue #79813 <https://github.com/rust-lang/rust/issues/79813>
[INFO] [stdout]     = note: `#[warn(semicolon_in_expressions_from_macros)]` on by default
[INFO] [stdout]     = note: this warning originates in the macro `one_token` (in Nightly builds, run with -Z macro-backtrace for more info)
[INFO] [stdout] 
[INFO] [stdout] 
[INFO] [stdout] warning: trailing semicolon in macro used in expression position
[INFO] [stdout]    --> src/parser.rs:474:59
[INFO] [stdout]     |
[INFO] [stdout] 474 |                 $p.proceeding(Positional::new(start, $ty));
[INFO] [stdout]     |                                                           ^
[INFO] [stdout] ...
[INFO] [stdout] 480 |             TokenKind::Bool => one_token!(self, Type::Base(BaseType::Bool)),
[INFO] [stdout]     |                                -------------------------------------------- in this macro invocation
[INFO] [stdout]     |
[INFO] [stdout]     = warning: this was previously accepted by the compiler but is being phased out; it will become a hard error in a future release!
[INFO] [stdout]     = note: for more information, see issue #79813 <https://github.com/rust-lang/rust/issues/79813>
[INFO] [stdout]     = note: this warning originates in the macro `one_token` (in Nightly builds, run with -Z macro-backtrace for more info)
[INFO] [stdout] 
[INFO] [stdout] 
[INFO] [stdout] warning: trailing semicolon in macro used in expression position
[INFO] [stdout]    --> src/parser.rs:474:59
[INFO] [stdout]     |
[INFO] [stdout] 474 |                 $p.proceeding(Positional::new(start, $ty));
[INFO] [stdout]     |                                                           ^
[INFO] [stdout] ...
[INFO] [stdout] 481 |             TokenKind::KeywordType => one_token!(self, Type::Base(BaseType::Keyword)),
[INFO] [stdout]     |                                       ----------------------------------------------- in this macro invocation
[INFO] [stdout]     |
[INFO] [stdout]     = warning: this was previously accepted by the compiler but is being phased out; it will become a hard error in a future release!
[INFO] [stdout]     = note: for more information, see issue #79813 <https://github.com/rust-lang/rust/issues/79813>
[INFO] [stdout]     = note: this warning originates in the macro `one_token` (in Nightly builds, run with -Z macro-backtrace for more info)
[INFO] [stdout] 
[INFO] [stdout] 
[INFO] [stdout] warning: trailing semicolon in macro used in expression position
[INFO] [stdout]    --> src/parser.rs:474:59
[INFO] [stdout]     |
[INFO] [stdout] 474 |                 $p.proceeding(Positional::new(start, $ty));
[INFO] [stdout]     |                                                           ^
[INFO] [stdout] ...
[INFO] [stdout] 482 |             TokenKind::Vector => one_token!(self, Type::Base(BaseType::Vector)),
[INFO] [stdout]     |                                  ---------------------------------------------- in this macro invocation
[INFO] [stdout]     |
[INFO] [stdout]     = warning: this was previously accepted by the compiler but is being phased out; it will become a hard error in a future release!
[INFO] [stdout]     = note: for more information, see issue #79813 <https://github.com/rust-lang/rust/issues/79813>
[INFO] [stdout]     = note: this warning originates in the macro `one_token` (in Nightly builds, run with -Z macro-backtrace for more info)
[INFO] [stdout] 
[INFO] [stdout] 
[INFO] [stdout] warning: trailing semicolon in macro used in expression position
[INFO] [stdout]    --> src/parser.rs:474:59
[INFO] [stdout]     |
[INFO] [stdout] 474 |                 $p.proceeding(Positional::new(start, $ty));
[INFO] [stdout]     |                                                           ^
[INFO] [stdout] ...
[INFO] [stdout] 483 |             TokenKind::Map => one_token!(self, Type::Base(BaseType::Map)),
[INFO] [stdout]     |                               ------------------------------------------- in this macro invocation
[INFO] [stdout]     |
[INFO] [stdout]     = warning: this was previously accepted by the compiler but is being phased out; it will become a hard error in a future release!
[INFO] [stdout]     = note: for more information, see issue #79813 <https://github.com/rust-lang/rust/issues/79813>
[INFO] [stdout]     = note: this warning originates in the macro `one_token` (in Nightly builds, run with -Z macro-backtrace for more info)
[INFO] [stdout] 
[INFO] [stdout] 
[INFO] [stdout] warning: trailing semicolon in macro used in expression position
[INFO] [stdout]    --> src/parser.rs:474:59
[INFO] [stdout]     |
[INFO] [stdout] 474 |                 $p.proceeding(Positional::new(start, $ty));
[INFO] [stdout]     |                                                           ^
[INFO] [stdout] ...
[INFO] [stdout] 484 |             TokenKind::String => one_token!(self, Type::Base(BaseType::String)),
[INFO] [stdout]     |                                  ---------------------------------------------- in this macro invocation
[INFO] [stdout]     |
[INFO] [stdout]     = warning: this was previously accepted by the compiler but is being phased out; it will become a hard error in a future release!
[INFO] [stdout]     = note: for more information, see issue #79813 <https://github.com/rust-lang/rust/issues/79813>
[INFO] [stdout]     = note: this warning originates in the macro `one_token` (in Nightly builds, run with -Z macro-backtrace for more info)
[INFO] [stdout] 
[INFO] [stdout] 
[INFO] [stdout] warning: trailing semicolon in macro used in expression position
[INFO] [stdout]    --> src/parser.rs:474:59
[INFO] [stdout]     |
[INFO] [stdout] 474 |                 $p.proceeding(Positional::new(start, $ty));
[INFO] [stdout]     |                                                           ^
[INFO] [stdout] ...
[INFO] [stdout] 485 |             TokenKind::Unknown => one_token!(self, Type::Unknown),
[INFO] [stdout]     |                                   ------------------------------- in this macro invocation
[INFO] [stdout]     |
[INFO] [stdout]     = warning: this was previously accepted by the compiler but is being phased out; it will become a hard error in a future release!
[INFO] [stdout]     = note: for more information, see issue #79813 <https://github.com/rust-lang/rust/issues/79813>
[INFO] [stdout]     = note: this warning originates in the macro `one_token` (in Nightly builds, run with -Z macro-backtrace for more info)
[INFO] [stdout] 
[INFO] [stdout] 
[INFO] [stdout] warning: the feature `bind_by_move_pattern_guards` has been stable since 1.39.0 and no longer requires an attribute to enable
[INFO] [stdout]  --> src/lib.rs:1:12
[INFO] [stdout]   |
[INFO] [stdout] 1 | #![feature(bind_by_move_pattern_guards)]
[INFO] [stdout]   |            ^^^^^^^^^^^^^^^^^^^^^^^^^^^
[INFO] [stdout]   |
[INFO] [stdout]   = note: `#[warn(stable_features)]` on by default
[INFO] [stdout] 
[INFO] [stdout] 
[INFO] [stdout] warning: the feature `try_from` has been stable since 1.34.0 and no longer requires an attribute to enable
[INFO] [stdout]  --> src/lib.rs:3:12
[INFO] [stdout]   |
[INFO] [stdout] 3 | #![feature(try_from)]
[INFO] [stdout]   |            ^^^^^^^^
[INFO] [stdout] 
[INFO] [stdout] 
[INFO] [stdout] warning: non-local `impl` definition, `impl` blocks should be written at the same level as their item
[INFO] [stdout]   --> src/language/intermediate.rs:51:17
[INFO] [stdout]    |
[INFO] [stdout] 51 | #[derive(Debug, Fail, PartialEq)]
[INFO] [stdout]    |                 ^---
[INFO] [stdout]    |                 |
[INFO] [stdout]    |                 `Fail` is not local
[INFO] [stdout]    |                 move the `impl` block outside of this constant `_DERIVE_failure_Fail_FOR_EnvError`
[INFO] [stdout] 52 | pub enum EnvError {
[INFO] [stdout]    |          -------- `EnvError` is not local
[INFO] [stdout]    |
[INFO] [stdout]    = note: the derive macro `Fail` defines the non-local `impl`, and may need to be changed
[INFO] [stdout]    = note: the derive macro `Fail` may come from an old version of the `failure_derive` crate, try updating your dependency with `cargo update -p failure_derive`
[INFO] [stdout]    = note: an `impl` is never scoped, even when it is nested inside an item, as it may impact type checking outside of that item, which can be the case if neither the trait or the self type are at the same nesting level as the `impl`
[INFO] [stdout]    = note: items in an anonymous const item (`const _: () = { ... }`) are treated as in the same scope as the anonymous const's declaration for the purpose of this lint
[INFO] [stdout]    = note: `#[warn(non_local_definitions)]` on by default
[INFO] [stdout]    = note: this warning originates in the derive macro `Fail` (in Nightly builds, run with -Z macro-backtrace for more info)
[INFO] [stdout] 
[INFO] [stdout] 
[INFO] [stdout] warning: non-local `impl` definition, `impl` blocks should be written at the same level as their item
[INFO] [stdout]   --> src/language/intermediate.rs:51:17
[INFO] [stdout]    |
[INFO] [stdout] 51 | #[derive(Debug, Fail, PartialEq)]
[INFO] [stdout]    |                 ^---
[INFO] [stdout]    |                 |
[INFO] [stdout]    |                 `Display` is not local
[INFO] [stdout]    |                 move the `impl` block outside of this constant `_DERIVE_failure_core_fmt_Display_FOR_EnvError`
[INFO] [stdout] 52 | pub enum EnvError {
[INFO] [stdout]    |          -------- `EnvError` is not local
[INFO] [stdout]    |
[INFO] [stdout]    = note: the derive macro `Fail` defines the non-local `impl`, and may need to be changed
[INFO] [stdout]    = note: the derive macro `Fail` may come from an old version of the `failure_derive` crate, try updating your dependency with `cargo update -p failure_derive`
[INFO] [stdout]    = note: an `impl` is never scoped, even when it is nested inside an item, as it may impact type checking outside of that item, which can be the case if neither the trait or the self type are at the same nesting level as the `impl`
[INFO] [stdout]    = note: items in an anonymous const item (`const _: () = { ... }`) are treated as in the same scope as the anonymous const's declaration for the purpose of this lint
[INFO] [stdout]    = note: this warning originates in the derive macro `Fail` (in Nightly builds, run with -Z macro-backtrace for more info)
[INFO] [stdout] 
[INFO] [stdout] 
[INFO] [stdout] warning: non-local `impl` definition, `impl` blocks should be written at the same level as their item
[INFO] [stdout]   --> src/language/intermediate.rs:96:17
[INFO] [stdout]    |
[INFO] [stdout] 96 | #[derive(Debug, Fail, PartialEq)]
[INFO] [stdout]    |                 ^---
[INFO] [stdout]    |                 |
[INFO] [stdout]    |                 `Fail` is not local
[INFO] [stdout]    |                 move the `impl` block outside of this constant `_DERIVE_failure_Fail_FOR_TranslateError`
[INFO] [stdout] 97 | pub enum TranslateError {
[INFO] [stdout]    |          -------------- `TranslateError` is not local
[INFO] [stdout]    |
[INFO] [stdout]    = note: the derive macro `Fail` defines the non-local `impl`, and may need to be changed
[INFO] [stdout]    = note: the derive macro `Fail` may come from an old version of the `failure_derive` crate, try updating your dependency with `cargo update -p failure_derive`
[INFO] [stdout]    = note: an `impl` is never scoped, even when it is nested inside an item, as it may impact type checking outside of that item, which can be the case if neither the trait or the self type are at the same nesting level as the `impl`
[INFO] [stdout]    = note: items in an anonymous const item (`const _: () = { ... }`) are treated as in the same scope as the anonymous const's declaration for the purpose of this lint
[INFO] [stdout]    = note: this warning originates in the derive macro `Fail` (in Nightly builds, run with -Z macro-backtrace for more info)
[INFO] [stdout] 
[INFO] [stdout] 
[INFO] [stdout] warning: non-local `impl` definition, `impl` blocks should be written at the same level as their item
[INFO] [stdout]   --> src/language/intermediate.rs:96:17
[INFO] [stdout]    |
[INFO] [stdout] 96 | #[derive(Debug, Fail, PartialEq)]
[INFO] [stdout]    |                 ^---
[INFO] [stdout]    |                 |
[INFO] [stdout]    |                 `Display` is not local
[INFO] [stdout]    |                 move the `impl` block outside of this constant `_DERIVE_failure_core_fmt_Display_FOR_TranslateError`
[INFO] [stdout] 97 | pub enum TranslateError {
[INFO] [stdout]    |          -------------- `TranslateError` is not local
[INFO] [stdout]    |
[INFO] [stdout]    = note: the derive macro `Fail` defines the non-local `impl`, and may need to be changed
[INFO] [stdout]    = note: the derive macro `Fail` may come from an old version of the `failure_derive` crate, try updating your dependency with `cargo update -p failure_derive`
[INFO] [stdout]    = note: an `impl` is never scoped, even when it is nested inside an item, as it may impact type checking outside of that item, which can be the case if neither the trait or the self type are at the same nesting level as the `impl`
[INFO] [stdout]    = note: items in an anonymous const item (`const _: () = { ... }`) are treated as in the same scope as the anonymous const's declaration for the purpose of this lint
[INFO] [stdout]    = note: this warning originates in the derive macro `Fail` (in Nightly builds, run with -Z macro-backtrace for more info)
[INFO] [stdout] 
[INFO] [stdout] 
[INFO] [stdout] warning: non-local `impl` definition, `impl` blocks should be written at the same level as their item
[INFO] [stdout]   --> src/language/intermediate/dynamic.rs:89:17
[INFO] [stdout]    |
[INFO] [stdout] 89 | #[derive(Debug, Fail, PartialEq)]
[INFO] [stdout]    |                 ^---
[INFO] [stdout]    |                 |
[INFO] [stdout]    |                 `Fail` is not local
[INFO] [stdout]    |                 move the `impl` block outside of this constant `_DERIVE_failure_Fail_FOR_TypeError`
[INFO] [stdout] 90 | pub enum TypeError {
[INFO] [stdout]    |          --------- `TypeError` is not local
[INFO] [stdout]    |
[INFO] [stdout]    = note: the derive macro `Fail` defines the non-local `impl`, and may need to be changed
[INFO] [stdout]    = note: the derive macro `Fail` may come from an old version of the `failure_derive` crate, try updating your dependency with `cargo update -p failure_derive`
[INFO] [stdout]    = note: an `impl` is never scoped, even when it is nested inside an item, as it may impact type checking outside of that item, which can be the case if neither the trait or the self type are at the same nesting level as the `impl`
[INFO] [stdout]    = note: items in an anonymous const item (`const _: () = { ... }`) are treated as in the same scope as the anonymous const's declaration for the purpose of this lint
[INFO] [stdout]    = note: this warning originates in the derive macro `Fail` (in Nightly builds, run with -Z macro-backtrace for more info)
[INFO] [stdout] 
[INFO] [stdout] 
[INFO] [stdout] warning: non-local `impl` definition, `impl` blocks should be written at the same level as their item
[INFO] [stdout]   --> src/language/intermediate/dynamic.rs:89:17
[INFO] [stdout]    |
[INFO] [stdout] 89 | #[derive(Debug, Fail, PartialEq)]
[INFO] [stdout]    |                 ^---
[INFO] [stdout]    |                 |
[INFO] [stdout]    |                 `Display` is not local
[INFO] [stdout]    |                 move the `impl` block outside of this constant `_DERIVE_failure_core_fmt_Display_FOR_TypeError`
[INFO] [stdout] 90 | pub enum TypeError {
[INFO] [stdout]    |          --------- `TypeError` is not local
[INFO] [stdout]    |
[INFO] [stdout]    = note: the derive macro `Fail` defines the non-local `impl`, and may need to be changed
[INFO] [stdout]    = note: the derive macro `Fail` may come from an old version of the `failure_derive` crate, try updating your dependency with `cargo update -p failure_derive`
[INFO] [stdout]    = note: an `impl` is never scoped, even when it is nested inside an item, as it may impact type checking outside of that item, which can be the case if neither the trait or the self type are at the same nesting level as the `impl`
[INFO] [stdout]    = note: items in an anonymous const item (`const _: () = { ... }`) are treated as in the same scope as the anonymous const's declaration for the purpose of this lint
[INFO] [stdout]    = note: this warning originates in the derive macro `Fail` (in Nightly builds, run with -Z macro-backtrace for more info)
[INFO] [stdout] 
[INFO] [stdout] 
[INFO] [stdout] warning: non-local `impl` definition, `impl` blocks should be written at the same level as their item
[INFO] [stdout]    --> src/language/intermediate/dynamic.rs:298:17
[INFO] [stdout]     |
[INFO] [stdout] 298 | #[derive(Debug, Fail, PartialEq)]
[INFO] [stdout]     |                 ^---
[INFO] [stdout]     |                 |
[INFO] [stdout]     |                 `Fail` is not local
[INFO] [stdout]     |                 move the `impl` block outside of this constant `_DERIVE_failure_Fail_FOR_ContextError`
[INFO] [stdout] 299 | pub enum ContextError {
[INFO] [stdout]     |          ------------ `ContextError` is not local
[INFO] [stdout]     |
[INFO] [stdout]     = note: the derive macro `Fail` defines the non-local `impl`, and may need to be changed
[INFO] [stdout]     = note: the derive macro `Fail` may come from an old version of the `failure_derive` crate, try updating your dependency with `cargo update -p failure_derive`
[INFO] [stdout]     = note: an `impl` is never scoped, even when it is nested inside an item, as it may impact type checking outside of that item, which can be the case if neither the trait or the self type are at the same nesting level as the `impl`
[INFO] [stdout]     = note: items in an anonymous const item (`const _: () = { ... }`) are treated as in the same scope as the anonymous const's declaration for the purpose of this lint
[INFO] [stdout]     = note: this warning originates in the derive macro `Fail` (in Nightly builds, run with -Z macro-backtrace for more info)
[INFO] [stdout] 
[INFO] [stdout] 
[INFO] [stdout] warning: non-local `impl` definition, `impl` blocks should be written at the same level as their item
[INFO] [stdout]    --> src/language/intermediate/dynamic.rs:298:17
[INFO] [stdout]     |
[INFO] [stdout] 298 | #[derive(Debug, Fail, PartialEq)]
[INFO] [stdout]     |                 ^---
[INFO] [stdout]     |                 |
[INFO] [stdout]     |                 `Display` is not local
[INFO] [stdout]     |                 move the `impl` block outside of this constant `_DERIVE_failure_core_fmt_Display_FOR_ContextError`
[INFO] [stdout] 299 | pub enum ContextError {
[INFO] [stdout]     |          ------------ `ContextError` is not local
[INFO] [stdout]     |
[INFO] [stdout]     = note: the derive macro `Fail` defines the non-local `impl`, and may need to be changed
[INFO] [stdout]     = note: the derive macro `Fail` may come from an old version of the `failure_derive` crate, try updating your dependency with `cargo update -p failure_derive`
[INFO] [stdout]     = note: an `impl` is never scoped, even when it is nested inside an item, as it may impact type checking outside of that item, which can be the case if neither the trait or the self type are at the same nesting level as the `impl`
[INFO] [stdout]     = note: items in an anonymous const item (`const _: () = { ... }`) are treated as in the same scope as the anonymous const's declaration for the purpose of this lint
[INFO] [stdout]     = note: this warning originates in the derive macro `Fail` (in Nightly builds, run with -Z macro-backtrace for more info)
[INFO] [stdout] 
[INFO] [stdout] 
[INFO] [stdout] warning: non-local `impl` definition, `impl` blocks should be written at the same level as their item
[INFO] [stdout]    --> src/language/intermediate/dynamic.rs:423:17
[INFO] [stdout]     |
[INFO] [stdout] 423 | #[derive(Debug, Fail, PartialEq)]
[INFO] [stdout]     |                 ^---
[INFO] [stdout]     |                 |
[INFO] [stdout]     |                 `Fail` is not local
[INFO] [stdout]     |                 move the `impl` block outside of this constant `_DERIVE_failure_Fail_FOR_ReductionError`
[INFO] [stdout] 424 | pub enum ReductionError {
[INFO] [stdout]     |          -------------- `ReductionError` is not local
[INFO] [stdout]     |
[INFO] [stdout]     = note: the derive macro `Fail` defines the non-local `impl`, and may need to be changed
[INFO] [stdout]     = note: the derive macro `Fail` may come from an old version of the `failure_derive` crate, try updating your dependency with `cargo update -p failure_derive`
[INFO] [stdout]     = note: an `impl` is never scoped, even when it is nested inside an item, as it may impact type checking outside of that item, which can be the case if neither the trait or the self type are at the same nesting level as the `impl`
[INFO] [stdout]     = note: items in an anonymous const item (`const _: () = { ... }`) are treated as in the same scope as the anonymous const's declaration for the purpose of this lint
[INFO] [stdout]     = note: this warning originates in the derive macro `Fail` (in Nightly builds, run with -Z macro-backtrace for more info)
[INFO] [stdout] 
[INFO] [stdout] 
[INFO] [stdout] warning: non-local `impl` definition, `impl` blocks should be written at the same level as their item
[INFO] [stdout]    --> src/language/intermediate/dynamic.rs:423:17
[INFO] [stdout]     |
[INFO] [stdout] 423 | #[derive(Debug, Fail, PartialEq)]
[INFO] [stdout]     |                 ^---
[INFO] [stdout]     |                 |
[INFO] [stdout]     |                 `Display` is not local
[INFO] [stdout]     |                 move the `impl` block outside of this constant `_DERIVE_failure_core_fmt_Display_FOR_ReductionError`
[INFO] [stdout] 424 | pub enum ReductionError {
[INFO] [stdout]     |          -------------- `ReductionError` is not local
[INFO] [stdout]     |
[INFO] [stdout]     = note: the derive macro `Fail` defines the non-local `impl`, and may need to be changed
[INFO] [stdout]     = note: the derive macro `Fail` may come from an old version of the `failure_derive` crate, try updating your dependency with `cargo update -p failure_derive`
[INFO] [stdout]     = note: an `impl` is never scoped, even when it is nested inside an item, as it may impact type checking outside of that item, which can be the case if neither the trait or the self type are at the same nesting level as the `impl`
[INFO] [stdout]     = note: items in an anonymous const item (`const _: () = { ... }`) are treated as in the same scope as the anonymous const's declaration for the purpose of this lint
[INFO] [stdout]     = note: this warning originates in the derive macro `Fail` (in Nightly builds, run with -Z macro-backtrace for more info)
[INFO] [stdout] 
[INFO] [stdout] 
[INFO] [stdout] warning: non-local `impl` definition, `impl` blocks should be written at the same level as their item
[INFO] [stdout]   --> src/parser.rs:65:17
[INFO] [stdout]    |
[INFO] [stdout] 65 | #[derive(Debug, Fail, PartialEq)]
[INFO] [stdout]    |                 ^---
[INFO] [stdout]    |                 |
[INFO] [stdout]    |                 `Fail` is not local
[INFO] [stdout]    |                 move the `impl` block outside of this constant `_DERIVE_failure_Fail_FOR_LexError`
[INFO] [stdout] 66 | enum LexError {
[INFO] [stdout]    |      -------- `LexError` is not local
[INFO] [stdout]    |
[INFO] [stdout]    = note: the derive macro `Fail` defines the non-local `impl`, and may need to be changed
[INFO] [stdout]    = note: the derive macro `Fail` may come from an old version of the `failure_derive` crate, try updating your dependency with `cargo update -p failure_derive`
[INFO] [stdout]    = note: an `impl` is never scoped, even when it is nested inside an item, as it may impact type checking outside of that item, which can be the case if neither the trait or the self type are at the same nesting level as the `impl`
[INFO] [stdout]    = note: items in an anonymous const item (`const _: () = { ... }`) are treated as in the same scope as the anonymous const's declaration for the purpose of this lint
[INFO] [stdout]    = note: this warning originates in the derive macro `Fail` (in Nightly builds, run with -Z macro-backtrace for more info)
[INFO] [stdout] 
[INFO] [stdout] 
[INFO] [stdout] warning: non-local `impl` definition, `impl` blocks should be written at the same level as their item
[INFO] [stdout]   --> src/parser.rs:65:17
[INFO] [stdout]    |
[INFO] [stdout] 65 | #[derive(Debug, Fail, PartialEq)]
[INFO] [stdout]    |                 ^---
[INFO] [stdout]    |                 |
[INFO] [stdout]    |                 `Display` is not local
[INFO] [stdout]    |                 move the `impl` block outside of this constant `_DERIVE_failure_core_fmt_Display_FOR_LexError`
[INFO] [stdout] 66 | enum LexError {
[INFO] [stdout]    |      -------- `LexError` is not local
[INFO] [stdout]    |
[INFO] [stdout]    = note: the derive macro `Fail` defines the non-local `impl`, and may need to be changed
[INFO] [stdout]    = note: the derive macro `Fail` may come from an old version of the `failure_derive` crate, try updating your dependency with `cargo update -p failure_derive`
[INFO] [stdout]    = note: an `impl` is never scoped, even when it is nested inside an item, as it may impact type checking outside of that item, which can be the case if neither the trait or the self type are at the same nesting level as the `impl`
[INFO] [stdout]    = note: items in an anonymous const item (`const _: () = { ... }`) are treated as in the same scope as the anonymous const's declaration for the purpose of this lint
[INFO] [stdout]    = note: this warning originates in the derive macro `Fail` (in Nightly builds, run with -Z macro-backtrace for more info)
[INFO] [stdout] 
[INFO] [stdout] 
[INFO] [stdout] warning: non-local `impl` definition, `impl` blocks should be written at the same level as their item
[INFO] [stdout]    --> src/parser.rs:359:17
[INFO] [stdout]     |
[INFO] [stdout] 359 | #[derive(Debug, Fail, PartialEq)]
[INFO] [stdout]     |                 ^---
[INFO] [stdout]     |                 |
[INFO] [stdout]     |                 `Fail` is not local
[INFO] [stdout]     |                 move the `impl` block outside of this constant `_DERIVE_failure_Fail_FOR_ParseError`
[INFO] [stdout] 360 | enum ParseError {
[INFO] [stdout]     |      ---------- `ParseError` is not local
[INFO] [stdout]     |
[INFO] [stdout]     = note: the derive macro `Fail` defines the non-local `impl`, and may need to be changed
[INFO] [stdout]     = note: the derive macro `Fail` may come from an old version of the `failure_derive` crate, try updating your dependency with `cargo update -p failure_derive`
[INFO] [stdout]     = note: an `impl` is never scoped, even when it is nested inside an item, as it may impact type checking outside of that item, which can be the case if neither the trait or the self type are at the same nesting level as the `impl`
[INFO] [stdout]     = note: items in an anonymous const item (`const _: () = { ... }`) are treated as in the same scope as the anonymous const's declaration for the purpose of this lint
[INFO] [stdout]     = note: this warning originates in the derive macro `Fail` (in Nightly builds, run with -Z macro-backtrace for more info)
[INFO] [stdout] 
[INFO] [stdout] 
[INFO] [stdout] warning: non-local `impl` definition, `impl` blocks should be written at the same level as their item
[INFO] [stdout]    --> src/parser.rs:359:17
[INFO] [stdout]     |
[INFO] [stdout] 359 | #[derive(Debug, Fail, PartialEq)]
[INFO] [stdout]     |                 ^---
[INFO] [stdout]     |                 |
[INFO] [stdout]     |                 `Display` is not local
[INFO] [stdout]     |                 move the `impl` block outside of this constant `_DERIVE_failure_core_fmt_Display_FOR_ParseError`
[INFO] [stdout] 360 | enum ParseError {
[INFO] [stdout]     |      ---------- `ParseError` is not local
[INFO] [stdout]     |
[INFO] [stdout]     = note: the derive macro `Fail` defines the non-local `impl`, and may need to be changed
[INFO] [stdout]     = note: the derive macro `Fail` may come from an old version of the `failure_derive` crate, try updating your dependency with `cargo update -p failure_derive`
[INFO] [stdout]     = note: an `impl` is never scoped, even when it is nested inside an item, as it may impact type checking outside of that item, which can be the case if neither the trait or the self type are at the same nesting level as the `impl`
[INFO] [stdout]     = note: items in an anonymous const item (`const _: () = { ... }`) are treated as in the same scope as the anonymous const's declaration for the purpose of this lint
[INFO] [stdout]     = note: this warning originates in the derive macro `Fail` (in Nightly builds, run with -Z macro-backtrace for more info)
[INFO] [stdout] 
[INFO] [stdout] 
[INFO] [stderr]     Finished `test` profile [unoptimized + debuginfo] target(s) in 0.49s
[INFO] [stderr] warning: the following packages contain code that will be rejected by a future version of Rust: stletiori v0.1.0 (/opt/rustwide/workdir)
[INFO] [stderr] note: to see what the problems were, use the option `--future-incompat-report`, or run `cargo report future-incompatibilities --id 2`
[INFO] running `Command { std: "docker" "inspect" "fbbeb76b64d1b68cc1e1bbf3d589d9c3300106e5d38d1f105974b264f9634f94", kill_on_drop: false }`
[INFO] running `Command { std: "docker" "rm" "-f" "fbbeb76b64d1b68cc1e1bbf3d589d9c3300106e5d38d1f105974b264f9634f94", kill_on_drop: false }`
[INFO] [stdout] fbbeb76b64d1b68cc1e1bbf3d589d9c3300106e5d38d1f105974b264f9634f94
[INFO] running `Command { std: "docker" "create" "-v" "/var/lib/crater-agent-workspace/builds/worker-7-tc2/target:/opt/rustwide/target:rw,Z" "-v" "/var/lib/crater-agent-workspace/builds/worker-7-tc2/source:/opt/rustwide/workdir:ro,Z" "-v" "/var/lib/crater-agent-workspace/cargo-home:/opt/rustwide/cargo-home:ro,Z" "-v" "/var/lib/crater-agent-workspace/rustup-home:/opt/rustwide/rustup-home:ro,Z" "-e" "SOURCE_DIR=/opt/rustwide/workdir" "-e" "CARGO_TARGET_DIR=/opt/rustwide/target" "-e" "CARGO_INCREMENTAL=0" "-e" "RUST_BACKTRACE=full" "-e" "RUSTFLAGS=--cap-lints=forbid -Zrandomize-layout" "-e" "RUSTDOCFLAGS=--cap-lints=forbid" "-e" "CARGO_HOME=/opt/rustwide/cargo-home" "-e" "RUSTUP_HOME=/opt/rustwide/rustup-home" "-w" "/opt/rustwide/workdir" "-m" "1610612736" "--user" "0:0" "--network" "none" "ghcr.io/rust-lang/crates-build-env/linux@sha256:4a844ea9eb2546a2d2c7022eacef16ef2e8229c7fbb2c7d4d55a9ceca922f72d" "/opt/rustwide/cargo-home/bin/cargo" "+nightly-2024-10-28" "test" "--frozen", kill_on_drop: false }`
[INFO] [stdout] fecc6289cb87d5a88f24f68e53925729fc5afd4b78182237fad3e00fde42ed43
[INFO] running `Command { std: "docker" "start" "-a" "fecc6289cb87d5a88f24f68e53925729fc5afd4b78182237fad3e00fde42ed43", kill_on_drop: false }`
[INFO] [stderr] warning: trailing semicolon in macro used in expression position
[INFO] [stderr]    --> src/parser.rs:474:59
[INFO] [stderr]     |
[INFO] [stderr] 474 |                 $p.proceeding(Positional::new(start, $ty));
[INFO] [stderr]     |                                                           ^
[INFO] [stderr] ...
[INFO] [stderr] 479 |             TokenKind::Int => one_token!(self, Type::Base(BaseType::Int)),
[INFO] [stderr]     |                               ------------------------------------------- in this macro invocation
[INFO] [stderr]     |
[INFO] [stderr]     = warning: this was previously accepted by the compiler but is being phased out; it will become a hard error in a future release!
[INFO] [stderr]     = note: for more information, see issue #79813 <https://github.com/rust-lang/rust/issues/79813>
[INFO] [stderr]     = note: `#[warn(semicolon_in_expressions_from_macros)]` on by default
[INFO] [stderr]     = note: this warning originates in the macro `one_token` (in Nightly builds, run with -Z macro-backtrace for more info)
[INFO] [stderr] 
[INFO] [stderr] warning: trailing semicolon in macro used in expression position
[INFO] [stderr]    --> src/parser.rs:474:59
[INFO] [stderr]     |
[INFO] [stderr] 474 |                 $p.proceeding(Positional::new(start, $ty));
[INFO] [stderr]     |                                                           ^
[INFO] [stderr] ...
[INFO] [stderr] 480 |             TokenKind::Bool => one_token!(self, Type::Base(BaseType::Bool)),
[INFO] [stderr]     |                                -------------------------------------------- in this macro invocation
[INFO] [stderr]     |
[INFO] [stderr]     = warning: this was previously accepted by the compiler but is being phased out; it will become a hard error in a future release!
[INFO] [stderr]     = note: for more information, see issue #79813 <https://github.com/rust-lang/rust/issues/79813>
[INFO] [stderr]     = note: this warning originates in the macro `one_token` (in Nightly builds, run with -Z macro-backtrace for more info)
[INFO] [stderr] 
[INFO] [stderr] warning: trailing semicolon in macro used in expression position
[INFO] [stderr]    --> src/parser.rs:474:59
[INFO] [stderr]     |
[INFO] [stderr] 474 |                 $p.proceeding(Positional::new(start, $ty));
[INFO] [stderr]     |                                                           ^
[INFO] [stderr] ...
[INFO] [stderr] 481 |             TokenKind::KeywordType => one_token!(self, Type::Base(BaseType::Keyword)),
[INFO] [stderr]     |                                       ----------------------------------------------- in this macro invocation
[INFO] [stderr]     |
[INFO] [stderr]     = warning: this was previously accepted by the compiler but is being phased out; it will become a hard error in a future release!
[INFO] [stderr]     = note: for more information, see issue #79813 <https://github.com/rust-lang/rust/issues/79813>
[INFO] [stderr]     = note: this warning originates in the macro `one_token` (in Nightly builds, run with -Z macro-backtrace for more info)
[INFO] [stderr] 
[INFO] [stderr] warning: trailing semicolon in macro used in expression position
[INFO] [stderr]    --> src/parser.rs:474:59
[INFO] [stderr]     |
[INFO] [stderr] 474 |                 $p.proceeding(Positional::new(start, $ty));
[INFO] [stderr]     |                                                           ^
[INFO] [stderr] ...
[INFO] [stderr] 482 |             TokenKind::Vector => one_token!(self, Type::Base(BaseType::Vector)),
[INFO] [stderr]     |                                  ---------------------------------------------- in this macro invocation
[INFO] [stderr]     |
[INFO] [stderr]     = warning: this was previously accepted by the compiler but is being phased out; it will become a hard error in a future release!
[INFO] [stderr]     = note: for more information, see issue #79813 <https://github.com/rust-lang/rust/issues/79813>
[INFO] [stderr]     = note: this warning originates in the macro `one_token` (in Nightly builds, run with -Z macro-backtrace for more info)
[INFO] [stderr] 
[INFO] [stderr] warning: trailing semicolon in macro used in expression position
[INFO] [stderr]    --> src/parser.rs:474:59
[INFO] [stderr]     |
[INFO] [stderr] 474 |                 $p.proceeding(Positional::new(start, $ty));
[INFO] [stderr]     |                                                           ^
[INFO] [stderr] ...
[INFO] [stderr] 483 |             TokenKind::Map => one_token!(self, Type::Base(BaseType::Map)),
[INFO] [stderr]     |                               ------------------------------------------- in this macro invocation
[INFO] [stderr]     |
[INFO] [stderr]     = warning: this was previously accepted by the compiler but is being phased out; it will become a hard error in a future release!
[INFO] [stderr]     = note: for more information, see issue #79813 <https://github.com/rust-lang/rust/issues/79813>
[INFO] [stderr]     = note: this warning originates in the macro `one_token` (in Nightly builds, run with -Z macro-backtrace for more info)
[INFO] [stderr] 
[INFO] [stderr] warning: trailing semicolon in macro used in expression position
[INFO] [stderr]    --> src/parser.rs:474:59
[INFO] [stderr]     |
[INFO] [stderr] 474 |                 $p.proceeding(Positional::new(start, $ty));
[INFO] [stderr]     |                                                           ^
[INFO] [stderr] ...
[INFO] [stderr] 484 |             TokenKind::String => one_token!(self, Type::Base(BaseType::String)),
[INFO] [stderr]     |                                  ---------------------------------------------- in this macro invocation
[INFO] [stderr]     |
[INFO] [stderr]     = warning: this was previously accepted by the compiler but is being phased out; it will become a hard error in a future release!
[INFO] [stderr]     = note: for more information, see issue #79813 <https://github.com/rust-lang/rust/issues/79813>
[INFO] [stderr]     = note: this warning originates in the macro `one_token` (in Nightly builds, run with -Z macro-backtrace for more info)
[INFO] [stderr] 
[INFO] [stderr] warning: trailing semicolon in macro used in expression position
[INFO] [stderr]    --> src/parser.rs:474:59
[INFO] [stderr]     |
[INFO] [stderr] 474 |                 $p.proceeding(Positional::new(start, $ty));
[INFO] [stderr]     |                                                           ^
[INFO] [stderr] ...
[INFO] [stderr] 485 |             TokenKind::Unknown => one_token!(self, Type::Unknown),
[INFO] [stderr]     |                                   ------------------------------- in this macro invocation
[INFO] [stderr]     |
[INFO] [stderr]     = warning: this was previously accepted by the compiler but is being phased out; it will become a hard error in a future release!
[INFO] [stderr]     = note: for more information, see issue #79813 <https://github.com/rust-lang/rust/issues/79813>
[INFO] [stderr]     = note: this warning originates in the macro `one_token` (in Nightly builds, run with -Z macro-backtrace for more info)
[INFO] [stderr] 
[INFO] [stderr] warning: the feature `bind_by_move_pattern_guards` has been stable since 1.39.0 and no longer requires an attribute to enable
[INFO] [stderr]  --> src/lib.rs:1:12
[INFO] [stderr]   |
[INFO] [stderr] 1 | #![feature(bind_by_move_pattern_guards)]
[INFO] [stderr]   |            ^^^^^^^^^^^^^^^^^^^^^^^^^^^
[INFO] [stderr]   |
[INFO] [stderr]   = note: `#[warn(stable_features)]` on by default
[INFO] [stderr] 
[INFO] [stderr] warning: the feature `try_from` has been stable since 1.34.0 and no longer requires an attribute to enable
[INFO] [stderr]  --> src/lib.rs:3:12
[INFO] [stderr]   |
[INFO] [stderr] 3 | #![feature(try_from)]
[INFO] [stderr]   |            ^^^^^^^^
[INFO] [stderr] 
[INFO] [stderr] warning: non-local `impl` definition, `impl` blocks should be written at the same level as their item
[INFO] [stderr]   --> src/language/intermediate.rs:51:17
[INFO] [stderr]    |
[INFO] [stderr] 51 | #[derive(Debug, Fail, PartialEq)]
[INFO] [stderr]    |                 ^---
[INFO] [stderr]    |                 |
[INFO] [stderr]    |                 `Fail` is not local
[INFO] [stderr]    |                 move the `impl` block outside of this constant `_DERIVE_failure_Fail_FOR_EnvError`
[INFO] [stderr] 52 | pub enum EnvError {
[INFO] [stderr]    |          -------- `EnvError` is not local
[INFO] [stderr]    |
[INFO] [stderr]    = note: the derive macro `Fail` defines the non-local `impl`, and may need to be changed
[INFO] [stderr]    = note: the derive macro `Fail` may come from an old version of the `failure_derive` crate, try updating your dependency with `cargo update -p failure_derive`
[INFO] [stderr]    = note: an `impl` is never scoped, even when it is nested inside an item, as it may impact type checking outside of that item, which can be the case if neither the trait or the self type are at the same nesting level as the `impl`
[INFO] [stderr]    = note: items in an anonymous const item (`const _: () = { ... }`) are treated as in the same scope as the anonymous const's declaration for the purpose of this lint
[INFO] [stderr]    = note: `#[warn(non_local_definitions)]` on by default
[INFO] [stderr]    = note: this warning originates in the derive macro `Fail` (in Nightly builds, run with -Z macro-backtrace for more info)
[INFO] [stderr] 
[INFO] [stderr] warning: non-local `impl` definition, `impl` blocks should be written at the same level as their item
[INFO] [stderr]   --> src/language/intermediate.rs:51:17
[INFO] [stderr]    |
[INFO] [stderr] 51 | #[derive(Debug, Fail, PartialEq)]
[INFO] [stderr]    |                 ^---
[INFO] [stderr]    |                 |
[INFO] [stderr]    |                 `Display` is not local
[INFO] [stderr]    |                 move the `impl` block outside of this constant `_DERIVE_failure_core_fmt_Display_FOR_EnvError`
[INFO] [stderr] 52 | pub enum EnvError {
[INFO] [stderr]    |          -------- `EnvError` is not local
[INFO] [stderr]    |
[INFO] [stderr]    = note: the derive macro `Fail` defines the non-local `impl`, and may need to be changed
[INFO] [stderr]    = note: the derive macro `Fail` may come from an old version of the `failure_derive` crate, try updating your dependency with `cargo update -p failure_derive`
[INFO] [stderr]    = note: an `impl` is never scoped, even when it is nested inside an item, as it may impact type checking outside of that item, which can be the case if neither the trait or the self type are at the same nesting level as the `impl`
[INFO] [stderr]    = note: items in an anonymous const item (`const _: () = { ... }`) are treated as in the same scope as the anonymous const's declaration for the purpose of this lint
[INFO] [stderr]    = note: this warning originates in the derive macro `Fail` (in Nightly builds, run with -Z macro-backtrace for more info)
[INFO] [stderr] 
[INFO] [stderr] warning: non-local `impl` definition, `impl` blocks should be written at the same level as their item
[INFO] [stderr]   --> src/language/intermediate.rs:96:17
[INFO] [stderr]    |
[INFO] [stderr] 96 | #[derive(Debug, Fail, PartialEq)]
[INFO] [stderr]    |                 ^---
[INFO] [stderr]    |                 |
[INFO] [stderr]    |                 `Fail` is not local
[INFO] [stderr]    |                 move the `impl` block outside of this constant `_DERIVE_failure_Fail_FOR_TranslateError`
[INFO] [stderr] 97 | pub enum TranslateError {
[INFO] [stderr]    |          -------------- `TranslateError` is not local
[INFO] [stderr]    |
[INFO] [stderr]    = note: the derive macro `Fail` defines the non-local `impl`, and may need to be changed
[INFO] [stderr]    = note: the derive macro `Fail` may come from an old version of the `failure_derive` crate, try updating your dependency with `cargo update -p failure_derive`
[INFO] [stderr]    = note: an `impl` is never scoped, even when it is nested inside an item, as it may impact type checking outside of that item, which can be the case if neither the trait or the self type are at the same nesting level as the `impl`
[INFO] [stderr]    = note: items in an anonymous const item (`const _: () = { ... }`) are treated as in the same scope as the anonymous const's declaration for the purpose of this lint
[INFO] [stderr]    = note: this warning originates in the derive macro `Fail` (in Nightly builds, run with -Z macro-backtrace for more info)
[INFO] [stderr] 
[INFO] [stderr] warning: non-local `impl` definition, `impl` blocks should be written at the same level as their item
[INFO] [stderr]   --> src/language/intermediate.rs:96:17
[INFO] [stderr]    |
[INFO] [stderr] 96 | #[derive(Debug, Fail, PartialEq)]
[INFO] [stderr]    |                 ^---
[INFO] [stderr]    |                 |
[INFO] [stderr]    |                 `Display` is not local
[INFO] [stderr]    |                 move the `impl` block outside of this constant `_DERIVE_failure_core_fmt_Display_FOR_TranslateError`
[INFO] [stderr] 97 | pub enum TranslateError {
[INFO] [stderr]    |          -------------- `TranslateError` is not local
[INFO] [stderr]    |
[INFO] [stderr]    = note: the derive macro `Fail` defines the non-local `impl`, and may need to be changed
[INFO] [stderr]    = note: the derive macro `Fail` may come from an old version of the `failure_derive` crate, try updating your dependency with `cargo update -p failure_derive`
[INFO] [stderr]    = note: an `impl` is never scoped, even when it is nested inside an item, as it may impact type checking outside of that item, which can be the case if neither the trait or the self type are at the same nesting level as the `impl`
[INFO] [stderr]    = note: items in an anonymous const item (`const _: () = { ... }`) are treated as in the same scope as the anonymous const's declaration for the purpose of this lint
[INFO] [stderr]    = note: this warning originates in the derive macro `Fail` (in Nightly builds, run with -Z macro-backtrace for more info)
[INFO] [stderr] 
[INFO] [stderr] warning: non-local `impl` definition, `impl` blocks should be written at the same level as their item
[INFO] [stderr]   --> src/language/intermediate/dynamic.rs:89:17
[INFO] [stderr]    |
[INFO] [stderr] 89 | #[derive(Debug, Fail, PartialEq)]
[INFO] [stderr]    |                 ^---
[INFO] [stderr]    |                 |
[INFO] [stderr]    |                 `Fail` is not local
[INFO] [stderr]    |                 move the `impl` block outside of this constant `_DERIVE_failure_Fail_FOR_TypeError`
[INFO] [stderr] 90 | pub enum TypeError {
[INFO] [stderr]    |          --------- `TypeError` is not local
[INFO] [stderr]    |
[INFO] [stderr]    = note: the derive macro `Fail` defines the non-local `impl`, and may need to be changed
[INFO] [stderr]    = note: the derive macro `Fail` may come from an old version of the `failure_derive` crate, try updating your dependency with `cargo update -p failure_derive`
[INFO] [stderr]    = note: an `impl` is never scoped, even when it is nested inside an item, as it may impact type checking outside of that item, which can be the case if neither the trait or the self type are at the same nesting level as the `impl`
[INFO] [stderr]    = note: items in an anonymous const item (`const _: () = { ... }`) are treated as in the same scope as the anonymous const's declaration for the purpose of this lint
[INFO] [stderr]    = note: this warning originates in the derive macro `Fail` (in Nightly builds, run with -Z macro-backtrace for more info)
[INFO] [stderr] 
[INFO] [stderr] warning: non-local `impl` definition, `impl` blocks should be written at the same level as their item
[INFO] [stderr]   --> src/language/intermediate/dynamic.rs:89:17
[INFO] [stderr]    |
[INFO] [stderr] 89 | #[derive(Debug, Fail, PartialEq)]
[INFO] [stderr]    |                 ^---
[INFO] [stderr]    |                 |
[INFO] [stderr]    |                 `Display` is not local
[INFO] [stderr]    |                 move the `impl` block outside of this constant `_DERIVE_failure_core_fmt_Display_FOR_TypeError`
[INFO] [stderr] 90 | pub enum TypeError {
[INFO] [stderr]    |          --------- `TypeError` is not local
[INFO] [stderr]    |
[INFO] [stderr]    = note: the derive macro `Fail` defines the non-local `impl`, and may need to be changed
[INFO] [stderr]    = note: the derive macro `Fail` may come from an old version of the `failure_derive` crate, try updating your dependency with `cargo update -p failure_derive`
[INFO] [stderr]    = note: an `impl` is never scoped, even when it is nested inside an item, as it may impact type checking outside of that item, which can be the case if neither the trait or the self type are at the same nesting level as the `impl`
[INFO] [stderr]    = note: items in an anonymous const item (`const _: () = { ... }`) are treated as in the same scope as the anonymous const's declaration for the purpose of this lint
[INFO] [stderr]    = note: this warning originates in the derive macro `Fail` (in Nightly builds, run with -Z macro-backtrace for more info)
[INFO] [stderr] 
[INFO] [stderr] warning: non-local `impl` definition, `impl` blocks should be written at the same level as their item
[INFO] [stderr]    --> src/language/intermediate/dynamic.rs:298:17
[INFO] [stderr]     |
[INFO] [stderr] 298 | #[derive(Debug, Fail, PartialEq)]
[INFO] [stderr]     |                 ^---
[INFO] [stderr]     |                 |
[INFO] [stderr]     |                 `Fail` is not local
[INFO] [stderr]     |                 move the `impl` block outside of this constant `_DERIVE_failure_Fail_FOR_ContextError`
[INFO] [stderr] 299 | pub enum ContextError {
[INFO] [stderr]     |          ------------ `ContextError` is not local
[INFO] [stderr]     |
[INFO] [stderr]     = note: the derive macro `Fail` defines the non-local `impl`, and may need to be changed
[INFO] [stderr]     = note: the derive macro `Fail` may come from an old version of the `failure_derive` crate, try updating your dependency with `cargo update -p failure_derive`
[INFO] [stderr]     = note: an `impl` is never scoped, even when it is nested inside an item, as it may impact type checking outside of that item, which can be the case if neither the trait or the self type are at the same nesting level as the `impl`
[INFO] [stderr]     = note: items in an anonymous const item (`const _: () = { ... }`) are treated as in the same scope as the anonymous const's declaration for the purpose of this lint
[INFO] [stderr]     = note: this warning originates in the derive macro `Fail` (in Nightly builds, run with -Z macro-backtrace for more info)
[INFO] [stderr] 
[INFO] [stderr] warning: non-local `impl` definition, `impl` blocks should be written at the same level as their item
[INFO] [stderr]    --> src/language/intermediate/dynamic.rs:298:17
[INFO] [stderr]     |
[INFO] [stderr] 298 | #[derive(Debug, Fail, PartialEq)]
[INFO] [stderr]     |                 ^---
[INFO] [stderr]     |                 |
[INFO] [stderr]     |                 `Display` is not local
[INFO] [stderr]     |                 move the `impl` block outside of this constant `_DERIVE_failure_core_fmt_Display_FOR_ContextError`
[INFO] [stderr] 299 | pub enum ContextError {
[INFO] [stderr]     |          ------------ `ContextError` is not local
[INFO] [stderr]     |
[INFO] [stderr]     = note: the derive macro `Fail` defines the non-local `impl`, and may need to be changed
[INFO] [stderr]     = note: the derive macro `Fail` may come from an old version of the `failure_derive` crate, try updating your dependency with `cargo update -p failure_derive`
[INFO] [stderr]     = note: an `impl` is never scoped, even when it is nested inside an item, as it may impact type checking outside of that item, which can be the case if neither the trait or the self type are at the same nesting level as the `impl`
[INFO] [stderr]     = note: items in an anonymous const item (`const _: () = { ... }`) are treated as in the same scope as the anonymous const's declaration for the purpose of this lint
[INFO] [stderr]     = note: this warning originates in the derive macro `Fail` (in Nightly builds, run with -Z macro-backtrace for more info)
[INFO] [stderr] 
[INFO] [stderr] warning: non-local `impl` definition, `impl` blocks should be written at the same level as their item
[INFO] [stderr]    --> src/language/intermediate/dynamic.rs:423:17
[INFO] [stderr]     |
[INFO] [stderr] 423 | #[derive(Debug, Fail, PartialEq)]
[INFO] [stderr]     |                 ^---
[INFO] [stderr]     |                 |
[INFO] [stderr]     |                 `Fail` is not local
[INFO] [stderr]     |                 move the `impl` block outside of this constant `_DERIVE_failure_Fail_FOR_ReductionError`
[INFO] [stderr] 424 | pub enum ReductionError {
[INFO] [stderr]     |          -------------- `ReductionError` is not local
[INFO] [stderr]     |
[INFO] [stderr]     = note: the derive macro `Fail` defines the non-local `impl`, and may need to be changed
[INFO] [stderr]     = note: the derive macro `Fail` may come from an old version of the `failure_derive` crate, try updating your dependency with `cargo update -p failure_derive`
[INFO] [stderr]     = note: an `impl` is never scoped, even when it is nested inside an item, as it may impact type checking outside of that item, which can be the case if neither the trait or the self type are at the same nesting level as the `impl`
[INFO] [stderr]     = note: items in an anonymous const item (`const _: () = { ... }`) are treated as in the same scope as the anonymous const's declaration for the purpose of this lint
[INFO] [stderr]     = note: this warning originates in the derive macro `Fail` (in Nightly builds, run with -Z macro-backtrace for more info)
[INFO] [stderr] 
[INFO] [stderr] warning: non-local `impl` definition, `impl` blocks should be written at the same level as their item
[INFO] [stderr]    --> src/language/intermediate/dynamic.rs:423:17
[INFO] [stderr]     |
[INFO] [stderr] 423 | #[derive(Debug, Fail, PartialEq)]
[INFO] [stderr]     |                 ^---
[INFO] [stderr]     |                 |
[INFO] [stderr]     |                 `Display` is not local
[INFO] [stderr]     |                 move the `impl` block outside of this constant `_DERIVE_failure_core_fmt_Display_FOR_ReductionError`
[INFO] [stderr] 424 | pub enum ReductionError {
[INFO] [stderr]     |          -------------- `ReductionError` is not local
[INFO] [stderr]     |
[INFO] [stderr]     = note: the derive macro `Fail` defines the non-local `impl`, and may need to be changed
[INFO] [stderr]     = note: the derive macro `Fail` may come from an old version of the `failure_derive` crate, try updating your dependency with `cargo update -p failure_derive`
[INFO] [stderr]     = note: an `impl` is never scoped, even when it is nested inside an item, as it may impact type checking outside of that item, which can be the case if neither the trait or the self type are at the same nesting level as the `impl`
[INFO] [stderr]     = note: items in an anonymous const item (`const _: () = { ... }`) are treated as in the same scope as the anonymous const's declaration for the purpose of this lint
[INFO] [stderr]     = note: this warning originates in the derive macro `Fail` (in Nightly builds, run with -Z macro-backtrace for more info)
[INFO] [stderr] 
[INFO] [stderr] warning: non-local `impl` definition, `impl` blocks should be written at the same level as their item
[INFO] [stderr]   --> src/parser.rs:65:17
[INFO] [stderr]    |
[INFO] [stderr] 65 | #[derive(Debug, Fail, PartialEq)]
[INFO] [stderr]    |                 ^---
[INFO] [stderr]    |                 |
[INFO] [stderr]    |                 `Fail` is not local
[INFO] [stderr]    |                 move the `impl` block outside of this constant `_DERIVE_failure_Fail_FOR_LexError`
[INFO] [stderr] 66 | enum LexError {
[INFO] [stderr]    |      -------- `LexError` is not local
[INFO] [stderr]    |
[INFO] [stderr]    = note: the derive macro `Fail` defines the non-local `impl`, and may need to be changed
[INFO] [stderr]    = note: the derive macro `Fail` may come from an old version of the `failure_derive` crate, try updating your dependency with `cargo update -p failure_derive`
[INFO] [stderr]    = note: an `impl` is never scoped, even when it is nested inside an item, as it may impact type checking outside of that item, which can be the case if neither the trait or the self type are at the same nesting level as the `impl`
[INFO] [stderr]    = note: items in an anonymous const item (`const _: () = { ... }`) are treated as in the same scope as the anonymous const's declaration for the purpose of this lint
[INFO] [stderr]    = note: this warning originates in the derive macro `Fail` (in Nightly builds, run with -Z macro-backtrace for more info)
[INFO] [stderr] 
[INFO] [stderr] warning: non-local `impl` definition, `impl` blocks should be written at the same level as their item
[INFO] [stderr]   --> src/parser.rs:65:17
[INFO] [stderr]    |
[INFO] [stderr] 65 | #[derive(Debug, Fail, PartialEq)]
[INFO] [stderr]    |                 ^---
[INFO] [stderr]    |                 |
[INFO] [stderr]    |                 `Display` is not local
[INFO] [stderr]    |                 move the `impl` block outside of this constant `_DERIVE_failure_core_fmt_Display_FOR_LexError`
[INFO] [stderr] 66 | enum LexError {
[INFO] [stderr]    |      -------- `LexError` is not local
[INFO] [stderr]    |
[INFO] [stderr]    = note: the derive macro `Fail` defines the non-local `impl`, and may need to be changed
[INFO] [stderr]    = note: the derive macro `Fail` may come from an old version of the `failure_derive` crate, try updating your dependency with `cargo update -p failure_derive`
[INFO] [stderr]    = note: an `impl` is never scoped, even when it is nested inside an item, as it may impact type checking outside of that item, which can be the case if neither the trait or the self type are at the same nesting level as the `impl`
[INFO] [stderr]    = note: items in an anonymous const item (`const _: () = { ... }`) are treated as in the same scope as the anonymous const's declaration for the purpose of this lint
[INFO] [stderr]    = note: this warning originates in the derive macro `Fail` (in Nightly builds, run with -Z macro-backtrace for more info)
[INFO] [stderr] 
[INFO] [stderr] warning: non-local `impl` definition, `impl` blocks should be written at the same level as their item
[INFO] [stderr]    --> src/parser.rs:359:17
[INFO] [stderr]     |
[INFO] [stderr] 359 | #[derive(Debug, Fail, PartialEq)]
[INFO] [stderr]     |                 ^---
[INFO] [stderr]     |                 |
[INFO] [stderr]     |                 `Fail` is not local
[INFO] [stderr]     |                 move the `impl` block outside of this constant `_DERIVE_failure_Fail_FOR_ParseError`
[INFO] [stderr] 360 | enum ParseError {
[INFO] [stderr]     |      ---------- `ParseError` is not local
[INFO] [stderr]     |
[INFO] [stderr]     = note: the derive macro `Fail` defines the non-local `impl`, and may need to be changed
[INFO] [stderr]     = note: the derive macro `Fail` may come from an old version of the `failure_derive` crate, try updating your dependency with `cargo update -p failure_derive`
[INFO] [stderr]     = note: an `impl` is never scoped, even when it is nested inside an item, as it may impact type checking outside of that item, which can be the case if neither the trait or the self type are at the same nesting level as the `impl`
[INFO] [stderr]     = note: items in an anonymous const item (`const _: () = { ... }`) are treated as in the same scope as the anonymous const's declaration for the purpose of this lint
[INFO] [stderr]     = note: this warning originates in the derive macro `Fail` (in Nightly builds, run with -Z macro-backtrace for more info)
[INFO] [stderr] 
[INFO] [stderr] warning: non-local `impl` definition, `impl` blocks should be written at the same level as their item
[INFO] [stderr]    --> src/parser.rs:359:17
[INFO] [stderr]     |
[INFO] [stderr] 359 | #[derive(Debug, Fail, PartialEq)]
[INFO] [stderr]     |                 ^---
[INFO] [stderr]     |                 |
[INFO] [stderr]     |                 `Display` is not local
[INFO] [stderr]     |                 move the `impl` block outside of this constant `_DERIVE_failure_core_fmt_Display_FOR_ParseError`
[INFO] [stderr] 360 | enum ParseError {
[INFO] [stderr]     |      ---------- `ParseError` is not local
[INFO] [stderr]     |
[INFO] [stderr]     = note: the derive macro `Fail` defines the non-local `impl`, and may need to be changed
[INFO] [stderr]     = note: the derive macro `Fail` may come from an old version of the `failure_derive` crate, try updating your dependency with `cargo update -p failure_derive`
[INFO] [stderr]     = note: an `impl` is never scoped, even when it is nested inside an item, as it may impact type checking outside of that item, which can be the case if neither the trait or the self type are at the same nesting level as the `impl`
[INFO] [stderr]     = note: items in an anonymous const item (`const _: () = { ... }`) are treated as in the same scope as the anonymous const's declaration for the purpose of this lint
[INFO] [stderr]     = note: this warning originates in the derive macro `Fail` (in Nightly builds, run with -Z macro-backtrace for more info)
[INFO] [stderr] 
[INFO] [stderr] warning: `stletiori` (lib) generated 23 warnings
[INFO] [stderr] warning: `stletiori` (lib test) generated 23 warnings (23 duplicates)
[INFO] [stderr] warning: the feature `try_from` has been stable since 1.34.0 and no longer requires an attribute to enable
[INFO] [stderr]  --> src/main.rs:1:12
[INFO] [stderr]   |
[INFO] [stderr] 1 | #![feature(try_from)]
[INFO] [stderr]   |            ^^^^^^^^
[INFO] [stderr]   |
[INFO] [stderr]   = note: `#[warn(stable_features)]` on by default
[INFO] [stderr] 
[INFO] [stderr] warning: `stletiori` (bin "stletiori" test) generated 1 warning
[INFO] [stderr]     Finished `test` profile [unoptimized + debuginfo] target(s) in 0.02s
[INFO] [stderr] warning: the following packages contain code that will be rejected by a future version of Rust: stletiori v0.1.0 (/opt/rustwide/workdir)
[INFO] [stderr] note: to see what the problems were, use the option `--future-incompat-report`, or run `cargo report future-incompatibilities --id 2`
[INFO] [stderr]      Running unittests src/lib.rs (/opt/rustwide/target/debug/deps/stletiori-0cf7c7563b6264fd)
[INFO] [stdout] 
[INFO] [stdout] running 1 test
[INFO] [stdout] test html::tests::test_node ... FAILED
[INFO] [stdout] 
[INFO] [stdout] failures:
[INFO] [stdout] 
[INFO] [stdout] ---- html::tests::test_node stdout ----
[INFO] [stdout] thread 'html::tests::test_node' panicked at src/html.rs:161:9:
[INFO] [stdout] assertion `left == right` failed
[INFO] [stdout]   left: "<div class=\"y\" id=\"It's an \\\"applicative functor.\\\"\">hello<img src=\"the image of stletiori.png\"></div>"
[INFO] [stdout]  right: "<div class=\"y\" id=\"It\\'s an \\\"applicative functor.\\\"\">hello<img src=\"the image of stletiori.png\"></div>"
[INFO] [stdout] stack backtrace:
[INFO] [stdout]    0:     0x5b0c8f85e92a - std::backtrace_rs::backtrace::libunwind::trace::h207520d6e9873551
[INFO] [stdout]                                at /rustc/df4ca44d3fbc9301ee17f30f4d474e6ae4b05252/library/std/src/../../backtrace/src/backtrace/libunwind.rs:116:5
[INFO] [stdout]    1:     0x5b0c8f85e92a - std::backtrace_rs::backtrace::trace_unsynchronized::h2ed7433f370e3eca
[INFO] [stdout]                                at /rustc/df4ca44d3fbc9301ee17f30f4d474e6ae4b05252/library/std/src/../../backtrace/src/backtrace/mod.rs:66:5
[INFO] [stdout]    2:     0x5b0c8f85e92a - std::sys::backtrace::_print_fmt::h916fac51166b18d7
[INFO] [stdout]                                at /rustc/df4ca44d3fbc9301ee17f30f4d474e6ae4b05252/library/std/src/sys/backtrace.rs:66:9
[INFO] [stdout]    3:     0x5b0c8f85e92a - <std::sys::backtrace::BacktraceLock::print::DisplayBacktrace as core::fmt::Display>::fmt::ha0a4c9b8ce3802e6
[INFO] [stdout]                                at /rustc/df4ca44d3fbc9301ee17f30f4d474e6ae4b05252/library/std/src/sys/backtrace.rs:39:26
[INFO] [stdout]    4:     0x5b0c8f884f13 - core::fmt::rt::Argument::fmt::h4cfc8587d52b3eb5
[INFO] [stdout]                                at /rustc/df4ca44d3fbc9301ee17f30f4d474e6ae4b05252/library/core/src/fmt/rt.rs:177:76
[INFO] [stdout]    5:     0x5b0c8f884f13 - core::fmt::write::h522cc39e5b36ae9f
[INFO] [stdout]                                at /rustc/df4ca44d3fbc9301ee17f30f4d474e6ae4b05252/library/core/src/fmt/mod.rs:1190:21
[INFO] [stdout]    6:     0x5b0c8f85b593 - std::io::Write::write_fmt::h7d3c26752da97734
[INFO] [stdout]                                at /rustc/df4ca44d3fbc9301ee17f30f4d474e6ae4b05252/library/std/src/io/mod.rs:1839:15
[INFO] [stdout]    7:     0x5b0c8f85e772 - std::sys::backtrace::BacktraceLock::print::h4b9e00b29e9c0942
[INFO] [stdout]                                at /rustc/df4ca44d3fbc9301ee17f30f4d474e6ae4b05252/library/std/src/sys/backtrace.rs:42:9
[INFO] [stdout]    8:     0x5b0c8f85fdba - std::panicking::default_hook::{{closure}}::hb59b88280d0324d9
[INFO] [stdout]                                at /rustc/df4ca44d3fbc9301ee17f30f4d474e6ae4b05252/library/std/src/panicking.rs:268:22
[INFO] [stdout]    9:     0x5b0c8f85fbc4 - std::panicking::default_hook::he1dd496665be4a29
[INFO] [stdout]                                at /rustc/df4ca44d3fbc9301ee17f30f4d474e6ae4b05252/library/std/src/panicking.rs:292:9
[INFO] [stdout]   10:     0x5b0c8f828b39 - <alloc::boxed::Box<F,A> as core::ops::function::Fn<Args>>::call::h4ff71de18744e1dc
[INFO] [stdout]                                at /rustc/df4ca44d3fbc9301ee17f30f4d474e6ae4b05252/library/alloc/src/boxed.rs:2468:9
[INFO] [stdout]   11:     0x5b0c8f828b39 - test::test_main::{{closure}}::hcf7c055ce117aa81
[INFO] [stdout]                                at /rustc/df4ca44d3fbc9301ee17f30f4d474e6ae4b05252/library/test/src/lib.rs:133:21
[INFO] [stdout]   12:     0x5b0c8f8604b8 - <alloc::boxed::Box<F,A> as core::ops::function::Fn<Args>>::call::h1d66c6bbd60c9692
[INFO] [stdout]                                at /rustc/df4ca44d3fbc9301ee17f30f4d474e6ae4b05252/library/alloc/src/boxed.rs:2468:9
[INFO] [stdout]   13:     0x5b0c8f8604b8 - std::panicking::rust_panic_with_hook::h2ff17fe8f26dfcf8
[INFO] [stdout]                                at /rustc/df4ca44d3fbc9301ee17f30f4d474e6ae4b05252/library/std/src/panicking.rs:809:13
[INFO] [stdout]   14:     0x5b0c8f86027a - std::panicking::begin_panic_handler::{{closure}}::h4fad77951c07e101
[INFO] [stdout]                                at /rustc/df4ca44d3fbc9301ee17f30f4d474e6ae4b05252/library/std/src/panicking.rs:674:13
[INFO] [stdout]   15:     0x5b0c8f85ee09 - std::sys::backtrace::__rust_end_short_backtrace::hb1a25b3da5d0ea08
[INFO] [stdout]                                at /rustc/df4ca44d3fbc9301ee17f30f4d474e6ae4b05252/library/std/src/sys/backtrace.rs:170:18
[INFO] [stdout]   16:     0x5b0c8f85ff0c - rust_begin_unwind
[INFO] [stdout]                                at /rustc/df4ca44d3fbc9301ee17f30f4d474e6ae4b05252/library/std/src/panicking.rs:665:5
[INFO] [stdout]   17:     0x5b0c8f883910 - core::panicking::panic_fmt::ha9db07b529f9b256
[INFO] [stdout]                                at /rustc/df4ca44d3fbc9301ee17f30f4d474e6ae4b05252/library/core/src/panicking.rs:75:14
[INFO] [stdout]   18:     0x5b0c8f883cdb - core::panicking::assert_failed_inner::h04f38944d74a80a8
[INFO] [stdout]   19:     0x5b0c8f7e8a64 - core::panicking::assert_failed::ha2e000598b2c5286
[INFO] [stdout]                                at /rustc/df4ca44d3fbc9301ee17f30f4d474e6ae4b05252/library/core/src/panicking.rs:377:5
[INFO] [stdout]   20:     0x5b0c8f7ebffd - stletiori::html::tests::test_node::h84287b8f912497fc
[INFO] [stdout]                                at /opt/rustwide/workdir/src/html.rs:161:9
[INFO] [stdout]   21:     0x5b0c8f7ea9e7 - stletiori::html::tests::test_node::{{closure}}::he7abe92d46b45eb7
[INFO] [stdout]                                at /opt/rustwide/workdir/src/html.rs:138:19
[INFO] [stdout]   22:     0x5b0c8f7e42b6 - core::ops::function::FnOnce::call_once::hb85c227b9db6b4ca
[INFO] [stdout]                                at /rustc/df4ca44d3fbc9301ee17f30f4d474e6ae4b05252/library/core/src/ops/function.rs:250:5
[INFO] [stdout]   23:     0x5b0c8f82d40b - core::ops::function::FnOnce::call_once::h22c3ba5715e93f05
[INFO] [stdout]                                at /rustc/df4ca44d3fbc9301ee17f30f4d474e6ae4b05252/library/core/src/ops/function.rs:250:5
[INFO] [stdout]   24:     0x5b0c8f82d40b - test::__rust_begin_short_backtrace::h8e82d8113d0da17f
[INFO] [stdout]                                at /rustc/df4ca44d3fbc9301ee17f30f4d474e6ae4b05252/library/test/src/lib.rs:621:18
[INFO] [stdout]   25:     0x5b0c8f82cd87 - test::run_test_in_process::{{closure}}::h33235f4f20b7b7c7
[INFO] [stdout]                                at /rustc/df4ca44d3fbc9301ee17f30f4d474e6ae4b05252/library/test/src/lib.rs:644:60
[INFO] [stdout]   26:     0x5b0c8f82cd87 - <core::panic::unwind_safe::AssertUnwindSafe<F> as core::ops::function::FnOnce<()>>::call_once::hb5043206310c586f
[INFO] [stdout]                                at /rustc/df4ca44d3fbc9301ee17f30f4d474e6ae4b05252/library/core/src/panic/unwind_safe.rs:272:9
[INFO] [stdout]   27:     0x5b0c8f82cd87 - std::panicking::try::do_call::h9ad4731a60ab23e2
[INFO] [stdout]                                at /rustc/df4ca44d3fbc9301ee17f30f4d474e6ae4b05252/library/std/src/panicking.rs:557:40
[INFO] [stdout]   28:     0x5b0c8f82cd87 - std::panicking::try::h3824d23db772a716
[INFO] [stdout]                                at /rustc/df4ca44d3fbc9301ee17f30f4d474e6ae4b05252/library/std/src/panicking.rs:520:19
[INFO] [stdout]   29:     0x5b0c8f82cd87 - std::panic::catch_unwind::h5afd514605fde46b
[INFO] [stdout]                                at /rustc/df4ca44d3fbc9301ee17f30f4d474e6ae4b05252/library/std/src/panic.rs:358:14
[INFO] [stdout]   30:     0x5b0c8f82cd87 - test::run_test_in_process::h0d5cbfa7067d1720
[INFO] [stdout]                                at /rustc/df4ca44d3fbc9301ee17f30f4d474e6ae4b05252/library/test/src/lib.rs:644:27
[INFO] [stdout]   31:     0x5b0c8f82cd87 - test::run_test::{{closure}}::h708eb8872708115d
[INFO] [stdout]                                at /rustc/df4ca44d3fbc9301ee17f30f4d474e6ae4b05252/library/test/src/lib.rs:565:43
[INFO] [stdout]   32:     0x5b0c8f7f04a4 - test::run_test::{{closure}}::h392c51cee94713ab
[INFO] [stdout]                                at /rustc/df4ca44d3fbc9301ee17f30f4d474e6ae4b05252/library/test/src/lib.rs:595:41
[INFO] [stdout]   33:     0x5b0c8f7f04a4 - std::sys::backtrace::__rust_begin_short_backtrace::h2f40290710935a8b
[INFO] [stdout]                                at /rustc/df4ca44d3fbc9301ee17f30f4d474e6ae4b05252/library/std/src/sys/backtrace.rs:154:18
[INFO] [stdout]   34:     0x5b0c8f7f3c4e - std::thread::Builder::spawn_unchecked_::{{closure}}::{{closure}}::h3fd968d89053a903
[INFO] [stdout]                                at /rustc/df4ca44d3fbc9301ee17f30f4d474e6ae4b05252/library/std/src/thread/mod.rs:541:17
[INFO] [stdout]   35:     0x5b0c8f7f3c4e - <core::panic::unwind_safe::AssertUnwindSafe<F> as core::ops::function::FnOnce<()>>::call_once::h743f637ba4229880
[INFO] [stdout]                                at /rustc/df4ca44d3fbc9301ee17f30f4d474e6ae4b05252/library/core/src/panic/unwind_safe.rs:272:9
[INFO] [stdout]   36:     0x5b0c8f7f3c4e - std::panicking::try::do_call::h07440897322525a6
[INFO] [stdout]                                at /rustc/df4ca44d3fbc9301ee17f30f4d474e6ae4b05252/library/std/src/panicking.rs:557:40
[INFO] [stdout]   37:     0x5b0c8f7f3c4e - std::panicking::try::he5a2e00188156637
[INFO] [stdout]                                at /rustc/df4ca44d3fbc9301ee17f30f4d474e6ae4b05252/library/std/src/panicking.rs:520:19
[INFO] [stdout]   38:     0x5b0c8f7f3c4e - std::panic::catch_unwind::hbaf3cae49b3c6433
[INFO] [stdout]                                at /rustc/df4ca44d3fbc9301ee17f30f4d474e6ae4b05252/library/std/src/panic.rs:358:14
[INFO] [stdout]   39:     0x5b0c8f7f3c4e - std::thread::Builder::spawn_unchecked_::{{closure}}::h8e141ea224820bce
[INFO] [stdout]                                at /rustc/df4ca44d3fbc9301ee17f30f4d474e6ae4b05252/library/std/src/thread/mod.rs:540:30
[INFO] [stdout]   40:     0x5b0c8f7f3c4e - core::ops::function::FnOnce::call_once{{vtable.shim}}::h90d312fedd7b8ea8
[INFO] [stdout]                                at /rustc/df4ca44d3fbc9301ee17f30f4d474e6ae4b05252/library/core/src/ops/function.rs:250:5
[INFO] [stdout]   41:     0x5b0c8f8642ab - <alloc::boxed::Box<F,A> as core::ops::function::FnOnce<Args>>::call_once::h69aa08ddb6adb8b6
[INFO] [stdout]                                at /rustc/df4ca44d3fbc9301ee17f30f4d474e6ae4b05252/library/alloc/src/boxed.rs:2454:9
[INFO] [stdout]   42:     0x5b0c8f8642ab - <alloc::boxed::Box<F,A> as core::ops::function::FnOnce<Args>>::call_once::h5aa36efdb79c806f
[INFO] [stdout]                                at /rustc/df4ca44d3fbc9301ee17f30f4d474e6ae4b05252/library/alloc/src/boxed.rs:2454:9
[INFO] [stdout]   43:     0x5b0c8f8642ab - std::sys::pal::unix::thread::Thread::new::thread_start::h6cd80a1b4be5158d
[INFO] [stdout]                                at /rustc/df4ca44d3fbc9301ee17f30f4d474e6ae4b05252/library/std/src/sys/pal/unix/thread.rs:105:17
[INFO] [stdout]   44:     0x76f25cebfac3 - <unknown>
[INFO] [stdout]   45:     0x76f25cf50a04 - clone
[INFO] [stdout]   46:                0x0 - <unknown>
[INFO] [stdout] 
[INFO] [stdout] 
[INFO] [stdout] failures:
[INFO] [stdout]     html::tests::test_node
[INFO] [stdout] 
[INFO] [stdout] test result: FAILED. 0 passed; 1 failed; 0 ignored; 0 measured; 0 filtered out; finished in 0.01s
[INFO] [stdout] 
[INFO] [stderr] error: test failed, to rerun pass `--lib`
[INFO] running `Command { std: "docker" "inspect" "fecc6289cb87d5a88f24f68e53925729fc5afd4b78182237fad3e00fde42ed43", kill_on_drop: false }`
[INFO] running `Command { std: "docker" "rm" "-f" "fecc6289cb87d5a88f24f68e53925729fc5afd4b78182237fad3e00fde42ed43", kill_on_drop: false }`
[INFO] [stdout] fecc6289cb87d5a88f24f68e53925729fc5afd4b78182237fad3e00fde42ed43
