[INFO] cloning repository https://github.com/egregius313/product-with-repeat.rs
[INFO] running `Command { std: "git" "-c" "credential.helper=" "-c" "credential.helper=/workspace/cargo-home/bin/git-credential-null" "clone" "--bare" "https://github.com/egregius313/product-with-repeat.rs" "/workspace/cache/git-repos/https%3A%2F%2Fgithub.com%2Fegregius313%2Fproduct-with-repeat.rs", kill_on_drop: false }`
[INFO] [stderr] Cloning into bare repository '/workspace/cache/git-repos/https%3A%2F%2Fgithub.com%2Fegregius313%2Fproduct-with-repeat.rs'...
[INFO] running `Command { std: "git" "rev-parse" "HEAD", kill_on_drop: false }`
[INFO] [stdout] d459b9049f8725f109a43c06561f833293cf93d2
[INFO] testing egregius313/product-with-repeat.rs/d459b9049f8725f109a43c06561f833293cf93d2 against nightly-2024-10-28+rustflags=-Zrandomize-layout for randomize-layout
[INFO] running `Command { std: "git" "clone" "/workspace/cache/git-repos/https%3A%2F%2Fgithub.com%2Fegregius313%2Fproduct-with-repeat.rs" "/workspace/builds/worker-2-tc2/source", kill_on_drop: false }`
[INFO] [stderr] Cloning into '/workspace/builds/worker-2-tc2/source'...
[INFO] [stderr] done.
[INFO] validating manifest of git repo https://github.com/egregius313/product-with-repeat.rs on toolchain nightly-2024-10-28
[INFO] running `Command { std: CARGO_HOME="/workspace/cargo-home" RUSTUP_HOME="/workspace/rustup-home" "/workspace/cargo-home/bin/cargo" "+nightly-2024-10-28" "metadata" "--manifest-path" "Cargo.toml" "--no-deps", kill_on_drop: false }`
[INFO] started tweaking git repo https://github.com/egregius313/product-with-repeat.rs
[INFO] finished tweaking git repo https://github.com/egregius313/product-with-repeat.rs
[INFO] tweaked toml for git repo https://github.com/egregius313/product-with-repeat.rs written to /workspace/builds/worker-2-tc2/source/Cargo.toml
[INFO] crate git repo https://github.com/egregius313/product-with-repeat.rs already has a lockfile, it will not be regenerated
[INFO] running `Command { std: CARGO_HOME="/workspace/cargo-home" RUSTUP_HOME="/workspace/rustup-home" "/workspace/cargo-home/bin/cargo" "+nightly-2024-10-28" "fetch" "--manifest-path" "Cargo.toml", kill_on_drop: false }`
[INFO] running `Command { std: "docker" "create" "-v" "/var/lib/crater-agent-workspace/builds/worker-2-tc2/target:/opt/rustwide/target:rw,Z" "-v" "/var/lib/crater-agent-workspace/builds/worker-2-tc2/source:/opt/rustwide/workdir:ro,Z" "-v" "/var/lib/crater-agent-workspace/cargo-home:/opt/rustwide/cargo-home:ro,Z" "-v" "/var/lib/crater-agent-workspace/rustup-home:/opt/rustwide/rustup-home:ro,Z" "-e" "SOURCE_DIR=/opt/rustwide/workdir" "-e" "CARGO_TARGET_DIR=/opt/rustwide/target" "-e" "CARGO_HOME=/opt/rustwide/cargo-home" "-e" "RUSTUP_HOME=/opt/rustwide/rustup-home" "-w" "/opt/rustwide/workdir" "-m" "1610612736" "--user" "0:0" "--network" "none" "ghcr.io/rust-lang/crates-build-env/linux@sha256:4a844ea9eb2546a2d2c7022eacef16ef2e8229c7fbb2c7d4d55a9ceca922f72d" "/opt/rustwide/cargo-home/bin/cargo" "+nightly-2024-10-28" "metadata" "--no-deps" "--format-version=1", kill_on_drop: false }`
[INFO] [stdout] 9e78cb9790ad8606bde8db00163a3238af9c2ebf1b7c0df1ef1c0f34bbc9c77a
[INFO] running `Command { std: "docker" "start" "-a" "9e78cb9790ad8606bde8db00163a3238af9c2ebf1b7c0df1ef1c0f34bbc9c77a", kill_on_drop: false }`
[INFO] running `Command { std: "docker" "inspect" "9e78cb9790ad8606bde8db00163a3238af9c2ebf1b7c0df1ef1c0f34bbc9c77a", kill_on_drop: false }`
[INFO] running `Command { std: "docker" "rm" "-f" "9e78cb9790ad8606bde8db00163a3238af9c2ebf1b7c0df1ef1c0f34bbc9c77a", kill_on_drop: false }`
[INFO] [stdout] 9e78cb9790ad8606bde8db00163a3238af9c2ebf1b7c0df1ef1c0f34bbc9c77a
[INFO] running `Command { std: "docker" "create" "-v" "/var/lib/crater-agent-workspace/builds/worker-2-tc2/target:/opt/rustwide/target:rw,Z" "-v" "/var/lib/crater-agent-workspace/builds/worker-2-tc2/source:/opt/rustwide/workdir:ro,Z" "-v" "/var/lib/crater-agent-workspace/cargo-home:/opt/rustwide/cargo-home:ro,Z" "-v" "/var/lib/crater-agent-workspace/rustup-home:/opt/rustwide/rustup-home:ro,Z" "-e" "SOURCE_DIR=/opt/rustwide/workdir" "-e" "CARGO_TARGET_DIR=/opt/rustwide/target" "-e" "CARGO_INCREMENTAL=0" "-e" "RUST_BACKTRACE=full" "-e" "RUSTFLAGS=--cap-lints=forbid -Zrandomize-layout" "-e" "RUSTDOCFLAGS=--cap-lints=forbid" "-e" "CARGO_HOME=/opt/rustwide/cargo-home" "-e" "RUSTUP_HOME=/opt/rustwide/rustup-home" "-w" "/opt/rustwide/workdir" "-m" "1610612736" "--user" "0:0" "--network" "none" "ghcr.io/rust-lang/crates-build-env/linux@sha256:4a844ea9eb2546a2d2c7022eacef16ef2e8229c7fbb2c7d4d55a9ceca922f72d" "/opt/rustwide/cargo-home/bin/cargo" "+nightly-2024-10-28" "build" "--frozen" "--message-format=json", kill_on_drop: false }`
[INFO] [stdout] 0af269103cf28db93c265b0d8f8a76b522f13f3efa7e0d0422e93e8f83c5a236
[INFO] running `Command { std: "docker" "start" "-a" "0af269103cf28db93c265b0d8f8a76b522f13f3efa7e0d0422e93e8f83c5a236", kill_on_drop: false }`
[INFO] [stderr]    Compiling product-with-repeat v0.1.0 (/opt/rustwide/workdir)
[INFO] [stderr]     Finished `dev` profile [unoptimized + debuginfo] target(s) in 0.05s
[INFO] running `Command { std: "docker" "inspect" "0af269103cf28db93c265b0d8f8a76b522f13f3efa7e0d0422e93e8f83c5a236", kill_on_drop: false }`
[INFO] running `Command { std: "docker" "rm" "-f" "0af269103cf28db93c265b0d8f8a76b522f13f3efa7e0d0422e93e8f83c5a236", kill_on_drop: false }`
[INFO] [stdout] 0af269103cf28db93c265b0d8f8a76b522f13f3efa7e0d0422e93e8f83c5a236
[INFO] running `Command { std: "docker" "create" "-v" "/var/lib/crater-agent-workspace/builds/worker-2-tc2/target:/opt/rustwide/target:rw,Z" "-v" "/var/lib/crater-agent-workspace/builds/worker-2-tc2/source:/opt/rustwide/workdir:ro,Z" "-v" "/var/lib/crater-agent-workspace/cargo-home:/opt/rustwide/cargo-home:ro,Z" "-v" "/var/lib/crater-agent-workspace/rustup-home:/opt/rustwide/rustup-home:ro,Z" "-e" "SOURCE_DIR=/opt/rustwide/workdir" "-e" "CARGO_TARGET_DIR=/opt/rustwide/target" "-e" "CARGO_INCREMENTAL=0" "-e" "RUST_BACKTRACE=full" "-e" "RUSTFLAGS=--cap-lints=forbid -Zrandomize-layout" "-e" "RUSTDOCFLAGS=--cap-lints=forbid" "-e" "CARGO_HOME=/opt/rustwide/cargo-home" "-e" "RUSTUP_HOME=/opt/rustwide/rustup-home" "-w" "/opt/rustwide/workdir" "-m" "1610612736" "--user" "0:0" "--network" "none" "ghcr.io/rust-lang/crates-build-env/linux@sha256:4a844ea9eb2546a2d2c7022eacef16ef2e8229c7fbb2c7d4d55a9ceca922f72d" "/opt/rustwide/cargo-home/bin/cargo" "+nightly-2024-10-28" "test" "--frozen" "--no-run" "--message-format=json", kill_on_drop: false }`
[INFO] [stdout] a5caf98f03f24298dbed6e44bd1cdc981f0b2b4729ab741648c1656c0ac159e9
[INFO] running `Command { std: "docker" "start" "-a" "a5caf98f03f24298dbed6e44bd1cdc981f0b2b4729ab741648c1656c0ac159e9", kill_on_drop: false }`
[INFO] [stderr]    Compiling product-with-repeat v0.1.0 (/opt/rustwide/workdir)
[INFO] [stderr]     Finished `test` profile [unoptimized + debuginfo] target(s) in 0.11s
[INFO] running `Command { std: "docker" "inspect" "a5caf98f03f24298dbed6e44bd1cdc981f0b2b4729ab741648c1656c0ac159e9", kill_on_drop: false }`
[INFO] running `Command { std: "docker" "rm" "-f" "a5caf98f03f24298dbed6e44bd1cdc981f0b2b4729ab741648c1656c0ac159e9", kill_on_drop: false }`
[INFO] [stdout] a5caf98f03f24298dbed6e44bd1cdc981f0b2b4729ab741648c1656c0ac159e9
[INFO] running `Command { std: "docker" "create" "-v" "/var/lib/crater-agent-workspace/builds/worker-2-tc2/target:/opt/rustwide/target:rw,Z" "-v" "/var/lib/crater-agent-workspace/builds/worker-2-tc2/source:/opt/rustwide/workdir:ro,Z" "-v" "/var/lib/crater-agent-workspace/cargo-home:/opt/rustwide/cargo-home:ro,Z" "-v" "/var/lib/crater-agent-workspace/rustup-home:/opt/rustwide/rustup-home:ro,Z" "-e" "SOURCE_DIR=/opt/rustwide/workdir" "-e" "CARGO_TARGET_DIR=/opt/rustwide/target" "-e" "CARGO_INCREMENTAL=0" "-e" "RUST_BACKTRACE=full" "-e" "RUSTFLAGS=--cap-lints=forbid -Zrandomize-layout" "-e" "RUSTDOCFLAGS=--cap-lints=forbid" "-e" "CARGO_HOME=/opt/rustwide/cargo-home" "-e" "RUSTUP_HOME=/opt/rustwide/rustup-home" "-w" "/opt/rustwide/workdir" "-m" "1610612736" "--user" "0:0" "--network" "none" "ghcr.io/rust-lang/crates-build-env/linux@sha256:4a844ea9eb2546a2d2c7022eacef16ef2e8229c7fbb2c7d4d55a9ceca922f72d" "/opt/rustwide/cargo-home/bin/cargo" "+nightly-2024-10-28" "test" "--frozen", kill_on_drop: false }`
[INFO] [stdout] 98305d7ad2589d67f172266192d703a38309b9de16583db8f78a6b5d66ed75d8
[INFO] running `Command { std: "docker" "start" "-a" "98305d7ad2589d67f172266192d703a38309b9de16583db8f78a6b5d66ed75d8", kill_on_drop: false }`
[INFO] [stderr]     Finished `test` profile [unoptimized + debuginfo] target(s) in 0.00s
[INFO] [stderr]      Running unittests src/lib.rs (/opt/rustwide/target/debug/deps/product_with_repeat-750844e880c6d573)
[INFO] [stdout] 
[INFO] [stdout] running 0 tests
[INFO] [stdout] 
[INFO] [stdout] test result: ok. 0 passed; 0 failed; 0 ignored; 0 measured; 0 filtered out; finished in 0.00s
[INFO] [stdout] 
[INFO] [stderr]    Doc-tests product_with_repeat
[INFO] [stdout] 
[INFO] [stdout] running 1 test
[INFO] [stdout] test src/lib.rs - known_size (line 79) ... FAILED
[INFO] [stdout] 
[INFO] [stdout] failures:
[INFO] [stdout] 
[INFO] [stdout] ---- src/lib.rs - known_size (line 79) stdout ----
[INFO] [stdout] error[E0412]: cannot find type `Player` in this scope
[INFO] [stdout]  --> src/lib.rs:83:33
[INFO] [stdout]   |
[INFO] [stdout] 7 | let potential_baseball_teams: [&Player; 26] = players.product_with_repeat::<26>().collect();
[INFO] [stdout]   |                                 ^^^^^^ not found in this scope
[INFO] [stdout] 
[INFO] [stdout] error[E0425]: cannot find value `players` in this scope
[INFO] [stdout]  --> src/lib.rs:83:47
[INFO] [stdout]   |
[INFO] [stdout] 7 | let potential_baseball_teams: [&Player; 26] = players.product_with_repeat::<26>().collect();
[INFO] [stdout]   |                                               ^^^^^^^ not found in this scope
[INFO] [stdout] 
[INFO] [stdout] error: aborting due to 2 previous errors
[INFO] [stdout] 
[INFO] [stdout] Some errors have detailed explanations: E0412, E0425.
[INFO] [stdout] For more information about an error, try `rustc --explain E0412`.
[INFO] [stdout] Couldn't compile the test.
[INFO] [stdout] 
[INFO] [stdout] failures:
[INFO] [stdout]     src/lib.rs - known_size (line 79)
[INFO] [stdout] 
[INFO] [stdout] test result: FAILED. 0 passed; 1 failed; 0 ignored; 0 measured; 0 filtered out; finished in 0.04s
[INFO] [stdout] 
[INFO] [stderr] error: doctest failed, to rerun pass `--doc`
[INFO] running `Command { std: "docker" "inspect" "98305d7ad2589d67f172266192d703a38309b9de16583db8f78a6b5d66ed75d8", kill_on_drop: false }`
[INFO] running `Command { std: "docker" "rm" "-f" "98305d7ad2589d67f172266192d703a38309b9de16583db8f78a6b5d66ed75d8", kill_on_drop: false }`
[INFO] [stdout] 98305d7ad2589d67f172266192d703a38309b9de16583db8f78a6b5d66ed75d8
