[INFO] cloning repository https://github.com/dwerner/chat-mio
[INFO] running `Command { std: "git" "-c" "credential.helper=" "-c" "credential.helper=/workspace/cargo-home/bin/git-credential-null" "clone" "--bare" "https://github.com/dwerner/chat-mio" "/workspace/cache/git-repos/https%3A%2F%2Fgithub.com%2Fdwerner%2Fchat-mio", kill_on_drop: false }`
[INFO] [stderr] Cloning into bare repository '/workspace/cache/git-repos/https%3A%2F%2Fgithub.com%2Fdwerner%2Fchat-mio'...
[INFO] running `Command { std: "git" "rev-parse" "HEAD", kill_on_drop: false }`
[INFO] [stdout] 6ca790561fade479ce3d15e37ba48fdd9fb43889
[INFO] testing dwerner/chat-mio/6ca790561fade479ce3d15e37ba48fdd9fb43889 against nightly-2024-10-28+rustflags=-Zrandomize-layout for randomize-layout
[INFO] running `Command { std: "git" "clone" "/workspace/cache/git-repos/https%3A%2F%2Fgithub.com%2Fdwerner%2Fchat-mio" "/workspace/builds/worker-7-tc2/source", kill_on_drop: false }`
[INFO] [stderr] Cloning into '/workspace/builds/worker-7-tc2/source'...
[INFO] [stderr] done.
[INFO] validating manifest of git repo https://github.com/dwerner/chat-mio on toolchain nightly-2024-10-28
[INFO] running `Command { std: CARGO_HOME="/workspace/cargo-home" RUSTUP_HOME="/workspace/rustup-home" "/workspace/cargo-home/bin/cargo" "+nightly-2024-10-28" "metadata" "--manifest-path" "Cargo.toml" "--no-deps", kill_on_drop: false }`
[INFO] started tweaking git repo https://github.com/dwerner/chat-mio
[INFO] finished tweaking git repo https://github.com/dwerner/chat-mio
[INFO] tweaked toml for git repo https://github.com/dwerner/chat-mio written to /workspace/builds/worker-7-tc2/source/Cargo.toml
[INFO] crate git repo https://github.com/dwerner/chat-mio already has a lockfile, it will not be regenerated
[INFO] running `Command { std: CARGO_HOME="/workspace/cargo-home" RUSTUP_HOME="/workspace/rustup-home" "/workspace/cargo-home/bin/cargo" "+nightly-2024-10-28" "fetch" "--manifest-path" "Cargo.toml", kill_on_drop: false }`
[INFO] running `Command { std: "docker" "create" "-v" "/var/lib/crater-agent-workspace/builds/worker-7-tc2/target:/opt/rustwide/target:rw,Z" "-v" "/var/lib/crater-agent-workspace/builds/worker-7-tc2/source:/opt/rustwide/workdir:ro,Z" "-v" "/var/lib/crater-agent-workspace/cargo-home:/opt/rustwide/cargo-home:ro,Z" "-v" "/var/lib/crater-agent-workspace/rustup-home:/opt/rustwide/rustup-home:ro,Z" "-e" "SOURCE_DIR=/opt/rustwide/workdir" "-e" "CARGO_TARGET_DIR=/opt/rustwide/target" "-e" "CARGO_HOME=/opt/rustwide/cargo-home" "-e" "RUSTUP_HOME=/opt/rustwide/rustup-home" "-w" "/opt/rustwide/workdir" "-m" "1610612736" "--user" "0:0" "--network" "none" "ghcr.io/rust-lang/crates-build-env/linux@sha256:4a844ea9eb2546a2d2c7022eacef16ef2e8229c7fbb2c7d4d55a9ceca922f72d" "/opt/rustwide/cargo-home/bin/cargo" "+nightly-2024-10-28" "metadata" "--no-deps" "--format-version=1", kill_on_drop: false }`
[INFO] [stdout] 4a8173ef4684d6dfa94e0957edea429ced4e4aa662e34f41737d5ae53bdd914b
[INFO] running `Command { std: "docker" "start" "-a" "4a8173ef4684d6dfa94e0957edea429ced4e4aa662e34f41737d5ae53bdd914b", kill_on_drop: false }`
[INFO] running `Command { std: "docker" "inspect" "4a8173ef4684d6dfa94e0957edea429ced4e4aa662e34f41737d5ae53bdd914b", kill_on_drop: false }`
[INFO] running `Command { std: "docker" "rm" "-f" "4a8173ef4684d6dfa94e0957edea429ced4e4aa662e34f41737d5ae53bdd914b", kill_on_drop: false }`
[INFO] [stdout] 4a8173ef4684d6dfa94e0957edea429ced4e4aa662e34f41737d5ae53bdd914b
[INFO] running `Command { std: "docker" "create" "-v" "/var/lib/crater-agent-workspace/builds/worker-7-tc2/target:/opt/rustwide/target:rw,Z" "-v" "/var/lib/crater-agent-workspace/builds/worker-7-tc2/source:/opt/rustwide/workdir:ro,Z" "-v" "/var/lib/crater-agent-workspace/cargo-home:/opt/rustwide/cargo-home:ro,Z" "-v" "/var/lib/crater-agent-workspace/rustup-home:/opt/rustwide/rustup-home:ro,Z" "-e" "SOURCE_DIR=/opt/rustwide/workdir" "-e" "CARGO_TARGET_DIR=/opt/rustwide/target" "-e" "CARGO_INCREMENTAL=0" "-e" "RUST_BACKTRACE=full" "-e" "RUSTFLAGS=--cap-lints=forbid -Zrandomize-layout" "-e" "RUSTDOCFLAGS=--cap-lints=forbid" "-e" "CARGO_HOME=/opt/rustwide/cargo-home" "-e" "RUSTUP_HOME=/opt/rustwide/rustup-home" "-w" "/opt/rustwide/workdir" "-m" "1610612736" "--user" "0:0" "--network" "none" "ghcr.io/rust-lang/crates-build-env/linux@sha256:4a844ea9eb2546a2d2c7022eacef16ef2e8229c7fbb2c7d4d55a9ceca922f72d" "/opt/rustwide/cargo-home/bin/cargo" "+nightly-2024-10-28" "build" "--frozen" "--message-format=json", kill_on_drop: false }`
[INFO] [stdout] baa867696b7ee1c5c1a9919f438e9cc703d2c8d9e458b53c259715ac7dbedc08
[INFO] running `Command { std: "docker" "start" "-a" "baa867696b7ee1c5c1a9919f438e9cc703d2c8d9e458b53c259715ac7dbedc08", kill_on_drop: false }`
[INFO] [stderr]    Compiling libc v0.2.62
[INFO] [stderr]    Compiling proc-macro2 v1.0.4
[INFO] [stderr]    Compiling unicode-xid v0.2.0
[INFO] [stderr]    Compiling syn v1.0.5
[INFO] [stderr]    Compiling byteorder v1.3.2
[INFO] [stderr]    Compiling cfg-if v0.1.10
[INFO] [stderr]    Compiling ryu v1.0.0
[INFO] [stderr]    Compiling memchr v2.2.1
[INFO] [stderr]    Compiling serde v1.0.101
[INFO] [stderr]    Compiling log v0.4.8
[INFO] [stderr]    Compiling itoa v0.4.4
[INFO] [stderr]    Compiling percent-encoding v2.1.0
[INFO] [stderr]    Compiling nom v4.2.3
[INFO] [stderr]    Compiling lazy_static v1.4.0
[INFO] [stderr]    Compiling path-tree v0.1.8
[INFO] [stderr]    Compiling qstring v0.7.0
[INFO] [stderr]    Compiling iovec v0.1.2
[INFO] [stderr]    Compiling net2 v0.2.33
[INFO] [stderr]    Compiling quote v1.0.2
[INFO] [stderr]    Compiling bytes v0.4.12
[INFO] [stderr]    Compiling mio v0.6.19
[INFO] [stderr]    Compiling http v0.1.18
[INFO] [stderr]    Compiling serde_derive v1.0.101
[INFO] [stderr]    Compiling serde_json v1.0.40
[INFO] [stderr]    Compiling chat-mio v0.1.0 (/opt/rustwide/workdir)
[INFO] [stdout] warning: field `method` is never read
[INFO] [stdout]   --> src/router.rs:37:9
[INFO] [stdout]    |
[INFO] [stdout] 36 | pub struct Route {
[INFO] [stdout]    |            ----- field in this struct
[INFO] [stdout] 37 |     pub method: http::Method,
[INFO] [stdout]    |         ^^^^^^
[INFO] [stdout]    |
[INFO] [stdout]    = note: `#[warn(dead_code)]` on by default
[INFO] [stdout] 
[INFO] [stdout] 
[INFO] [stdout] warning: non-local `impl` definition, `impl` blocks should be written at the same level as their item
[INFO] [stdout]  --> src/messages.rs:3:10
[INFO] [stdout]   |
[INFO] [stdout] 3 | #[derive(Serialize, Deserialize, PartialEq, Eq, Hash)]
[INFO] [stdout]   |          ^--------
[INFO] [stdout]   |          |
[INFO] [stdout]   |          `Serialize` is not local
[INFO] [stdout]   |          move the `impl` block outside of this constant `_IMPL_SERIALIZE_FOR_Chat`
[INFO] [stdout] 4 | pub struct Chat {
[INFO] [stdout]   |            ---- `Chat` is not local
[INFO] [stdout]   |
[INFO] [stdout]   = note: the derive macro `Serialize` defines the non-local `impl`, and may need to be changed
[INFO] [stdout]   = note: the derive macro `Serialize` may come from an old version of the `serde_derive` crate, try updating your dependency with `cargo update -p serde_derive`
[INFO] [stdout]   = note: an `impl` is never scoped, even when it is nested inside an item, as it may impact type checking outside of that item, which can be the case if neither the trait or the self type are at the same nesting level as the `impl`
[INFO] [stdout]   = note: items in an anonymous const item (`const _: () = { ... }`) are treated as in the same scope as the anonymous const's declaration for the purpose of this lint
[INFO] [stdout]   = note: `#[warn(non_local_definitions)]` on by default
[INFO] [stdout]   = note: this warning originates in the derive macro `Serialize` (in Nightly builds, run with -Z macro-backtrace for more info)
[INFO] [stdout] 
[INFO] [stdout] 
[INFO] [stdout] warning: non-local `impl` definition, `impl` blocks should be written at the same level as their item
[INFO] [stdout]  --> src/messages.rs:3:21
[INFO] [stdout]   |
[INFO] [stdout] 3 | #[derive(Serialize, Deserialize, PartialEq, Eq, Hash)]
[INFO] [stdout]   |                     ^----------
[INFO] [stdout]   |                     |
[INFO] [stdout]   |                     `Deserialize` is not local
[INFO] [stdout]   |                     move the `impl` block outside of this constant `_IMPL_DESERIALIZE_FOR_Chat`
[INFO] [stdout] 4 | pub struct Chat {
[INFO] [stdout]   |            ---- `Chat` is not local
[INFO] [stdout]   |
[INFO] [stdout]   = note: the derive macro `Deserialize` defines the non-local `impl`, and may need to be changed
[INFO] [stdout]   = note: the derive macro `Deserialize` may come from an old version of the `serde_derive` crate, try updating your dependency with `cargo update -p serde_derive`
[INFO] [stdout]   = note: an `impl` is never scoped, even when it is nested inside an item, as it may impact type checking outside of that item, which can be the case if neither the trait or the self type are at the same nesting level as the `impl`
[INFO] [stdout]   = note: items in an anonymous const item (`const _: () = { ... }`) are treated as in the same scope as the anonymous const's declaration for the purpose of this lint
[INFO] [stdout]   = note: this warning originates in the derive macro `Deserialize` (in Nightly builds, run with -Z macro-backtrace for more info)
[INFO] [stdout] 
[INFO] [stdout] 
[INFO] [stdout] warning: non-local `impl` definition, `impl` blocks should be written at the same level as their item
[INFO] [stdout]   --> src/messages.rs:11:25
[INFO] [stdout]    |
[INFO] [stdout] 11 | #[derive(PartialEq, Eq, Serialize, Deserialize, Clone, Debug)]
[INFO] [stdout]    |                         ^--------
[INFO] [stdout]    |                         |
[INFO] [stdout]    |                         `Serialize` is not local
[INFO] [stdout]    |                         move the `impl` block outside of this constant `_IMPL_SERIALIZE_FOR_Message`
[INFO] [stdout] 12 | pub struct Message {
[INFO] [stdout]    |            ------- `Message` is not local
[INFO] [stdout]    |
[INFO] [stdout]    = note: the derive macro `Serialize` defines the non-local `impl`, and may need to be changed
[INFO] [stdout]    = note: the derive macro `Serialize` may come from an old version of the `serde_derive` crate, try updating your dependency with `cargo update -p serde_derive`
[INFO] [stdout]    = note: an `impl` is never scoped, even when it is nested inside an item, as it may impact type checking outside of that item, which can be the case if neither the trait or the self type are at the same nesting level as the `impl`
[INFO] [stdout]    = note: items in an anonymous const item (`const _: () = { ... }`) are treated as in the same scope as the anonymous const's declaration for the purpose of this lint
[INFO] [stdout]    = note: this warning originates in the derive macro `Serialize` (in Nightly builds, run with -Z macro-backtrace for more info)
[INFO] [stdout] 
[INFO] [stdout] 
[INFO] [stdout] warning: non-local `impl` definition, `impl` blocks should be written at the same level as their item
[INFO] [stdout]   --> src/messages.rs:11:36
[INFO] [stdout]    |
[INFO] [stdout] 11 | #[derive(PartialEq, Eq, Serialize, Deserialize, Clone, Debug)]
[INFO] [stdout]    |                                    ^----------
[INFO] [stdout]    |                                    |
[INFO] [stdout]    |                                    `Deserialize` is not local
[INFO] [stdout]    |                                    move the `impl` block outside of this constant `_IMPL_DESERIALIZE_FOR_Message`
[INFO] [stdout] 12 | pub struct Message {
[INFO] [stdout]    |            ------- `Message` is not local
[INFO] [stdout]    |
[INFO] [stdout]    = note: the derive macro `Deserialize` defines the non-local `impl`, and may need to be changed
[INFO] [stdout]    = note: the derive macro `Deserialize` may come from an old version of the `serde_derive` crate, try updating your dependency with `cargo update -p serde_derive`
[INFO] [stdout]    = note: an `impl` is never scoped, even when it is nested inside an item, as it may impact type checking outside of that item, which can be the case if neither the trait or the self type are at the same nesting level as the `impl`
[INFO] [stdout]    = note: items in an anonymous const item (`const _: () = { ... }`) are treated as in the same scope as the anonymous const's declaration for the purpose of this lint
[INFO] [stdout]    = note: this warning originates in the derive macro `Deserialize` (in Nightly builds, run with -Z macro-backtrace for more info)
[INFO] [stdout] 
[INFO] [stdout] 
[INFO] [stderr]     Finished `dev` profile [unoptimized + debuginfo] target(s) in 6.40s
[INFO] [stderr] warning: the following packages contain code that will be rejected by a future version of Rust: nom v4.2.3
[INFO] [stderr] note: to see what the problems were, use the option `--future-incompat-report`, or run `cargo report future-incompatibilities --id 1`
[INFO] running `Command { std: "docker" "inspect" "baa867696b7ee1c5c1a9919f438e9cc703d2c8d9e458b53c259715ac7dbedc08", kill_on_drop: false }`
[INFO] running `Command { std: "docker" "rm" "-f" "baa867696b7ee1c5c1a9919f438e9cc703d2c8d9e458b53c259715ac7dbedc08", kill_on_drop: false }`
[INFO] [stdout] baa867696b7ee1c5c1a9919f438e9cc703d2c8d9e458b53c259715ac7dbedc08
[INFO] running `Command { std: "docker" "create" "-v" "/var/lib/crater-agent-workspace/builds/worker-7-tc2/target:/opt/rustwide/target:rw,Z" "-v" "/var/lib/crater-agent-workspace/builds/worker-7-tc2/source:/opt/rustwide/workdir:ro,Z" "-v" "/var/lib/crater-agent-workspace/cargo-home:/opt/rustwide/cargo-home:ro,Z" "-v" "/var/lib/crater-agent-workspace/rustup-home:/opt/rustwide/rustup-home:ro,Z" "-e" "SOURCE_DIR=/opt/rustwide/workdir" "-e" "CARGO_TARGET_DIR=/opt/rustwide/target" "-e" "CARGO_INCREMENTAL=0" "-e" "RUST_BACKTRACE=full" "-e" "RUSTFLAGS=--cap-lints=forbid -Zrandomize-layout" "-e" "RUSTDOCFLAGS=--cap-lints=forbid" "-e" "CARGO_HOME=/opt/rustwide/cargo-home" "-e" "RUSTUP_HOME=/opt/rustwide/rustup-home" "-w" "/opt/rustwide/workdir" "-m" "1610612736" "--user" "0:0" "--network" "none" "ghcr.io/rust-lang/crates-build-env/linux@sha256:4a844ea9eb2546a2d2c7022eacef16ef2e8229c7fbb2c7d4d55a9ceca922f72d" "/opt/rustwide/cargo-home/bin/cargo" "+nightly-2024-10-28" "test" "--frozen" "--no-run" "--message-format=json", kill_on_drop: false }`
[INFO] [stdout] c89eab0097745769be915f5ef1e098834c5d84a8c5cd6dc1c04b307e0c570d07
[INFO] running `Command { std: "docker" "start" "-a" "c89eab0097745769be915f5ef1e098834c5d84a8c5cd6dc1c04b307e0c570d07", kill_on_drop: false }`
[INFO] [stdout] warning: field `method` is never read
[INFO] [stdout]   --> src/router.rs:37:9
[INFO] [stdout]    |
[INFO] [stdout] 36 | pub struct Route {
[INFO] [stdout]    |            ----- field in this struct
[INFO] [stdout] 37 |     pub method: http::Method,
[INFO] [stdout]    |         ^^^^^^
[INFO] [stdout]    |
[INFO] [stdout]    = note: `#[warn(dead_code)]` on by default
[INFO] [stdout] 
[INFO] [stdout] 
[INFO] [stdout] warning: non-local `impl` definition, `impl` blocks should be written at the same level as their item
[INFO] [stdout]  --> src/messages.rs:3:10
[INFO] [stdout]   |
[INFO] [stdout] 3 | #[derive(Serialize, Deserialize, PartialEq, Eq, Hash)]
[INFO] [stdout]   |          ^--------
[INFO] [stdout]   |          |
[INFO] [stdout]   |          `Serialize` is not local
[INFO] [stdout]   |          move the `impl` block outside of this constant `_IMPL_SERIALIZE_FOR_Chat`
[INFO] [stdout] 4 | pub struct Chat {
[INFO] [stdout]   |            ---- `Chat` is not local
[INFO] [stdout]   |
[INFO] [stdout]   = note: the derive macro `Serialize` defines the non-local `impl`, and may need to be changed
[INFO] [stdout]   = note: the derive macro `Serialize` may come from an old version of the `serde_derive` crate, try updating your dependency with `cargo update -p serde_derive`
[INFO] [stdout]   = note: an `impl` is never scoped, even when it is nested inside an item, as it may impact type checking outside of that item, which can be the case if neither the trait or the self type are at the same nesting level as the `impl`
[INFO] [stdout]   = note: items in an anonymous const item (`const _: () = { ... }`) are treated as in the same scope as the anonymous const's declaration for the purpose of this lint
[INFO] [stdout]   = note: `#[warn(non_local_definitions)]` on by default
[INFO] [stdout]   = note: this warning originates in the derive macro `Serialize` (in Nightly builds, run with -Z macro-backtrace for more info)
[INFO] [stdout] 
[INFO] [stdout] 
[INFO] [stdout] warning: non-local `impl` definition, `impl` blocks should be written at the same level as their item
[INFO] [stdout]  --> src/messages.rs:3:21
[INFO] [stdout]   |
[INFO] [stdout] 3 | #[derive(Serialize, Deserialize, PartialEq, Eq, Hash)]
[INFO] [stdout]   |                     ^----------
[INFO] [stdout]   |                     |
[INFO] [stdout]   |                     `Deserialize` is not local
[INFO] [stdout]   |                     move the `impl` block outside of this constant `_IMPL_DESERIALIZE_FOR_Chat`
[INFO] [stdout] 4 | pub struct Chat {
[INFO] [stdout]   |            ---- `Chat` is not local
[INFO] [stdout]   |
[INFO] [stdout]   = note: the derive macro `Deserialize` defines the non-local `impl`, and may need to be changed
[INFO] [stdout]   = note: the derive macro `Deserialize` may come from an old version of the `serde_derive` crate, try updating your dependency with `cargo update -p serde_derive`
[INFO] [stdout]   = note: an `impl` is never scoped, even when it is nested inside an item, as it may impact type checking outside of that item, which can be the case if neither the trait or the self type are at the same nesting level as the `impl`
[INFO] [stdout]   = note: items in an anonymous const item (`const _: () = { ... }`) are treated as in the same scope as the anonymous const's declaration for the purpose of this lint
[INFO] [stdout]   = note: this warning originates in the derive macro `Deserialize` (in Nightly builds, run with -Z macro-backtrace for more info)
[INFO] [stdout] 
[INFO] [stdout] 
[INFO] [stdout] warning: non-local `impl` definition, `impl` blocks should be written at the same level as their item
[INFO] [stdout]   --> src/messages.rs:11:25
[INFO] [stdout]    |
[INFO] [stdout] 11 | #[derive(PartialEq, Eq, Serialize, Deserialize, Clone, Debug)]
[INFO] [stdout]    |                         ^--------
[INFO] [stdout]    |                         |
[INFO] [stdout]    |                         `Serialize` is not local
[INFO] [stdout]    |                         move the `impl` block outside of this constant `_IMPL_SERIALIZE_FOR_Message`
[INFO] [stdout] 12 | pub struct Message {
[INFO] [stdout]    |            ------- `Message` is not local
[INFO] [stdout]    |
[INFO] [stdout]    = note: the derive macro `Serialize` defines the non-local `impl`, and may need to be changed
[INFO] [stdout]    = note: the derive macro `Serialize` may come from an old version of the `serde_derive` crate, try updating your dependency with `cargo update -p serde_derive`
[INFO] [stdout]    = note: an `impl` is never scoped, even when it is nested inside an item, as it may impact type checking outside of that item, which can be the case if neither the trait or the self type are at the same nesting level as the `impl`
[INFO] [stdout]    = note: items in an anonymous const item (`const _: () = { ... }`) are treated as in the same scope as the anonymous const's declaration for the purpose of this lint
[INFO] [stdout]    = note: this warning originates in the derive macro `Serialize` (in Nightly builds, run with -Z macro-backtrace for more info)
[INFO] [stdout] 
[INFO] [stdout] 
[INFO] [stderr]    Compiling chat-mio v0.1.0 (/opt/rustwide/workdir)
[INFO] [stdout] warning: non-local `impl` definition, `impl` blocks should be written at the same level as their item
[INFO] [stdout]   --> src/messages.rs:11:36
[INFO] [stdout]    |
[INFO] [stdout] 11 | #[derive(PartialEq, Eq, Serialize, Deserialize, Clone, Debug)]
[INFO] [stdout]    |                                    ^----------
[INFO] [stdout]    |                                    |
[INFO] [stdout]    |                                    `Deserialize` is not local
[INFO] [stdout]    |                                    move the `impl` block outside of this constant `_IMPL_DESERIALIZE_FOR_Message`
[INFO] [stdout] 12 | pub struct Message {
[INFO] [stdout]    |            ------- `Message` is not local
[INFO] [stdout]    |
[INFO] [stdout]    = note: the derive macro `Deserialize` defines the non-local `impl`, and may need to be changed
[INFO] [stdout]    = note: the derive macro `Deserialize` may come from an old version of the `serde_derive` crate, try updating your dependency with `cargo update -p serde_derive`
[INFO] [stdout]    = note: an `impl` is never scoped, even when it is nested inside an item, as it may impact type checking outside of that item, which can be the case if neither the trait or the self type are at the same nesting level as the `impl`
[INFO] [stdout]    = note: items in an anonymous const item (`const _: () = { ... }`) are treated as in the same scope as the anonymous const's declaration for the purpose of this lint
[INFO] [stdout]    = note: this warning originates in the derive macro `Deserialize` (in Nightly builds, run with -Z macro-backtrace for more info)
[INFO] [stdout] 
[INFO] [stdout] 
[INFO] [stdout] warning: unused variable: `i`
[INFO] [stdout]    --> src/chat_service.rs:155:13
[INFO] [stdout]     |
[INFO] [stdout] 155 |         for i in 0..10 {
[INFO] [stdout]     |             ^ help: if this is intentional, prefix it with an underscore: `_i`
[INFO] [stdout]     |
[INFO] [stdout]     = note: `#[warn(unused_variables)]` on by default
[INFO] [stdout] 
[INFO] [stdout] 
[INFO] [stdout] warning: unused variable: `req`
[INFO] [stdout]    --> src/parse.rs:150:13
[INFO] [stdout]     |
[INFO] [stdout] 150 |         let req =
[INFO] [stdout]     |             ^^^ help: if this is intentional, prefix it with an underscore: `_req`
[INFO] [stdout] 
[INFO] [stdout] 
[INFO] [stdout] warning: unused variable: `sock`
[INFO] [stdout]    --> src/server.rs:242:13
[INFO] [stdout]     |
[INFO] [stdout] 242 |         let sock = TcpStream::connect(&addr).unwrap();
[INFO] [stdout]     |             ^^^^ help: if this is intentional, prefix it with an underscore: `_sock`
[INFO] [stdout] 
[INFO] [stdout] 
[INFO] [stdout] warning: field `method` is never read
[INFO] [stdout]   --> src/router.rs:37:9
[INFO] [stdout]    |
[INFO] [stdout] 36 | pub struct Route {
[INFO] [stdout]    |            ----- field in this struct
[INFO] [stdout] 37 |     pub method: http::Method,
[INFO] [stdout]    |         ^^^^^^
[INFO] [stdout]    |
[INFO] [stdout]    = note: `#[warn(dead_code)]` on by default
[INFO] [stdout] 
[INFO] [stdout] 
[INFO] [stdout] warning: non-local `impl` definition, `impl` blocks should be written at the same level as their item
[INFO] [stdout]  --> src/messages.rs:3:10
[INFO] [stdout]   |
[INFO] [stdout] 3 | #[derive(Serialize, Deserialize, PartialEq, Eq, Hash)]
[INFO] [stdout]   |          ^--------
[INFO] [stdout]   |          |
[INFO] [stdout]   |          `Serialize` is not local
[INFO] [stdout]   |          move the `impl` block outside of this constant `_IMPL_SERIALIZE_FOR_Chat`
[INFO] [stdout] 4 | pub struct Chat {
[INFO] [stdout]   |            ---- `Chat` is not local
[INFO] [stdout]   |
[INFO] [stdout]   = note: the derive macro `Serialize` defines the non-local `impl`, and may need to be changed
[INFO] [stdout]   = note: the derive macro `Serialize` may come from an old version of the `serde_derive` crate, try updating your dependency with `cargo update -p serde_derive`
[INFO] [stdout]   = note: an `impl` is never scoped, even when it is nested inside an item, as it may impact type checking outside of that item, which can be the case if neither the trait or the self type are at the same nesting level as the `impl`
[INFO] [stdout]   = note: items in an anonymous const item (`const _: () = { ... }`) are treated as in the same scope as the anonymous const's declaration for the purpose of this lint
[INFO] [stdout]   = note: `#[warn(non_local_definitions)]` on by default
[INFO] [stdout]   = note: this warning originates in the derive macro `Serialize` (in Nightly builds, run with -Z macro-backtrace for more info)
[INFO] [stdout] 
[INFO] [stdout] 
[INFO] [stdout] warning: non-local `impl` definition, `impl` blocks should be written at the same level as their item
[INFO] [stdout]  --> src/messages.rs:3:21
[INFO] [stdout]   |
[INFO] [stdout] 3 | #[derive(Serialize, Deserialize, PartialEq, Eq, Hash)]
[INFO] [stdout]   |                     ^----------
[INFO] [stdout]   |                     |
[INFO] [stdout]   |                     `Deserialize` is not local
[INFO] [stdout]   |                     move the `impl` block outside of this constant `_IMPL_DESERIALIZE_FOR_Chat`
[INFO] [stdout] 4 | pub struct Chat {
[INFO] [stdout]   |            ---- `Chat` is not local
[INFO] [stdout]   |
[INFO] [stdout]   = note: the derive macro `Deserialize` defines the non-local `impl`, and may need to be changed
[INFO] [stdout]   = note: the derive macro `Deserialize` may come from an old version of the `serde_derive` crate, try updating your dependency with `cargo update -p serde_derive`
[INFO] [stdout]   = note: an `impl` is never scoped, even when it is nested inside an item, as it may impact type checking outside of that item, which can be the case if neither the trait or the self type are at the same nesting level as the `impl`
[INFO] [stdout]   = note: items in an anonymous const item (`const _: () = { ... }`) are treated as in the same scope as the anonymous const's declaration for the purpose of this lint
[INFO] [stdout]   = note: this warning originates in the derive macro `Deserialize` (in Nightly builds, run with -Z macro-backtrace for more info)
[INFO] [stdout] 
[INFO] [stdout] 
[INFO] [stdout] warning: non-local `impl` definition, `impl` blocks should be written at the same level as their item
[INFO] [stdout]   --> src/messages.rs:11:25
[INFO] [stdout]    |
[INFO] [stdout] 11 | #[derive(PartialEq, Eq, Serialize, Deserialize, Clone, Debug)]
[INFO] [stdout]    |                         ^--------
[INFO] [stdout]    |                         |
[INFO] [stdout]    |                         `Serialize` is not local
[INFO] [stdout]    |                         move the `impl` block outside of this constant `_IMPL_SERIALIZE_FOR_Message`
[INFO] [stdout] 12 | pub struct Message {
[INFO] [stdout]    |            ------- `Message` is not local
[INFO] [stdout]    |
[INFO] [stdout]    = note: the derive macro `Serialize` defines the non-local `impl`, and may need to be changed
[INFO] [stdout]    = note: the derive macro `Serialize` may come from an old version of the `serde_derive` crate, try updating your dependency with `cargo update -p serde_derive`
[INFO] [stdout]    = note: an `impl` is never scoped, even when it is nested inside an item, as it may impact type checking outside of that item, which can be the case if neither the trait or the self type are at the same nesting level as the `impl`
[INFO] [stdout]    = note: items in an anonymous const item (`const _: () = { ... }`) are treated as in the same scope as the anonymous const's declaration for the purpose of this lint
[INFO] [stdout]    = note: this warning originates in the derive macro `Serialize` (in Nightly builds, run with -Z macro-backtrace for more info)
[INFO] [stdout] 
[INFO] [stdout] 
[INFO] [stdout] warning: non-local `impl` definition, `impl` blocks should be written at the same level as their item
[INFO] [stdout]   --> src/messages.rs:11:36
[INFO] [stdout]    |
[INFO] [stdout] 11 | #[derive(PartialEq, Eq, Serialize, Deserialize, Clone, Debug)]
[INFO] [stdout]    |                                    ^----------
[INFO] [stdout]    |                                    |
[INFO] [stdout]    |                                    `Deserialize` is not local
[INFO] [stdout]    |                                    move the `impl` block outside of this constant `_IMPL_DESERIALIZE_FOR_Message`
[INFO] [stdout] 12 | pub struct Message {
[INFO] [stdout]    |            ------- `Message` is not local
[INFO] [stdout]    |
[INFO] [stdout]    = note: the derive macro `Deserialize` defines the non-local `impl`, and may need to be changed
[INFO] [stdout]    = note: the derive macro `Deserialize` may come from an old version of the `serde_derive` crate, try updating your dependency with `cargo update -p serde_derive`
[INFO] [stdout]    = note: an `impl` is never scoped, even when it is nested inside an item, as it may impact type checking outside of that item, which can be the case if neither the trait or the self type are at the same nesting level as the `impl`
[INFO] [stdout]    = note: items in an anonymous const item (`const _: () = { ... }`) are treated as in the same scope as the anonymous const's declaration for the purpose of this lint
[INFO] [stdout]    = note: this warning originates in the derive macro `Deserialize` (in Nightly builds, run with -Z macro-backtrace for more info)
[INFO] [stdout] 
[INFO] [stdout] 
[INFO] [stderr]     Finished `test` profile [unoptimized + debuginfo] target(s) in 0.59s
[INFO] [stderr] warning: the following packages contain code that will be rejected by a future version of Rust: nom v4.2.3
[INFO] [stderr] note: to see what the problems were, use the option `--future-incompat-report`, or run `cargo report future-incompatibilities --id 1`
[INFO] running `Command { std: "docker" "inspect" "c89eab0097745769be915f5ef1e098834c5d84a8c5cd6dc1c04b307e0c570d07", kill_on_drop: false }`
[INFO] running `Command { std: "docker" "rm" "-f" "c89eab0097745769be915f5ef1e098834c5d84a8c5cd6dc1c04b307e0c570d07", kill_on_drop: false }`
[INFO] [stdout] c89eab0097745769be915f5ef1e098834c5d84a8c5cd6dc1c04b307e0c570d07
[INFO] running `Command { std: "docker" "create" "-v" "/var/lib/crater-agent-workspace/builds/worker-7-tc2/target:/opt/rustwide/target:rw,Z" "-v" "/var/lib/crater-agent-workspace/builds/worker-7-tc2/source:/opt/rustwide/workdir:ro,Z" "-v" "/var/lib/crater-agent-workspace/cargo-home:/opt/rustwide/cargo-home:ro,Z" "-v" "/var/lib/crater-agent-workspace/rustup-home:/opt/rustwide/rustup-home:ro,Z" "-e" "SOURCE_DIR=/opt/rustwide/workdir" "-e" "CARGO_TARGET_DIR=/opt/rustwide/target" "-e" "CARGO_INCREMENTAL=0" "-e" "RUST_BACKTRACE=full" "-e" "RUSTFLAGS=--cap-lints=forbid -Zrandomize-layout" "-e" "RUSTDOCFLAGS=--cap-lints=forbid" "-e" "CARGO_HOME=/opt/rustwide/cargo-home" "-e" "RUSTUP_HOME=/opt/rustwide/rustup-home" "-w" "/opt/rustwide/workdir" "-m" "1610612736" "--user" "0:0" "--network" "none" "ghcr.io/rust-lang/crates-build-env/linux@sha256:4a844ea9eb2546a2d2c7022eacef16ef2e8229c7fbb2c7d4d55a9ceca922f72d" "/opt/rustwide/cargo-home/bin/cargo" "+nightly-2024-10-28" "test" "--frozen", kill_on_drop: false }`
[INFO] [stdout] 236591fedb8bf50a107ca34ab0bd40579e4d45610d02953e4160cef6d08cb9bd
[INFO] running `Command { std: "docker" "start" "-a" "236591fedb8bf50a107ca34ab0bd40579e4d45610d02953e4160cef6d08cb9bd", kill_on_drop: false }`
[INFO] [stderr] warning: field `method` is never read
[INFO] [stderr]   --> src/router.rs:37:9
[INFO] [stderr]    |
[INFO] [stderr] 36 | pub struct Route {
[INFO] [stderr]    |            ----- field in this struct
[INFO] [stderr] 37 |     pub method: http::Method,
[INFO] [stderr]    |         ^^^^^^
[INFO] [stderr]    |
[INFO] [stderr]    = note: `#[warn(dead_code)]` on by default
[INFO] [stderr] 
[INFO] [stderr] warning: non-local `impl` definition, `impl` blocks should be written at the same level as their item
[INFO] [stderr]  --> src/messages.rs:3:10
[INFO] [stderr]   |
[INFO] [stderr] 3 | #[derive(Serialize, Deserialize, PartialEq, Eq, Hash)]
[INFO] [stderr]   |          ^--------
[INFO] [stderr]   |          |
[INFO] [stderr]   |          `Serialize` is not local
[INFO] [stderr]   |          move the `impl` block outside of this constant `_IMPL_SERIALIZE_FOR_Chat`
[INFO] [stderr] 4 | pub struct Chat {
[INFO] [stderr]   |            ---- `Chat` is not local
[INFO] [stderr]   |
[INFO] [stderr]   = note: the derive macro `Serialize` defines the non-local `impl`, and may need to be changed
[INFO] [stderr]   = note: the derive macro `Serialize` may come from an old version of the `serde_derive` crate, try updating your dependency with `cargo update -p serde_derive`
[INFO] [stderr]   = note: an `impl` is never scoped, even when it is nested inside an item, as it may impact type checking outside of that item, which can be the case if neither the trait or the self type are at the same nesting level as the `impl`
[INFO] [stderr]   = note: items in an anonymous const item (`const _: () = { ... }`) are treated as in the same scope as the anonymous const's declaration for the purpose of this lint
[INFO] [stderr]   = note: `#[warn(non_local_definitions)]` on by default
[INFO] [stderr]   = note: this warning originates in the derive macro `Serialize` (in Nightly builds, run with -Z macro-backtrace for more info)
[INFO] [stderr] 
[INFO] [stderr] warning: non-local `impl` definition, `impl` blocks should be written at the same level as their item
[INFO] [stderr]  --> src/messages.rs:3:21
[INFO] [stderr]   |
[INFO] [stderr] 3 | #[derive(Serialize, Deserialize, PartialEq, Eq, Hash)]
[INFO] [stderr]   |                     ^----------
[INFO] [stderr]   |                     |
[INFO] [stderr]   |                     `Deserialize` is not local
[INFO] [stderr]   |                     move the `impl` block outside of this constant `_IMPL_DESERIALIZE_FOR_Chat`
[INFO] [stderr] 4 | pub struct Chat {
[INFO] [stderr]   |            ---- `Chat` is not local
[INFO] [stderr]   |
[INFO] [stderr]   = note: the derive macro `Deserialize` defines the non-local `impl`, and may need to be changed
[INFO] [stderr]   = note: the derive macro `Deserialize` may come from an old version of the `serde_derive` crate, try updating your dependency with `cargo update -p serde_derive`
[INFO] [stderr]   = note: an `impl` is never scoped, even when it is nested inside an item, as it may impact type checking outside of that item, which can be the case if neither the trait or the self type are at the same nesting level as the `impl`
[INFO] [stderr]   = note: items in an anonymous const item (`const _: () = { ... }`) are treated as in the same scope as the anonymous const's declaration for the purpose of this lint
[INFO] [stderr]   = note: this warning originates in the derive macro `Deserialize` (in Nightly builds, run with -Z macro-backtrace for more info)
[INFO] [stderr] 
[INFO] [stderr] warning: non-local `impl` definition, `impl` blocks should be written at the same level as their item
[INFO] [stderr]   --> src/messages.rs:11:25
[INFO] [stderr]    |
[INFO] [stderr] 11 | #[derive(PartialEq, Eq, Serialize, Deserialize, Clone, Debug)]
[INFO] [stderr]    |                         ^--------
[INFO] [stderr]    |                         |
[INFO] [stderr]    |                         `Serialize` is not local
[INFO] [stderr]    |                         move the `impl` block outside of this constant `_IMPL_SERIALIZE_FOR_Message`
[INFO] [stderr] 12 | pub struct Message {
[INFO] [stderr]    |            ------- `Message` is not local
[INFO] [stderr]    |
[INFO] [stderr]    = note: the derive macro `Serialize` defines the non-local `impl`, and may need to be changed
[INFO] [stderr]    = note: the derive macro `Serialize` may come from an old version of the `serde_derive` crate, try updating your dependency with `cargo update -p serde_derive`
[INFO] [stderr]    = note: an `impl` is never scoped, even when it is nested inside an item, as it may impact type checking outside of that item, which can be the case if neither the trait or the self type are at the same nesting level as the `impl`
[INFO] [stderr]    = note: items in an anonymous const item (`const _: () = { ... }`) are treated as in the same scope as the anonymous const's declaration for the purpose of this lint
[INFO] [stderr]    = note: this warning originates in the derive macro `Serialize` (in Nightly builds, run with -Z macro-backtrace for more info)
[INFO] [stderr] 
[INFO] [stderr] warning: non-local `impl` definition, `impl` blocks should be written at the same level as their item
[INFO] [stderr]   --> src/messages.rs:11:36
[INFO] [stderr]    |
[INFO] [stderr] 11 | #[derive(PartialEq, Eq, Serialize, Deserialize, Clone, Debug)]
[INFO] [stderr]    |                                    ^----------
[INFO] [stderr]    |                                    |
[INFO] [stderr]    |                                    `Deserialize` is not local
[INFO] [stderr]    |                                    move the `impl` block outside of this constant `_IMPL_DESERIALIZE_FOR_Message`
[INFO] [stderr] 12 | pub struct Message {
[INFO] [stderr]    |            ------- `Message` is not local
[INFO] [stderr]    |
[INFO] [stderr]    = note: the derive macro `Deserialize` defines the non-local `impl`, and may need to be changed
[INFO] [stderr]    = note: the derive macro `Deserialize` may come from an old version of the `serde_derive` crate, try updating your dependency with `cargo update -p serde_derive`
[INFO] [stderr]    = note: an `impl` is never scoped, even when it is nested inside an item, as it may impact type checking outside of that item, which can be the case if neither the trait or the self type are at the same nesting level as the `impl`
[INFO] [stderr]    = note: items in an anonymous const item (`const _: () = { ... }`) are treated as in the same scope as the anonymous const's declaration for the purpose of this lint
[INFO] [stderr]    = note: this warning originates in the derive macro `Deserialize` (in Nightly builds, run with -Z macro-backtrace for more info)
[INFO] [stderr] 
[INFO] [stderr] warning: unused variable: `i`
[INFO] [stderr]    --> src/chat_service.rs:155:13
[INFO] [stderr]     |
[INFO] [stderr] 155 |         for i in 0..10 {
[INFO] [stderr]     |             ^ help: if this is intentional, prefix it with an underscore: `_i`
[INFO] [stderr]     |
[INFO] [stderr]     = note: `#[warn(unused_variables)]` on by default
[INFO] [stderr] 
[INFO] [stderr] warning: unused variable: `req`
[INFO] [stderr]    --> src/parse.rs:150:13
[INFO] [stderr]     |
[INFO] [stderr] 150 |         let req =
[INFO] [stderr]     |             ^^^ help: if this is intentional, prefix it with an underscore: `_req`
[INFO] [stderr] 
[INFO] [stderr] warning: unused variable: `sock`
[INFO] [stderr]    --> src/server.rs:242:13
[INFO] [stderr]     |
[INFO] [stderr] 242 |         let sock = TcpStream::connect(&addr).unwrap();
[INFO] [stderr]     |             ^^^^ help: if this is intentional, prefix it with an underscore: `_sock`
[INFO] [stderr] 
[INFO] [stderr] warning: `chat-mio` (lib) generated 5 warnings
[INFO] [stderr] warning: `chat-mio` (lib test) generated 8 warnings (5 duplicates)
[INFO] [stderr]     Finished `test` profile [unoptimized + debuginfo] target(s) in 0.03s
[INFO] [stderr] warning: the following packages contain code that will be rejected by a future version of Rust: nom v4.2.3
[INFO] [stderr] note: to see what the problems were, use the option `--future-incompat-report`, or run `cargo report future-incompatibilities --id 1`
[INFO] [stderr]      Running unittests src/lib.rs (/opt/rustwide/target/debug/deps/chat_mio-8f8aa845ad4a477f)
[INFO] [stdout] 
[INFO] [stdout] running 15 tests
[INFO] [stdout] test parse::tests::test_header ... ok
[INFO] [stdout] test parse::tests::test_bad_content_length ... ok
[INFO] [stdout] test parse::tests::test_method ... ok
[INFO] [stdout] test parse::tests::test_parse_pipelined_no_body ... ok
[INFO] [stdout] test parse::tests::test_parse_request ... ok
[INFO] [stdout] test parse::tests::test_parse_real ... ok
[INFO] [stdout] test parse::tests::test_pipelined_requests_with_body ... ok
[INFO] [stdout] test parse::tests::test_single_request ... ok
[INFO] [stdout] test parse::tests::test_start_line2 ... ok
[INFO] [stdout] test parse::tests::test_start_line ... ok
[INFO] [stdout] test parse::tests::test_uri ... ok
[INFO] [stdout] test parse::tests::test_version ... ok
[INFO] [stdout] test router::tests::test_route_with_params_and_response ... ok
[INFO] [stdout] test chat_service::tests::test_chat_service ... ok
[INFO] [stdout] test server::tests::create_server ... FAILED
[INFO] [stdout] 
[INFO] [stdout] failures:
[INFO] [stdout] 
[INFO] [stdout] ---- server::tests::create_server stdout ----
[INFO] [stdout] thread 'server::tests::create_server' panicked at src/server.rs:240:49:
[INFO] [stdout] called `Result::unwrap()` on an `Err` value: Os { code: 22, kind: InvalidInput, message: "Invalid argument" }
[INFO] [stdout] stack backtrace:
[INFO] [stdout]    0:     0x568f964192da - std::backtrace_rs::backtrace::libunwind::trace::h207520d6e9873551
[INFO] [stdout]                                at /rustc/df4ca44d3fbc9301ee17f30f4d474e6ae4b05252/library/std/src/../../backtrace/src/backtrace/libunwind.rs:116:5
[INFO] [stdout]    1:     0x568f964192da - std::backtrace_rs::backtrace::trace_unsynchronized::h2ed7433f370e3eca
[INFO] [stdout]                                at /rustc/df4ca44d3fbc9301ee17f30f4d474e6ae4b05252/library/std/src/../../backtrace/src/backtrace/mod.rs:66:5
[INFO] [stdout]    2:     0x568f964192da - std::sys::backtrace::_print_fmt::h916fac51166b18d7
[INFO] [stdout]                                at /rustc/df4ca44d3fbc9301ee17f30f4d474e6ae4b05252/library/std/src/sys/backtrace.rs:66:9
[INFO] [stdout]    3:     0x568f964192da - <std::sys::backtrace::BacktraceLock::print::DisplayBacktrace as core::fmt::Display>::fmt::ha0a4c9b8ce3802e6
[INFO] [stdout]                                at /rustc/df4ca44d3fbc9301ee17f30f4d474e6ae4b05252/library/std/src/sys/backtrace.rs:39:26
[INFO] [stdout]    4:     0x568f96440d83 - core::fmt::rt::Argument::fmt::h4cfc8587d52b3eb5
[INFO] [stdout]                                at /rustc/df4ca44d3fbc9301ee17f30f4d474e6ae4b05252/library/core/src/fmt/rt.rs:177:76
[INFO] [stdout]    5:     0x568f96440d83 - core::fmt::write::h522cc39e5b36ae9f
[INFO] [stdout]                                at /rustc/df4ca44d3fbc9301ee17f30f4d474e6ae4b05252/library/core/src/fmt/mod.rs:1190:21
[INFO] [stdout]    6:     0x568f96415c83 - std::io::Write::write_fmt::h7d3c26752da97734
[INFO] [stdout]                                at /rustc/df4ca44d3fbc9301ee17f30f4d474e6ae4b05252/library/std/src/io/mod.rs:1839:15
[INFO] [stdout]    7:     0x568f96419122 - std::sys::backtrace::BacktraceLock::print::h4b9e00b29e9c0942
[INFO] [stdout]                                at /rustc/df4ca44d3fbc9301ee17f30f4d474e6ae4b05252/library/std/src/sys/backtrace.rs:42:9
[INFO] [stdout]    8:     0x568f9641a76a - std::panicking::default_hook::{{closure}}::hb59b88280d0324d9
[INFO] [stdout]                                at /rustc/df4ca44d3fbc9301ee17f30f4d474e6ae4b05252/library/std/src/panicking.rs:268:22
[INFO] [stdout]    9:     0x568f9641a574 - std::panicking::default_hook::he1dd496665be4a29
[INFO] [stdout]                                at /rustc/df4ca44d3fbc9301ee17f30f4d474e6ae4b05252/library/std/src/panicking.rs:292:9
[INFO] [stdout]   10:     0x568f963c5a59 - <alloc::boxed::Box<F,A> as core::ops::function::Fn<Args>>::call::h4ff71de18744e1dc
[INFO] [stdout]                                at /rustc/df4ca44d3fbc9301ee17f30f4d474e6ae4b05252/library/alloc/src/boxed.rs:2468:9
[INFO] [stdout]   11:     0x568f963c5a59 - test::test_main::{{closure}}::hcf7c055ce117aa81
[INFO] [stdout]                                at /rustc/df4ca44d3fbc9301ee17f30f4d474e6ae4b05252/library/test/src/lib.rs:133:21
[INFO] [stdout]   12:     0x568f9641ae68 - <alloc::boxed::Box<F,A> as core::ops::function::Fn<Args>>::call::h1d66c6bbd60c9692
[INFO] [stdout]                                at /rustc/df4ca44d3fbc9301ee17f30f4d474e6ae4b05252/library/alloc/src/boxed.rs:2468:9
[INFO] [stdout]   13:     0x568f9641ae68 - std::panicking::rust_panic_with_hook::h2ff17fe8f26dfcf8
[INFO] [stdout]                                at /rustc/df4ca44d3fbc9301ee17f30f4d474e6ae4b05252/library/std/src/panicking.rs:809:13
[INFO] [stdout]   14:     0x568f9641ac2a - std::panicking::begin_panic_handler::{{closure}}::h4fad77951c07e101
[INFO] [stdout]                                at /rustc/df4ca44d3fbc9301ee17f30f4d474e6ae4b05252/library/std/src/panicking.rs:674:13
[INFO] [stdout]   15:     0x568f964197b9 - std::sys::backtrace::__rust_end_short_backtrace::hb1a25b3da5d0ea08
[INFO] [stdout]                                at /rustc/df4ca44d3fbc9301ee17f30f4d474e6ae4b05252/library/std/src/sys/backtrace.rs:170:18
[INFO] [stdout]   16:     0x568f9641a8bc - rust_begin_unwind
[INFO] [stdout]                                at /rustc/df4ca44d3fbc9301ee17f30f4d474e6ae4b05252/library/std/src/panicking.rs:665:5
[INFO] [stdout]   17:     0x568f9643f430 - core::panicking::panic_fmt::ha9db07b529f9b256
[INFO] [stdout]                                at /rustc/df4ca44d3fbc9301ee17f30f4d474e6ae4b05252/library/core/src/panicking.rs:75:14
[INFO] [stdout]   18:     0x568f9643f876 - core::result::unwrap_failed::h5e8218e4d4338b8a
[INFO] [stdout]                                at /rustc/df4ca44d3fbc9301ee17f30f4d474e6ae4b05252/library/core/src/result.rs:1698:5
[INFO] [stdout]   19:     0x568f962d3e47 - core::result::Result<T,E>::unwrap::hb339edde7c5c4ca4
[INFO] [stdout]                                at /rustc/df4ca44d3fbc9301ee17f30f4d474e6ae4b05252/library/core/src/result.rs:1103:23
[INFO] [stdout]   20:     0x568f962d3e47 - chat_mio::server::tests::create_server::h5e4dbfffb94f282d
[INFO] [stdout]                                at /opt/rustwide/workdir/src/server.rs:240:24
[INFO] [stdout]   21:     0x568f962d3d07 - chat_mio::server::tests::create_server::{{closure}}::hf1563342de2fafc6
[INFO] [stdout]                                at /opt/rustwide/workdir/src/server.rs:238:23
[INFO] [stdout]   22:     0x568f962e7f86 - core::ops::function::FnOnce::call_once::h404b117f203952bd
[INFO] [stdout]                                at /rustc/df4ca44d3fbc9301ee17f30f4d474e6ae4b05252/library/core/src/ops/function.rs:250:5
[INFO] [stdout]   23:     0x568f963ca32b - core::ops::function::FnOnce::call_once::h22c3ba5715e93f05
[INFO] [stdout]                                at /rustc/df4ca44d3fbc9301ee17f30f4d474e6ae4b05252/library/core/src/ops/function.rs:250:5
[INFO] [stdout]   24:     0x568f963ca32b - test::__rust_begin_short_backtrace::h8e82d8113d0da17f
[INFO] [stdout]                                at /rustc/df4ca44d3fbc9301ee17f30f4d474e6ae4b05252/library/test/src/lib.rs:621:18
[INFO] [stdout]   25:     0x568f963c9ca7 - test::run_test_in_process::{{closure}}::h33235f4f20b7b7c7
[INFO] [stdout]                                at /rustc/df4ca44d3fbc9301ee17f30f4d474e6ae4b05252/library/test/src/lib.rs:644:60
[INFO] [stdout]   26:     0x568f963c9ca7 - <core::panic::unwind_safe::AssertUnwindSafe<F> as core::ops::function::FnOnce<()>>::call_once::hb5043206310c586f
[INFO] [stdout]                                at /rustc/df4ca44d3fbc9301ee17f30f4d474e6ae4b05252/library/core/src/panic/unwind_safe.rs:272:9
[INFO] [stdout]   27:     0x568f963c9ca7 - std::panicking::try::do_call::h9ad4731a60ab23e2
[INFO] [stdout]                                at /rustc/df4ca44d3fbc9301ee17f30f4d474e6ae4b05252/library/std/src/panicking.rs:557:40
[INFO] [stdout]   28:     0x568f963c9ca7 - std::panicking::try::h3824d23db772a716
[INFO] [stdout]                                at /rustc/df4ca44d3fbc9301ee17f30f4d474e6ae4b05252/library/std/src/panicking.rs:520:19
[INFO] [stdout]   29:     0x568f963c9ca7 - std::panic::catch_unwind::h5afd514605fde46b
[INFO] [stdout]                                at /rustc/df4ca44d3fbc9301ee17f30f4d474e6ae4b05252/library/std/src/panic.rs:358:14
[INFO] [stdout]   30:     0x568f963c9ca7 - test::run_test_in_process::h0d5cbfa7067d1720
[INFO] [stdout]                                at /rustc/df4ca44d3fbc9301ee17f30f4d474e6ae4b05252/library/test/src/lib.rs:644:27
[INFO] [stdout]   31:     0x568f963c9ca7 - test::run_test::{{closure}}::h708eb8872708115d
[INFO] [stdout]                                at /rustc/df4ca44d3fbc9301ee17f30f4d474e6ae4b05252/library/test/src/lib.rs:565:43
[INFO] [stdout]   32:     0x568f9638d3c4 - test::run_test::{{closure}}::h392c51cee94713ab
[INFO] [stdout]                                at /rustc/df4ca44d3fbc9301ee17f30f4d474e6ae4b05252/library/test/src/lib.rs:595:41
[INFO] [stdout]   33:     0x568f9638d3c4 - std::sys::backtrace::__rust_begin_short_backtrace::h2f40290710935a8b
[INFO] [stdout]                                at /rustc/df4ca44d3fbc9301ee17f30f4d474e6ae4b05252/library/std/src/sys/backtrace.rs:154:18
[INFO] [stdout]   34:     0x568f96390b6e - std::thread::Builder::spawn_unchecked_::{{closure}}::{{closure}}::h3fd968d89053a903
[INFO] [stdout]                                at /rustc/df4ca44d3fbc9301ee17f30f4d474e6ae4b05252/library/std/src/thread/mod.rs:541:17
[INFO] [stdout]   35:     0x568f96390b6e - <core::panic::unwind_safe::AssertUnwindSafe<F> as core::ops::function::FnOnce<()>>::call_once::h743f637ba4229880
[INFO] [stdout]                                at /rustc/df4ca44d3fbc9301ee17f30f4d474e6ae4b05252/library/core/src/panic/unwind_safe.rs:272:9
[INFO] [stdout]   36:     0x568f96390b6e - std::panicking::try::do_call::h07440897322525a6
[INFO] [stdout]                                at /rustc/df4ca44d3fbc9301ee17f30f4d474e6ae4b05252/library/std/src/panicking.rs:557:40
[INFO] [stdout]   37:     0x568f96390b6e - std::panicking::try::he5a2e00188156637
[INFO] [stdout]                                at /rustc/df4ca44d3fbc9301ee17f30f4d474e6ae4b05252/library/std/src/panicking.rs:520:19
[INFO] [stdout]   38:     0x568f96390b6e - std::panic::catch_unwind::hbaf3cae49b3c6433
[INFO] [stdout]                                at /rustc/df4ca44d3fbc9301ee17f30f4d474e6ae4b05252/library/std/src/panic.rs:358:14
[INFO] [stdout]   39:     0x568f96390b6e - std::thread::Builder::spawn_unchecked_::{{closure}}::h8e141ea224820bce
[INFO] [stdout]                                at /rustc/df4ca44d3fbc9301ee17f30f4d474e6ae4b05252/library/std/src/thread/mod.rs:540:30
[INFO] [stdout]   40:     0x568f96390b6e - core::ops::function::FnOnce::call_once{{vtable.shim}}::h90d312fedd7b8ea8
[INFO] [stdout]                                at /rustc/df4ca44d3fbc9301ee17f30f4d474e6ae4b05252/library/core/src/ops/function.rs:250:5
[INFO] [stdout]   41:     0x568f9641ecbb - <alloc::boxed::Box<F,A> as core::ops::function::FnOnce<Args>>::call_once::h69aa08ddb6adb8b6
[INFO] [stdout]                                at /rustc/df4ca44d3fbc9301ee17f30f4d474e6ae4b05252/library/alloc/src/boxed.rs:2454:9
[INFO] [stdout]   42:     0x568f9641ecbb - <alloc::boxed::Box<F,A> as core::ops::function::FnOnce<Args>>::call_once::h5aa36efdb79c806f
[INFO] [stdout]                                at /rustc/df4ca44d3fbc9301ee17f30f4d474e6ae4b05252/library/alloc/src/boxed.rs:2454:9
[INFO] [stdout]   43:     0x568f9641ecbb - std::sys::pal::unix::thread::Thread::new::thread_start::h6cd80a1b4be5158d
[INFO] [stdout]                                at /rustc/df4ca44d3fbc9301ee17f30f4d474e6ae4b05252/library/std/src/sys/pal/unix/thread.rs:105:17
[INFO] [stdout]   44:     0x7e3b53598ac3 - <unknown>
[INFO] [stdout]   45:     0x7e3b53629a04 - clone
[INFO] [stdout]   46:                0x0 - <unknown>
[INFO] [stdout] 
[INFO] [stdout] 
[INFO] [stdout] failures:
[INFO] [stdout]     server::tests::create_server
[INFO] [stdout] 
[INFO] [stdout] test result: FAILED. 14 passed; 1 failed; 0 ignored; 0 measured; 0 filtered out; finished in 0.01s
[INFO] [stdout] 
[INFO] [stderr] error: test failed, to rerun pass `--lib`
[INFO] running `Command { std: "docker" "inspect" "236591fedb8bf50a107ca34ab0bd40579e4d45610d02953e4160cef6d08cb9bd", kill_on_drop: false }`
[INFO] running `Command { std: "docker" "rm" "-f" "236591fedb8bf50a107ca34ab0bd40579e4d45610d02953e4160cef6d08cb9bd", kill_on_drop: false }`
[INFO] [stdout] 236591fedb8bf50a107ca34ab0bd40579e4d45610d02953e4160cef6d08cb9bd
