[INFO] cloning repository https://github.com/ds1sqe/ml_in_rust
[INFO] running `Command { std: "git" "-c" "credential.helper=" "-c" "credential.helper=/workspace/cargo-home/bin/git-credential-null" "clone" "--bare" "https://github.com/ds1sqe/ml_in_rust" "/workspace/cache/git-repos/https%3A%2F%2Fgithub.com%2Fds1sqe%2Fml_in_rust", kill_on_drop: false }`
[INFO] [stderr] Cloning into bare repository '/workspace/cache/git-repos/https%3A%2F%2Fgithub.com%2Fds1sqe%2Fml_in_rust'...
[INFO] running `Command { std: "git" "rev-parse" "HEAD", kill_on_drop: false }`
[INFO] [stdout] cd207c8b47903d353d9e8525717ba6f516aa2e21
[INFO] testing ds1sqe/ml_in_rust/cd207c8b47903d353d9e8525717ba6f516aa2e21 against nightly-2024-10-28+rustflags=-Zrandomize-layout for randomize-layout
[INFO] running `Command { std: "git" "clone" "/workspace/cache/git-repos/https%3A%2F%2Fgithub.com%2Fds1sqe%2Fml_in_rust" "/workspace/builds/worker-6-tc2/source", kill_on_drop: false }`
[INFO] [stderr] Cloning into '/workspace/builds/worker-6-tc2/source'...
[INFO] [stderr] done.
[INFO] validating manifest of git repo https://github.com/ds1sqe/ml_in_rust on toolchain nightly-2024-10-28
[INFO] running `Command { std: CARGO_HOME="/workspace/cargo-home" RUSTUP_HOME="/workspace/rustup-home" "/workspace/cargo-home/bin/cargo" "+nightly-2024-10-28" "metadata" "--manifest-path" "Cargo.toml" "--no-deps", kill_on_drop: false }`
[INFO] started tweaking git repo https://github.com/ds1sqe/ml_in_rust
[INFO] finished tweaking git repo https://github.com/ds1sqe/ml_in_rust
[INFO] tweaked toml for git repo https://github.com/ds1sqe/ml_in_rust written to /workspace/builds/worker-6-tc2/source/Cargo.toml
[INFO] crate git repo https://github.com/ds1sqe/ml_in_rust already has a lockfile, it will not be regenerated
[INFO] running `Command { std: CARGO_HOME="/workspace/cargo-home" RUSTUP_HOME="/workspace/rustup-home" "/workspace/cargo-home/bin/cargo" "+nightly-2024-10-28" "fetch" "--manifest-path" "Cargo.toml", kill_on_drop: false }`
[INFO] running `Command { std: "docker" "create" "-v" "/var/lib/crater-agent-workspace/builds/worker-6-tc2/target:/opt/rustwide/target:rw,Z" "-v" "/var/lib/crater-agent-workspace/builds/worker-6-tc2/source:/opt/rustwide/workdir:ro,Z" "-v" "/var/lib/crater-agent-workspace/cargo-home:/opt/rustwide/cargo-home:ro,Z" "-v" "/var/lib/crater-agent-workspace/rustup-home:/opt/rustwide/rustup-home:ro,Z" "-e" "SOURCE_DIR=/opt/rustwide/workdir" "-e" "CARGO_TARGET_DIR=/opt/rustwide/target" "-e" "CARGO_HOME=/opt/rustwide/cargo-home" "-e" "RUSTUP_HOME=/opt/rustwide/rustup-home" "-w" "/opt/rustwide/workdir" "-m" "1610612736" "--user" "0:0" "--network" "none" "ghcr.io/rust-lang/crates-build-env/linux@sha256:4a844ea9eb2546a2d2c7022eacef16ef2e8229c7fbb2c7d4d55a9ceca922f72d" "/opt/rustwide/cargo-home/bin/cargo" "+nightly-2024-10-28" "metadata" "--no-deps" "--format-version=1", kill_on_drop: false }`
[INFO] [stdout] c09fbaf0174d4a7d691fe5ae6097238147e9e277696baa0cbff5e3fd494ffc8c
[INFO] running `Command { std: "docker" "start" "-a" "c09fbaf0174d4a7d691fe5ae6097238147e9e277696baa0cbff5e3fd494ffc8c", kill_on_drop: false }`
[INFO] running `Command { std: "docker" "inspect" "c09fbaf0174d4a7d691fe5ae6097238147e9e277696baa0cbff5e3fd494ffc8c", kill_on_drop: false }`
[INFO] running `Command { std: "docker" "rm" "-f" "c09fbaf0174d4a7d691fe5ae6097238147e9e277696baa0cbff5e3fd494ffc8c", kill_on_drop: false }`
[INFO] [stdout] c09fbaf0174d4a7d691fe5ae6097238147e9e277696baa0cbff5e3fd494ffc8c
[INFO] running `Command { std: "docker" "create" "-v" "/var/lib/crater-agent-workspace/builds/worker-6-tc2/target:/opt/rustwide/target:rw,Z" "-v" "/var/lib/crater-agent-workspace/builds/worker-6-tc2/source:/opt/rustwide/workdir:ro,Z" "-v" "/var/lib/crater-agent-workspace/cargo-home:/opt/rustwide/cargo-home:ro,Z" "-v" "/var/lib/crater-agent-workspace/rustup-home:/opt/rustwide/rustup-home:ro,Z" "-e" "SOURCE_DIR=/opt/rustwide/workdir" "-e" "CARGO_TARGET_DIR=/opt/rustwide/target" "-e" "CARGO_INCREMENTAL=0" "-e" "RUST_BACKTRACE=full" "-e" "RUSTFLAGS=--cap-lints=forbid -Zrandomize-layout" "-e" "RUSTDOCFLAGS=--cap-lints=forbid" "-e" "CARGO_HOME=/opt/rustwide/cargo-home" "-e" "RUSTUP_HOME=/opt/rustwide/rustup-home" "-w" "/opt/rustwide/workdir" "-m" "1610612736" "--user" "0:0" "--network" "none" "ghcr.io/rust-lang/crates-build-env/linux@sha256:4a844ea9eb2546a2d2c7022eacef16ef2e8229c7fbb2c7d4d55a9ceca922f72d" "/opt/rustwide/cargo-home/bin/cargo" "+nightly-2024-10-28" "build" "--frozen" "--message-format=json", kill_on_drop: false }`
[INFO] [stdout] 22cac648cad6dd03b93c71cdce283ae8b51c2b466199a5e1c341eca7af389523
[INFO] running `Command { std: "docker" "start" "-a" "22cac648cad6dd03b93c71cdce283ae8b51c2b466199a5e1c341eca7af389523", kill_on_drop: false }`
[INFO] [stderr]    Compiling proc-macro2 v1.0.78
[INFO] [stderr]    Compiling unicode-ident v1.0.12
[INFO] [stderr]    Compiling libc v0.2.153
[INFO] [stderr]    Compiling once_cell v1.19.0
[INFO] [stderr]    Compiling version_check v0.9.4
[INFO] [stderr]    Compiling bitflags v1.3.2
[INFO] [stderr]    Compiling xml-rs v0.8.19
[INFO] [stderr]    Compiling pkg-config v0.3.29
[INFO] [stderr]    Compiling log v0.4.20
[INFO] [stderr]    Compiling smallvec v1.13.1
[INFO] [stderr]    Compiling pin-project-lite v0.2.13
[INFO] [stderr]    Compiling crossbeam-utils v0.8.19
[INFO] [stderr]    Compiling futures-core v0.3.30
[INFO] [stderr]    Compiling syn v1.0.109
[INFO] [stderr]    Compiling memoffset v0.6.5
[INFO] [stderr]    Compiling libloading v0.8.1
[INFO] [stderr]    Compiling parking v2.2.0
[INFO] [stderr]    Compiling lazy_static v1.4.0
[INFO] [stderr]    Compiling memchr v2.7.1
[INFO] [stderr]    Compiling typenum v1.17.0
[INFO] [stderr]    Compiling hashbrown v0.14.3
[INFO] [stderr]    Compiling dlib v0.5.2
[INFO] [stderr]    Compiling equivalent v1.0.1
[INFO] [stderr]    Compiling memoffset v0.7.1
[INFO] [stderr]    Compiling simd-adler32 v0.3.7
[INFO] [stderr]    Compiling serde v1.0.196
[INFO] [stderr]    Compiling thiserror v1.0.56
[INFO] [stderr]    Compiling ttf-parser v0.20.0
[INFO] [stderr]    Compiling khronos_api v3.1.0
[INFO] [stderr]    Compiling futures-io v0.3.30
[INFO] [stderr]    Compiling generic-array v0.14.7
[INFO] [stderr]    Compiling toml_datetime v0.6.5
[INFO] [stderr]    Compiling cfg_aliases v0.1.1
[INFO] [stderr]    Compiling crc32fast v1.3.2
[INFO] [stderr]    Compiling winnow v0.5.39
[INFO] [stderr]    Compiling slotmap v1.0.7
[INFO] [stderr]    Compiling slab v0.4.9
[INFO] [stderr]    Compiling downcast-rs v1.2.0
[INFO] [stderr]    Compiling event-listener v2.5.3
[INFO] [stderr]    Compiling scoped-tls v1.0.1
[INFO] [stderr]    Compiling concurrent-queue v2.4.0
[INFO] [stderr]    Compiling ab_glyph_rasterizer v0.1.8
[INFO] [stderr]    Compiling adler v1.0.2
[INFO] [stderr]    Compiling wayland-sys v0.29.5
[INFO] [stderr]    Compiling quote v1.0.35
[INFO] [stderr]    Compiling miniz_oxide v0.7.2
[INFO] [stderr]    Compiling event-listener v4.0.3
[INFO] [stderr]    Compiling lock_api v0.4.11
[INFO] [stderr]    Compiling indexmap v2.2.2
[INFO] [stderr]    Compiling syn v2.0.48
[INFO] [stderr]    Compiling wayland-scanner v0.29.5
[INFO] [stderr]    Compiling event-listener-strategy v0.4.0
[INFO] [stderr]    Compiling parking_lot_core v0.9.9
[INFO] [stderr]    Compiling io-lifetimes v1.0.11
[INFO] [stderr]    Compiling fastrand v2.0.1
[INFO] [stderr]    Compiling async-lock v3.3.0
[INFO] [stderr]    Compiling flate2 v1.0.28
[INFO] [stderr]    Compiling gl_generator v0.14.0
[INFO] [stderr]    Compiling aho-corasick v1.1.2
[INFO] [stderr]    Compiling smithay-client-toolkit v0.16.1
[INFO] [stderr]    Compiling x11-dl v2.21.0
[INFO] [stderr]    Compiling fdeflate v0.3.4
[INFO] [stderr]    Compiling tracing-core v0.1.32
[INFO] [stderr]    Compiling futures-lite v2.2.0
[INFO] [stderr]    Compiling polling v2.8.0
[INFO] [stderr]    Compiling nix v0.24.3
[INFO] [stderr]    Compiling nix v0.25.1
[INFO] [stderr]    Compiling getrandom v0.2.12
[INFO] [stderr]    Compiling nix v0.26.4
[INFO] [stderr]    Compiling fastrand v1.9.0
[INFO] [stderr]    Compiling xcursor v0.3.5
[INFO] [stderr]    Compiling regex-syntax v0.8.2
[INFO] [stderr]    Compiling atomic-waker v1.1.2
[INFO] [stderr]    Compiling async-task v4.7.0
[INFO] [stderr]    Compiling byteorder v1.5.0
[INFO] [stderr]    Compiling waker-fn v1.1.1
[INFO] [stderr]    Compiling vec_map v0.8.2
[INFO] [stderr]    Compiling wayland-client v0.29.5
[INFO] [stderr]    Compiling wayland-protocols v0.29.5
[INFO] [stderr]    Compiling rustix v0.37.27
[INFO] [stderr]    Compiling futures-lite v1.13.0
[INFO] [stderr]    Compiling piper v0.2.1
[INFO] [stderr]    Compiling rand_core v0.6.4
[INFO] [stderr]    Compiling block-buffer v0.10.4
[INFO] [stderr]    Compiling owned_ttf_parser v0.20.0
[INFO] [stderr]    Compiling toml_edit v0.19.15
[INFO] [stderr]    Compiling crypto-common v0.1.6
[INFO] [stderr]    Compiling ab_glyph v0.2.23
[INFO] [stderr]    Compiling png v0.17.11
[INFO] [stderr]    Compiling memmap2 v0.5.10
[INFO] [stderr]    Compiling async-channel v2.1.1
[INFO] [stderr]    Compiling async-lock v2.8.0
[INFO] [stderr]    Compiling wayland-commons v0.29.5
[INFO] [stderr]    Compiling ahash v0.8.7
[INFO] [stderr]    Compiling async-fs v1.6.0
[INFO] [stderr]    Compiling async-io v1.13.0
[INFO] [stderr]    Compiling strict-num v0.1.1
[INFO] [stderr]    Compiling percent-encoding v2.3.1
[INFO] [stderr]    Compiling static_assertions v1.1.0
[INFO] [stderr]    Compiling arrayref v0.3.7
[INFO] [stderr]    Compiling accesskit v0.11.2
[INFO] [stderr]    Compiling linux-raw-sys v0.3.8
[INFO] [stderr]    Compiling async-trait v0.1.77
[INFO] [stderr]    Compiling rand_chacha v0.3.1
[INFO] [stderr]    Compiling parking_lot v0.12.1
[INFO] [stderr]    Compiling digest v0.10.7
[INFO] [stderr]    Compiling regex-automata v0.4.5
[INFO] [stderr]    Compiling socket2 v0.4.10
[INFO] [stderr]    Compiling futures-task v0.3.30
[INFO] [stderr]    Compiling arrayvec v0.7.4
[INFO] [stderr]    Compiling futures-sink v0.3.30
[INFO] [stderr]    Compiling pin-utils v0.1.0
[INFO] [stderr]    Compiling tinyvec_macros v0.1.1
[INFO] [stderr]    Compiling cpufeatures v0.2.12
[INFO] [stderr]    Compiling zerocopy v0.7.32
[INFO] [stderr]    Compiling tinyvec v1.6.0
[INFO] [stderr]    Compiling sha1 v0.10.6
[INFO] [stderr]    Compiling futures-util v0.3.30
[INFO] [stderr]    Compiling rand v0.8.5
[INFO] [stderr]    Compiling proc-macro-crate v1.3.1
[INFO] [stderr]    Compiling async-executor v1.8.0
[INFO] [stderr]    Compiling zvariant_utils v1.0.1
[INFO] [stderr]    Compiling winit v0.28.7
[INFO] [stderr]    Compiling xdg-home v1.1.0
[INFO] [stderr]    Compiling async-broadcast v0.5.1
[INFO] [stderr]    Compiling ordered-stream v0.2.0
[INFO] [stderr]    Compiling hex v0.4.3
[INFO] [stderr]    Compiling nohash-hasher v0.2.0
[INFO] [stderr]    Compiling raw-window-handle v0.5.2
[INFO] [stderr]    Compiling unicode-normalization v0.1.22
[INFO] [stderr]    Compiling glutin_egl_sys v0.5.1
[INFO] [stderr]    Compiling glutin_glx_sys v0.4.0
[INFO] [stderr]    Compiling mio v0.8.10
[INFO] [stderr]    Compiling wayland-sys v0.30.1
[INFO] [stderr]    Compiling instant v0.1.12
[INFO] [stderr]    Compiling unicode-bidi v0.3.15
[INFO] [stderr]    Compiling x11rb v0.12.0
[INFO] [stderr]    Compiling accesskit_consumer v0.15.2
[INFO] [stderr]    Compiling form_urlencoded v1.2.1
[INFO] [stderr]    Compiling wayland-cursor v0.29.5
[INFO] [stderr]    Compiling x11rb-protocol v0.12.0
[INFO] [stderr]    Compiling gethostname v0.3.0
[INFO] [stderr]    Compiling idna v0.5.0
[INFO] [stderr]    Compiling async-channel v1.9.0
[INFO] [stderr]    Compiling glutin v0.30.10
[INFO] [stderr]    Compiling num-traits v0.2.17
[INFO] [stderr]    Compiling rustix v0.38.31
[INFO] [stderr]    Compiling url v2.5.0
[INFO] [stderr]    Compiling glutin-winit v0.3.0
[INFO] [stderr]    Compiling regex v1.10.3
[INFO] [stderr]    Compiling bytemuck_derive v1.5.0
[INFO] [stderr]    Compiling thiserror-impl v1.0.56
[INFO] [stderr]    Compiling serde_derive v1.0.196
[INFO] [stderr]    Compiling enumflags2_derive v0.7.8
[INFO] [stderr]    Compiling tracing-attributes v0.1.27
[INFO] [stderr]    Compiling zvariant_derive v3.15.0
[INFO] [stderr]    Compiling derivative v2.2.0
[INFO] [stderr]    Compiling serde_repr v0.1.18
[INFO] [stderr]    Compiling bytemuck v1.14.2
[INFO] [stderr]    Compiling async-recursion v1.0.5
[INFO] [stderr]    Compiling atspi-macros v0.2.0
[INFO] [stderr]    Compiling tiny-skia-path v0.8.4
[INFO] [stderr]    Compiling emath v0.23.0
[INFO] [stderr]    Compiling ecolor v0.23.0
[INFO] [stderr]    Compiling calloop v0.10.6
[INFO] [stderr]    Compiling epaint v0.23.0
[INFO] [stderr]    Compiling libloading v0.7.4
[INFO] [stderr]    Compiling tiny-skia v0.8.4
[INFO] [stderr]    Compiling home v0.5.9
[INFO] [stderr]    Compiling linux-raw-sys v0.4.13
[INFO] [stderr]    Compiling zbus_macros v3.15.0
[INFO] [stderr]    Compiling bitflags v2.4.2
[INFO] [stderr]    Compiling tracing v0.1.40
[INFO] [stderr]    Compiling blocking v1.5.1
[INFO] [stderr]    Compiling webbrowser v0.8.12
[INFO] [stderr]    Compiling glow v0.12.3
[INFO] [stderr]    Compiling color_quant v1.1.0
[INFO] [stderr]    Compiling egui v0.23.0
[INFO] [stderr]    Compiling serde_json v1.0.113
[INFO] [stderr]    Compiling web-time v0.2.4
[INFO] [stderr]    Compiling image v0.24.8
[INFO] [stderr]    Compiling is-terminal v0.4.10
[INFO] [stderr]    Compiling ryu v1.0.16
[INFO] [stderr]    Compiling itoa v1.0.10
[INFO] [stderr]    Compiling termcolor v1.4.1
[INFO] [stderr]    Compiling humantime v2.1.0
[INFO] [stderr]    Compiling egui_glow v0.23.0
[INFO] [stderr]    Compiling egui_plot v0.23.0
[INFO] [stderr]    Compiling arboard v3.3.0
[INFO] [stderr]    Compiling env_logger v0.10.2
[INFO] [stderr]    Compiling enumflags2 v0.7.8
[INFO] [stderr]    Compiling zvariant v3.15.0
[INFO] [stderr]    Compiling zbus_names v2.6.0
[INFO] [stderr]    Compiling zbus v3.15.0
[INFO] [stderr]    Compiling atspi v0.10.1
[INFO] [stderr]    Compiling accesskit_unix v0.5.2
[INFO] [stderr]    Compiling sctk-adwaita v0.5.4
[INFO] [stderr]    Compiling smithay-clipboard v0.6.6
[INFO] [stderr]    Compiling accesskit_winit v0.14.4
[INFO] [stderr]    Compiling egui-winit v0.23.0
[INFO] [stderr]    Compiling eframe v0.23.0
[INFO] [stderr]    Compiling rust_ml_toolkit v0.1.0 (/opt/rustwide/workdir)
[INFO] [stdout] warning: unused variable: `snd_res`
[INFO] [stdout]    --> src/adapter/learner.rs:115:13
[INFO] [stdout]     |
[INFO] [stdout] 115 |         let snd_res = snd.send(W2g {
[INFO] [stdout]     |             ^^^^^^^ help: if this is intentional, prefix it with an underscore: `_snd_res`
[INFO] [stdout]     |
[INFO] [stdout]     = note: `#[warn(unused_variables)]` on by default
[INFO] [stdout] 
[INFO] [stdout] 
[INFO] [stdout] warning: unused variable: `ridx`
[INFO] [stdout]    --> src/core/matrix/matrix.rs:112:14
[INFO] [stdout]     |
[INFO] [stdout] 112 |         for (ridx, row) in self.el.iter_mut().enumerate() {
[INFO] [stdout]     |              ^^^^ help: if this is intentional, prefix it with an underscore: `_ridx`
[INFO] [stdout] 
[INFO] [stdout] 
[INFO] [stdout] warning: unused variable: `cidx`
[INFO] [stdout]    --> src/core/matrix/matrix.rs:113:18
[INFO] [stdout]     |
[INFO] [stdout] 113 |             for (cidx, col) in row.iter_mut().enumerate() {
[INFO] [stdout]     |                  ^^^^ help: if this is intentional, prefix it with an underscore: `_cidx`
[INFO] [stdout] 
[INFO] [stdout] 
[INFO] [stdout] warning: unused variable: `ridx`
[INFO] [stdout]    --> src/core/matrix/matrix.rs:120:14
[INFO] [stdout]     |
[INFO] [stdout] 120 |         for (ridx, row) in self.el.iter_mut().enumerate() {
[INFO] [stdout]     |              ^^^^ help: if this is intentional, prefix it with an underscore: `_ridx`
[INFO] [stdout] 
[INFO] [stdout] 
[INFO] [stdout] warning: unused variable: `cidx`
[INFO] [stdout]    --> src/core/matrix/matrix.rs:121:18
[INFO] [stdout]     |
[INFO] [stdout] 121 |             for (cidx, col) in row.iter_mut().enumerate() {
[INFO] [stdout]     |                  ^^^^ help: if this is intentional, prefix it with an underscore: `_cidx`
[INFO] [stdout] 
[INFO] [stdout] 
[INFO] [stdout] warning: unused variable: `ui`
[INFO] [stdout]   --> src/manager/ui/controller/dataset.rs:47:9
[INFO] [stdout]    |
[INFO] [stdout] 47 |         ui: &mut Ui,
[INFO] [stdout]    |         ^^ help: if this is intentional, prefix it with an underscore: `_ui`
[INFO] [stdout] 
[INFO] [stdout] 
[INFO] [stdout] warning: unused variable: `ui`
[INFO] [stdout]   --> src/manager/ui/controller/model.rs:35:9
[INFO] [stdout]    |
[INFO] [stdout] 35 |         ui: &mut Ui,
[INFO] [stdout]    |         ^^ help: if this is intentional, prefix it with an underscore: `_ui`
[INFO] [stdout] 
[INFO] [stdout] 
[INFO] [stdout] warning: unused variable: `ui`
[INFO] [stdout]   --> src/manager/ui/controller/session.rs:35:9
[INFO] [stdout]    |
[INFO] [stdout] 35 |         ui: &mut Ui,
[INFO] [stdout]    |         ^^ help: if this is intentional, prefix it with an underscore: `_ui`
[INFO] [stdout] 
[INFO] [stdout] 
[INFO] [stdout] warning: unreachable pattern
[INFO] [stdout]   --> src/manager/ui/controller/session.rs:64:25
[INFO] [stdout]    |
[INFO] [stdout] 64 |                         _ => {}
[INFO] [stdout]    |                         ^ no value can reach this
[INFO] [stdout]    |
[INFO] [stdout] note: multiple earlier patterns match some of the same values
[INFO] [stdout]   --> src/manager/ui/controller/session.rs:64:25
[INFO] [stdout]    |
[INFO] [stdout] 58 |                         SessionMenu::Load => {
[INFO] [stdout]    |                         ----------------- matches some of the same values
[INFO] [stdout] ...
[INFO] [stdout] 61 |                         SessionMenu::Save => {
[INFO] [stdout]    |                         ----------------- matches some of the same values
[INFO] [stdout] ...
[INFO] [stdout] 64 |                         _ => {}
[INFO] [stdout]    |                         ^ collectively making this unreachable
[INFO] [stdout]    = note: `#[warn(unreachable_patterns)]` on by default
[INFO] [stdout] 
[INFO] [stdout] 
[INFO] [stdout] warning: unused variable: `ui`
[INFO] [stdout]   --> src/manager/ui/viewer/costs.rs:34:57
[INFO] [stdout]    |
[INFO] [stdout] 34 |     pub fn view(&mut self, ctx: &eframe::egui::Context, ui: &mut Ui, context: &mut Context) {
[INFO] [stdout]    |                                                         ^^ help: if this is intentional, prefix it with an underscore: `_ui`
[INFO] [stdout] 
[INFO] [stdout] 
[INFO] [stdout] warning: unused variable: `ui`
[INFO] [stdout]   --> src/manager/ui/viewer/nodes.rs:19:57
[INFO] [stdout]    |
[INFO] [stdout] 19 |     pub fn view(&mut self, ctx: &eframe::egui::Context, ui: &mut Ui, context: &mut Context) {
[INFO] [stdout]    |                                                         ^^ help: if this is intentional, prefix it with an underscore: `_ui`
[INFO] [stdout] 
[INFO] [stdout] 
[INFO] [stdout] warning: unused variable: `level`
[INFO] [stdout]   --> src/manager/ui/viewer/nodes.rs:31:13
[INFO] [stdout]    |
[INFO] [stdout] 31 |             level,
[INFO] [stdout]    |             ^^^^^ help: try ignoring the field: `level: _`
[INFO] [stdout] 
[INFO] [stdout] 
[INFO] [stdout] warning: unused variable: `bias`
[INFO] [stdout]   --> src/manager/ui/viewer/nodes.rs:32:13
[INFO] [stdout]    |
[INFO] [stdout] 32 |             bias,
[INFO] [stdout]    |             ^^^^ help: try ignoring the field: `bias: _`
[INFO] [stdout] 
[INFO] [stdout] 
[INFO] [stdout] warning: unused variable: `level`
[INFO] [stdout]   --> src/manager/ui/viewer/nodes.rs:46:13
[INFO] [stdout]    |
[INFO] [stdout] 46 |             level,
[INFO] [stdout]    |             ^^^^^ help: try ignoring the field: `level: _`
[INFO] [stdout] 
[INFO] [stdout] 
[INFO] [stdout] warning: unused variable: `node_idx`
[INFO] [stdout]   --> src/manager/ui/viewer/nodes.rs:69:14
[INFO] [stdout]    |
[INFO] [stdout] 69 |         for (node_idx, node_connections) in connections.iter().enumerate() {
[INFO] [stdout]    |              ^^^^^^^^ help: if this is intentional, prefix it with an underscore: `_node_idx`
[INFO] [stdout] 
[INFO] [stdout] 
[INFO] [stdout] warning: variant `Load` is never constructed
[INFO] [stdout]   --> src/manager/ui/controller/model.rs:10:5
[INFO] [stdout]    |
[INFO] [stdout] 8  | enum ModelMenu {
[INFO] [stdout]    |      --------- variant in this enum
[INFO] [stdout] 9  |     Create,
[INFO] [stdout] 10 |     Load,
[INFO] [stdout]    |     ^^^^
[INFO] [stdout]    |
[INFO] [stdout]    = note: `#[warn(dead_code)]` on by default
[INFO] [stdout] 
[INFO] [stdout] 
[INFO] [stderr]     Finished `dev` profile [unoptimized + debuginfo] target(s) in 1m 05s
[INFO] running `Command { std: "docker" "inspect" "22cac648cad6dd03b93c71cdce283ae8b51c2b466199a5e1c341eca7af389523", kill_on_drop: false }`
[INFO] running `Command { std: "docker" "rm" "-f" "22cac648cad6dd03b93c71cdce283ae8b51c2b466199a5e1c341eca7af389523", kill_on_drop: false }`
[INFO] [stdout] 22cac648cad6dd03b93c71cdce283ae8b51c2b466199a5e1c341eca7af389523
[INFO] running `Command { std: "docker" "create" "-v" "/var/lib/crater-agent-workspace/builds/worker-6-tc2/target:/opt/rustwide/target:rw,Z" "-v" "/var/lib/crater-agent-workspace/builds/worker-6-tc2/source:/opt/rustwide/workdir:ro,Z" "-v" "/var/lib/crater-agent-workspace/cargo-home:/opt/rustwide/cargo-home:ro,Z" "-v" "/var/lib/crater-agent-workspace/rustup-home:/opt/rustwide/rustup-home:ro,Z" "-e" "SOURCE_DIR=/opt/rustwide/workdir" "-e" "CARGO_TARGET_DIR=/opt/rustwide/target" "-e" "CARGO_INCREMENTAL=0" "-e" "RUST_BACKTRACE=full" "-e" "RUSTFLAGS=--cap-lints=forbid -Zrandomize-layout" "-e" "RUSTDOCFLAGS=--cap-lints=forbid" "-e" "CARGO_HOME=/opt/rustwide/cargo-home" "-e" "RUSTUP_HOME=/opt/rustwide/rustup-home" "-w" "/opt/rustwide/workdir" "-m" "1610612736" "--user" "0:0" "--network" "none" "ghcr.io/rust-lang/crates-build-env/linux@sha256:4a844ea9eb2546a2d2c7022eacef16ef2e8229c7fbb2c7d4d55a9ceca922f72d" "/opt/rustwide/cargo-home/bin/cargo" "+nightly-2024-10-28" "test" "--frozen" "--no-run" "--message-format=json", kill_on_drop: false }`
[INFO] [stdout] 1313c141b0b068b9056e23a276da783abb4e9f6501a754be870bd332407725da
[INFO] running `Command { std: "docker" "start" "-a" "1313c141b0b068b9056e23a276da783abb4e9f6501a754be870bd332407725da", kill_on_drop: false }`
[INFO] [stdout] warning: unused variable: `snd_res`
[INFO] [stdout]    --> src/adapter/learner.rs:115:13
[INFO] [stdout]     |
[INFO] [stdout] 115 |         let snd_res = snd.send(W2g {
[INFO] [stdout]     |             ^^^^^^^ help: if this is intentional, prefix it with an underscore: `_snd_res`
[INFO] [stdout]     |
[INFO] [stdout]     = note: `#[warn(unused_variables)]` on by default
[INFO] [stdout] 
[INFO] [stdout] 
[INFO] [stdout] warning: unused variable: `ridx`
[INFO] [stdout]    --> src/core/matrix/matrix.rs:112:14
[INFO] [stdout]     |
[INFO] [stdout] 112 |         for (ridx, row) in self.el.iter_mut().enumerate() {
[INFO] [stdout]     |              ^^^^ help: if this is intentional, prefix it with an underscore: `_ridx`
[INFO] [stdout] 
[INFO] [stdout] 
[INFO] [stdout] warning: unused variable: `cidx`
[INFO] [stdout]    --> src/core/matrix/matrix.rs:113:18
[INFO] [stdout]     |
[INFO] [stdout] 113 |             for (cidx, col) in row.iter_mut().enumerate() {
[INFO] [stdout]     |                  ^^^^ help: if this is intentional, prefix it with an underscore: `_cidx`
[INFO] [stdout] 
[INFO] [stdout] 
[INFO] [stdout] warning: unused variable: `ridx`
[INFO] [stdout]    --> src/core/matrix/matrix.rs:120:14
[INFO] [stdout]     |
[INFO] [stdout] 120 |         for (ridx, row) in self.el.iter_mut().enumerate() {
[INFO] [stdout]     |              ^^^^ help: if this is intentional, prefix it with an underscore: `_ridx`
[INFO] [stdout] 
[INFO] [stdout] 
[INFO] [stdout] warning: unused variable: `cidx`
[INFO] [stdout]    --> src/core/matrix/matrix.rs:121:18
[INFO] [stdout]     |
[INFO] [stdout] 121 |             for (cidx, col) in row.iter_mut().enumerate() {
[INFO] [stdout]     |                  ^^^^ help: if this is intentional, prefix it with an underscore: `_cidx`
[INFO] [stdout] 
[INFO] [stdout] 
[INFO] [stdout] warning: unused variable: `ui`
[INFO] [stdout]   --> src/manager/ui/controller/dataset.rs:47:9
[INFO] [stdout]    |
[INFO] [stdout] 47 |         ui: &mut Ui,
[INFO] [stdout]    |         ^^ help: if this is intentional, prefix it with an underscore: `_ui`
[INFO] [stdout] 
[INFO] [stdout] 
[INFO] [stdout] warning: unused variable: `ui`
[INFO] [stdout]   --> src/manager/ui/controller/model.rs:35:9
[INFO] [stdout]    |
[INFO] [stdout] 35 |         ui: &mut Ui,
[INFO] [stdout]    |         ^^ help: if this is intentional, prefix it with an underscore: `_ui`
[INFO] [stdout] 
[INFO] [stdout] 
[INFO] [stdout] warning: unused variable: `ui`
[INFO] [stdout]   --> src/manager/ui/controller/session.rs:35:9
[INFO] [stdout]    |
[INFO] [stdout] 35 |         ui: &mut Ui,
[INFO] [stdout]    |         ^^ help: if this is intentional, prefix it with an underscore: `_ui`
[INFO] [stdout] 
[INFO] [stdout] 
[INFO] [stdout] warning: unreachable pattern
[INFO] [stdout]   --> src/manager/ui/controller/session.rs:64:25
[INFO] [stdout]    |
[INFO] [stdout] 64 |                         _ => {}
[INFO] [stdout]    |                         ^ no value can reach this
[INFO] [stdout]    |
[INFO] [stdout] note: multiple earlier patterns match some of the same values
[INFO] [stdout]   --> src/manager/ui/controller/session.rs:64:25
[INFO] [stdout]    |
[INFO] [stdout] 58 |                         SessionMenu::Load => {
[INFO] [stdout]    |                         ----------------- matches some of the same values
[INFO] [stdout] ...
[INFO] [stdout] 61 |                         SessionMenu::Save => {
[INFO] [stdout]    |                         ----------------- matches some of the same values
[INFO] [stdout] ...
[INFO] [stdout] 64 |                         _ => {}
[INFO] [stdout]    |                         ^ collectively making this unreachable
[INFO] [stdout]    = note: `#[warn(unreachable_patterns)]` on by default
[INFO] [stdout] 
[INFO] [stdout] 
[INFO] [stdout] warning: unused variable: `ui`
[INFO] [stdout]   --> src/manager/ui/viewer/costs.rs:34:57
[INFO] [stdout]    |
[INFO] [stdout] 34 |     pub fn view(&mut self, ctx: &eframe::egui::Context, ui: &mut Ui, context: &mut Context) {
[INFO] [stdout]    |                                                         ^^ help: if this is intentional, prefix it with an underscore: `_ui`
[INFO] [stdout] 
[INFO] [stdout] 
[INFO] [stdout] warning: unused variable: `ui`
[INFO] [stdout]   --> src/manager/ui/viewer/nodes.rs:19:57
[INFO] [stdout]    |
[INFO] [stdout] 19 |     pub fn view(&mut self, ctx: &eframe::egui::Context, ui: &mut Ui, context: &mut Context) {
[INFO] [stdout]    |                                                         ^^ help: if this is intentional, prefix it with an underscore: `_ui`
[INFO] [stdout] 
[INFO] [stdout] 
[INFO] [stdout] warning: unused variable: `level`
[INFO] [stdout]   --> src/manager/ui/viewer/nodes.rs:31:13
[INFO] [stdout]    |
[INFO] [stdout] 31 |             level,
[INFO] [stdout]    |             ^^^^^ help: try ignoring the field: `level: _`
[INFO] [stdout] 
[INFO] [stdout] 
[INFO] [stdout] warning: unused variable: `bias`
[INFO] [stdout]   --> src/manager/ui/viewer/nodes.rs:32:13
[INFO] [stdout]    |
[INFO] [stdout] 32 |             bias,
[INFO] [stdout]    |             ^^^^ help: try ignoring the field: `bias: _`
[INFO] [stdout] 
[INFO] [stdout] 
[INFO] [stdout] warning: unused variable: `level`
[INFO] [stdout]   --> src/manager/ui/viewer/nodes.rs:46:13
[INFO] [stdout]    |
[INFO] [stdout] 46 |             level,
[INFO] [stdout]    |             ^^^^^ help: try ignoring the field: `level: _`
[INFO] [stdout] 
[INFO] [stdout] 
[INFO] [stdout] warning: unused variable: `node_idx`
[INFO] [stdout]   --> src/manager/ui/viewer/nodes.rs:69:14
[INFO] [stdout]    |
[INFO] [stdout] 69 |         for (node_idx, node_connections) in connections.iter().enumerate() {
[INFO] [stdout]    |              ^^^^^^^^ help: if this is intentional, prefix it with an underscore: `_node_idx`
[INFO] [stdout] 
[INFO] [stdout] 
[INFO] [stdout] warning: variant `Load` is never constructed
[INFO] [stdout]   --> src/manager/ui/controller/model.rs:10:5
[INFO] [stdout]    |
[INFO] [stdout] 8  | enum ModelMenu {
[INFO] [stdout]    |      --------- variant in this enum
[INFO] [stdout] 9  |     Create,
[INFO] [stdout] 10 |     Load,
[INFO] [stdout]    |     ^^^^
[INFO] [stdout]    |
[INFO] [stdout]    = note: `#[warn(dead_code)]` on by default
[INFO] [stdout] 
[INFO] [stdout] 
[INFO] [stderr]    Compiling rust_ml_toolkit v0.1.0 (/opt/rustwide/workdir)
[INFO] [stdout] warning: unused variable: `snd_res`
[INFO] [stdout]    --> src/adapter/learner.rs:115:13
[INFO] [stdout]     |
[INFO] [stdout] 115 |         let snd_res = snd.send(W2g {
[INFO] [stdout]     |             ^^^^^^^ help: if this is intentional, prefix it with an underscore: `_snd_res`
[INFO] [stdout]     |
[INFO] [stdout]     = note: `#[warn(unused_variables)]` on by default
[INFO] [stdout] 
[INFO] [stdout] 
[INFO] [stdout] warning: unused variable: `ridx`
[INFO] [stdout]    --> src/core/matrix/matrix.rs:112:14
[INFO] [stdout]     |
[INFO] [stdout] 112 |         for (ridx, row) in self.el.iter_mut().enumerate() {
[INFO] [stdout]     |              ^^^^ help: if this is intentional, prefix it with an underscore: `_ridx`
[INFO] [stdout] 
[INFO] [stdout] 
[INFO] [stdout] warning: unused variable: `cidx`
[INFO] [stdout]    --> src/core/matrix/matrix.rs:113:18
[INFO] [stdout]     |
[INFO] [stdout] 113 |             for (cidx, col) in row.iter_mut().enumerate() {
[INFO] [stdout]     |                  ^^^^ help: if this is intentional, prefix it with an underscore: `_cidx`
[INFO] [stdout] 
[INFO] [stdout] 
[INFO] [stdout] warning: unused variable: `ridx`
[INFO] [stdout]    --> src/core/matrix/matrix.rs:120:14
[INFO] [stdout]     |
[INFO] [stdout] 120 |         for (ridx, row) in self.el.iter_mut().enumerate() {
[INFO] [stdout]     |              ^^^^ help: if this is intentional, prefix it with an underscore: `_ridx`
[INFO] [stdout] 
[INFO] [stdout] 
[INFO] [stdout] warning: unused variable: `cidx`
[INFO] [stdout]    --> src/core/matrix/matrix.rs:121:18
[INFO] [stdout]     |
[INFO] [stdout] 121 |             for (cidx, col) in row.iter_mut().enumerate() {
[INFO] [stdout]     |                  ^^^^ help: if this is intentional, prefix it with an underscore: `_cidx`
[INFO] [stdout] 
[INFO] [stdout] 
[INFO] [stdout] warning: unused variable: `ui`
[INFO] [stdout]   --> src/manager/ui/controller/dataset.rs:47:9
[INFO] [stdout]    |
[INFO] [stdout] 47 |         ui: &mut Ui,
[INFO] [stdout]    |         ^^ help: if this is intentional, prefix it with an underscore: `_ui`
[INFO] [stdout] 
[INFO] [stdout] 
[INFO] [stdout] warning: unused variable: `ui`
[INFO] [stdout]   --> src/manager/ui/controller/model.rs:35:9
[INFO] [stdout]    |
[INFO] [stdout] 35 |         ui: &mut Ui,
[INFO] [stdout]    |         ^^ help: if this is intentional, prefix it with an underscore: `_ui`
[INFO] [stdout] 
[INFO] [stdout] 
[INFO] [stdout] warning: unused variable: `ui`
[INFO] [stdout]   --> src/manager/ui/controller/session.rs:35:9
[INFO] [stdout]    |
[INFO] [stdout] 35 |         ui: &mut Ui,
[INFO] [stdout]    |         ^^ help: if this is intentional, prefix it with an underscore: `_ui`
[INFO] [stdout] 
[INFO] [stdout] 
[INFO] [stdout] warning: unreachable pattern
[INFO] [stdout]   --> src/manager/ui/controller/session.rs:64:25
[INFO] [stdout]    |
[INFO] [stdout] 64 |                         _ => {}
[INFO] [stdout]    |                         ^ no value can reach this
[INFO] [stdout]    |
[INFO] [stdout] note: multiple earlier patterns match some of the same values
[INFO] [stdout]   --> src/manager/ui/controller/session.rs:64:25
[INFO] [stdout]    |
[INFO] [stdout] 58 |                         SessionMenu::Load => {
[INFO] [stdout]    |                         ----------------- matches some of the same values
[INFO] [stdout] ...
[INFO] [stdout] 61 |                         SessionMenu::Save => {
[INFO] [stdout]    |                         ----------------- matches some of the same values
[INFO] [stdout] ...
[INFO] [stdout] 64 |                         _ => {}
[INFO] [stdout]    |                         ^ collectively making this unreachable
[INFO] [stdout]    = note: `#[warn(unreachable_patterns)]` on by default
[INFO] [stdout] 
[INFO] [stdout] 
[INFO] [stdout] warning: unused variable: `ui`
[INFO] [stdout]   --> src/manager/ui/viewer/costs.rs:34:57
[INFO] [stdout]    |
[INFO] [stdout] 34 |     pub fn view(&mut self, ctx: &eframe::egui::Context, ui: &mut Ui, context: &mut Context) {
[INFO] [stdout]    |                                                         ^^ help: if this is intentional, prefix it with an underscore: `_ui`
[INFO] [stdout] 
[INFO] [stdout] 
[INFO] [stdout] warning: unused variable: `ui`
[INFO] [stdout]   --> src/manager/ui/viewer/nodes.rs:19:57
[INFO] [stdout]    |
[INFO] [stdout] 19 |     pub fn view(&mut self, ctx: &eframe::egui::Context, ui: &mut Ui, context: &mut Context) {
[INFO] [stdout]    |                                                         ^^ help: if this is intentional, prefix it with an underscore: `_ui`
[INFO] [stdout] 
[INFO] [stdout] 
[INFO] [stdout] warning: unused variable: `level`
[INFO] [stdout]   --> src/manager/ui/viewer/nodes.rs:31:13
[INFO] [stdout]    |
[INFO] [stdout] 31 |             level,
[INFO] [stdout]    |             ^^^^^ help: try ignoring the field: `level: _`
[INFO] [stdout] 
[INFO] [stdout] 
[INFO] [stdout] warning: unused variable: `bias`
[INFO] [stdout]   --> src/manager/ui/viewer/nodes.rs:32:13
[INFO] [stdout]    |
[INFO] [stdout] 32 |             bias,
[INFO] [stdout]    |             ^^^^ help: try ignoring the field: `bias: _`
[INFO] [stdout] 
[INFO] [stdout] 
[INFO] [stdout] warning: unused variable: `level`
[INFO] [stdout]   --> src/manager/ui/viewer/nodes.rs:46:13
[INFO] [stdout]    |
[INFO] [stdout] 46 |             level,
[INFO] [stdout]    |             ^^^^^ help: try ignoring the field: `level: _`
[INFO] [stdout] 
[INFO] [stdout] 
[INFO] [stdout] warning: unused variable: `node_idx`
[INFO] [stdout]   --> src/manager/ui/viewer/nodes.rs:69:14
[INFO] [stdout]    |
[INFO] [stdout] 69 |         for (node_idx, node_connections) in connections.iter().enumerate() {
[INFO] [stdout]    |              ^^^^^^^^ help: if this is intentional, prefix it with an underscore: `_node_idx`
[INFO] [stdout] 
[INFO] [stdout] 
[INFO] [stdout] warning: variant `Load` is never constructed
[INFO] [stdout]   --> src/manager/ui/controller/model.rs:10:5
[INFO] [stdout]    |
[INFO] [stdout] 8  | enum ModelMenu {
[INFO] [stdout]    |      --------- variant in this enum
[INFO] [stdout] 9  |     Create,
[INFO] [stdout] 10 |     Load,
[INFO] [stdout]    |     ^^^^
[INFO] [stdout]    |
[INFO] [stdout]    = note: `#[warn(dead_code)]` on by default
[INFO] [stdout] 
[INFO] [stdout] 
[INFO] [stderr]     Finished `test` profile [unoptimized + debuginfo] target(s) in 2.17s
[INFO] running `Command { std: "docker" "inspect" "1313c141b0b068b9056e23a276da783abb4e9f6501a754be870bd332407725da", kill_on_drop: false }`
[INFO] running `Command { std: "docker" "rm" "-f" "1313c141b0b068b9056e23a276da783abb4e9f6501a754be870bd332407725da", kill_on_drop: false }`
[INFO] [stdout] 1313c141b0b068b9056e23a276da783abb4e9f6501a754be870bd332407725da
[INFO] running `Command { std: "docker" "create" "-v" "/var/lib/crater-agent-workspace/builds/worker-6-tc2/target:/opt/rustwide/target:rw,Z" "-v" "/var/lib/crater-agent-workspace/builds/worker-6-tc2/source:/opt/rustwide/workdir:ro,Z" "-v" "/var/lib/crater-agent-workspace/cargo-home:/opt/rustwide/cargo-home:ro,Z" "-v" "/var/lib/crater-agent-workspace/rustup-home:/opt/rustwide/rustup-home:ro,Z" "-e" "SOURCE_DIR=/opt/rustwide/workdir" "-e" "CARGO_TARGET_DIR=/opt/rustwide/target" "-e" "CARGO_INCREMENTAL=0" "-e" "RUST_BACKTRACE=full" "-e" "RUSTFLAGS=--cap-lints=forbid -Zrandomize-layout" "-e" "RUSTDOCFLAGS=--cap-lints=forbid" "-e" "CARGO_HOME=/opt/rustwide/cargo-home" "-e" "RUSTUP_HOME=/opt/rustwide/rustup-home" "-w" "/opt/rustwide/workdir" "-m" "1610612736" "--user" "0:0" "--network" "none" "ghcr.io/rust-lang/crates-build-env/linux@sha256:4a844ea9eb2546a2d2c7022eacef16ef2e8229c7fbb2c7d4d55a9ceca922f72d" "/opt/rustwide/cargo-home/bin/cargo" "+nightly-2024-10-28" "test" "--frozen", kill_on_drop: false }`
[INFO] [stdout] 0ff64315bf75d61ef6fe4f4265fc80a6174a7482f77c85b461ad5a0bbd3f1680
[INFO] running `Command { std: "docker" "start" "-a" "0ff64315bf75d61ef6fe4f4265fc80a6174a7482f77c85b461ad5a0bbd3f1680", kill_on_drop: false }`
[INFO] [stderr] warning: unused variable: `snd_res`
[INFO] [stderr]    --> src/adapter/learner.rs:115:13
[INFO] [stderr]     |
[INFO] [stderr] 115 |         let snd_res = snd.send(W2g {
[INFO] [stderr]     |             ^^^^^^^ help: if this is intentional, prefix it with an underscore: `_snd_res`
[INFO] [stderr]     |
[INFO] [stderr]     = note: `#[warn(unused_variables)]` on by default
[INFO] [stderr] 
[INFO] [stderr] warning: unused variable: `ridx`
[INFO] [stderr]    --> src/core/matrix/matrix.rs:112:14
[INFO] [stderr]     |
[INFO] [stderr] 112 |         for (ridx, row) in self.el.iter_mut().enumerate() {
[INFO] [stderr]     |              ^^^^ help: if this is intentional, prefix it with an underscore: `_ridx`
[INFO] [stderr] 
[INFO] [stderr] warning: unused variable: `cidx`
[INFO] [stderr]    --> src/core/matrix/matrix.rs:113:18
[INFO] [stderr]     |
[INFO] [stderr] 113 |             for (cidx, col) in row.iter_mut().enumerate() {
[INFO] [stderr]     |                  ^^^^ help: if this is intentional, prefix it with an underscore: `_cidx`
[INFO] [stderr] 
[INFO] [stderr] warning: unused variable: `ridx`
[INFO] [stderr]    --> src/core/matrix/matrix.rs:120:14
[INFO] [stderr]     |
[INFO] [stderr] 120 |         for (ridx, row) in self.el.iter_mut().enumerate() {
[INFO] [stderr]     |              ^^^^ help: if this is intentional, prefix it with an underscore: `_ridx`
[INFO] [stderr] 
[INFO] [stderr] warning: unused variable: `cidx`
[INFO] [stderr]    --> src/core/matrix/matrix.rs:121:18
[INFO] [stderr]     |
[INFO] [stderr] 121 |             for (cidx, col) in row.iter_mut().enumerate() {
[INFO] [stderr]     |                  ^^^^ help: if this is intentional, prefix it with an underscore: `_cidx`
[INFO] [stderr] 
[INFO] [stderr] warning: unused variable: `ui`
[INFO] [stderr]   --> src/manager/ui/controller/dataset.rs:47:9
[INFO] [stderr]    |
[INFO] [stderr] 47 |         ui: &mut Ui,
[INFO] [stderr]    |         ^^ help: if this is intentional, prefix it with an underscore: `_ui`
[INFO] [stderr] 
[INFO] [stderr] warning: unused variable: `ui`
[INFO] [stderr]   --> src/manager/ui/controller/model.rs:35:9
[INFO] [stderr]    |
[INFO] [stderr] 35 |         ui: &mut Ui,
[INFO] [stderr]    |         ^^ help: if this is intentional, prefix it with an underscore: `_ui`
[INFO] [stderr] 
[INFO] [stderr] warning: unused variable: `ui`
[INFO] [stderr]   --> src/manager/ui/controller/session.rs:35:9
[INFO] [stderr]    |
[INFO] [stderr] 35 |         ui: &mut Ui,
[INFO] [stderr]    |         ^^ help: if this is intentional, prefix it with an underscore: `_ui`
[INFO] [stderr] 
[INFO] [stderr] warning: unreachable pattern
[INFO] [stderr]   --> src/manager/ui/controller/session.rs:64:25
[INFO] [stderr]    |
[INFO] [stderr] 64 |                         _ => {}
[INFO] [stderr]    |                         ^ no value can reach this
[INFO] [stderr]    |
[INFO] [stderr] note: multiple earlier patterns match some of the same values
[INFO] [stderr]   --> src/manager/ui/controller/session.rs:64:25
[INFO] [stderr]    |
[INFO] [stderr] 58 |                         SessionMenu::Load => {
[INFO] [stderr]    |                         ----------------- matches some of the same values
[INFO] [stderr] ...
[INFO] [stderr] 61 |                         SessionMenu::Save => {
[INFO] [stderr]    |                         ----------------- matches some of the same values
[INFO] [stderr] ...
[INFO] [stderr] 64 |                         _ => {}
[INFO] [stderr]    |                         ^ collectively making this unreachable
[INFO] [stderr]    = note: `#[warn(unreachable_patterns)]` on by default
[INFO] [stderr] 
[INFO] [stderr] warning: unused variable: `ui`
[INFO] [stderr]   --> src/manager/ui/viewer/costs.rs:34:57
[INFO] [stderr]    |
[INFO] [stderr] 34 |     pub fn view(&mut self, ctx: &eframe::egui::Context, ui: &mut Ui, context: &mut Context) {
[INFO] [stderr]    |                                                         ^^ help: if this is intentional, prefix it with an underscore: `_ui`
[INFO] [stderr] 
[INFO] [stderr] warning: unused variable: `ui`
[INFO] [stderr]   --> src/manager/ui/viewer/nodes.rs:19:57
[INFO] [stderr]    |
[INFO] [stderr] 19 |     pub fn view(&mut self, ctx: &eframe::egui::Context, ui: &mut Ui, context: &mut Context) {
[INFO] [stderr]    |                                                         ^^ help: if this is intentional, prefix it with an underscore: `_ui`
[INFO] [stderr] 
[INFO] [stderr] warning: unused variable: `level`
[INFO] [stderr]   --> src/manager/ui/viewer/nodes.rs:31:13
[INFO] [stderr]    |
[INFO] [stderr] 31 |             level,
[INFO] [stderr]    |             ^^^^^ help: try ignoring the field: `level: _`
[INFO] [stderr] 
[INFO] [stderr] warning: unused variable: `bias`
[INFO] [stderr]   --> src/manager/ui/viewer/nodes.rs:32:13
[INFO] [stderr]    |
[INFO] [stderr] 32 |             bias,
[INFO] [stderr]    |             ^^^^ help: try ignoring the field: `bias: _`
[INFO] [stderr] 
[INFO] [stderr] warning: unused variable: `level`
[INFO] [stderr]   --> src/manager/ui/viewer/nodes.rs:46:13
[INFO] [stderr]    |
[INFO] [stderr] 46 |             level,
[INFO] [stderr]    |             ^^^^^ help: try ignoring the field: `level: _`
[INFO] [stderr] 
[INFO] [stderr] warning: unused variable: `node_idx`
[INFO] [stderr]   --> src/manager/ui/viewer/nodes.rs:69:14
[INFO] [stderr]    |
[INFO] [stderr] 69 |         for (node_idx, node_connections) in connections.iter().enumerate() {
[INFO] [stderr]    |              ^^^^^^^^ help: if this is intentional, prefix it with an underscore: `_node_idx`
[INFO] [stderr] 
[INFO] [stderr] warning: variant `Load` is never constructed
[INFO] [stderr]   --> src/manager/ui/controller/model.rs:10:5
[INFO] [stderr]    |
[INFO] [stderr] 8  | enum ModelMenu {
[INFO] [stderr]    |      --------- variant in this enum
[INFO] [stderr] 9  |     Create,
[INFO] [stderr] 10 |     Load,
[INFO] [stderr]    |     ^^^^
[INFO] [stderr]    |
[INFO] [stderr]    = note: `#[warn(dead_code)]` on by default
[INFO] [stderr] 
[INFO] [stderr] warning: `rust_ml_toolkit` (lib) generated 16 warnings
[INFO] [stderr] warning: `rust_ml_toolkit` (lib test) generated 16 warnings (16 duplicates)
[INFO] [stderr]     Finished `test` profile [unoptimized + debuginfo] target(s) in 0.16s
[INFO] [stderr]      Running unittests src/lib.rs (/opt/rustwide/target/debug/deps/rust_ml_toolkit-94c52d4593254a70)
[INFO] [stdout] 
[INFO] [stdout] running 9 tests
[INFO] [stdout] test core::matrix::matrix::matrix_test_dot ... ok
[INFO] [stdout] test core::matrix::matrix::matrix_test_at ... ok
[INFO] [stdout] test core::matrix::matrix::matrix_test_new_len ... ok
[INFO] [stdout] test adapter::nodes::test_nodes_from ... ok
[INFO] [stdout] test core::matrix::matrix::matrix_test_sigmoid ... ok
[INFO] [stdout] test core::matrix::matrix::matrix_test_sum ... ok
[INFO] [stdout] test adapter::img::png::test_png2mat ... ok
[INFO] [stdout] test adapter::data::test_data_save_and_read ... FAILED
[INFO] [stdout] test adapter::img::png::test_mat2png ... FAILED
[INFO] [stdout] 
[INFO] [stdout] failures:
[INFO] [stdout] 
[INFO] [stdout] ---- adapter::data::test_data_save_and_read stdout ----
[INFO] [stdout] Origianl NN:
[INFO] [stdout] NN { layers: [2, 4, 4, 1], weights: [Matrix { el: [[-0.5009121209281082, -0.9489664533879054, -0.08456462548405685, -0.06764150505006072], [-0.0788102856508548, 0.38669046454579603, -0.8494305551674686, -0.6941230957941222]] }, Matrix { el: [[0.7998673604149875, 0.5140521098853945, -0.8096371596648075, -0.33202727981563984], [-0.967029279649666, 0.2122797978565374, -0.4662476018016417, 0.09938281304182572], [0.9047001363914642, 0.8982476995805844, -0.28336645219046863, 0.04011353820327446], [-0.49410591798032066, 0.7564878034683675, -0.4518105864265891, 0.12820526128803333]] }, Matrix { el: [[-0.7968820674409522], [-0.5008247271260282], [-0.7705724344924711], [0.35589579398536997]] }], biases: [Matrix { el: [[-0.8955108739186206, -0.3759415879369199, -0.3589614346423913, -0.9205889825077951]] }, Matrix { el: [[0.491453042624723, 0.7458794911943374, 0.7483730744611636, -0.9384382755109797]] }, Matrix { el: [[-0.6505354089611062]] }], apps: [Matrix { el: [[0.0, 0.0]] }, Matrix { el: [[0.0, 0.0, 0.0, 0.0]] }, Matrix { el: [[0.0, 0.0, 0.0, 0.0]] }, Matrix { el: [[0.0]] }] }
[INFO] [stdout] thread 'adapter::data::test_data_save_and_read' panicked at src/adapter/data.rs:57:23:
[INFO] [stdout] could not create at nn.json: Read-only file system (os error 30)
[INFO] [stdout] stack backtrace:
[INFO] [stdout]    0:     0x5ae837692eba - std::backtrace_rs::backtrace::libunwind::trace::h207520d6e9873551
[INFO] [stdout]                                at /rustc/df4ca44d3fbc9301ee17f30f4d474e6ae4b05252/library/std/src/../../backtrace/src/backtrace/libunwind.rs:116:5
[INFO] [stdout]    1:     0x5ae837692eba - std::backtrace_rs::backtrace::trace_unsynchronized::h2ed7433f370e3eca
[INFO] [stdout]                                at /rustc/df4ca44d3fbc9301ee17f30f4d474e6ae4b05252/library/std/src/../../backtrace/src/backtrace/mod.rs:66:5
[INFO] [stdout]    2:     0x5ae837692eba - std::sys::backtrace::_print_fmt::h916fac51166b18d7
[INFO] [stdout]                                at /rustc/df4ca44d3fbc9301ee17f30f4d474e6ae4b05252/library/std/src/sys/backtrace.rs:66:9
[INFO] [stdout]    3:     0x5ae837692eba - <std::sys::backtrace::BacktraceLock::print::DisplayBacktrace as core::fmt::Display>::fmt::ha0a4c9b8ce3802e6
[INFO] [stdout]                                at /rustc/df4ca44d3fbc9301ee17f30f4d474e6ae4b05252/library/std/src/sys/backtrace.rs:39:26
[INFO] [stdout]    4:     0x5ae8376b9fe3 - core::fmt::rt::Argument::fmt::h4cfc8587d52b3eb5
[INFO] [stdout]                                at /rustc/df4ca44d3fbc9301ee17f30f4d474e6ae4b05252/library/core/src/fmt/rt.rs:177:76
[INFO] [stdout]    5:     0x5ae8376b9fe3 - core::fmt::write::h522cc39e5b36ae9f
[INFO] [stdout]                                at /rustc/df4ca44d3fbc9301ee17f30f4d474e6ae4b05252/library/core/src/fmt/mod.rs:1190:21
[INFO] [stdout]    6:     0x5ae83768fa53 - std::io::Write::write_fmt::h7d3c26752da97734
[INFO] [stdout]                                at /rustc/df4ca44d3fbc9301ee17f30f4d474e6ae4b05252/library/std/src/io/mod.rs:1839:15
[INFO] [stdout]    7:     0x5ae837692d02 - std::sys::backtrace::BacktraceLock::print::h4b9e00b29e9c0942
[INFO] [stdout]                                at /rustc/df4ca44d3fbc9301ee17f30f4d474e6ae4b05252/library/std/src/sys/backtrace.rs:42:9
[INFO] [stdout]    8:     0x5ae83769434a - std::panicking::default_hook::{{closure}}::hb59b88280d0324d9
[INFO] [stdout]                                at /rustc/df4ca44d3fbc9301ee17f30f4d474e6ae4b05252/library/std/src/panicking.rs:268:22
[INFO] [stdout]    9:     0x5ae837694154 - std::panicking::default_hook::he1dd496665be4a29
[INFO] [stdout]                                at /rustc/df4ca44d3fbc9301ee17f30f4d474e6ae4b05252/library/std/src/panicking.rs:292:9
[INFO] [stdout]   10:     0x5ae837591b49 - <alloc::boxed::Box<F,A> as core::ops::function::Fn<Args>>::call::h4ff71de18744e1dc
[INFO] [stdout]                                at /rustc/df4ca44d3fbc9301ee17f30f4d474e6ae4b05252/library/alloc/src/boxed.rs:2468:9
[INFO] [stdout]   11:     0x5ae837591b49 - test::test_main::{{closure}}::hcf7c055ce117aa81
[INFO] [stdout]                                at /rustc/df4ca44d3fbc9301ee17f30f4d474e6ae4b05252/library/test/src/lib.rs:133:21
[INFO] [stdout]   12:     0x5ae837694a48 - <alloc::boxed::Box<F,A> as core::ops::function::Fn<Args>>::call::h1d66c6bbd60c9692
[INFO] [stdout]                                at /rustc/df4ca44d3fbc9301ee17f30f4d474e6ae4b05252/library/alloc/src/boxed.rs:2468:9
[INFO] [stdout]   13:     0x5ae837694a48 - std::panicking::rust_panic_with_hook::h2ff17fe8f26dfcf8
[INFO] [stdout]                                at /rustc/df4ca44d3fbc9301ee17f30f4d474e6ae4b05252/library/std/src/panicking.rs:809:13
[INFO] [stdout]   14:     0x5ae83769480a - std::panicking::begin_panic_handler::{{closure}}::h4fad77951c07e101
[INFO] [stdout]                                at /rustc/df4ca44d3fbc9301ee17f30f4d474e6ae4b05252/library/std/src/panicking.rs:674:13
[INFO] [stdout]   15:     0x5ae837693399 - std::sys::backtrace::__rust_end_short_backtrace::hb1a25b3da5d0ea08
[INFO] [stdout]                                at /rustc/df4ca44d3fbc9301ee17f30f4d474e6ae4b05252/library/std/src/sys/backtrace.rs:170:18
[INFO] [stdout]   16:     0x5ae83769449c - rust_begin_unwind
[INFO] [stdout]                                at /rustc/df4ca44d3fbc9301ee17f30f4d474e6ae4b05252/library/std/src/panicking.rs:665:5
[INFO] [stdout]   17:     0x5ae8376b86e0 - core::panicking::panic_fmt::ha9db07b529f9b256
[INFO] [stdout]                                at /rustc/df4ca44d3fbc9301ee17f30f4d474e6ae4b05252/library/core/src/panicking.rs:75:14
[INFO] [stdout]   18:     0x5ae837525ad3 - <rust_ml_toolkit::core::nn::nn::NN as rust_ml_toolkit::adapter::data::Savable>::save::ha92bd6c55acac9ac
[INFO] [stdout]                                at /opt/rustwide/workdir/src/adapter/data.rs:57:23
[INFO] [stdout]   19:     0x5ae837545775 - rust_ml_toolkit::adapter::data::test_data_save_and_read::h7ad67a5dfe7fb8db
[INFO] [stdout]                                at /opt/rustwide/workdir/src/adapter/data.rs:107:5
[INFO] [stdout]   20:     0x5ae8375455a7 - rust_ml_toolkit::adapter::data::test_data_save_and_read::{{closure}}::hd44e9b5068d41696
[INFO] [stdout]                                at /opt/rustwide/workdir/src/adapter/data.rs:95:29
[INFO] [stdout]   21:     0x5ae8375345c6 - core::ops::function::FnOnce::call_once::h9a1bf0ecab193486
[INFO] [stdout]                                at /rustc/df4ca44d3fbc9301ee17f30f4d474e6ae4b05252/library/core/src/ops/function.rs:250:5
[INFO] [stdout]   22:     0x5ae83759641b - core::ops::function::FnOnce::call_once::h22c3ba5715e93f05
[INFO] [stdout]                                at /rustc/df4ca44d3fbc9301ee17f30f4d474e6ae4b05252/library/core/src/ops/function.rs:250:5
[INFO] [stdout]   23:     0x5ae83759641b - test::__rust_begin_short_backtrace::h8e82d8113d0da17f
[INFO] [stdout]                                at /rustc/df4ca44d3fbc9301ee17f30f4d474e6ae4b05252/library/test/src/lib.rs:621:18
[INFO] [stdout]   24:     0x5ae837595d97 - test::run_test_in_process::{{closure}}::h33235f4f20b7b7c7
[INFO] [stdout]                                at /rustc/df4ca44d3fbc9301ee17f30f4d474e6ae4b05252/library/test/src/lib.rs:644:60
[INFO] [stdout]   25:     0x5ae837595d97 - <core::panic::unwind_safe::AssertUnwindSafe<F> as core::ops::function::FnOnce<()>>::call_once::hb5043206310c586f
[INFO] [stdout]                                at /rustc/df4ca44d3fbc9301ee17f30f4d474e6ae4b05252/library/core/src/panic/unwind_safe.rs:272:9
[INFO] [stdout]   26:     0x5ae837595d97 - std::panicking::try::do_call::h9ad4731a60ab23e2
[INFO] [stdout]                                at /rustc/df4ca44d3fbc9301ee17f30f4d474e6ae4b05252/library/std/src/panicking.rs:557:40
[INFO] [stdout]   27:     0x5ae837595d97 - std::panicking::try::h3824d23db772a716
[INFO] [stdout]                                at /rustc/df4ca44d3fbc9301ee17f30f4d474e6ae4b05252/library/std/src/panicking.rs:520:19
[INFO] [stdout]   28:     0x5ae837595d97 - std::panic::catch_unwind::h5afd514605fde46b
[INFO] [stdout]                                at /rustc/df4ca44d3fbc9301ee17f30f4d474e6ae4b05252/library/std/src/panic.rs:358:14
[INFO] [stdout]   29:     0x5ae837595d97 - test::run_test_in_process::h0d5cbfa7067d1720
[INFO] [stdout]                                at /rustc/df4ca44d3fbc9301ee17f30f4d474e6ae4b05252/library/test/src/lib.rs:644:27
[INFO] [stdout]   30:     0x5ae837595d97 - test::run_test::{{closure}}::h708eb8872708115d
[INFO] [stdout]                                at /rustc/df4ca44d3fbc9301ee17f30f4d474e6ae4b05252/library/test/src/lib.rs:565:43
[INFO] [stdout]   31:     0x5ae8375594b4 - test::run_test::{{closure}}::h392c51cee94713ab
[INFO] [stdout]                                at /rustc/df4ca44d3fbc9301ee17f30f4d474e6ae4b05252/library/test/src/lib.rs:595:41
[INFO] [stdout]   32:     0x5ae8375594b4 - std::sys::backtrace::__rust_begin_short_backtrace::h2f40290710935a8b
[INFO] [stdout]                                at /rustc/df4ca44d3fbc9301ee17f30f4d474e6ae4b05252/library/std/src/sys/backtrace.rs:154:18
[INFO] [stdout]   33:     0x5ae83755cc5e - std::thread::Builder::spawn_unchecked_::{{closure}}::{{closure}}::h3fd968d89053a903
[INFO] [stdout]                                at /rustc/df4ca44d3fbc9301ee17f30f4d474e6ae4b05252/library/std/src/thread/mod.rs:541:17
[INFO] [stdout]   34:     0x5ae83755cc5e - <core::panic::unwind_safe::AssertUnwindSafe<F> as core::ops::function::FnOnce<()>>::call_once::h743f637ba4229880
[INFO] [stdout]                                at /rustc/df4ca44d3fbc9301ee17f30f4d474e6ae4b05252/library/core/src/panic/unwind_safe.rs:272:9
[INFO] [stdout]   35:     0x5ae83755cc5e - std::panicking::try::do_call::h07440897322525a6
[INFO] [stdout]                                at /rustc/df4ca44d3fbc9301ee17f30f4d474e6ae4b05252/library/std/src/panicking.rs:557:40
[INFO] [stdout]   36:     0x5ae83755cc5e - std::panicking::try::he5a2e00188156637
[INFO] [stdout]                                at /rustc/df4ca44d3fbc9301ee17f30f4d474e6ae4b05252/library/std/src/panicking.rs:520:19
[INFO] [stdout]   37:     0x5ae83755cc5e - std::panic::catch_unwind::hbaf3cae49b3c6433
[INFO] [stdout]                                at /rustc/df4ca44d3fbc9301ee17f30f4d474e6ae4b05252/library/std/src/panic.rs:358:14
[INFO] [stdout]   38:     0x5ae83755cc5e - std::thread::Builder::spawn_unchecked_::{{closure}}::h8e141ea224820bce
[INFO] [stdout]                                at /rustc/df4ca44d3fbc9301ee17f30f4d474e6ae4b05252/library/std/src/thread/mod.rs:540:30
[INFO] [stdout]   39:     0x5ae83755cc5e - core::ops::function::FnOnce::call_once{{vtable.shim}}::h90d312fedd7b8ea8
[INFO] [stdout]                                at /rustc/df4ca44d3fbc9301ee17f30f4d474e6ae4b05252/library/core/src/ops/function.rs:250:5
[INFO] [stdout]   40:     0x5ae83769892b - <alloc::boxed::Box<F,A> as core::ops::function::FnOnce<Args>>::call_once::h69aa08ddb6adb8b6
[INFO] [stdout]                                at /rustc/df4ca44d3fbc9301ee17f30f4d474e6ae4b05252/library/alloc/src/boxed.rs:2454:9
[INFO] [stdout]   41:     0x5ae83769892b - <alloc::boxed::Box<F,A> as core::ops::function::FnOnce<Args>>::call_once::h5aa36efdb79c806f
[INFO] [stdout]                                at /rustc/df4ca44d3fbc9301ee17f30f4d474e6ae4b05252/library/alloc/src/boxed.rs:2454:9
[INFO] [stdout]   42:     0x5ae83769892b - std::sys::pal::unix::thread::Thread::new::thread_start::h6cd80a1b4be5158d
[INFO] [stdout]                                at /rustc/df4ca44d3fbc9301ee17f30f4d474e6ae4b05252/library/std/src/sys/pal/unix/thread.rs:105:17
[INFO] [stdout]   43:     0x784adbde7ac3 - <unknown>
[INFO] [stdout]   44:     0x784adbe78a04 - clone
[INFO] [stdout]   45:                0x0 - <unknown>
[INFO] [stdout] 
[INFO] [stdout] ---- adapter::img::png::test_mat2png stdout ----
[INFO] [stdout] Converting file to matrix...
[INFO] [stdout] printing matrix...
[INFO] [stdout]    0   0   0   0   0   0   0   0   0   0   0   0   0   0   0   0   0   0   0   0   0   0   0   0   0   0   0   0
[INFO] [stdout]    0   0   0   0   0   0   0   0   0   0   0   0   0   0   0   0   0   0   0   0   0   0   0   0   0   0   0   0
[INFO] [stdout]    0   0   0   0   0   0   0   0   0   0   0   0   0   0   0   0   0   0   0   0   0   0   0   0   0   0   0   0
[INFO] [stdout]    0   0   0   0   0   0   0   0   0   0   0   0   0   0   0   0   0   0   0   0   0   0   0   0   0   0   0   0
[INFO] [stdout]    0   0   0   0   0   0   0   0   0   0   0   0   0   0   0   0   0   0   0   0   0   0   0   0   0   0   0   0
[INFO] [stdout]    0   0   0   0   0   0   0   0   0   0   0   0   0   0   0   0   0   0   0   0   0   0   0   0   0   0   0   0
[INFO] [stdout]    0   0   0   0   0   0   0   0   0   0   0   0   0  29 141 198 170  29   0   0   0   0   0   0   0   0   0   0
[INFO] [stdout]    0   0   0   0   0   0   0   0   0   0   0  29 141 255 255 255 255 198   0   0   0   0   0   0   0   0   0   0
[INFO] [stdout]    0   0   0   0   0   0   0   0   0   0  57 226 255 255 141 114 226 255 114   0   0   0   0   0   0   0   0   0
[INFO] [stdout]    0   0   0   0   0   0   0   0   0  29 198 255 226  29   0   0  86 255 141   0   0   0   0   0   0   0   0   0
[INFO] [stdout]    0   0   0   0   0   0   0   0   0  86 255 198   0   0   0   0  86 255  57   0   0   0   0   0   0   0   0   0
[INFO] [stdout]    0   0   0   0   0   0   0   0  29 226 226   0   0   0   0   0  29 255  86   0   0   0   0   0   0   0   0   0
[INFO] [stdout]    0   0   0   0   0   0   0   0  86 255 170   0   0   0   0   0 114 255 198   0   0   0   0   0   0   0   0   0
[INFO] [stdout]    0   0   0   0   0   0   0   0  29 255 198   0   0   0   0 114 255 255 114   0   0   0   0   0   0   0   0   0
[INFO] [stdout]    0   0   0   0   0   0   0   0   0 114 255 226 170 198 255 255 255 198   0   0   0   0   0   0   0   0   0   0
[INFO] [stdout]    0   0   0   0   0   0   0   0   0   0 170 255 255 255 255 255 255 141   0   0   0   0   0   0   0   0   0   0
[INFO] [stdout]    0   0   0   0   0   0   0   0   0   0   0   0   0  29  86 255 226   0   0   0   0   0   0   0   0   0   0   0
[INFO] [stdout]    0   0   0   0   0   0   0   0   0   0   0   0   0   0 114 255 170   0   0   0   0   0   0   0   0   0   0   0
[INFO] [stdout]    0   0   0   0   0   0   0   0   0   0   0   0   0   0 226 255  86   0   0   0   0   0   0   0   0   0   0   0
[INFO] [stdout]    0   0   0   0   0   0   0   0   0   0   0   0   0  86 255 198   0   0   0   0   0   0   0   0   0   0   0   0
[INFO] [stdout]    0   0   0   0   0   0   0   0   0   0   0   0  29 226 255 141   0   0   0   0   0   0   0   0   0   0   0   0
[INFO] [stdout]    0   0   0   0   0   0   0   0   0   0   0   0 114 255 198   0   0   0   0   0   0   0   0   0   0   0   0   0
[INFO] [stdout]    0   0   0   0   0   0   0   0   0   0   0   0 226 255 114   0   0   0   0   0   0   0   0   0   0   0   0   0
[INFO] [stdout]    0   0   0   0   0   0   0   0   0   0   0  86 255 198   0   0   0   0   0   0   0   0   0   0   0   0   0   0
[INFO] [stdout]    0   0   0   0   0   0   0   0   0   0   0 114 255 170   0   0   0   0   0   0   0   0   0   0   0   0   0   0
[INFO] [stdout]    0   0   0   0   0   0   0   0   0   0   0 141 226  57   0   0   0   0   0   0   0   0   0   0   0   0   0   0
[INFO] [stdout]    0   0   0   0   0   0   0   0   0   0   0   0   0   0   0   0   0   0   0   0   0   0   0   0   0   0   0   0
[INFO] [stdout]    0   0   0   0   0   0   0   0   0   0   0   0   0   0   0   0   0   0   0   0   0   0   0   0   0   0   0   0
[INFO] [stdout] thread 'adapter::img::png::test_mat2png' panicked at src/adapter/img/png.rs:147:5:
[INFO] [stdout] assertion failed: ok.is_ok()
[INFO] [stdout] stack backtrace:
[INFO] [stdout]    0:     0x5ae837692eba - std::backtrace_rs::backtrace::libunwind::trace::h207520d6e9873551
[INFO] [stdout]                                at /rustc/df4ca44d3fbc9301ee17f30f4d474e6ae4b05252/library/std/src/../../backtrace/src/backtrace/libunwind.rs:116:5
[INFO] [stdout]    1:     0x5ae837692eba - std::backtrace_rs::backtrace::trace_unsynchronized::h2ed7433f370e3eca
[INFO] [stdout]                                at /rustc/df4ca44d3fbc9301ee17f30f4d474e6ae4b05252/library/std/src/../../backtrace/src/backtrace/mod.rs:66:5
[INFO] [stdout]    2:     0x5ae837692eba - std::sys::backtrace::_print_fmt::h916fac51166b18d7
[INFO] [stdout]                                at /rustc/df4ca44d3fbc9301ee17f30f4d474e6ae4b05252/library/std/src/sys/backtrace.rs:66:9
[INFO] [stdout]    3:     0x5ae837692eba - <std::sys::backtrace::BacktraceLock::print::DisplayBacktrace as core::fmt::Display>::fmt::ha0a4c9b8ce3802e6
[INFO] [stdout]                                at /rustc/df4ca44d3fbc9301ee17f30f4d474e6ae4b05252/library/std/src/sys/backtrace.rs:39:26
[INFO] [stdout]    4:     0x5ae8376b9fe3 - core::fmt::rt::Argument::fmt::h4cfc8587d52b3eb5
[INFO] [stdout]                                at /rustc/df4ca44d3fbc9301ee17f30f4d474e6ae4b05252/library/core/src/fmt/rt.rs:177:76
[INFO] [stdout]    5:     0x5ae8376b9fe3 - core::fmt::write::h522cc39e5b36ae9f
[INFO] [stdout]                                at /rustc/df4ca44d3fbc9301ee17f30f4d474e6ae4b05252/library/core/src/fmt/mod.rs:1190:21
[INFO] [stdout]    6:     0x5ae83768fa53 - std::io::Write::write_fmt::h7d3c26752da97734
[INFO] [stdout]                                at /rustc/df4ca44d3fbc9301ee17f30f4d474e6ae4b05252/library/std/src/io/mod.rs:1839:15
[INFO] [stdout]    7:     0x5ae837692d02 - std::sys::backtrace::BacktraceLock::print::h4b9e00b29e9c0942
[INFO] [stdout]                                at /rustc/df4ca44d3fbc9301ee17f30f4d474e6ae4b05252/library/std/src/sys/backtrace.rs:42:9
[INFO] [stdout]    8:     0x5ae83769434a - std::panicking::default_hook::{{closure}}::hb59b88280d0324d9
[INFO] [stdout]                                at /rustc/df4ca44d3fbc9301ee17f30f4d474e6ae4b05252/library/std/src/panicking.rs:268:22
[INFO] [stdout]    9:     0x5ae837694154 - std::panicking::default_hook::he1dd496665be4a29
[INFO] [stdout]                                at /rustc/df4ca44d3fbc9301ee17f30f4d474e6ae4b05252/library/std/src/panicking.rs:292:9
[INFO] [stdout]   10:     0x5ae837591b49 - <alloc::boxed::Box<F,A> as core::ops::function::Fn<Args>>::call::h4ff71de18744e1dc
[INFO] [stdout]                                at /rustc/df4ca44d3fbc9301ee17f30f4d474e6ae4b05252/library/alloc/src/boxed.rs:2468:9
[INFO] [stdout]   11:     0x5ae837591b49 - test::test_main::{{closure}}::hcf7c055ce117aa81
[INFO] [stdout]                                at /rustc/df4ca44d3fbc9301ee17f30f4d474e6ae4b05252/library/test/src/lib.rs:133:21
[INFO] [stdout]   12:     0x5ae837694a48 - <alloc::boxed::Box<F,A> as core::ops::function::Fn<Args>>::call::h1d66c6bbd60c9692
[INFO] [stdout]                                at /rustc/df4ca44d3fbc9301ee17f30f4d474e6ae4b05252/library/alloc/src/boxed.rs:2468:9
[INFO] [stdout]   13:     0x5ae837694a48 - std::panicking::rust_panic_with_hook::h2ff17fe8f26dfcf8
[INFO] [stdout]                                at /rustc/df4ca44d3fbc9301ee17f30f4d474e6ae4b05252/library/std/src/panicking.rs:809:13
[INFO] [stdout]   14:     0x5ae8376947d6 - std::panicking::begin_panic_handler::{{closure}}::h4fad77951c07e101
[INFO] [stdout]                                at /rustc/df4ca44d3fbc9301ee17f30f4d474e6ae4b05252/library/std/src/panicking.rs:667:13
[INFO] [stdout]   15:     0x5ae837693399 - std::sys::backtrace::__rust_end_short_backtrace::hb1a25b3da5d0ea08
[INFO] [stdout]                                at /rustc/df4ca44d3fbc9301ee17f30f4d474e6ae4b05252/library/std/src/sys/backtrace.rs:170:18
[INFO] [stdout]   16:     0x5ae83769449c - rust_begin_unwind
[INFO] [stdout]                                at /rustc/df4ca44d3fbc9301ee17f30f4d474e6ae4b05252/library/std/src/panicking.rs:665:5
[INFO] [stdout]   17:     0x5ae8376b86e0 - core::panicking::panic_fmt::ha9db07b529f9b256
[INFO] [stdout]                                at /rustc/df4ca44d3fbc9301ee17f30f4d474e6ae4b05252/library/core/src/panicking.rs:75:14
[INFO] [stdout]   18:     0x5ae8376b876c - core::panicking::panic::h993086813d94accc
[INFO] [stdout]                                at /rustc/df4ca44d3fbc9301ee17f30f4d474e6ae4b05252/library/core/src/panicking.rs:152:5
[INFO] [stdout]   19:     0x5ae83753ee3f - rust_ml_toolkit::adapter::img::png::test_mat2png::h7bc968002ca847eb
[INFO] [stdout]                                at /opt/rustwide/workdir/src/adapter/img/png.rs:147:5
[INFO] [stdout]   20:     0x5ae83753ea77 - rust_ml_toolkit::adapter::img::png::test_mat2png::{{closure}}::he640172451a4de72
[INFO] [stdout]                                at /opt/rustwide/workdir/src/adapter/img/png.rs:127:18
[INFO] [stdout]   21:     0x5ae837534606 - core::ops::function::FnOnce::call_once::ha26f793bdf07f93f
[INFO] [stdout]                                at /rustc/df4ca44d3fbc9301ee17f30f4d474e6ae4b05252/library/core/src/ops/function.rs:250:5
[INFO] [stdout]   22:     0x5ae83759641b - core::ops::function::FnOnce::call_once::h22c3ba5715e93f05
[INFO] [stdout]                                at /rustc/df4ca44d3fbc9301ee17f30f4d474e6ae4b05252/library/core/src/ops/function.rs:250:5
[INFO] [stdout]   23:     0x5ae83759641b - test::__rust_begin_short_backtrace::h8e82d8113d0da17f
[INFO] [stdout]                                at /rustc/df4ca44d3fbc9301ee17f30f4d474e6ae4b05252/library/test/src/lib.rs:621:18
[INFO] [stdout]   24:     0x5ae837595d97 - test::run_test_in_process::{{closure}}::h33235f4f20b7b7c7
[INFO] [stdout]                                at /rustc/df4ca44d3fbc9301ee17f30f4d474e6ae4b05252/library/test/src/lib.rs:644:60
[INFO] [stdout]   25:     0x5ae837595d97 - <core::panic::unwind_safe::AssertUnwindSafe<F> as core::ops::function::FnOnce<()>>::call_once::hb5043206310c586f
[INFO] [stdout]                                at /rustc/df4ca44d3fbc9301ee17f30f4d474e6ae4b05252/library/core/src/panic/unwind_safe.rs:272:9
[INFO] [stdout]   26:     0x5ae837595d97 - std::panicking::try::do_call::h9ad4731a60ab23e2
[INFO] [stdout]                                at /rustc/df4ca44d3fbc9301ee17f30f4d474e6ae4b05252/library/std/src/panicking.rs:557:40
[INFO] [stdout]   27:     0x5ae837595d97 - std::panicking::try::h3824d23db772a716
[INFO] [stdout]                                at /rustc/df4ca44d3fbc9301ee17f30f4d474e6ae4b05252/library/std/src/panicking.rs:520:19
[INFO] [stdout]   28:     0x5ae837595d97 - std::panic::catch_unwind::h5afd514605fde46b
[INFO] [stdout]                                at /rustc/df4ca44d3fbc9301ee17f30f4d474e6ae4b05252/library/std/src/panic.rs:358:14
[INFO] [stdout]   29:     0x5ae837595d97 - test::run_test_in_process::h0d5cbfa7067d1720
[INFO] [stdout]                                at /rustc/df4ca44d3fbc9301ee17f30f4d474e6ae4b05252/library/test/src/lib.rs:644:27
[INFO] [stdout]   30:     0x5ae837595d97 - test::run_test::{{closure}}::h708eb8872708115d
[INFO] [stdout]                                at /rustc/df4ca44d3fbc9301ee17f30f4d474e6ae4b05252/library/test/src/lib.rs:565:43
[INFO] [stdout]   31:     0x5ae8375594b4 - test::run_test::{{closure}}::h392c51cee94713ab
[INFO] [stdout]                                at /rustc/df4ca44d3fbc9301ee17f30f4d474e6ae4b05252/library/test/src/lib.rs:595:41
[INFO] [stdout]   32:     0x5ae8375594b4 - std::sys::backtrace::__rust_begin_short_backtrace::h2f40290710935a8b
[INFO] [stdout]                                at /rustc/df4ca44d3fbc9301ee17f30f4d474e6ae4b05252/library/std/src/sys/backtrace.rs:154:18
[INFO] [stdout]   33:     0x5ae83755cc5e - std::thread::Builder::spawn_unchecked_::{{closure}}::{{closure}}::h3fd968d89053a903
[INFO] [stdout]                                at /rustc/df4ca44d3fbc9301ee17f30f4d474e6ae4b05252/library/std/src/thread/mod.rs:541:17
[INFO] [stdout]   34:     0x5ae83755cc5e - <core::panic::unwind_safe::AssertUnwindSafe<F> as core::ops::function::FnOnce<()>>::call_once::h743f637ba4229880
[INFO] [stdout]                                at /rustc/df4ca44d3fbc9301ee17f30f4d474e6ae4b05252/library/core/src/panic/unwind_safe.rs:272:9
[INFO] [stdout]   35:     0x5ae83755cc5e - std::panicking::try::do_call::h07440897322525a6
[INFO] [stdout]                                at /rustc/df4ca44d3fbc9301ee17f30f4d474e6ae4b05252/library/std/src/panicking.rs:557:40
[INFO] [stdout]   36:     0x5ae83755cc5e - std::panicking::try::he5a2e00188156637
[INFO] [stdout]                                at /rustc/df4ca44d3fbc9301ee17f30f4d474e6ae4b05252/library/std/src/panicking.rs:520:19
[INFO] [stdout]   37:     0x5ae83755cc5e - std::panic::catch_unwind::hbaf3cae49b3c6433
[INFO] [stdout]                                at /rustc/df4ca44d3fbc9301ee17f30f4d474e6ae4b05252/library/std/src/panic.rs:358:14
[INFO] [stdout]   38:     0x5ae83755cc5e - std::thread::Builder::spawn_unchecked_::{{closure}}::h8e141ea224820bce
[INFO] [stdout]                                at /rustc/df4ca44d3fbc9301ee17f30f4d474e6ae4b05252/library/std/src/thread/mod.rs:540:30
[INFO] [stdout]   39:     0x5ae83755cc5e - core::ops::function::FnOnce::call_once{{vtable.shim}}::h90d312fedd7b8ea8
[INFO] [stdout]                                at /rustc/df4ca44d3fbc9301ee17f30f4d474e6ae4b05252/library/core/src/ops/function.rs:250:5
[INFO] [stdout]   40:     0x5ae83769892b - <alloc::boxed::Box<F,A> as core::ops::function::FnOnce<Args>>::call_once::h69aa08ddb6adb8b6
[INFO] [stdout]                                at /rustc/df4ca44d3fbc9301ee17f30f4d474e6ae4b05252/library/alloc/src/boxed.rs:2454:9
[INFO] [stdout]   41:     0x5ae83769892b - <alloc::boxed::Box<F,A> as core::ops::function::FnOnce<Args>>::call_once::h5aa36efdb79c806f
[INFO] [stdout]                                at /rustc/df4ca44d3fbc9301ee17f30f4d474e6ae4b05252/library/alloc/src/boxed.rs:2454:9
[INFO] [stdout]   42:     0x5ae83769892b - std::sys::pal::unix::thread::Thread::new::thread_start::h6cd80a1b4be5158d
[INFO] [stdout]                                at /rustc/df4ca44d3fbc9301ee17f30f4d474e6ae4b05252/library/std/src/sys/pal/unix/thread.rs:105:17
[INFO] [stdout]   43:     0x784adbde7ac3 - <unknown>
[INFO] [stdout]   44:     0x784adbe78a04 - clone
[INFO] [stdout]   45:                0x0 - <unknown>
[INFO] [stdout] 
[INFO] [stdout] 
[INFO] [stdout] failures:
[INFO] [stdout]     adapter::data::test_data_save_and_read
[INFO] [stdout]     adapter::img::png::test_mat2png
[INFO] [stdout] 
[INFO] [stdout] test result: FAILED. 7 passed; 2 failed; 0 ignored; 0 measured; 0 filtered out; finished in 0.11s
[INFO] [stdout] 
[INFO] [stderr] error: test failed, to rerun pass `--lib`
[INFO] running `Command { std: "docker" "inspect" "0ff64315bf75d61ef6fe4f4265fc80a6174a7482f77c85b461ad5a0bbd3f1680", kill_on_drop: false }`
[INFO] running `Command { std: "docker" "rm" "-f" "0ff64315bf75d61ef6fe4f4265fc80a6174a7482f77c85b461ad5a0bbd3f1680", kill_on_drop: false }`
[INFO] [stdout] 0ff64315bf75d61ef6fe4f4265fc80a6174a7482f77c85b461ad5a0bbd3f1680
