[INFO] cloning repository https://github.com/drager/tradingview
[INFO] running `Command { std: "git" "-c" "credential.helper=" "-c" "credential.helper=/workspace/cargo-home/bin/git-credential-null" "clone" "--bare" "https://github.com/drager/tradingview" "/workspace/cache/git-repos/https%3A%2F%2Fgithub.com%2Fdrager%2Ftradingview", kill_on_drop: false }`
[INFO] [stderr] Cloning into bare repository '/workspace/cache/git-repos/https%3A%2F%2Fgithub.com%2Fdrager%2Ftradingview'...
[INFO] running `Command { std: "git" "rev-parse" "HEAD", kill_on_drop: false }`
[INFO] [stdout] 4a32280af1212d951a89574a15ef2d49b2326f4c
[INFO] testing drager/tradingview/4a32280af1212d951a89574a15ef2d49b2326f4c against nightly-2024-10-28 for randomize-layout
[INFO] running `Command { std: "git" "clone" "/workspace/cache/git-repos/https%3A%2F%2Fgithub.com%2Fdrager%2Ftradingview" "/workspace/builds/worker-3-tc1/source", kill_on_drop: false }`
[INFO] [stderr] Cloning into '/workspace/builds/worker-3-tc1/source'...
[INFO] [stderr] done.
[INFO] validating manifest of git repo https://github.com/drager/tradingview on toolchain nightly-2024-10-28
[INFO] running `Command { std: CARGO_HOME="/workspace/cargo-home" RUSTUP_HOME="/workspace/rustup-home" "/workspace/cargo-home/bin/cargo" "+nightly-2024-10-28" "metadata" "--manifest-path" "Cargo.toml" "--no-deps", kill_on_drop: false }`
[INFO] started tweaking git repo https://github.com/drager/tradingview
[INFO] finished tweaking git repo https://github.com/drager/tradingview
[INFO] tweaked toml for git repo https://github.com/drager/tradingview written to /workspace/builds/worker-3-tc1/source/Cargo.toml
[INFO] crate git repo https://github.com/drager/tradingview already has a lockfile, it will not be regenerated
[INFO] running `Command { std: CARGO_HOME="/workspace/cargo-home" RUSTUP_HOME="/workspace/rustup-home" "/workspace/cargo-home/bin/cargo" "+nightly-2024-10-28" "fetch" "--manifest-path" "Cargo.toml", kill_on_drop: false }`
[INFO] [stderr]     Updating crates.io index
[INFO] [stderr]  Downloading crates ...
[INFO] [stderr]   Downloaded httpmock v0.6.8
[INFO] [stderr]   Downloaded libreauth v0.16.0
[INFO] [stderr]   Downloaded curl-sys v0.4.73+curl-8.8.0
[INFO] running `Command { std: "docker" "create" "-v" "/var/lib/crater-agent-workspace/builds/worker-3-tc1/target:/opt/rustwide/target:rw,Z" "-v" "/var/lib/crater-agent-workspace/builds/worker-3-tc1/source:/opt/rustwide/workdir:ro,Z" "-v" "/var/lib/crater-agent-workspace/cargo-home:/opt/rustwide/cargo-home:ro,Z" "-v" "/var/lib/crater-agent-workspace/rustup-home:/opt/rustwide/rustup-home:ro,Z" "-e" "SOURCE_DIR=/opt/rustwide/workdir" "-e" "CARGO_TARGET_DIR=/opt/rustwide/target" "-e" "CARGO_HOME=/opt/rustwide/cargo-home" "-e" "RUSTUP_HOME=/opt/rustwide/rustup-home" "-w" "/opt/rustwide/workdir" "-m" "1610612736" "--user" "0:0" "--network" "none" "ghcr.io/rust-lang/crates-build-env/linux@sha256:4a844ea9eb2546a2d2c7022eacef16ef2e8229c7fbb2c7d4d55a9ceca922f72d" "/opt/rustwide/cargo-home/bin/cargo" "+nightly-2024-10-28" "metadata" "--no-deps" "--format-version=1", kill_on_drop: false }`
[INFO] [stdout] 1c7b1897131436e84ed05a30b1a850f801acb0d52ea1d5d212a5d2fd24727f69
[INFO] running `Command { std: "docker" "start" "-a" "1c7b1897131436e84ed05a30b1a850f801acb0d52ea1d5d212a5d2fd24727f69", kill_on_drop: false }`
[INFO] running `Command { std: "docker" "inspect" "1c7b1897131436e84ed05a30b1a850f801acb0d52ea1d5d212a5d2fd24727f69", kill_on_drop: false }`
[INFO] running `Command { std: "docker" "rm" "-f" "1c7b1897131436e84ed05a30b1a850f801acb0d52ea1d5d212a5d2fd24727f69", kill_on_drop: false }`
[INFO] [stdout] 1c7b1897131436e84ed05a30b1a850f801acb0d52ea1d5d212a5d2fd24727f69
[INFO] running `Command { std: "docker" "create" "-v" "/var/lib/crater-agent-workspace/builds/worker-3-tc1/target:/opt/rustwide/target:rw,Z" "-v" "/var/lib/crater-agent-workspace/builds/worker-3-tc1/source:/opt/rustwide/workdir:ro,Z" "-v" "/var/lib/crater-agent-workspace/cargo-home:/opt/rustwide/cargo-home:ro,Z" "-v" "/var/lib/crater-agent-workspace/rustup-home:/opt/rustwide/rustup-home:ro,Z" "-e" "SOURCE_DIR=/opt/rustwide/workdir" "-e" "CARGO_TARGET_DIR=/opt/rustwide/target" "-e" "CARGO_INCREMENTAL=0" "-e" "RUST_BACKTRACE=full" "-e" "RUSTFLAGS=--cap-lints=forbid" "-e" "RUSTDOCFLAGS=--cap-lints=forbid" "-e" "CARGO_HOME=/opt/rustwide/cargo-home" "-e" "RUSTUP_HOME=/opt/rustwide/rustup-home" "-w" "/opt/rustwide/workdir" "-m" "1610612736" "--user" "0:0" "--network" "none" "ghcr.io/rust-lang/crates-build-env/linux@sha256:4a844ea9eb2546a2d2c7022eacef16ef2e8229c7fbb2c7d4d55a9ceca922f72d" "/opt/rustwide/cargo-home/bin/cargo" "+nightly-2024-10-28" "build" "--frozen" "--message-format=json", kill_on_drop: false }`
[INFO] [stdout] 4678632f6885935f306c8dcf85dfbcc0d552b3b40194c87068d611d68d13ca10
[INFO] running `Command { std: "docker" "start" "-a" "4678632f6885935f306c8dcf85dfbcc0d552b3b40194c87068d611d68d13ca10", kill_on_drop: false }`
[INFO] [stderr]    Compiling proc-macro2 v1.0.86
[INFO] [stderr]    Compiling version_check v0.9.4
[INFO] [stderr]    Compiling libc v0.2.155
[INFO] [stderr]    Compiling autocfg v1.3.0
[INFO] [stderr]    Compiling cfg-if v1.0.0
[INFO] [stderr]    Compiling typenum v1.17.0
[INFO] [stderr]    Compiling memchr v2.7.4
[INFO] [stderr]    Compiling itoa v1.0.11
[INFO] [stderr]    Compiling pin-project-lite v0.2.14
[INFO] [stderr]    Compiling bytes v1.6.0
[INFO] [stderr]    Compiling parking_lot_core v0.9.10
[INFO] [stderr]    Compiling subtle v2.4.1
[INFO] [stderr]    Compiling tinyvec_macros v0.1.1
[INFO] [stderr]    Compiling vcpkg v0.2.15
[INFO] [stderr]    Compiling scopeguard v1.2.0
[INFO] [stderr]    Compiling smallvec v1.13.2
[INFO] [stderr]    Compiling futures-core v0.3.30
[INFO] [stderr]    Compiling tinyvec v1.6.1
[INFO] [stderr]    Compiling cc v1.0.101
[INFO] [stderr]    Compiling pkg-config v0.3.30
[INFO] [stderr]    Compiling futures-sink v0.3.30
[INFO] [stderr]    Compiling once_cell v1.19.0
[INFO] [stderr]    Compiling log v0.4.21
[INFO] [stderr]    Compiling fnv v1.0.7
[INFO] [stderr]    Compiling futures-channel v0.3.30
[INFO] [stderr]    Compiling futures-task v0.3.30
[INFO] [stderr]    Compiling lock_api v0.4.12
[INFO] [stderr]    Compiling slab v0.4.9
[INFO] [stderr]    Compiling percent-encoding v2.3.1
[INFO] [stderr]    Compiling generic-array v0.14.7
[INFO] [stderr]    Compiling unicode-bidi v0.3.15
[INFO] [stderr]    Compiling serde v1.0.203
[INFO] [stderr]    Compiling futures-io v0.3.30
[INFO] [stderr]    Compiling pin-utils v0.1.0
[INFO] [stderr]    Compiling httparse v1.9.4
[INFO] [stderr]    Compiling form_urlencoded v1.2.1
[INFO] [stderr]    Compiling unicase v2.7.0
[INFO] [stderr]    Compiling foreign-types-shared v0.1.1
[INFO] [stderr]    Compiling cpufeatures v0.2.12
[INFO] [stderr]    Compiling openssl v0.10.66
[INFO] [stderr]    Compiling foreign-types v0.3.2
[INFO] [stderr]    Compiling http v0.2.12
[INFO] [stderr]    Compiling tracing-core v0.1.32
[INFO] [stderr]    Compiling native-tls v0.2.12
[INFO] [stderr]    Compiling powerfmt v0.2.0
[INFO] [stderr]    Compiling thiserror v1.0.61
[INFO] [stderr]    Compiling num-conv v0.1.0
[INFO] [stderr]    Compiling quote v1.0.36
[INFO] [stderr]    Compiling unicode-normalization v0.1.23
[INFO] [stderr]    Compiling equivalent v1.0.1
[INFO] [stderr]    Compiling hashbrown v0.14.5
[INFO] [stderr]    Compiling bitflags v2.6.0
[INFO] [stderr]    Compiling socket2 v0.5.7
[INFO] [stderr]    Compiling num_cpus v1.16.0
[INFO] [stderr]    Compiling signal-hook-registry v1.4.2
[INFO] [stderr]    Compiling mio v0.8.11
[INFO] [stderr]    Compiling syn v2.0.68
[INFO] [stderr]    Compiling parking_lot v0.12.3
[INFO] [stderr]    Compiling getrandom v0.2.15
[INFO] [stderr]    Compiling time-core v0.1.2
[INFO] [stderr]    Compiling tracing v0.1.40
[INFO] [stderr]    Compiling time-macros v0.2.18
[INFO] [stderr]    Compiling rand_core v0.6.4
[INFO] [stderr]    Compiling idna v0.5.0
[INFO] [stderr]    Compiling deranged v0.3.11
[INFO] [stderr]    Compiling aho-corasick v1.1.3
[INFO] [stderr]    Compiling cookie v0.17.0
[INFO] [stderr]    Compiling try-lock v0.2.5
[INFO] [stderr]    Compiling indexmap v2.2.6
[INFO] [stderr]    Compiling openssl-sys v0.9.103
[INFO] [stderr]    Compiling ppv-lite86 v0.2.17
[INFO] [stderr]    Compiling serde_json v1.0.118
[INFO] [stderr]    Compiling crossbeam-utils v0.8.20
[INFO] [stderr]    Compiling ryu v1.0.18
[INFO] [stderr]    Compiling base64 v0.21.7
[INFO] [stderr]    Compiling openssl-probe v0.1.5
[INFO] [stderr]    Compiling regex-syntax v0.8.4
[INFO] [stderr]    Compiling mime_guess v2.0.4
[INFO] [stderr]    Compiling crypto-common v0.1.6
[INFO] [stderr]    Compiling block-buffer v0.10.4
[INFO] [stderr]    Compiling want v0.3.1
[INFO] [stderr]    Compiling url v2.5.2
[INFO] [stderr]    Compiling digest v0.10.7
[INFO] [stderr]    Compiling http-body v0.4.6
[INFO] [stderr]    Compiling rand_chacha v0.3.1
[INFO] [stderr]    Compiling idna v0.3.0
[INFO] [stderr]    Compiling num-traits v0.2.19
[INFO] [stderr]    Compiling constant_time_eq v0.3.0
[INFO] [stderr]    Compiling arrayref v0.3.7
[INFO] [stderr]    Compiling utf8parse v0.2.2
[INFO] [stderr]    Compiling psl-types v2.0.11
[INFO] [stderr]    Compiling arrayvec v0.7.4
[INFO] [stderr]    Compiling httpdate v1.0.3
[INFO] [stderr]    Compiling tower-service v0.3.2
[INFO] [stderr]    Compiling rand v0.8.5
[INFO] [stderr]    Compiling anstyle-parse v0.2.6
[INFO] [stderr]    Compiling sha1 v0.10.6
[INFO] [stderr]    Compiling http v1.1.0
[INFO] [stderr]    Compiling blake2b_simd v1.0.2
[INFO] [stderr]    Compiling anyhow v1.0.86
[INFO] [stderr]    Compiling colorchoice v1.0.3
[INFO] [stderr]    Compiling keccak v0.1.5
[INFO] [stderr]    Compiling anstyle-query v1.1.2
[INFO] [stderr]    Compiling anstyle v1.0.9
[INFO] [stderr]    Compiling publicsuffix v2.2.3
[INFO] [stderr]    Compiling mime v0.3.17
[INFO] [stderr]    Compiling utf-8 v0.7.6
[INFO] [stderr]    Compiling byteorder v1.5.0
[INFO] [stderr]    Compiling minimal-lexical v0.2.1
[INFO] [stderr]    Compiling data-encoding v2.6.0
[INFO] [stderr]    Compiling is_terminal_polyfill v1.70.1
[INFO] [stderr]    Compiling time v0.3.36
[INFO] [stderr]    Compiling anstream v0.6.17
[INFO] [stderr]    Compiling rust-argon2 v1.0.1
[INFO] [stderr]    Compiling nom v7.1.3
[INFO] [stderr]    Compiling sha3 v0.10.8
[INFO] [stderr]    Compiling sha-1 v0.10.1
[INFO] [stderr]    Compiling pbkdf2 v0.12.2
[INFO] [stderr]    Compiling hmac v0.12.1
[INFO] [stderr]    Compiling sha2 v0.10.8
[INFO] [stderr]    Compiling rustls-pemfile v1.0.4
[INFO] [stderr]    Compiling crypto-mac v0.11.1
[INFO] [stderr]    Compiling encoding_rs v0.8.34
[INFO] [stderr]    Compiling iana-time-zone v0.1.60
[INFO] [stderr]    Compiling sync_wrapper v0.1.2
[INFO] [stderr]    Compiling humantime v2.1.0
[INFO] [stderr]    Compiling hex v0.4.3
[INFO] [stderr]    Compiling ipnet v2.9.0
[INFO] [stderr]    Compiling base32 v0.4.0
[INFO] [stderr]    Compiling regex-automata v0.4.7
[INFO] [stderr]    Compiling tokio-macros v2.3.0
[INFO] [stderr]    Compiling futures-macro v0.3.30
[INFO] [stderr]    Compiling serde_derive v1.0.203
[INFO] [stderr]    Compiling openssl-macros v0.1.1
[INFO] [stderr]    Compiling thiserror-impl v1.0.61
[INFO] [stderr]    Compiling typed-builder-macro v0.18.2
[INFO] [stderr]    Compiling tokio v1.38.0
[INFO] [stderr]    Compiling futures-util v0.3.30
[INFO] [stderr]    Compiling regex v1.10.5
[INFO] [stderr]    Compiling typed-builder v0.18.2
[INFO] [stderr]    Compiling tungstenite v0.23.0
[INFO] [stderr]    Compiling libreauth v0.16.0
[INFO] [stderr]    Compiling env_filter v0.1.2
[INFO] [stderr]    Compiling env_logger v0.11.5
[INFO] [stderr]    Compiling futures-executor v0.3.30
[INFO] [stderr]    Compiling futures v0.3.30
[INFO] [stderr]    Compiling serde_urlencoded v0.7.1
[INFO] [stderr]    Compiling either v1.13.0
[INFO] [stderr]    Compiling chrono v0.4.38
[INFO] [stderr]    Compiling tokio-util v0.7.11
[INFO] [stderr]    Compiling tokio-native-tls v0.3.1
[INFO] [stderr]    Compiling tokio-tungstenite v0.23.1
[INFO] [stderr]    Compiling cookie_store v0.20.0
[INFO] [stderr]    Compiling h2 v0.3.26
[INFO] [stderr]    Compiling hyper v0.14.29
[INFO] [stderr]    Compiling hyper-tls v0.5.0
[INFO] [stderr]    Compiling reqwest v0.11.27
[INFO] [stderr]    Compiling tradingview v0.1.1 (/opt/rustwide/workdir)
[INFO] [stdout] warning: unused import: `Date`
[INFO] [stdout]  --> src/lib.rs:1:14
[INFO] [stdout]   |
[INFO] [stdout] 1 | use chrono::{Date, NaiveDate, TimeZone};
[INFO] [stdout]   |              ^^^^
[INFO] [stdout]   |
[INFO] [stdout]   = note: `#[warn(unused_imports)]` on by default
[INFO] [stdout] 
[INFO] [stdout] 
[INFO] [stdout] warning: use of deprecated struct `chrono::Date`: Use `NaiveDate` or `DateTime<Tz>` instead
[INFO] [stdout]  --> src/lib.rs:1:14
[INFO] [stdout]   |
[INFO] [stdout] 1 | use chrono::{Date, NaiveDate, TimeZone};
[INFO] [stdout]   |              ^^^^
[INFO] [stdout]   |
[INFO] [stdout]   = note: `#[warn(deprecated)]` on by default
[INFO] [stdout] 
[INFO] [stdout] 
[INFO] [stderr]     Finished `dev` profile [unoptimized + debuginfo] target(s) in 16.09s
[INFO] running `Command { std: "docker" "inspect" "4678632f6885935f306c8dcf85dfbcc0d552b3b40194c87068d611d68d13ca10", kill_on_drop: false }`
[INFO] running `Command { std: "docker" "rm" "-f" "4678632f6885935f306c8dcf85dfbcc0d552b3b40194c87068d611d68d13ca10", kill_on_drop: false }`
[INFO] [stdout] 4678632f6885935f306c8dcf85dfbcc0d552b3b40194c87068d611d68d13ca10
[INFO] running `Command { std: "docker" "create" "-v" "/var/lib/crater-agent-workspace/builds/worker-3-tc1/target:/opt/rustwide/target:rw,Z" "-v" "/var/lib/crater-agent-workspace/builds/worker-3-tc1/source:/opt/rustwide/workdir:ro,Z" "-v" "/var/lib/crater-agent-workspace/cargo-home:/opt/rustwide/cargo-home:ro,Z" "-v" "/var/lib/crater-agent-workspace/rustup-home:/opt/rustwide/rustup-home:ro,Z" "-e" "SOURCE_DIR=/opt/rustwide/workdir" "-e" "CARGO_TARGET_DIR=/opt/rustwide/target" "-e" "CARGO_INCREMENTAL=0" "-e" "RUST_BACKTRACE=full" "-e" "RUSTFLAGS=--cap-lints=forbid" "-e" "RUSTDOCFLAGS=--cap-lints=forbid" "-e" "CARGO_HOME=/opt/rustwide/cargo-home" "-e" "RUSTUP_HOME=/opt/rustwide/rustup-home" "-w" "/opt/rustwide/workdir" "-m" "1610612736" "--user" "0:0" "--network" "none" "ghcr.io/rust-lang/crates-build-env/linux@sha256:4a844ea9eb2546a2d2c7022eacef16ef2e8229c7fbb2c7d4d55a9ceca922f72d" "/opt/rustwide/cargo-home/bin/cargo" "+nightly-2024-10-28" "test" "--frozen" "--no-run" "--message-format=json", kill_on_drop: false }`
[INFO] [stdout] f952245c470073bb464264420ceed7451f1941296d985992c67238799812c6f3
[INFO] running `Command { std: "docker" "start" "-a" "f952245c470073bb464264420ceed7451f1941296d985992c67238799812c6f3", kill_on_drop: false }`
[INFO] [stderr]    Compiling value-bag v1.9.0
[INFO] [stderr]    Compiling futures-io v0.3.30
[INFO] [stderr]    Compiling parking v2.2.0
[INFO] [stderr]    Compiling bitflags v2.6.0
[INFO] [stderr]    Compiling syn v2.0.68
[INFO] [stderr]    Compiling concurrent-queue v2.5.0
[INFO] [stderr]    Compiling fastrand v2.1.0
[INFO] [stderr]    Compiling rustix v0.38.34
[INFO] [stderr]    Compiling libz-sys v1.1.18
[INFO] [stderr]    Compiling libnghttp2-sys v0.1.10+1.61.0
[INFO] [stderr]    Compiling event-listener v2.5.3
[INFO] [stderr]    Compiling memchr v2.7.4
[INFO] [stderr]    Compiling linux-raw-sys v0.4.14
[INFO] [stderr]    Compiling dirs-sys-next v0.1.2
[INFO] [stderr]    Compiling polling v2.8.0
[INFO] [stderr]    Compiling crunchy v0.2.2
[INFO] [stderr]    Compiling io-lifetimes v1.0.11
[INFO] [stderr]    Compiling regex-syntax v0.8.4
[INFO] [stderr]    Compiling event-listener v5.3.1
[INFO] [stderr]    Compiling futures-lite v2.3.0
[INFO] [stderr]    Compiling log v0.4.21
[INFO] [stderr]    Compiling dirs-next v2.0.0
[INFO] [stderr]    Compiling curl-sys v0.4.73+curl-8.8.0
[INFO] [stderr]    Compiling siphasher v0.3.11
[INFO] [stderr]    Compiling fastrand v1.9.0
[INFO] [stderr]    Compiling tiny-keccak v2.0.2
[INFO] [stderr]    Compiling rustix v0.37.27
[INFO] [stderr]    Compiling waker-fn v1.2.0
[INFO] [stderr]    Compiling term v0.7.0
[INFO] [stderr]    Compiling event-listener-strategy v0.5.2
[INFO] [stderr]    Compiling phf_shared v0.10.0
[INFO] [stderr]    Compiling futures-lite v1.13.0
[INFO] [stderr]    Compiling async-lock v3.4.0
[INFO] [stderr]    Compiling async-io v1.13.0
[INFO] [stderr]    Compiling aho-corasick v1.1.3
[INFO] [stderr]    Compiling either v1.13.0
[INFO] [stderr]    Compiling bit-vec v0.6.3
[INFO] [stderr]    Compiling linux-raw-sys v0.3.8
[INFO] [stderr]    Compiling new_debug_unreachable v1.0.6
[INFO] [stderr]    Compiling async-task v4.7.1
[INFO] [stderr]    Compiling fixedbitset v0.4.2
[INFO] [stderr]    Compiling atomic-waker v1.1.2
[INFO] [stderr]    Compiling precomputed-hash v0.1.1
[INFO] [stderr]    Compiling same-file v1.0.6
[INFO] [stderr]    Compiling itertools v0.11.0
[INFO] [stderr]    Compiling string_cache v0.8.7
[INFO] [stderr]    Compiling piper v0.2.3
[INFO] [stderr]    Compiling petgraph v0.6.5
[INFO] [stderr]    Compiling walkdir v2.5.0
[INFO] [stderr]    Compiling ena v0.14.3
[INFO] [stderr]    Compiling bit-set v0.5.3
[INFO] [stderr]    Compiling ascii-canvas v3.0.0
[INFO] [stderr]    Compiling async-channel v2.3.1
[INFO] [stderr]    Compiling async-channel v1.9.0
[INFO] [stderr]    Compiling async-lock v2.8.0
[INFO] [stderr]    Compiling socket2 v0.4.10
[INFO] [stderr]    Compiling unicode-xid v0.2.4
[INFO] [stderr]    Compiling pico-args v0.5.0
[INFO] [stderr]    Compiling blocking v1.6.1
[INFO] [stderr]    Compiling async-executor v1.12.0
[INFO] [stderr]    Compiling event-listener v3.1.0
[INFO] [stderr]    Compiling curl v0.4.46
[INFO] [stderr]    Compiling kv-log-macro v1.0.7
[INFO] [stderr]    Compiling isahc v1.7.2
[INFO] [stderr]    Compiling sluice v0.5.5
[INFO] [stderr]    Compiling env_filter v0.1.2
[INFO] [stderr]    Compiling lalrpop-util v0.20.2
[INFO] [stderr]    Compiling castaway v0.1.2
[INFO] [stderr]    Compiling lazy_static v1.5.0
[INFO] [stderr]    Compiling env_logger v0.11.5
[INFO] [stderr]    Compiling levenshtein v1.0.5
[INFO] [stderr]    Compiling similar v2.5.0
[INFO] [stderr]    Compiling regex-automata v0.4.7
[INFO] [stderr]    Compiling regex v1.10.5
[INFO] [stderr]    Compiling tracing-attributes v0.1.27
[INFO] [stderr]    Compiling serde_derive v1.0.203
[INFO] [stderr]    Compiling tokio-macros v2.3.0
[INFO] [stderr]    Compiling futures-macro v0.3.30
[INFO] [stderr]    Compiling openssl-macros v0.1.1
[INFO] [stderr]    Compiling thiserror-impl v1.0.61
[INFO] [stderr]    Compiling pin-project-internal v1.1.5
[INFO] [stderr]    Compiling typed-builder-macro v0.18.2
[INFO] [stderr]    Compiling async-trait v0.1.80
[INFO] [stderr]    Compiling lalrpop v0.20.2
[INFO] [stderr]    Compiling openssl v0.10.66
[INFO] [stderr]    Compiling tokio v1.38.0
[INFO] [stderr]    Compiling futures-util v0.3.30
[INFO] [stderr]    Compiling tracing v0.1.40
[INFO] [stderr]    Compiling thiserror v1.0.61
[INFO] [stderr]    Compiling tungstenite v0.23.0
[INFO] [stderr]    Compiling libreauth v0.16.0
[INFO] [stderr]    Compiling pin-project v1.1.5
[INFO] [stderr]    Compiling typed-builder v0.18.2
[INFO] [stderr]    Compiling polling v3.7.2
[INFO] [stderr]    Compiling tracing-futures v0.2.5
[INFO] [stderr]    Compiling async-io v2.3.3
[INFO] [stderr]    Compiling async-signal v0.2.8
[INFO] [stderr]    Compiling async-global-executor v2.4.1
[INFO] [stderr]    Compiling async-process v1.8.1
[INFO] [stderr]    Compiling async-std v1.12.0
[INFO] [stderr]    Compiling serde v1.0.203
[INFO] [stderr]    Compiling futures-executor v0.3.30
[INFO] [stderr]    Compiling futures v0.3.30
[INFO] [stderr]    Compiling native-tls v0.2.12
[INFO] [stderr]    Compiling tokio-util v0.7.11
[INFO] [stderr]    Compiling tokio-native-tls v0.3.1
[INFO] [stderr]    Compiling tokio-tungstenite v0.23.1
[INFO] [stderr]    Compiling async-object-pool v0.1.4
[INFO] [stderr]    Compiling h2 v0.3.26
[INFO] [stderr]    Compiling serde_json v1.0.118
[INFO] [stderr]    Compiling serde_urlencoded v0.7.1
[INFO] [stderr]    Compiling chrono v0.4.38
[INFO] [stderr]    Compiling serde_regex v1.1.0
[INFO] [stderr]    Compiling cookie_store v0.20.0
[INFO] [stderr]    Compiling assert-json-diff v2.0.2
[INFO] [stderr]    Compiling basic-cookies v0.1.5
[INFO] [stderr]    Compiling hyper v0.14.29
[INFO] [stderr]    Compiling hyper-tls v0.5.0
[INFO] [stderr]    Compiling httpmock v0.6.8
[INFO] [stderr]    Compiling reqwest v0.11.27
[INFO] [stderr]    Compiling tradingview v0.1.1 (/opt/rustwide/workdir)
[INFO] [stdout] warning: unused import: `Date`
[INFO] [stdout]  --> src/lib.rs:1:14
[INFO] [stdout]   |
[INFO] [stdout] 1 | use chrono::{Date, NaiveDate, TimeZone};
[INFO] [stdout]   |              ^^^^
[INFO] [stdout]   |
[INFO] [stdout]   = note: `#[warn(unused_imports)]` on by default
[INFO] [stdout] 
[INFO] [stdout] 
[INFO] [stdout] warning: use of deprecated struct `chrono::Date`: Use `NaiveDate` or `DateTime<Tz>` instead
[INFO] [stdout]  --> src/lib.rs:1:14
[INFO] [stdout]   |
[INFO] [stdout] 1 | use chrono::{Date, NaiveDate, TimeZone};
[INFO] [stdout]   |              ^^^^
[INFO] [stdout]   |
[INFO] [stdout]   = note: `#[warn(deprecated)]` on by default
[INFO] [stdout] 
[INFO] [stdout] 
[INFO] [stdout] warning: unused import: `futures::StreamExt`
[INFO] [stdout]  --> examples/fetch_instrument.rs:3:5
[INFO] [stdout]   |
[INFO] [stdout] 3 | use futures::StreamExt;
[INFO] [stdout]   |     ^^^^^^^^^^^^^^^^^^
[INFO] [stdout]   |
[INFO] [stdout]   = note: `#[warn(unused_imports)]` on by default
[INFO] [stdout] 
[INFO] [stdout] 
[INFO] [stdout] warning: unused import: `Date`
[INFO] [stdout]  --> src/lib.rs:1:14
[INFO] [stdout]   |
[INFO] [stdout] 1 | use chrono::{Date, NaiveDate, TimeZone};
[INFO] [stdout]   |              ^^^^
[INFO] [stdout]   |
[INFO] [stdout]   = note: `#[warn(unused_imports)]` on by default
[INFO] [stdout] 
[INFO] [stdout] 
[INFO] [stdout] warning: use of deprecated struct `chrono::Date`: Use `NaiveDate` or `DateTime<Tz>` instead
[INFO] [stdout]  --> src/lib.rs:1:14
[INFO] [stdout]   |
[INFO] [stdout] 1 | use chrono::{Date, NaiveDate, TimeZone};
[INFO] [stdout]   |              ^^^^
[INFO] [stdout]   |
[INFO] [stdout]   = note: `#[warn(deprecated)]` on by default
[INFO] [stdout] 
[INFO] [stdout] 
[INFO] [stderr]     Finished `test` profile [unoptimized + debuginfo] target(s) in 21.88s
[INFO] running `Command { std: "docker" "inspect" "f952245c470073bb464264420ceed7451f1941296d985992c67238799812c6f3", kill_on_drop: false }`
[INFO] running `Command { std: "docker" "rm" "-f" "f952245c470073bb464264420ceed7451f1941296d985992c67238799812c6f3", kill_on_drop: false }`
[INFO] [stdout] f952245c470073bb464264420ceed7451f1941296d985992c67238799812c6f3
[INFO] running `Command { std: "docker" "create" "-v" "/var/lib/crater-agent-workspace/builds/worker-3-tc1/target:/opt/rustwide/target:rw,Z" "-v" "/var/lib/crater-agent-workspace/builds/worker-3-tc1/source:/opt/rustwide/workdir:ro,Z" "-v" "/var/lib/crater-agent-workspace/cargo-home:/opt/rustwide/cargo-home:ro,Z" "-v" "/var/lib/crater-agent-workspace/rustup-home:/opt/rustwide/rustup-home:ro,Z" "-e" "SOURCE_DIR=/opt/rustwide/workdir" "-e" "CARGO_TARGET_DIR=/opt/rustwide/target" "-e" "CARGO_INCREMENTAL=0" "-e" "RUST_BACKTRACE=full" "-e" "RUSTFLAGS=--cap-lints=forbid" "-e" "RUSTDOCFLAGS=--cap-lints=forbid" "-e" "CARGO_HOME=/opt/rustwide/cargo-home" "-e" "RUSTUP_HOME=/opt/rustwide/rustup-home" "-w" "/opt/rustwide/workdir" "-m" "1610612736" "--user" "0:0" "--network" "none" "ghcr.io/rust-lang/crates-build-env/linux@sha256:4a844ea9eb2546a2d2c7022eacef16ef2e8229c7fbb2c7d4d55a9ceca922f72d" "/opt/rustwide/cargo-home/bin/cargo" "+nightly-2024-10-28" "test" "--frozen", kill_on_drop: false }`
[INFO] [stdout] 1c5c6325a7c690dbf213d7f7e45b8e8823b3273fe31999f53296814c9a8d7d2f
[INFO] running `Command { std: "docker" "start" "-a" "1c5c6325a7c690dbf213d7f7e45b8e8823b3273fe31999f53296814c9a8d7d2f", kill_on_drop: false }`
[INFO] [stderr] warning: unused import: `Date`
[INFO] [stderr]  --> src/lib.rs:1:14
[INFO] [stderr]   |
[INFO] [stderr] 1 | use chrono::{Date, NaiveDate, TimeZone};
[INFO] [stderr]   |              ^^^^
[INFO] [stderr]   |
[INFO] [stderr]   = note: `#[warn(unused_imports)]` on by default
[INFO] [stderr] 
[INFO] [stderr] warning: use of deprecated struct `chrono::Date`: Use `NaiveDate` or `DateTime<Tz>` instead
[INFO] [stderr]  --> src/lib.rs:1:14
[INFO] [stderr]   |
[INFO] [stderr] 1 | use chrono::{Date, NaiveDate, TimeZone};
[INFO] [stderr]   |              ^^^^
[INFO] [stderr]   |
[INFO] [stderr]   = note: `#[warn(deprecated)]` on by default
[INFO] [stderr] 
[INFO] [stderr] warning: `tradingview` (lib) generated 2 warnings (run `cargo fix --lib -p tradingview` to apply 1 suggestion)
[INFO] [stderr] warning: unused import: `futures::StreamExt`
[INFO] [stderr]  --> examples/fetch_instrument.rs:3:5
[INFO] [stderr]   |
[INFO] [stderr] 3 | use futures::StreamExt;
[INFO] [stderr]   |     ^^^^^^^^^^^^^^^^^^
[INFO] [stderr]   |
[INFO] [stderr]   = note: `#[warn(unused_imports)]` on by default
[INFO] [stderr] 
[INFO] [stderr] warning: `tradingview` (lib test) generated 2 warnings (2 duplicates)
[INFO] [stderr] warning: `tradingview` (example "fetch_instrument") generated 1 warning (run `cargo fix --example "fetch_instrument"` to apply 1 suggestion)
[INFO] [stderr]     Finished `test` profile [unoptimized + debuginfo] target(s) in 0.31s
[INFO] [stderr]      Running unittests src/lib.rs (/opt/rustwide/target/debug/deps/tradingview-d55adab55e4a5241)
[INFO] [stdout] 
[INFO] [stdout] running 12 tests
[INFO] [stdout] test tests::test_deserialize_datetime ... ok
[INFO] [stdout] test websocket::tests::format_ws_packet::test_format_ws_packet ... ok
[INFO] [stdout] test websocket::tests::format_ws_packet::test_format_ws_packet_ping_number ... ok
[INFO] [stdout] test websocket::tests::test_parse_ws_packet_empty ... ok
[INFO] [stdout] test websocket::tests::test_parse_ws_packet_invalid_json ... ok
[INFO] [stdout] test websocket::tests::test_parse_ws_packet_missing_p_field ... ok
[INFO] [stdout] test websocket::tests::test_parse_ws_packet_ping_number ... ok
[INFO] [stdout] test websocket::tests::test_parse_ws_packet ... ok
[INFO] [stdout] test websocket::tests::test_parse_ws_packet_missing_m_field ... FAILED
[INFO] [stdout] test tests::test_login_user_missing_cookies ... ok
[INFO] [stdout] test tests::test_login_user ... ok
[INFO] [stdout] test tests::test_login_user_error ... ok
[INFO] [stdout] 
[INFO] [stdout] failures:
[INFO] [stdout] 
[INFO] [stdout] ---- websocket::tests::test_parse_ws_packet_missing_m_field stdout ----
[INFO] [stdout] thread 'websocket::tests::test_parse_ws_packet_missing_m_field' panicked at src/websocket.rs:496:13:
[INFO] [stdout] Parsed data did not contain a TradingViewPacket
[INFO] [stdout] stack backtrace:
[INFO] [stdout]    0:     0x56d669cd54ea - std::backtrace_rs::backtrace::libunwind::trace::h207520d6e9873551
[INFO] [stdout]                                at /rustc/df4ca44d3fbc9301ee17f30f4d474e6ae4b05252/library/std/src/../../backtrace/src/backtrace/libunwind.rs:116:5
[INFO] [stdout]    1:     0x56d669cd54ea - std::backtrace_rs::backtrace::trace_unsynchronized::h2ed7433f370e3eca
[INFO] [stdout]                                at /rustc/df4ca44d3fbc9301ee17f30f4d474e6ae4b05252/library/std/src/../../backtrace/src/backtrace/mod.rs:66:5
[INFO] [stdout]    2:     0x56d669cd54ea - std::sys::backtrace::_print_fmt::h916fac51166b18d7
[INFO] [stdout]                                at /rustc/df4ca44d3fbc9301ee17f30f4d474e6ae4b05252/library/std/src/sys/backtrace.rs:66:9
[INFO] [stdout]    3:     0x56d669cd54ea - <std::sys::backtrace::BacktraceLock::print::DisplayBacktrace as core::fmt::Display>::fmt::ha0a4c9b8ce3802e6
[INFO] [stdout]                                at /rustc/df4ca44d3fbc9301ee17f30f4d474e6ae4b05252/library/std/src/sys/backtrace.rs:39:26
[INFO] [stdout]    4:     0x56d669d01233 - core::fmt::rt::Argument::fmt::h4cfc8587d52b3eb5
[INFO] [stdout]                                at /rustc/df4ca44d3fbc9301ee17f30f4d474e6ae4b05252/library/core/src/fmt/rt.rs:177:76
[INFO] [stdout]    5:     0x56d669d01233 - core::fmt::write::h522cc39e5b36ae9f
[INFO] [stdout]                                at /rustc/df4ca44d3fbc9301ee17f30f4d474e6ae4b05252/library/core/src/fmt/mod.rs:1190:21
[INFO] [stdout]    6:     0x56d669cd1223 - std::io::Write::write_fmt::h7d3c26752da97734
[INFO] [stdout]                                at /rustc/df4ca44d3fbc9301ee17f30f4d474e6ae4b05252/library/std/src/io/mod.rs:1839:15
[INFO] [stdout]    7:     0x56d669cd5332 - std::sys::backtrace::BacktraceLock::print::h4b9e00b29e9c0942
[INFO] [stdout]                                at /rustc/df4ca44d3fbc9301ee17f30f4d474e6ae4b05252/library/std/src/sys/backtrace.rs:42:9
[INFO] [stdout]    8:     0x56d669cd697a - std::panicking::default_hook::{{closure}}::hb59b88280d0324d9
[INFO] [stdout]                                at /rustc/df4ca44d3fbc9301ee17f30f4d474e6ae4b05252/library/std/src/panicking.rs:268:22
[INFO] [stdout]    9:     0x56d669cd6784 - std::panicking::default_hook::he1dd496665be4a29
[INFO] [stdout]                                at /rustc/df4ca44d3fbc9301ee17f30f4d474e6ae4b05252/library/std/src/panicking.rs:292:9
[INFO] [stdout]   10:     0x56d669055cc9 - <alloc::boxed::Box<F,A> as core::ops::function::Fn<Args>>::call::h4ff71de18744e1dc
[INFO] [stdout]                                at /rustc/df4ca44d3fbc9301ee17f30f4d474e6ae4b05252/library/alloc/src/boxed.rs:2468:9
[INFO] [stdout]   11:     0x56d669055cc9 - test::test_main::{{closure}}::hcf7c055ce117aa81
[INFO] [stdout]                                at /rustc/df4ca44d3fbc9301ee17f30f4d474e6ae4b05252/library/test/src/lib.rs:133:21
[INFO] [stdout]   12:     0x56d669cd7078 - <alloc::boxed::Box<F,A> as core::ops::function::Fn<Args>>::call::h1d66c6bbd60c9692
[INFO] [stdout]                                at /rustc/df4ca44d3fbc9301ee17f30f4d474e6ae4b05252/library/alloc/src/boxed.rs:2468:9
[INFO] [stdout]   13:     0x56d669cd7078 - std::panicking::rust_panic_with_hook::h2ff17fe8f26dfcf8
[INFO] [stdout]                                at /rustc/df4ca44d3fbc9301ee17f30f4d474e6ae4b05252/library/std/src/panicking.rs:809:13
[INFO] [stdout]   14:     0x56d669cd6e06 - std::panicking::begin_panic_handler::{{closure}}::h4fad77951c07e101
[INFO] [stdout]                                at /rustc/df4ca44d3fbc9301ee17f30f4d474e6ae4b05252/library/std/src/panicking.rs:667:13
[INFO] [stdout]   15:     0x56d669cd59c9 - std::sys::backtrace::__rust_end_short_backtrace::hb1a25b3da5d0ea08
[INFO] [stdout]                                at /rustc/df4ca44d3fbc9301ee17f30f4d474e6ae4b05252/library/std/src/sys/backtrace.rs:170:18
[INFO] [stdout]   16:     0x56d669cd6acc - rust_begin_unwind
[INFO] [stdout]                                at /rustc/df4ca44d3fbc9301ee17f30f4d474e6ae4b05252/library/std/src/panicking.rs:665:5
[INFO] [stdout]   17:     0x56d669cfeb70 - core::panicking::panic_fmt::ha9db07b529f9b256
[INFO] [stdout]                                at /rustc/df4ca44d3fbc9301ee17f30f4d474e6ae4b05252/library/core/src/panicking.rs:75:14
[INFO] [stdout]   18:     0x56d66900b2db - tradingview::websocket::tests::test_parse_ws_packet_missing_m_field::hd82d3c2b54f65dbe
[INFO] [stdout]                                at /opt/rustwide/workdir/src/websocket.rs:496:13
[INFO] [stdout]   19:     0x56d66900ab97 - tradingview::websocket::tests::test_parse_ws_packet_missing_m_field::{{closure}}::h4aa4dfc41b0f1b3f
[INFO] [stdout]                                at /opt/rustwide/workdir/src/websocket.rs:475:46
[INFO] [stdout]   20:     0x56d668fd95e6 - core::ops::function::FnOnce::call_once::ha53bbbeb91bce13a
[INFO] [stdout]                                at /rustc/df4ca44d3fbc9301ee17f30f4d474e6ae4b05252/library/core/src/ops/function.rs:250:5
[INFO] [stdout]   21:     0x56d66905a59b - core::ops::function::FnOnce::call_once::h22c3ba5715e93f05
[INFO] [stdout]                                at /rustc/df4ca44d3fbc9301ee17f30f4d474e6ae4b05252/library/core/src/ops/function.rs:250:5
[INFO] [stdout]   22:     0x56d66905a59b - test::__rust_begin_short_backtrace::h8e82d8113d0da17f
[INFO] [stdout]                                at /rustc/df4ca44d3fbc9301ee17f30f4d474e6ae4b05252/library/test/src/lib.rs:621:18
[INFO] [stdout]   23:     0x56d669059f17 - test::run_test_in_process::{{closure}}::h33235f4f20b7b7c7
[INFO] [stdout]                                at /rustc/df4ca44d3fbc9301ee17f30f4d474e6ae4b05252/library/test/src/lib.rs:644:60
[INFO] [stdout]   24:     0x56d669059f17 - <core::panic::unwind_safe::AssertUnwindSafe<F> as core::ops::function::FnOnce<()>>::call_once::hb5043206310c586f
[INFO] [stdout]                                at /rustc/df4ca44d3fbc9301ee17f30f4d474e6ae4b05252/library/core/src/panic/unwind_safe.rs:272:9
[INFO] [stdout]   25:     0x56d669059f17 - std::panicking::try::do_call::h9ad4731a60ab23e2
[INFO] [stdout]                                at /rustc/df4ca44d3fbc9301ee17f30f4d474e6ae4b05252/library/std/src/panicking.rs:557:40
[INFO] [stdout]   26:     0x56d669059f17 - std::panicking::try::h3824d23db772a716
[INFO] [stdout]                                at /rustc/df4ca44d3fbc9301ee17f30f4d474e6ae4b05252/library/std/src/panicking.rs:520:19
[INFO] [stdout]   27:     0x56d669059f17 - std::panic::catch_unwind::h5afd514605fde46b
[INFO] [stdout]                                at /rustc/df4ca44d3fbc9301ee17f30f4d474e6ae4b05252/library/std/src/panic.rs:358:14
[INFO] [stdout]   28:     0x56d669059f17 - test::run_test_in_process::h0d5cbfa7067d1720
[INFO] [stdout]                                at /rustc/df4ca44d3fbc9301ee17f30f4d474e6ae4b05252/library/test/src/lib.rs:644:27
[INFO] [stdout]   29:     0x56d669059f17 - test::run_test::{{closure}}::h708eb8872708115d
[INFO] [stdout]                                at /rustc/df4ca44d3fbc9301ee17f30f4d474e6ae4b05252/library/test/src/lib.rs:565:43
[INFO] [stdout]   30:     0x56d66901d634 - test::run_test::{{closure}}::h392c51cee94713ab
[INFO] [stdout]                                at /rustc/df4ca44d3fbc9301ee17f30f4d474e6ae4b05252/library/test/src/lib.rs:595:41
[INFO] [stdout]   31:     0x56d66901d634 - std::sys::backtrace::__rust_begin_short_backtrace::h2f40290710935a8b
[INFO] [stdout]                                at /rustc/df4ca44d3fbc9301ee17f30f4d474e6ae4b05252/library/std/src/sys/backtrace.rs:154:18
[INFO] [stdout]   32:     0x56d669020dde - std::thread::Builder::spawn_unchecked_::{{closure}}::{{closure}}::h3fd968d89053a903
[INFO] [stdout]                                at /rustc/df4ca44d3fbc9301ee17f30f4d474e6ae4b05252/library/std/src/thread/mod.rs:541:17
[INFO] [stdout]   33:     0x56d669020dde - <core::panic::unwind_safe::AssertUnwindSafe<F> as core::ops::function::FnOnce<()>>::call_once::h743f637ba4229880
[INFO] [stdout]                                at /rustc/df4ca44d3fbc9301ee17f30f4d474e6ae4b05252/library/core/src/panic/unwind_safe.rs:272:9
[INFO] [stdout]   34:     0x56d669020dde - std::panicking::try::do_call::h07440897322525a6
[INFO] [stdout]                                at /rustc/df4ca44d3fbc9301ee17f30f4d474e6ae4b05252/library/std/src/panicking.rs:557:40
[INFO] [stdout]   35:     0x56d669020dde - std::panicking::try::he5a2e00188156637
[INFO] [stdout]                                at /rustc/df4ca44d3fbc9301ee17f30f4d474e6ae4b05252/library/std/src/panicking.rs:520:19
[INFO] [stdout]   36:     0x56d669020dde - std::panic::catch_unwind::hbaf3cae49b3c6433
[INFO] [stdout]                                at /rustc/df4ca44d3fbc9301ee17f30f4d474e6ae4b05252/library/std/src/panic.rs:358:14
[INFO] [stdout]   37:     0x56d669020dde - std::thread::Builder::spawn_unchecked_::{{closure}}::h8e141ea224820bce
[INFO] [stdout]                                at /rustc/df4ca44d3fbc9301ee17f30f4d474e6ae4b05252/library/std/src/thread/mod.rs:540:30
[INFO] [stdout]   38:     0x56d669020dde - core::ops::function::FnOnce::call_once{{vtable.shim}}::h90d312fedd7b8ea8
[INFO] [stdout]                                at /rustc/df4ca44d3fbc9301ee17f30f4d474e6ae4b05252/library/core/src/ops/function.rs:250:5
[INFO] [stdout]   39:     0x56d669cdb3db - <alloc::boxed::Box<F,A> as core::ops::function::FnOnce<Args>>::call_once::h69aa08ddb6adb8b6
[INFO] [stdout]                                at /rustc/df4ca44d3fbc9301ee17f30f4d474e6ae4b05252/library/alloc/src/boxed.rs:2454:9
[INFO] [stdout]   40:     0x56d669cdb3db - <alloc::boxed::Box<F,A> as core::ops::function::FnOnce<Args>>::call_once::h5aa36efdb79c806f
[INFO] [stdout]                                at /rustc/df4ca44d3fbc9301ee17f30f4d474e6ae4b05252/library/alloc/src/boxed.rs:2454:9
[INFO] [stdout]   41:     0x56d669cdb3db - std::sys::pal::unix::thread::Thread::new::thread_start::h6cd80a1b4be5158d
[INFO] [stdout]                                at /rustc/df4ca44d3fbc9301ee17f30f4d474e6ae4b05252/library/std/src/sys/pal/unix/thread.rs:105:17
[INFO] [stdout]   42:     0x74ae773f5ac3 - <unknown>
[INFO] [stdout]   43:     0x74ae77486a04 - clone
[INFO] [stdout]   44:                0x0 - <unknown>
[INFO] [stdout] 
[INFO] [stdout] 
[INFO] [stdout] failures:
[INFO] [stdout]     websocket::tests::test_parse_ws_packet_missing_m_field
[INFO] [stdout] 
[INFO] [stdout] test result: FAILED. 11 passed; 1 failed; 0 ignored; 0 measured; 0 filtered out; finished in 0.10s
[INFO] [stdout] 
[INFO] [stderr] error: test failed, to rerun pass `--lib`
[INFO] running `Command { std: "docker" "inspect" "1c5c6325a7c690dbf213d7f7e45b8e8823b3273fe31999f53296814c9a8d7d2f", kill_on_drop: false }`
[INFO] running `Command { std: "docker" "rm" "-f" "1c5c6325a7c690dbf213d7f7e45b8e8823b3273fe31999f53296814c9a8d7d2f", kill_on_drop: false }`
[INFO] [stdout] 1c5c6325a7c690dbf213d7f7e45b8e8823b3273fe31999f53296814c9a8d7d2f
