[INFO] cloning repository https://github.com/dkuku/rust_cli_book
[INFO] running `Command { std: "git" "-c" "credential.helper=" "-c" "credential.helper=/workspace/cargo-home/bin/git-credential-null" "clone" "--bare" "https://github.com/dkuku/rust_cli_book" "/workspace/cache/git-repos/https%3A%2F%2Fgithub.com%2Fdkuku%2Frust_cli_book", kill_on_drop: false }`
[INFO] [stderr] Cloning into bare repository '/workspace/cache/git-repos/https%3A%2F%2Fgithub.com%2Fdkuku%2Frust_cli_book'...
[INFO] running `Command { std: "git" "rev-parse" "HEAD", kill_on_drop: false }`
[INFO] [stdout] b6cadc07025e83c1e44897ff8b4ccaa4bd533308
[INFO] testing dkuku/rust_cli_book/b6cadc07025e83c1e44897ff8b4ccaa4bd533308 against nightly-2024-10-28+rustflags=-Zrandomize-layout for randomize-layout
[INFO] running `Command { std: "git" "clone" "/workspace/cache/git-repos/https%3A%2F%2Fgithub.com%2Fdkuku%2Frust_cli_book" "/workspace/builds/worker-5-tc2/source", kill_on_drop: false }`
[INFO] [stderr] Cloning into '/workspace/builds/worker-5-tc2/source'...
[INFO] [stderr] done.
[INFO] validating manifest of git repo https://github.com/dkuku/rust_cli_book on toolchain nightly-2024-10-28
[INFO] running `Command { std: CARGO_HOME="/workspace/cargo-home" RUSTUP_HOME="/workspace/rustup-home" "/workspace/cargo-home/bin/cargo" "+nightly-2024-10-28" "metadata" "--manifest-path" "Cargo.toml" "--no-deps", kill_on_drop: false }`
[INFO] started tweaking git repo https://github.com/dkuku/rust_cli_book
[INFO] finished tweaking git repo https://github.com/dkuku/rust_cli_book
[INFO] tweaked toml for git repo https://github.com/dkuku/rust_cli_book written to /workspace/builds/worker-5-tc2/source/Cargo.toml
[INFO] crate git repo https://github.com/dkuku/rust_cli_book already has a lockfile, it will not be regenerated
[INFO] running `Command { std: CARGO_HOME="/workspace/cargo-home" RUSTUP_HOME="/workspace/rustup-home" "/workspace/cargo-home/bin/cargo" "+nightly-2024-10-28" "fetch" "--manifest-path" "Cargo.toml", kill_on_drop: false }`
[INFO] running `Command { std: "docker" "create" "-v" "/var/lib/crater-agent-workspace/builds/worker-5-tc2/target:/opt/rustwide/target:rw,Z" "-v" "/var/lib/crater-agent-workspace/builds/worker-5-tc2/source:/opt/rustwide/workdir:ro,Z" "-v" "/var/lib/crater-agent-workspace/cargo-home:/opt/rustwide/cargo-home:ro,Z" "-v" "/var/lib/crater-agent-workspace/rustup-home:/opt/rustwide/rustup-home:ro,Z" "-e" "SOURCE_DIR=/opt/rustwide/workdir" "-e" "CARGO_TARGET_DIR=/opt/rustwide/target" "-e" "CARGO_HOME=/opt/rustwide/cargo-home" "-e" "RUSTUP_HOME=/opt/rustwide/rustup-home" "-w" "/opt/rustwide/workdir" "-m" "1610612736" "--user" "0:0" "--network" "none" "ghcr.io/rust-lang/crates-build-env/linux@sha256:4a844ea9eb2546a2d2c7022eacef16ef2e8229c7fbb2c7d4d55a9ceca922f72d" "/opt/rustwide/cargo-home/bin/cargo" "+nightly-2024-10-28" "metadata" "--no-deps" "--format-version=1", kill_on_drop: false }`
[INFO] [stdout] da9c36a5e88bbd5317130a0bdee110b70da83deea1bd7a1b0ab8d2ec4eb835bb
[INFO] running `Command { std: "docker" "start" "-a" "da9c36a5e88bbd5317130a0bdee110b70da83deea1bd7a1b0ab8d2ec4eb835bb", kill_on_drop: false }`
[INFO] running `Command { std: "docker" "inspect" "da9c36a5e88bbd5317130a0bdee110b70da83deea1bd7a1b0ab8d2ec4eb835bb", kill_on_drop: false }`
[INFO] running `Command { std: "docker" "rm" "-f" "da9c36a5e88bbd5317130a0bdee110b70da83deea1bd7a1b0ab8d2ec4eb835bb", kill_on_drop: false }`
[INFO] [stdout] da9c36a5e88bbd5317130a0bdee110b70da83deea1bd7a1b0ab8d2ec4eb835bb
[INFO] running `Command { std: "docker" "create" "-v" "/var/lib/crater-agent-workspace/builds/worker-5-tc2/target:/opt/rustwide/target:rw,Z" "-v" "/var/lib/crater-agent-workspace/builds/worker-5-tc2/source:/opt/rustwide/workdir:ro,Z" "-v" "/var/lib/crater-agent-workspace/cargo-home:/opt/rustwide/cargo-home:ro,Z" "-v" "/var/lib/crater-agent-workspace/rustup-home:/opt/rustwide/rustup-home:ro,Z" "-e" "SOURCE_DIR=/opt/rustwide/workdir" "-e" "CARGO_TARGET_DIR=/opt/rustwide/target" "-e" "CARGO_INCREMENTAL=0" "-e" "RUST_BACKTRACE=full" "-e" "RUSTFLAGS=--cap-lints=forbid -Zrandomize-layout" "-e" "RUSTDOCFLAGS=--cap-lints=forbid" "-e" "CARGO_HOME=/opt/rustwide/cargo-home" "-e" "RUSTUP_HOME=/opt/rustwide/rustup-home" "-w" "/opt/rustwide/workdir" "-m" "1610612736" "--user" "0:0" "--network" "none" "ghcr.io/rust-lang/crates-build-env/linux@sha256:4a844ea9eb2546a2d2c7022eacef16ef2e8229c7fbb2c7d4d55a9ceca922f72d" "/opt/rustwide/cargo-home/bin/cargo" "+nightly-2024-10-28" "build" "--frozen" "--message-format=json", kill_on_drop: false }`
[INFO] [stdout] 9675f45f2e07c2ca60f32954f907095aec4af0d5ca95d4d61785acefab8cd37b
[INFO] running `Command { std: "docker" "start" "-a" "9675f45f2e07c2ca60f32954f907095aec4af0d5ca95d4d61785acefab8cd37b", kill_on_drop: false }`
[INFO] [stderr]    Compiling proc-macro2 v1.0.78
[INFO] [stderr]    Compiling heck v0.4.1
[INFO] [stderr]    Compiling utf8parse v0.2.1
[INFO] [stderr]    Compiling colorchoice v1.0.0
[INFO] [stderr]    Compiling anstyle-query v1.0.2
[INFO] [stderr]    Compiling anstyle v1.0.4
[INFO] [stderr]    Compiling clap_lex v0.6.0
[INFO] [stderr]    Compiling memchr v2.7.1
[INFO] [stderr]    Compiling libc v0.2.152
[INFO] [stderr]    Compiling regex-syntax v0.8.2
[INFO] [stderr]    Compiling same-file v1.0.6
[INFO] [stderr]    Compiling rustversion v1.0.14
[INFO] [stderr]    Compiling num-traits v0.2.17
[INFO] [stderr]    Compiling num-bigint v0.4.4
[INFO] [stderr]    Compiling num-rational v0.4.1
[INFO] [stderr]    Compiling serde v1.0.195
[INFO] [stderr]    Compiling minimal-lexical v0.2.1
[INFO] [stderr]    Compiling anstyle-parse v0.2.3
[INFO] [stderr]    Compiling walkdir v2.4.0
[INFO] [stderr]    Compiling itoa v1.0.10
[INFO] [stderr]    Compiling ryu v1.0.16
[INFO] [stderr]    Compiling anstream v0.6.11
[INFO] [stderr]    Compiling clap_builder v4.4.18
[INFO] [stderr]    Compiling aho-corasick v1.1.2
[INFO] [stderr]    Compiling csv-core v0.1.11
[INFO] [stderr]    Compiling nom v7.1.3
[INFO] [stderr]    Compiling quote v1.0.35
[INFO] [stderr]    Compiling syn v2.0.48
[INFO] [stderr]    Compiling cc v1.0.83
[INFO] [stderr]    Compiling getrandom v0.2.12
[INFO] [stderr]    Compiling rand_core v0.6.4
[INFO] [stderr]    Compiling rand_chacha v0.3.1
[INFO] [stderr]    Compiling rand v0.8.5
[INFO] [stderr]    Compiling num-integer v0.1.46
[INFO] [stderr]    Compiling num-complex v0.4.5
[INFO] [stderr]    Compiling num-iter v0.1.44
[INFO] [stderr]    Compiling sys-info v0.9.1
[INFO] [stderr]    Compiling regex-automata v0.4.4
[INFO] [stderr]    Compiling num v0.4.1
[INFO] [stderr]    Compiling csv v1.3.0
[INFO] [stderr]    Compiling regex v1.10.3
[INFO] [stderr]    Compiling clap_derive v4.4.7
[INFO] [stderr]    Compiling strum_macros v0.25.3
[INFO] [stderr]    Compiling strum v0.25.0
[INFO] [stderr]    Compiling clap v4.4.18
[INFO] [stderr]    Compiling tailr v0.1.0 (/opt/rustwide/workdir/tailr)
[INFO] [stderr]    Compiling grepr v0.1.0 (/opt/rustwide/workdir/grepr)
[INFO] [stderr]    Compiling commr v0.1.0 (/opt/rustwide/workdir/commr)
[INFO] [stderr]    Compiling cutr v0.1.0 (/opt/rustwide/workdir/cutr)
[INFO] [stderr]    Compiling wcr v0.1.0 (/opt/rustwide/workdir/wcr)
[INFO] [stderr]    Compiling uniqr v0.1.0 (/opt/rustwide/workdir/uniqr)
[INFO] [stderr]    Compiling catr v0.1.0 (/opt/rustwide/workdir/catr)
[INFO] [stderr]    Compiling headr v0.1.0 (/opt/rustwide/workdir/headr)
[INFO] [stderr]    Compiling fortuner v0.1.0 (/opt/rustwide/workdir/fortuner)
[INFO] [stderr]    Compiling findr v0.1.0 (/opt/rustwide/workdir/findr)
[INFO] [stderr]    Compiling echor v0.1.0 (/opt/rustwide/workdir/echor)
[INFO] [stderr]     Finished `dev` profile [unoptimized + debuginfo] target(s) in 6.31s
[INFO] running `Command { std: "docker" "inspect" "9675f45f2e07c2ca60f32954f907095aec4af0d5ca95d4d61785acefab8cd37b", kill_on_drop: false }`
[INFO] running `Command { std: "docker" "rm" "-f" "9675f45f2e07c2ca60f32954f907095aec4af0d5ca95d4d61785acefab8cd37b", kill_on_drop: false }`
[INFO] [stdout] 9675f45f2e07c2ca60f32954f907095aec4af0d5ca95d4d61785acefab8cd37b
[INFO] running `Command { std: "docker" "create" "-v" "/var/lib/crater-agent-workspace/builds/worker-5-tc2/target:/opt/rustwide/target:rw,Z" "-v" "/var/lib/crater-agent-workspace/builds/worker-5-tc2/source:/opt/rustwide/workdir:ro,Z" "-v" "/var/lib/crater-agent-workspace/cargo-home:/opt/rustwide/cargo-home:ro,Z" "-v" "/var/lib/crater-agent-workspace/rustup-home:/opt/rustwide/rustup-home:ro,Z" "-e" "SOURCE_DIR=/opt/rustwide/workdir" "-e" "CARGO_TARGET_DIR=/opt/rustwide/target" "-e" "CARGO_INCREMENTAL=0" "-e" "RUST_BACKTRACE=full" "-e" "RUSTFLAGS=--cap-lints=forbid -Zrandomize-layout" "-e" "RUSTDOCFLAGS=--cap-lints=forbid" "-e" "CARGO_HOME=/opt/rustwide/cargo-home" "-e" "RUSTUP_HOME=/opt/rustwide/rustup-home" "-w" "/opt/rustwide/workdir" "-m" "1610612736" "--user" "0:0" "--network" "none" "ghcr.io/rust-lang/crates-build-env/linux@sha256:4a844ea9eb2546a2d2c7022eacef16ef2e8229c7fbb2c7d4d55a9ceca922f72d" "/opt/rustwide/cargo-home/bin/cargo" "+nightly-2024-10-28" "test" "--frozen" "--no-run" "--message-format=json", kill_on_drop: false }`
[INFO] [stdout] 7b05890f3859fd5c34738e701138a6825e403c3021c3a6155d15b481e9cfdec5
[INFO] running `Command { std: "docker" "start" "-a" "7b05890f3859fd5c34738e701138a6825e403c3021c3a6155d15b481e9cfdec5", kill_on_drop: false }`
[INFO] [stderr]    Compiling predicates-core v1.0.6
[INFO] [stderr]    Compiling difflib v0.4.0
[INFO] [stderr]    Compiling termtree v0.4.1
[INFO] [stderr]    Compiling either v1.9.0
[INFO] [stderr]    Compiling normalize-line-endings v0.3.0
[INFO] [stderr]    Compiling diff v0.1.13
[INFO] [stderr]    Compiling yansi v0.5.1
[INFO] [stderr]    Compiling regex-automata v0.4.4
[INFO] [stderr]    Compiling wait-timeout v0.2.0
[INFO] [stderr]    Compiling float-cmp v0.9.0
[INFO] [stderr]    Compiling rustix v0.38.30
[INFO] [stderr]    Compiling bitflags v2.4.2
[INFO] [stderr]    Compiling linux-raw-sys v0.4.13
[INFO] [stderr]    Compiling fastrand v2.0.1
[INFO] [stderr]    Compiling predicates-tree v1.0.9
[INFO] [stderr]    Compiling pretty_assertions v1.4.0
[INFO] [stderr]    Compiling itertools v0.10.5
[INFO] [stderr]    Compiling predicates v3.1.0
[INFO] [stderr]    Compiling tempfile v3.9.0
[INFO] [stderr]    Compiling regex v1.10.3
[INFO] [stderr]    Compiling bstr v1.9.0
[INFO] [stderr]    Compiling predicates v2.1.5
[INFO] [stderr]    Compiling grepr v0.1.0 (/opt/rustwide/workdir/grepr)
[INFO] [stderr]    Compiling findr v0.1.0 (/opt/rustwide/workdir/findr)
[INFO] [stderr]    Compiling cutr v0.1.0 (/opt/rustwide/workdir/cutr)
[INFO] [stderr]    Compiling fortuner v0.1.0 (/opt/rustwide/workdir/fortuner)
[INFO] [stderr]    Compiling assert_cmd v2.0.13
[INFO] [stderr]    Compiling headr v0.1.0 (/opt/rustwide/workdir/headr)
[INFO] [stderr]    Compiling uniqr v0.1.0 (/opt/rustwide/workdir/uniqr)
[INFO] [stderr]    Compiling wcr v0.1.0 (/opt/rustwide/workdir/wcr)
[INFO] [stderr]    Compiling tailr v0.1.0 (/opt/rustwide/workdir/tailr)
[INFO] [stderr]    Compiling catr v0.1.0 (/opt/rustwide/workdir/catr)
[INFO] [stderr]    Compiling commr v0.1.0 (/opt/rustwide/workdir/commr)
[INFO] [stderr]    Compiling echor v0.1.0 (/opt/rustwide/workdir/echor)
[INFO] [stderr]     Finished `test` profile [unoptimized + debuginfo] target(s) in 5.77s
[INFO] running `Command { std: "docker" "inspect" "7b05890f3859fd5c34738e701138a6825e403c3021c3a6155d15b481e9cfdec5", kill_on_drop: false }`
[INFO] running `Command { std: "docker" "rm" "-f" "7b05890f3859fd5c34738e701138a6825e403c3021c3a6155d15b481e9cfdec5", kill_on_drop: false }`
[INFO] [stdout] 7b05890f3859fd5c34738e701138a6825e403c3021c3a6155d15b481e9cfdec5
[INFO] running `Command { std: "docker" "create" "-v" "/var/lib/crater-agent-workspace/builds/worker-5-tc2/target:/opt/rustwide/target:rw,Z" "-v" "/var/lib/crater-agent-workspace/builds/worker-5-tc2/source:/opt/rustwide/workdir:ro,Z" "-v" "/var/lib/crater-agent-workspace/cargo-home:/opt/rustwide/cargo-home:ro,Z" "-v" "/var/lib/crater-agent-workspace/rustup-home:/opt/rustwide/rustup-home:ro,Z" "-e" "SOURCE_DIR=/opt/rustwide/workdir" "-e" "CARGO_TARGET_DIR=/opt/rustwide/target" "-e" "CARGO_INCREMENTAL=0" "-e" "RUST_BACKTRACE=full" "-e" "RUSTFLAGS=--cap-lints=forbid -Zrandomize-layout" "-e" "RUSTDOCFLAGS=--cap-lints=forbid" "-e" "CARGO_HOME=/opt/rustwide/cargo-home" "-e" "RUSTUP_HOME=/opt/rustwide/rustup-home" "-w" "/opt/rustwide/workdir" "-m" "1610612736" "--user" "0:0" "--network" "none" "ghcr.io/rust-lang/crates-build-env/linux@sha256:4a844ea9eb2546a2d2c7022eacef16ef2e8229c7fbb2c7d4d55a9ceca922f72d" "/opt/rustwide/cargo-home/bin/cargo" "+nightly-2024-10-28" "test" "--frozen", kill_on_drop: false }`
[INFO] [stdout] 64810e81246f2273f6182b447296179064b82a9e9bd65c6ee8011413b5489f22
[INFO] running `Command { std: "docker" "start" "-a" "64810e81246f2273f6182b447296179064b82a9e9bd65c6ee8011413b5489f22", kill_on_drop: false }`
[INFO] [stderr]     Finished `test` profile [unoptimized + debuginfo] target(s) in 0.11s
[INFO] [stderr]      Running unittests src/lib.rs (/opt/rustwide/target/debug/deps/catr-c35605d7186bda75)
[INFO] [stdout] 
[INFO] [stdout] running 0 tests
[INFO] [stdout] 
[INFO] [stdout] test result: ok. 0 passed; 0 failed; 0 ignored; 0 measured; 0 filtered out; finished in 0.00s
[INFO] [stdout] 
[INFO] [stderr]      Running unittests src/main.rs (/opt/rustwide/target/debug/deps/catr-cfde7900665c1523)
[INFO] [stdout] 
[INFO] [stdout] running 0 tests
[INFO] [stdout] 
[INFO] [stdout] test result: ok. 0 passed; 0 failed; 0 ignored; 0 measured; 0 filtered out; finished in 0.00s
[INFO] [stdout] 
[INFO] [stderr]      Running tests/cli.rs (/opt/rustwide/target/debug/deps/cli-48d922df0e93a59f)
[INFO] [stdout] 
[INFO] [stdout] running 30 tests
[INFO] [stdout] test all ... ok
[INFO] [stdout] test all_b ... ok
[INFO] [stdout] test bustle_e ... ok
[INFO] [stdout] test bustle_n ... ok
[INFO] [stdout] test all_n ... ok
[INFO] [stdout] test bustle ... ok
[INFO] [stdout] test all_e ... ok
[INFO] [stdout] test bustle_skip_b ... ok
[INFO] [stdout] test bustle_skip ... ok
[INFO] [stdout] test bustle_skip_n ... ok
[INFO] [stdout] test bustle_b ... ok
[INFO] [stdout] test bustle_skip_e ... ok
[INFO] [stdout] test bustle_skip_s ... ok
[INFO] [stdout] test bustle_stdin ... ok
[INFO] [stdout] test bustle_stdin_b ... ok
[INFO] [stdout] test empty_n ... ok
[INFO] [stdout] test bustle_stdin_n ... ok
[INFO] [stdout] test empty_e ... ok
[INFO] [stdout] test empty ... ok
[INFO] [stdout] test fox ... ok
[INFO] [stdout] test empty_b ... ok
[INFO] [stdout] test fox_b ... ok
[INFO] [stdout] test fox_e ... ok
[INFO] [stdout] test fox_n ... ok
[INFO] [stdout] test spiders ... ok
[INFO] [stdout] test spiders_b ... ok
[INFO] [stdout] test spiders_e ... ok
[INFO] [stdout] test spiders_n ... ok
[INFO] [stdout] test skips_bad_file ... ok
[INFO] [stdout] test usage ... ok
[INFO] [stdout] 
[INFO] [stdout] test result: ok. 30 passed; 0 failed; 0 ignored; 0 measured; 0 filtered out; finished in 0.01s
[INFO] [stdout] 
[INFO] [stderr]      Running unittests src/lib.rs (/opt/rustwide/target/debug/deps/commr-314b506ccace9c1a)
[INFO] [stdout] 
[INFO] [stdout] running 0 tests
[INFO] [stdout] 
[INFO] [stdout] test result: ok. 0 passed; 0 failed; 0 ignored; 0 measured; 0 filtered out; finished in 0.00s
[INFO] [stdout] 
[INFO] [stderr]      Running unittests src/main.rs (/opt/rustwide/target/debug/deps/commr-71e3762213c122c9)
[INFO] [stdout] 
[INFO] [stdout] running 0 tests
[INFO] [stdout] 
[INFO] [stdout] test result: ok. 0 passed; 0 failed; 0 ignored; 0 measured; 0 filtered out; finished in 0.00s
[INFO] [stdout] 
[INFO] [stderr]      Running tests/cli.rs (/opt/rustwide/target/debug/deps/cli-c075e182c1d5a3b4)
[INFO] [stdout] 
[INFO] [stdout] running 34 tests
[INFO] [stdout] test dies_both_stdin ... ok
[INFO] [stdout] test dies_no_args ... ok
[INFO] [stdout] test blank_file1 ... ok
[INFO] [stdout] test file1_file2 ... ok
[INFO] [stdout] test empty_file2 ... ok
[INFO] [stdout] test file1_empty ... ok
[INFO] [stdout] test empty_empty ... ok
[INFO] [stdout] test file1_file1 ... ok
[INFO] [stdout] test file1_file2_1 ... ok
[INFO] [stdout] test file1_file2_123 ... ok
[INFO] [stdout] test file1_file2_13 ... ok
[INFO] [stdout] test file1_file2_12_delim ... ok
[INFO] [stdout] test file1_file2_13_i ... ok
[INFO] [stdout] test dies_bad_file2 ... ok
[INFO] [stdout] test file1_file2_123_i ... ok
[INFO] [stdout] test file1_file2_13_delim ... ok
[INFO] [stdout] test dies_bad_file1 ... ok
[INFO] [stdout] test file1_file2_123_delim ... ok
[INFO] [stdout] test file1_file2_1_2 ... ok
[INFO] [stdout] test file1_file2_1_delim ... ok
[INFO] [stdout] test file1_file2_2_3_i ... ok
[INFO] [stdout] test file1_file2_23_delim ... ok
[INFO] [stdout] test file1_file2_1_2_i ... ok
[INFO] [stdout] test file1_file2_1_i ... ok
[INFO] [stdout] test file1_file2_2 ... ok
[INFO] [stdout] test stdin_file1 ... ok
[INFO] [stdout] test file1_file2_2_3 ... ok
[INFO] [stdout] test file1_file2_delim ... ok
[INFO] [stdout] test file1_file2_2_i ... ok
[INFO] [stdout] test file1_file2_3 ... ok
[INFO] [stdout] test file1_file2_2_delim ... ok
[INFO] [stdout] test file1_file2_3_delim ... ok
[INFO] [stdout] test file1_file2_3_i ... ok
[INFO] [stdout] test stdin_file2 ... ok
[INFO] [stdout] 
[INFO] [stdout] test result: ok. 34 passed; 0 failed; 0 ignored; 0 measured; 0 filtered out; finished in 0.01s
[INFO] [stdout] 
[INFO] [stderr]      Running unittests src/lib.rs (/opt/rustwide/target/debug/deps/cutr-b093645c9e2a961c)
[INFO] [stdout] 
[INFO] [stdout] running 28 tests
[INFO] [stdout] test unit_tests::test_extract_bytes ... ok
[INFO] [stdout] test unit_tests::test_extract_chars ... ok
[INFO] [stdout] test unit_tests::test_parse_position ... ok
[INFO] [stdout] test unit_tests::test_extract_fields ... ok
[INFO] [stdout] test unit_tests::test_parse_position01 ... ok
[INFO] [stdout] test unit_tests::test_parse_position0 ... ok
[INFO] [stdout] test unit_tests::test_parse_position_1plus2 ... ok
[INFO] [stdout] test unit_tests::test_parse_position_comma ... ok
[INFO] [stdout] test unit_tests::test_parse_position_invalid_range_char ... ok
[INFO] [stdout] test unit_tests::test_parse_position_empty_range ... ok
[INFO] [stdout] test unit_tests::test_parse_position_invalid_range_int ... ok
[INFO] [stdout] test unit_tests::test_parse_position_invalid_range_reverse ... ok
[INFO] [stdout] test unit_tests::test_parse_position_non_number ... ok
[INFO] [stdout] test unit_tests::test_parse_position_non_number_number_range ... ok
[INFO] [stdout] test unit_tests::test_parse_position_nothing_after_comma ... ok
[INFO] [stdout] test unit_tests::test_parse_position_number_non_number ... ok
[INFO] [stdout] test unit_tests::test_parse_position_number_non_number_range ... ok
[INFO] [stdout] test unit_tests::test_parse_position_ok_comma ... ok
[INFO] [stdout] test unit_tests::test_parse_position_ok_comma_with_0 ... ok
[INFO] [stdout] test unit_tests::test_parse_position_ok_multiple_x ... ok
[INFO] [stdout] test unit_tests::test_parse_position_ok_multiple_xx ... ok
[INFO] [stdout] test unit_tests::test_parse_position_ok_range ... ok
[INFO] [stdout] test unit_tests::test_parse_position_ok_range_same ... ok
[INFO] [stdout] test unit_tests::test_parse_position_ok_single ... ok
[INFO] [stdout] test unit_tests::test_parse_position_ok_range_with_0 ... ok
[INFO] [stdout] test unit_tests::test_parse_position_ok_single_with_0 ... ok
[INFO] [stdout] test unit_tests::test_parse_position_plus12 ... ok
[INFO] [stdout] test unit_tests::test_parse_position_plus1 ... ok
[INFO] [stdout] 
[INFO] [stdout] test result: ok. 28 passed; 0 failed; 0 ignored; 0 measured; 0 filtered out; finished in 0.00s
[INFO] [stdout] 
[INFO] [stderr]      Running unittests src/main.rs (/opt/rustwide/target/debug/deps/cutr-7e79c9889102b0c2)
[INFO] [stdout] 
[INFO] [stdout] running 0 tests
[INFO] [stdout] 
[INFO] [stdout] test result: ok. 0 passed; 0 failed; 0 ignored; 0 measured; 0 filtered out; finished in 0.00s
[INFO] [stdout] 
[INFO] [stderr]      Running tests/cli.rs (/opt/rustwide/target/debug/deps/cli-04ab1ddb6886d63f)
[INFO] [stdout] 
[INFO] [stdout] running 36 tests
[INFO] [stdout] test csv_f1 ... ok
[INFO] [stdout] test csv_f2 ... ok
[INFO] [stdout] test csv_f1_2 ... ok
[INFO] [stdout] test csv_f1_3 ... ok
[INFO] [stdout] test csv_f3 ... ok
[INFO] [stdout] test csv_f2_3 ... ok
[INFO] [stdout] test dies_bad_delimiter ... ok
[INFO] [stdout] test dies_chars_bytes ... ok
[INFO] [stdout] test dies_bad_digit_bytes ... ok
[INFO] [stdout] test dies_bad_digit_field ... ok
[INFO] [stdout] test dies_chars_fields ... ok
[INFO] [stdout] test dies_bytes_fields ... ok
[INFO] [stdout] test dies_chars_bytes_fields ... ok
[INFO] [stdout] test repeated_value ... ok
[INFO] [stdout] test dies_empty_delimiter ... ok
[INFO] [stdout] test tsv_b1_2 ... ok
[INFO] [stdout] test tsv_b2_3 ... ok
[INFO] [stdout] test dies_not_enough_args ... ok
[INFO] [stdout] test tsv_b1_8 ... ok
[INFO] [stdout] test tsv_c1 ... ok
[INFO] [stdout] test tsv_b2 ... ok
[INFO] [stdout] test tsv_b1 ... ok
[INFO] [stdout] test tsv_b8 ... ok
[INFO] [stdout] test tsv_c1_2 ... ok
[INFO] [stdout] test tsv_c2 ... ok
[INFO] [stdout] test tsv_c2_3 ... ok
[INFO] [stdout] test tsv_c8 ... ok
[INFO] [stdout] test tsv_c1_8 ... ok
[INFO] [stdout] test tsv_f1 ... ok
[INFO] [stdout] test tsv_f2 ... ok
[INFO] [stdout] test tsv_f1_3 ... ok
[INFO] [stdout] test tsv_f1_2 ... ok
[INFO] [stdout] test tsv_f3 ... ok
[INFO] [stdout] test skips_bad_file ... ok
[INFO] [stdout] test tsv_f2_3 ... ok
[INFO] [stdout] test dies_bad_digit_chars ... FAILED
[INFO] [stdout] 
[INFO] [stdout] failures:
[INFO] [stdout] 
[INFO] [stdout] ---- dies_bad_digit_chars stdout ----
[INFO] [stdout] thread 'dies_bad_digit_chars' panicked at /rustc/df4ca44d3fbc9301ee17f30f4d474e6ae4b05252/library/core/src/ops/function.rs:250:5:
[INFO] [stdout] Unexpected stderr, failed var.contains(illegal list value: "4yuyXGh")
[INFO] [stdout] ├── var: error: invalid value '4yuyXGh' for '--chars <CHARS>': illegal list value: "yuyXGh"
[INFO] [stdout] │   
[INFO] [stdout] │   For more information, try '--help'.
[INFO] [stdout] └── var as str: error: invalid value '4yuyXGh' for '--chars <CHARS>': illegal list value: "yuyXGh"
[INFO] [stdout]     
[INFO] [stdout]     For more information, try '--help'.
[INFO] [stdout] 
[INFO] [stdout] command=`"/opt/rustwide/target/debug/cutr" "tests/inputs/movies1.csv" "-c" "4yuyXGh"`
[INFO] [stdout] code=2
[INFO] [stdout] stdout=""
[INFO] [stdout] stderr=```
[INFO] [stdout] error: invalid value \'4yuyXGh\' for \'--chars <CHARS>\': illegal list value: \"yuyXGh\"
[INFO] [stdout] 
[INFO] [stdout] For more information, try \'--help\'.
[INFO] [stdout] ```
[INFO] [stdout] 
[INFO] [stdout] 
[INFO] [stdout] stack backtrace:
[INFO] [stdout]    0:     0x64177c03aa3a - std::backtrace_rs::backtrace::libunwind::trace::h207520d6e9873551
[INFO] [stdout]                                at /rustc/df4ca44d3fbc9301ee17f30f4d474e6ae4b05252/library/std/src/../../backtrace/src/backtrace/libunwind.rs:116:5
[INFO] [stdout]    1:     0x64177c03aa3a - std::backtrace_rs::backtrace::trace_unsynchronized::h2ed7433f370e3eca
[INFO] [stdout]                                at /rustc/df4ca44d3fbc9301ee17f30f4d474e6ae4b05252/library/std/src/../../backtrace/src/backtrace/mod.rs:66:5
[INFO] [stdout]    2:     0x64177c03aa3a - std::sys::backtrace::_print_fmt::h916fac51166b18d7
[INFO] [stdout]                                at /rustc/df4ca44d3fbc9301ee17f30f4d474e6ae4b05252/library/std/src/sys/backtrace.rs:66:9
[INFO] [stdout]    3:     0x64177c03aa3a - <std::sys::backtrace::BacktraceLock::print::DisplayBacktrace as core::fmt::Display>::fmt::ha0a4c9b8ce3802e6
[INFO] [stdout]                                at /rustc/df4ca44d3fbc9301ee17f30f4d474e6ae4b05252/library/std/src/sys/backtrace.rs:39:26
[INFO] [stdout]    4:     0x64177c062943 - core::fmt::rt::Argument::fmt::h4cfc8587d52b3eb5
[INFO] [stdout]                                at /rustc/df4ca44d3fbc9301ee17f30f4d474e6ae4b05252/library/core/src/fmt/rt.rs:177:76
[INFO] [stdout]    5:     0x64177c062943 - core::fmt::write::h522cc39e5b36ae9f
[INFO] [stdout]                                at /rustc/df4ca44d3fbc9301ee17f30f4d474e6ae4b05252/library/core/src/fmt/mod.rs:1190:21
[INFO] [stdout]    6:     0x64177c036ff3 - std::io::Write::write_fmt::h7d3c26752da97734
[INFO] [stdout]                                at /rustc/df4ca44d3fbc9301ee17f30f4d474e6ae4b05252/library/std/src/io/mod.rs:1839:15
[INFO] [stdout]    7:     0x64177c03a882 - std::sys::backtrace::BacktraceLock::print::h4b9e00b29e9c0942
[INFO] [stdout]                                at /rustc/df4ca44d3fbc9301ee17f30f4d474e6ae4b05252/library/std/src/sys/backtrace.rs:42:9
[INFO] [stdout]    8:     0x64177c03bf4a - std::panicking::default_hook::{{closure}}::hb59b88280d0324d9
[INFO] [stdout]                                at /rustc/df4ca44d3fbc9301ee17f30f4d474e6ae4b05252/library/std/src/panicking.rs:268:22
[INFO] [stdout]    9:     0x64177c03bd54 - std::panicking::default_hook::he1dd496665be4a29
[INFO] [stdout]                                at /rustc/df4ca44d3fbc9301ee17f30f4d474e6ae4b05252/library/std/src/panicking.rs:292:9
[INFO] [stdout]   10:     0x64177bce1bf9 - <alloc::boxed::Box<F,A> as core::ops::function::Fn<Args>>::call::h4ff71de18744e1dc
[INFO] [stdout]                                at /rustc/df4ca44d3fbc9301ee17f30f4d474e6ae4b05252/library/alloc/src/boxed.rs:2468:9
[INFO] [stdout]   11:     0x64177bce1bf9 - test::test_main::{{closure}}::hcf7c055ce117aa81
[INFO] [stdout]                                at /rustc/df4ca44d3fbc9301ee17f30f4d474e6ae4b05252/library/test/src/lib.rs:133:21
[INFO] [stdout]   12:     0x64177c03c648 - <alloc::boxed::Box<F,A> as core::ops::function::Fn<Args>>::call::h1d66c6bbd60c9692
[INFO] [stdout]                                at /rustc/df4ca44d3fbc9301ee17f30f4d474e6ae4b05252/library/alloc/src/boxed.rs:2468:9
[INFO] [stdout]   13:     0x64177c03c648 - std::panicking::rust_panic_with_hook::h2ff17fe8f26dfcf8
[INFO] [stdout]                                at /rustc/df4ca44d3fbc9301ee17f30f4d474e6ae4b05252/library/std/src/panicking.rs:809:13
[INFO] [stdout]   14:     0x64177c03c40a - std::panicking::begin_panic_handler::{{closure}}::h4fad77951c07e101
[INFO] [stdout]                                at /rustc/df4ca44d3fbc9301ee17f30f4d474e6ae4b05252/library/std/src/panicking.rs:674:13
[INFO] [stdout]   15:     0x64177c03af19 - std::sys::backtrace::__rust_end_short_backtrace::hb1a25b3da5d0ea08
[INFO] [stdout]                                at /rustc/df4ca44d3fbc9301ee17f30f4d474e6ae4b05252/library/std/src/sys/backtrace.rs:170:18
[INFO] [stdout]   16:     0x64177c03c09c - rust_begin_unwind
[INFO] [stdout]                                at /rustc/df4ca44d3fbc9301ee17f30f4d474e6ae4b05252/library/std/src/panicking.rs:665:5
[INFO] [stdout]   17:     0x64177c060f70 - core::panicking::panic_fmt::ha9db07b529f9b256
[INFO] [stdout]                                at /rustc/df4ca44d3fbc9301ee17f30f4d474e6ae4b05252/library/core/src/panicking.rs:75:14
[INFO] [stdout]   18:     0x64177bd45623 - core::panicking::panic_display::h45ea1a12c1b00c93
[INFO] [stdout]                                at /rustc/df4ca44d3fbc9301ee17f30f4d474e6ae4b05252/library/core/src/panicking.rs:273:5
[INFO] [stdout]   19:     0x64177bd4acae - assert_cmd::assert::AssertError::panic::panic_cold_display::h2eaee606e0a85c8a
[INFO] [stdout]                                at /rustc/df4ca44d3fbc9301ee17f30f4d474e6ae4b05252/library/core/src/panic.rs:100:13
[INFO] [stdout]   20:     0x64177bd46c37 - assert_cmd::assert::AssertError::panic::hce9437e002514120
[INFO] [stdout]                                at /opt/rustwide/cargo-home/registry/src/index.crates.io-6f17d22bba15001f/assert_cmd-2.0.13/src/assert.rs:1033:9
[INFO] [stdout]   21:     0x64177bd31547 - core::ops::function::FnOnce::call_once::hca9d5dd49ede08a4
[INFO] [stdout]                                at /rustc/df4ca44d3fbc9301ee17f30f4d474e6ae4b05252/library/core/src/ops/function.rs:250:5
[INFO] [stdout]   22:     0x64177bd38320 - core::result::Result<T,E>::unwrap_or_else::h88d771f95097accd
[INFO] [stdout]                                at /rustc/df4ca44d3fbc9301ee17f30f4d474e6ae4b05252/library/core/src/result.rs:1457:23
[INFO] [stdout]   23:     0x64177bc9fb85 - assert_cmd::assert::Assert::stderr::h40a0e2e1f7a45b1f
[INFO] [stdout]                                at /opt/rustwide/cargo-home/registry/src/index.crates.io-6f17d22bba15001f/assert_cmd-2.0.13/src/assert.rs:460:9
[INFO] [stdout]   24:     0x64177bca5300 - cli::dies::h73c4935124ebb1bb
[INFO] [stdout]                                at /opt/rustwide/workdir/cutr/tests/cli.rs:47:5
[INFO] [stdout]   25:     0x64177bca69e5 - cli::dies_bad_digit_chars::h293d7bac4bc19ae2
[INFO] [stdout]                                at /opt/rustwide/workdir/cutr/tests/cli.rs:88:5
[INFO] [stdout]   26:     0x64177bca67e7 - cli::dies_bad_digit_chars::{{closure}}::hb9ed3fff8832d5c7
[INFO] [stdout]                                at /opt/rustwide/workdir/cutr/tests/cli.rs:86:30
[INFO] [stdout]   27:     0x64177bca1d36 - core::ops::function::FnOnce::call_once::h7fc78f9a44746fbb
[INFO] [stdout]                                at /rustc/df4ca44d3fbc9301ee17f30f4d474e6ae4b05252/library/core/src/ops/function.rs:250:5
[INFO] [stdout]   28:     0x64177bce64cb - core::ops::function::FnOnce::call_once::h22c3ba5715e93f05
[INFO] [stdout]                                at /rustc/df4ca44d3fbc9301ee17f30f4d474e6ae4b05252/library/core/src/ops/function.rs:250:5
[INFO] [stdout]   29:     0x64177bce64cb - test::__rust_begin_short_backtrace::h8e82d8113d0da17f
[INFO] [stdout]                                at /rustc/df4ca44d3fbc9301ee17f30f4d474e6ae4b05252/library/test/src/lib.rs:621:18
[INFO] [stdout]   30:     0x64177bce5e47 - test::run_test_in_process::{{closure}}::h33235f4f20b7b7c7
[INFO] [stdout]                                at /rustc/df4ca44d3fbc9301ee17f30f4d474e6ae4b05252/library/test/src/lib.rs:644:60
[INFO] [stdout]   31:     0x64177bce5e47 - <core::panic::unwind_safe::AssertUnwindSafe<F> as core::ops::function::FnOnce<()>>::call_once::hb5043206310c586f
[INFO] [stdout]                                at /rustc/df4ca44d3fbc9301ee17f30f4d474e6ae4b05252/library/core/src/panic/unwind_safe.rs:272:9
[INFO] [stdout]   32:     0x64177bce5e47 - std::panicking::try::do_call::h9ad4731a60ab23e2
[INFO] [stdout]                                at /rustc/df4ca44d3fbc9301ee17f30f4d474e6ae4b05252/library/std/src/panicking.rs:557:40
[INFO] [stdout]   33:     0x64177bce5e47 - std::panicking::try::h3824d23db772a716
[INFO] [stdout]                                at /rustc/df4ca44d3fbc9301ee17f30f4d474e6ae4b05252/library/std/src/panicking.rs:520:19
[INFO] [stdout]   34:     0x64177bce5e47 - std::panic::catch_unwind::h5afd514605fde46b
[INFO] [stdout]                                at /rustc/df4ca44d3fbc9301ee17f30f4d474e6ae4b05252/library/std/src/panic.rs:358:14
[INFO] [stdout]   35:     0x64177bce5e47 - test::run_test_in_process::h0d5cbfa7067d1720
[INFO] [stdout]                                at /rustc/df4ca44d3fbc9301ee17f30f4d474e6ae4b05252/library/test/src/lib.rs:644:27
[INFO] [stdout]   36:     0x64177bce5e47 - test::run_test::{{closure}}::h708eb8872708115d
[INFO] [stdout]                                at /rustc/df4ca44d3fbc9301ee17f30f4d474e6ae4b05252/library/test/src/lib.rs:565:43
[INFO] [stdout]   37:     0x64177bca9564 - test::run_test::{{closure}}::h392c51cee94713ab
[INFO] [stdout]                                at /rustc/df4ca44d3fbc9301ee17f30f4d474e6ae4b05252/library/test/src/lib.rs:595:41
[INFO] [stdout]   38:     0x64177bca9564 - std::sys::backtrace::__rust_begin_short_backtrace::h2f40290710935a8b
[INFO] [stdout]                                at /rustc/df4ca44d3fbc9301ee17f30f4d474e6ae4b05252/library/std/src/sys/backtrace.rs:154:18
[INFO] [stdout]   39:     0x64177bcacd0e - std::thread::Builder::spawn_unchecked_::{{closure}}::{{closure}}::h3fd968d89053a903
[INFO] [stdout]                                at /rustc/df4ca44d3fbc9301ee17f30f4d474e6ae4b05252/library/std/src/thread/mod.rs:541:17
[INFO] [stdout]   40:     0x64177bcacd0e - <core::panic::unwind_safe::AssertUnwindSafe<F> as core::ops::function::FnOnce<()>>::call_once::h743f637ba4229880
[INFO] [stdout]                                at /rustc/df4ca44d3fbc9301ee17f30f4d474e6ae4b05252/library/core/src/panic/unwind_safe.rs:272:9
[INFO] [stdout]   41:     0x64177bcacd0e - std::panicking::try::do_call::h07440897322525a6
[INFO] [stdout]                                at /rustc/df4ca44d3fbc9301ee17f30f4d474e6ae4b05252/library/std/src/panicking.rs:557:40
[INFO] [stdout]   42:     0x64177bcacd0e - std::panicking::try::he5a2e00188156637
[INFO] [stdout]                                at /rustc/df4ca44d3fbc9301ee17f30f4d474e6ae4b05252/library/std/src/panicking.rs:520:19
[INFO] [stdout]   43:     0x64177bcacd0e - std::panic::catch_unwind::hbaf3cae49b3c6433
[INFO] [stdout]                                at /rustc/df4ca44d3fbc9301ee17f30f4d474e6ae4b05252/library/std/src/panic.rs:358:14
[INFO] [stdout]   44:     0x64177bcacd0e - std::thread::Builder::spawn_unchecked_::{{closure}}::h8e141ea224820bce
[INFO] [stdout]                                at /rustc/df4ca44d3fbc9301ee17f30f4d474e6ae4b05252/library/std/src/thread/mod.rs:540:30
[INFO] [stdout]   45:     0x64177bcacd0e - core::ops::function::FnOnce::call_once{{vtable.shim}}::h90d312fedd7b8ea8
[INFO] [stdout]                                at /rustc/df4ca44d3fbc9301ee17f30f4d474e6ae4b05252/library/core/src/ops/function.rs:250:5
[INFO] [stdout]   46:     0x64177c040f9b - <alloc::boxed::Box<F,A> as core::ops::function::FnOnce<Args>>::call_once::h69aa08ddb6adb8b6
[INFO] [stdout]                                at /rustc/df4ca44d3fbc9301ee17f30f4d474e6ae4b05252/library/alloc/src/boxed.rs:2454:9
[INFO] [stdout]   47:     0x64177c040f9b - <alloc::boxed::Box<F,A> as core::ops::function::FnOnce<Args>>::call_once::h5aa36efdb79c806f
[INFO] [stdout]                                at /rustc/df4ca44d3fbc9301ee17f30f4d474e6ae4b05252/library/alloc/src/boxed.rs:2454:9
[INFO] [stdout]   48:     0x64177c040f9b - std::sys::pal::unix::thread::Thread::new::thread_start::h6cd80a1b4be5158d
[INFO] [stdout]                                at /rustc/df4ca44d3fbc9301ee17f30f4d474e6ae4b05252/library/std/src/sys/pal/unix/thread.rs:105:17
[INFO] [stdout]   49:     0x7b0c883b6ac3 - <unknown>
[INFO] [stdout]   50:     0x7b0c88447a04 - clone
[INFO] [stdout]   51:                0x0 - <unknown>
[INFO] [stdout] 
[INFO] [stdout] 
[INFO] [stdout] failures:
[INFO] [stdout]     dies_bad_digit_chars
[INFO] [stdout] 
[INFO] [stdout] test result: FAILED. 35 passed; 1 failed; 0 ignored; 0 measured; 0 filtered out; finished in 0.03s
[INFO] [stdout] 
[INFO] [stderr] error: test failed, to rerun pass `-p cutr --test cli`
[INFO] running `Command { std: "docker" "inspect" "64810e81246f2273f6182b447296179064b82a9e9bd65c6ee8011413b5489f22", kill_on_drop: false }`
[INFO] running `Command { std: "docker" "rm" "-f" "64810e81246f2273f6182b447296179064b82a9e9bd65c6ee8011413b5489f22", kill_on_drop: false }`
[INFO] [stdout] 64810e81246f2273f6182b447296179064b82a9e9bd65c6ee8011413b5489f22
