[INFO] cloning repository https://github.com/divvun/xkb-parser
[INFO] running `Command { std: "git" "-c" "credential.helper=" "-c" "credential.helper=/workspace/cargo-home/bin/git-credential-null" "clone" "--bare" "https://github.com/divvun/xkb-parser" "/workspace/cache/git-repos/https%3A%2F%2Fgithub.com%2Fdivvun%2Fxkb-parser", kill_on_drop: false }`
[INFO] [stderr] Cloning into bare repository '/workspace/cache/git-repos/https%3A%2F%2Fgithub.com%2Fdivvun%2Fxkb-parser'...
[INFO] running `Command { std: "git" "rev-parse" "HEAD", kill_on_drop: false }`
[INFO] [stdout] 219e9ed33df82b0b1994675300c145d09674c2cf
[INFO] testing divvun/xkb-parser/219e9ed33df82b0b1994675300c145d09674c2cf against nightly-2024-10-28+rustflags=-Zrandomize-layout for randomize-layout
[INFO] running `Command { std: "git" "clone" "/workspace/cache/git-repos/https%3A%2F%2Fgithub.com%2Fdivvun%2Fxkb-parser" "/workspace/builds/worker-2-tc2/source", kill_on_drop: false }`
[INFO] [stderr] Cloning into '/workspace/builds/worker-2-tc2/source'...
[INFO] [stderr] done.
[INFO] validating manifest of git repo https://github.com/divvun/xkb-parser on toolchain nightly-2024-10-28
[INFO] running `Command { std: CARGO_HOME="/workspace/cargo-home" RUSTUP_HOME="/workspace/rustup-home" "/workspace/cargo-home/bin/cargo" "+nightly-2024-10-28" "metadata" "--manifest-path" "Cargo.toml" "--no-deps", kill_on_drop: false }`
[INFO] started tweaking git repo https://github.com/divvun/xkb-parser
[INFO] finished tweaking git repo https://github.com/divvun/xkb-parser
[INFO] tweaked toml for git repo https://github.com/divvun/xkb-parser written to /workspace/builds/worker-2-tc2/source/Cargo.toml
[INFO] crate git repo https://github.com/divvun/xkb-parser already has a lockfile, it will not be regenerated
[INFO] running `Command { std: CARGO_HOME="/workspace/cargo-home" RUSTUP_HOME="/workspace/rustup-home" "/workspace/cargo-home/bin/cargo" "+nightly-2024-10-28" "fetch" "--manifest-path" "Cargo.toml", kill_on_drop: false }`
[INFO] running `Command { std: "docker" "create" "-v" "/var/lib/crater-agent-workspace/builds/worker-2-tc2/target:/opt/rustwide/target:rw,Z" "-v" "/var/lib/crater-agent-workspace/builds/worker-2-tc2/source:/opt/rustwide/workdir:ro,Z" "-v" "/var/lib/crater-agent-workspace/cargo-home:/opt/rustwide/cargo-home:ro,Z" "-v" "/var/lib/crater-agent-workspace/rustup-home:/opt/rustwide/rustup-home:ro,Z" "-e" "SOURCE_DIR=/opt/rustwide/workdir" "-e" "CARGO_TARGET_DIR=/opt/rustwide/target" "-e" "CARGO_HOME=/opt/rustwide/cargo-home" "-e" "RUSTUP_HOME=/opt/rustwide/rustup-home" "-w" "/opt/rustwide/workdir" "-m" "1610612736" "--user" "0:0" "--network" "none" "ghcr.io/rust-lang/crates-build-env/linux@sha256:4a844ea9eb2546a2d2c7022eacef16ef2e8229c7fbb2c7d4d55a9ceca922f72d" "/opt/rustwide/cargo-home/bin/cargo" "+nightly-2024-10-28" "metadata" "--no-deps" "--format-version=1", kill_on_drop: false }`
[INFO] [stdout] e7e7ef104e287c36f26f12e0fa90b98cde5b76c7dd0b2de04d680982c46be30d
[INFO] running `Command { std: "docker" "start" "-a" "e7e7ef104e287c36f26f12e0fa90b98cde5b76c7dd0b2de04d680982c46be30d", kill_on_drop: false }`
[INFO] running `Command { std: "docker" "inspect" "e7e7ef104e287c36f26f12e0fa90b98cde5b76c7dd0b2de04d680982c46be30d", kill_on_drop: false }`
[INFO] running `Command { std: "docker" "rm" "-f" "e7e7ef104e287c36f26f12e0fa90b98cde5b76c7dd0b2de04d680982c46be30d", kill_on_drop: false }`
[INFO] [stdout] e7e7ef104e287c36f26f12e0fa90b98cde5b76c7dd0b2de04d680982c46be30d
[INFO] running `Command { std: "docker" "create" "-v" "/var/lib/crater-agent-workspace/builds/worker-2-tc2/target:/opt/rustwide/target:rw,Z" "-v" "/var/lib/crater-agent-workspace/builds/worker-2-tc2/source:/opt/rustwide/workdir:ro,Z" "-v" "/var/lib/crater-agent-workspace/cargo-home:/opt/rustwide/cargo-home:ro,Z" "-v" "/var/lib/crater-agent-workspace/rustup-home:/opt/rustwide/rustup-home:ro,Z" "-e" "SOURCE_DIR=/opt/rustwide/workdir" "-e" "CARGO_TARGET_DIR=/opt/rustwide/target" "-e" "CARGO_INCREMENTAL=0" "-e" "RUST_BACKTRACE=full" "-e" "RUSTFLAGS=--cap-lints=forbid -Zrandomize-layout" "-e" "RUSTDOCFLAGS=--cap-lints=forbid" "-e" "CARGO_HOME=/opt/rustwide/cargo-home" "-e" "RUSTUP_HOME=/opt/rustwide/rustup-home" "-w" "/opt/rustwide/workdir" "-m" "1610612736" "--user" "0:0" "--network" "none" "ghcr.io/rust-lang/crates-build-env/linux@sha256:4a844ea9eb2546a2d2c7022eacef16ef2e8229c7fbb2c7d4d55a9ceca922f72d" "/opt/rustwide/cargo-home/bin/cargo" "+nightly-2024-10-28" "build" "--frozen" "--message-format=json", kill_on_drop: false }`
[INFO] [stdout] 1f58bd6f84737711ee94c018168298cb7887d80b34e82054fb127fcd07fe4d10
[INFO] running `Command { std: "docker" "start" "-a" "1f58bd6f84737711ee94c018168298cb7887d80b34e82054fb127fcd07fe4d10", kill_on_drop: false }`
[INFO] [stderr]    Compiling unicode-xid v0.1.0
[INFO] [stderr]    Compiling proc-macro2 v0.4.30
[INFO] [stderr]    Compiling syn v0.15.44
[INFO] [stderr]    Compiling ryu v1.0.0
[INFO] [stderr]    Compiling serde v1.0.98
[INFO] [stderr]    Compiling cc v1.0.40
[INFO] [stderr]    Compiling libc v0.2.61
[INFO] [stderr]    Compiling itoa v0.4.4
[INFO] [stderr]    Compiling failure_derive v0.1.5
[INFO] [stderr]    Compiling cfg-if v0.1.9
[INFO] [stderr]    Compiling ucd-trie v0.1.2
[INFO] [stderr]    Compiling rustc-demangle v0.1.15
[INFO] [stderr]    Compiling proc-macro2 v0.2.3
[INFO] [stderr]    Compiling bitflags v1.1.0
[INFO] [stderr]    Compiling maplit v1.0.1
[INFO] [stderr]    Compiling either v1.5.2
[INFO] [stderr]    Compiling quote v0.4.2
[INFO] [stderr]    Compiling quote v0.6.13
[INFO] [stderr]    Compiling itertools v0.7.11
[INFO] [stderr]    Compiling log v0.4.8
[INFO] [stderr]    Compiling syn v0.12.15
[INFO] [stderr]    Compiling backtrace-sys v0.1.31
[INFO] [stderr]    Compiling backtrace v0.3.34
[INFO] [stderr]    Compiling shrinkwraprs v0.2.1
[INFO] [stderr]    Compiling serde_json v1.0.40
[INFO] [stderr]    Compiling pest v2.1.1
[INFO] [stderr]    Compiling synstructure v0.10.2
[INFO] [stderr]    Compiling pest_meta v2.1.1
[INFO] [stderr]    Compiling from-pest v0.3.1
[INFO] [stderr]    Compiling derivative v1.0.2
[INFO] [stderr]    Compiling failure v0.1.5
[INFO] [stderr]    Compiling pest_generator v2.1.0
[INFO] [stderr]    Compiling single v1.0.0
[INFO] [stderr]    Compiling pest-ast v0.3.3
[INFO] [stderr]    Compiling pest_derive v2.1.0
[INFO] [stderr]    Compiling xkb-parser v0.1.0 (/opt/rustwide/workdir)
[INFO] [stderr]     Finished `dev` profile [unoptimized + debuginfo] target(s) in 6.14s
[INFO] [stderr] warning: the following packages contain code that will be rejected by a future version of Rust: syn v0.12.15
[INFO] [stderr] note: to see what the problems were, use the option `--future-incompat-report`, or run `cargo report future-incompatibilities --id 1`
[INFO] running `Command { std: "docker" "inspect" "1f58bd6f84737711ee94c018168298cb7887d80b34e82054fb127fcd07fe4d10", kill_on_drop: false }`
[INFO] running `Command { std: "docker" "rm" "-f" "1f58bd6f84737711ee94c018168298cb7887d80b34e82054fb127fcd07fe4d10", kill_on_drop: false }`
[INFO] [stdout] 1f58bd6f84737711ee94c018168298cb7887d80b34e82054fb127fcd07fe4d10
[INFO] running `Command { std: "docker" "create" "-v" "/var/lib/crater-agent-workspace/builds/worker-2-tc2/target:/opt/rustwide/target:rw,Z" "-v" "/var/lib/crater-agent-workspace/builds/worker-2-tc2/source:/opt/rustwide/workdir:ro,Z" "-v" "/var/lib/crater-agent-workspace/cargo-home:/opt/rustwide/cargo-home:ro,Z" "-v" "/var/lib/crater-agent-workspace/rustup-home:/opt/rustwide/rustup-home:ro,Z" "-e" "SOURCE_DIR=/opt/rustwide/workdir" "-e" "CARGO_TARGET_DIR=/opt/rustwide/target" "-e" "CARGO_INCREMENTAL=0" "-e" "RUST_BACKTRACE=full" "-e" "RUSTFLAGS=--cap-lints=forbid -Zrandomize-layout" "-e" "RUSTDOCFLAGS=--cap-lints=forbid" "-e" "CARGO_HOME=/opt/rustwide/cargo-home" "-e" "RUSTUP_HOME=/opt/rustwide/rustup-home" "-w" "/opt/rustwide/workdir" "-m" "1610612736" "--user" "0:0" "--network" "none" "ghcr.io/rust-lang/crates-build-env/linux@sha256:4a844ea9eb2546a2d2c7022eacef16ef2e8229c7fbb2c7d4d55a9ceca922f72d" "/opt/rustwide/cargo-home/bin/cargo" "+nightly-2024-10-28" "test" "--frozen" "--no-run" "--message-format=json", kill_on_drop: false }`
[INFO] [stdout] fc104a135e5bfa95147acedb2c322080256093e5d073eef3f5a70eafcba81dc3
[INFO] running `Command { std: "docker" "start" "-a" "fc104a135e5bfa95147acedb2c322080256093e5d073eef3f5a70eafcba81dc3", kill_on_drop: false }`
[INFO] [stderr]    Compiling libc v0.2.61
[INFO] [stderr]    Compiling lazy_static v1.3.0
[INFO] [stderr]    Compiling memoffset v0.5.1
[INFO] [stderr]    Compiling arrayvec v0.4.11
[INFO] [stderr]    Compiling memchr v2.2.1
[INFO] [stderr]    Compiling nodrop v0.1.13
[INFO] [stderr]    Compiling either v1.5.2
[INFO] [stderr]    Compiling scopeguard v1.0.0
[INFO] [stderr]    Compiling crossbeam-utils v0.6.6
[INFO] [stderr]    Compiling rayon-core v1.5.0
[INFO] [stderr]    Compiling thread_local v0.3.6
[INFO] [stderr]    Compiling itertools v0.7.11
[INFO] [stderr]    Compiling regex-syntax v0.6.11
[INFO] [stderr]    Compiling quick-error v1.2.2
[INFO] [stderr]    Compiling same-file v1.0.5
[INFO] [stderr]    Compiling crossbeam-queue v0.1.2
[INFO] [stderr]    Compiling humantime v1.2.0
[INFO] [stderr]    Compiling backtrace-sys v0.1.31
[INFO] [stderr]    Compiling backtrace v0.3.34
[INFO] [stderr]    Compiling crossbeam-epoch v0.7.2
[INFO] [stderr]    Compiling num_cpus v1.10.1
[INFO] [stderr]    Compiling atty v0.2.13
[INFO] [stderr]    Compiling failure v0.1.5
[INFO] [stderr]    Compiling aho-corasick v0.7.6
[INFO] [stderr]    Compiling termcolor v1.0.5
[INFO] [stderr]    Compiling crossbeam-deque v0.6.3
[INFO] [stderr]    Compiling shrinkwraprs v0.2.1
[INFO] [stderr]    Compiling single v1.0.0
[INFO] [stderr]    Compiling walkdir v2.2.9
[INFO] [stderr]    Compiling pest-ast v0.3.3
[INFO] [stderr]    Compiling rayon v1.1.0
[INFO] [stderr]    Compiling xkb-parser v0.1.0 (/opt/rustwide/workdir)
[INFO] [stderr]    Compiling regex v1.2.1
[INFO] [stderr]    Compiling env_logger v0.6.2
[INFO] [stderr]     Finished `test` profile [unoptimized + debuginfo] target(s) in 4.84s
[INFO] [stderr] warning: the following packages contain code that will be rejected by a future version of Rust: syn v0.12.15
[INFO] [stderr] note: to see what the problems were, use the option `--future-incompat-report`, or run `cargo report future-incompatibilities --id 1`
[INFO] running `Command { std: "docker" "inspect" "fc104a135e5bfa95147acedb2c322080256093e5d073eef3f5a70eafcba81dc3", kill_on_drop: false }`
[INFO] running `Command { std: "docker" "rm" "-f" "fc104a135e5bfa95147acedb2c322080256093e5d073eef3f5a70eafcba81dc3", kill_on_drop: false }`
[INFO] [stdout] fc104a135e5bfa95147acedb2c322080256093e5d073eef3f5a70eafcba81dc3
[INFO] running `Command { std: "docker" "create" "-v" "/var/lib/crater-agent-workspace/builds/worker-2-tc2/target:/opt/rustwide/target:rw,Z" "-v" "/var/lib/crater-agent-workspace/builds/worker-2-tc2/source:/opt/rustwide/workdir:ro,Z" "-v" "/var/lib/crater-agent-workspace/cargo-home:/opt/rustwide/cargo-home:ro,Z" "-v" "/var/lib/crater-agent-workspace/rustup-home:/opt/rustwide/rustup-home:ro,Z" "-e" "SOURCE_DIR=/opt/rustwide/workdir" "-e" "CARGO_TARGET_DIR=/opt/rustwide/target" "-e" "CARGO_INCREMENTAL=0" "-e" "RUST_BACKTRACE=full" "-e" "RUSTFLAGS=--cap-lints=forbid -Zrandomize-layout" "-e" "RUSTDOCFLAGS=--cap-lints=forbid" "-e" "CARGO_HOME=/opt/rustwide/cargo-home" "-e" "RUSTUP_HOME=/opt/rustwide/rustup-home" "-w" "/opt/rustwide/workdir" "-m" "1610612736" "--user" "0:0" "--network" "none" "ghcr.io/rust-lang/crates-build-env/linux@sha256:4a844ea9eb2546a2d2c7022eacef16ef2e8229c7fbb2c7d4d55a9ceca922f72d" "/opt/rustwide/cargo-home/bin/cargo" "+nightly-2024-10-28" "test" "--frozen", kill_on_drop: false }`
[INFO] [stdout] b9d92f96462f9aa1330f6284fd38bac4d9c55c4b069f61431f8c5ff895543e41
[INFO] running `Command { std: "docker" "start" "-a" "b9d92f96462f9aa1330f6284fd38bac4d9c55c4b069f61431f8c5ff895543e41", kill_on_drop: false }`
[INFO] [stderr]     Finished `test` profile [unoptimized + debuginfo] target(s) in 0.07s
[INFO] [stderr] warning: the following packages contain code that will be rejected by a future version of Rust: syn v0.12.15
[INFO] [stderr] note: to see what the problems were, use the option `--future-incompat-report`, or run `cargo report future-incompatibilities --id 1`
[INFO] [stderr]      Running unittests src/lib.rs (/opt/rustwide/target/debug/deps/xkb_parser-9b64364d394763b1)
[INFO] [stdout] 
[INFO] [stdout] running 8 tests
[INFO] [stdout] test ast::tests::test_ast_ident ... ok
[INFO] [stdout] test ast::tests::test_ast_key_combo ... ok
[INFO] [stdout] test ast::tests::test_ast_modifiers ... ok
[INFO] [stdout] test ast::tests::test_ast_what ... ok
[INFO] [stdout] test ast::tests::test_ast_string ... ok
[INFO] [stdout] test ast::tests::test_geometry_section ... ok
[INFO] [stdout] test ast::tests::test_geometry_assigment ... ok
[INFO] [stdout] test ast::tests::test_ast_symbol ... ok
[INFO] [stdout] 
[INFO] [stdout] test result: ok. 8 passed; 0 failed; 0 ignored; 0 measured; 0 filtered out; finished in 0.00s
[INFO] [stdout] 
[INFO] [stderr]      Running tests/errors.rs (/opt/rustwide/target/debug/deps/errors-ec11a94432d96a32)
[INFO] [stdout] 
[INFO] [stdout] running 1 test
[INFO] [stdout] test garbage ... ok
[INFO] [stdout] 
[INFO] [stdout] test result: ok. 1 passed; 0 failed; 0 ignored; 0 measured; 0 filtered out; finished in 0.00s
[INFO] [stdout] 
[INFO] [stderr]      Running tests/fixtures.rs (/opt/rustwide/target/debug/deps/fixtures-32c482bc9b25d747)
[INFO] [stdout] 
[INFO] [stdout] running 7 tests
[INFO] [stdout] test parse_x11_rules ... ignored
[INFO] [stdout] test parse_custom_fixtures ... FAILED
[INFO] [stdout] test parse_x11_symbols ... FAILED
[INFO] [stdout] test parse_x11_geometry ... FAILED
[INFO] [stdout] test parse_x11_keycodes ... FAILED
[INFO] [stdout] test parse_kbdgen_fixtures ... FAILED
[INFO] [stdout] test parse_x11_types ... FAILED
[INFO] [stdout] 
[INFO] [stdout] failures:
[INFO] [stdout] 
[INFO] [stdout] ---- parse_custom_fixtures stdout ----
[INFO] [stdout] [ERROR fixtures] failed: tests/fixtures/custom/test.xkb
[INFO] [stdout] thread 'parse_custom_fixtures' panicked at tests/fixtures.rs:140:9:
[INFO] [stdout] 1 tests failed -- Set `VERBOSE_PARSE_ERRORS=1` for error messages
[INFO] [stdout] stack backtrace:
[INFO] [stdout]    0:     0x5a26ea72335a - std::backtrace_rs::backtrace::libunwind::trace::h207520d6e9873551
[INFO] [stdout]                                at /rustc/df4ca44d3fbc9301ee17f30f4d474e6ae4b05252/library/std/src/../../backtrace/src/backtrace/libunwind.rs:116:5
[INFO] [stdout]    1:     0x5a26ea72335a - std::backtrace_rs::backtrace::trace_unsynchronized::h2ed7433f370e3eca
[INFO] [stdout]                                at /rustc/df4ca44d3fbc9301ee17f30f4d474e6ae4b05252/library/std/src/../../backtrace/src/backtrace/mod.rs:66:5
[INFO] [stdout]    2:     0x5a26ea72335a - std::sys::backtrace::_print_fmt::h916fac51166b18d7
[INFO] [stdout]                                at /rustc/df4ca44d3fbc9301ee17f30f4d474e6ae4b05252/library/std/src/sys/backtrace.rs:66:9
[INFO] [stdout]    3:     0x5a26ea72335a - <std::sys::backtrace::BacktraceLock::print::DisplayBacktrace as core::fmt::Display>::fmt::ha0a4c9b8ce3802e6
[INFO] [stdout]                                at /rustc/df4ca44d3fbc9301ee17f30f4d474e6ae4b05252/library/std/src/sys/backtrace.rs:39:26
[INFO] [stdout]    4:     0x5a26ea74ab83 - core::fmt::rt::Argument::fmt::h4cfc8587d52b3eb5
[INFO] [stdout]                                at /rustc/df4ca44d3fbc9301ee17f30f4d474e6ae4b05252/library/core/src/fmt/rt.rs:177:76
[INFO] [stdout]    5:     0x5a26ea74ab83 - core::fmt::write::h522cc39e5b36ae9f
[INFO] [stdout]                                at /rustc/df4ca44d3fbc9301ee17f30f4d474e6ae4b05252/library/core/src/fmt/mod.rs:1190:21
[INFO] [stdout]    6:     0x5a26ea71fa13 - std::io::Write::write_fmt::h7d3c26752da97734
[INFO] [stdout]                                at /rustc/df4ca44d3fbc9301ee17f30f4d474e6ae4b05252/library/std/src/io/mod.rs:1839:15
[INFO] [stdout]    7:     0x5a26ea7231a2 - std::sys::backtrace::BacktraceLock::print::h4b9e00b29e9c0942
[INFO] [stdout]                                at /rustc/df4ca44d3fbc9301ee17f30f4d474e6ae4b05252/library/std/src/sys/backtrace.rs:42:9
[INFO] [stdout]    8:     0x5a26ea7247ea - std::panicking::default_hook::{{closure}}::hb59b88280d0324d9
[INFO] [stdout]                                at /rustc/df4ca44d3fbc9301ee17f30f4d474e6ae4b05252/library/std/src/panicking.rs:268:22
[INFO] [stdout]    9:     0x5a26ea7245f4 - std::panicking::default_hook::he1dd496665be4a29
[INFO] [stdout]                                at /rustc/df4ca44d3fbc9301ee17f30f4d474e6ae4b05252/library/std/src/panicking.rs:292:9
[INFO] [stdout]   10:     0x5a26ea5e4499 - <alloc::boxed::Box<F,A> as core::ops::function::Fn<Args>>::call::h4ff71de18744e1dc
[INFO] [stdout]                                at /rustc/df4ca44d3fbc9301ee17f30f4d474e6ae4b05252/library/alloc/src/boxed.rs:2468:9
[INFO] [stdout]   11:     0x5a26ea5e4499 - test::test_main::{{closure}}::hcf7c055ce117aa81
[INFO] [stdout]                                at /rustc/df4ca44d3fbc9301ee17f30f4d474e6ae4b05252/library/test/src/lib.rs:133:21
[INFO] [stdout]   12:     0x5a26ea724ee8 - <alloc::boxed::Box<F,A> as core::ops::function::Fn<Args>>::call::h1d66c6bbd60c9692
[INFO] [stdout]                                at /rustc/df4ca44d3fbc9301ee17f30f4d474e6ae4b05252/library/alloc/src/boxed.rs:2468:9
[INFO] [stdout]   13:     0x5a26ea724ee8 - std::panicking::rust_panic_with_hook::h2ff17fe8f26dfcf8
[INFO] [stdout]                                at /rustc/df4ca44d3fbc9301ee17f30f4d474e6ae4b05252/library/std/src/panicking.rs:809:13
[INFO] [stdout]   14:     0x5a26ea724caa - std::panicking::begin_panic_handler::{{closure}}::h4fad77951c07e101
[INFO] [stdout]                                at /rustc/df4ca44d3fbc9301ee17f30f4d474e6ae4b05252/library/std/src/panicking.rs:674:13
[INFO] [stdout]   15:     0x5a26ea723839 - std::sys::backtrace::__rust_end_short_backtrace::hb1a25b3da5d0ea08
[INFO] [stdout]                                at /rustc/df4ca44d3fbc9301ee17f30f4d474e6ae4b05252/library/std/src/sys/backtrace.rs:170:18
[INFO] [stdout]   16:     0x5a26ea72493c - rust_begin_unwind
[INFO] [stdout]                                at /rustc/df4ca44d3fbc9301ee17f30f4d474e6ae4b05252/library/std/src/panicking.rs:665:5
[INFO] [stdout]   17:     0x5a26ea749540 - core::panicking::panic_fmt::ha9db07b529f9b256
[INFO] [stdout]                                at /rustc/df4ca44d3fbc9301ee17f30f4d474e6ae4b05252/library/core/src/panicking.rs:75:14
[INFO] [stdout]   18:     0x5a26ea454713 - fixtures::parse_files::h768dba969ec58dfa
[INFO] [stdout]                                at /opt/rustwide/workdir/tests/fixtures.rs:140:9
[INFO] [stdout]   19:     0x5a26ea455ffa - fixtures::parse_custom_fixtures::hca1e7d9fe61dfc22
[INFO] [stdout]                                at /opt/rustwide/workdir/tests/fixtures.rs:21:5
[INFO] [stdout]   20:     0x5a26ea455f27 - fixtures::parse_custom_fixtures::{{closure}}::h068bf9953ca83801
[INFO] [stdout]                                at /opt/rustwide/workdir/tests/fixtures.rs:18:31
[INFO] [stdout]   21:     0x5a26ea459b96 - core::ops::function::FnOnce::call_once::h9a184b46017802a7
[INFO] [stdout]                                at /rustc/df4ca44d3fbc9301ee17f30f4d474e6ae4b05252/library/core/src/ops/function.rs:250:5
[INFO] [stdout]   22:     0x5a26ea5e8d6b - core::ops::function::FnOnce::call_once::h22c3ba5715e93f05
[INFO] [stdout]                                at /rustc/df4ca44d3fbc9301ee17f30f4d474e6ae4b05252/library/core/src/ops/function.rs:250:5
[INFO] [stdout]   23:     0x5a26ea5e8d6b - test::__rust_begin_short_backtrace::h8e82d8113d0da17f
[INFO] [stdout]                                at /rustc/df4ca44d3fbc9301ee17f30f4d474e6ae4b05252/library/test/src/lib.rs:621:18
[INFO] [stdout]   24:     0x5a26ea5e86e7 - test::run_test_in_process::{{closure}}::h33235f4f20b7b7c7
[INFO] [stdout]                                at /rustc/df4ca44d3fbc9301ee17f30f4d474e6ae4b05252/library/test/src/lib.rs:644:60
[INFO] [stdout]   25:     0x5a26ea5e86e7 - <core::panic::unwind_safe::AssertUnwindSafe<F> as core::ops::function::FnOnce<()>>::call_once::hb5043206310c586f
[INFO] [stdout]                                at /rustc/df4ca44d3fbc9301ee17f30f4d474e6ae4b05252/library/core/src/panic/unwind_safe.rs:272:9
[INFO] [stdout]   26:     0x5a26ea5e86e7 - std::panicking::try::do_call::h9ad4731a60ab23e2
[INFO] [stdout]                                at /rustc/df4ca44d3fbc9301ee17f30f4d474e6ae4b05252/library/std/src/panicking.rs:557:40
[INFO] [stdout]   27:     0x5a26ea5e86e7 - std::panicking::try::h3824d23db772a716
[INFO] [stdout]                                at /rustc/df4ca44d3fbc9301ee17f30f4d474e6ae4b05252/library/std/src/panicking.rs:520:19
[INFO] [stdout]   28:     0x5a26ea5e86e7 - std::panic::catch_unwind::h5afd514605fde46b
[INFO] [stdout]                                at /rustc/df4ca44d3fbc9301ee17f30f4d474e6ae4b05252/library/std/src/panic.rs:358:14
[INFO] [stdout]   29:     0x5a26ea5e86e7 - test::run_test_in_process::h0d5cbfa7067d1720
[INFO] [stdout]                                at /rustc/df4ca44d3fbc9301ee17f30f4d474e6ae4b05252/library/test/src/lib.rs:644:27
[INFO] [stdout]   30:     0x5a26ea5e86e7 - test::run_test::{{closure}}::h708eb8872708115d
[INFO] [stdout]                                at /rustc/df4ca44d3fbc9301ee17f30f4d474e6ae4b05252/library/test/src/lib.rs:565:43
[INFO] [stdout]   31:     0x5a26ea5abe04 - test::run_test::{{closure}}::h392c51cee94713ab
[INFO] [stdout]                                at /rustc/df4ca44d3fbc9301ee17f30f4d474e6ae4b05252/library/test/src/lib.rs:595:41
[INFO] [stdout]   32:     0x5a26ea5abe04 - std::sys::backtrace::__rust_begin_short_backtrace::h2f40290710935a8b
[INFO] [stdout]                                at /rustc/df4ca44d3fbc9301ee17f30f4d474e6ae4b05252/library/std/src/sys/backtrace.rs:154:18
[INFO] [stdout]   33:     0x5a26ea5af5ae - std::thread::Builder::spawn_unchecked_::{{closure}}::{{closure}}::h3fd968d89053a903
[INFO] [stdout]                                at /rustc/df4ca44d3fbc9301ee17f30f4d474e6ae4b05252/library/std/src/thread/mod.rs:541:17
[INFO] [stdout]   34:     0x5a26ea5af5ae - <core::panic::unwind_safe::AssertUnwindSafe<F> as core::ops::function::FnOnce<()>>::call_once::h743f637ba4229880
[INFO] [stdout]                                at /rustc/df4ca44d3fbc9301ee17f30f4d474e6ae4b05252/library/core/src/panic/unwind_safe.rs:272:9
[INFO] [stdout]   35:     0x5a26ea5af5ae - std::panicking::try::do_call::h07440897322525a6
[INFO] [stdout]                                at /rustc/df4ca44d3fbc9301ee17f30f4d474e6ae4b05252/library/std/src/panicking.rs:557:40
[INFO] [stdout]   36:     0x5a26ea5af5ae - std::panicking::try::he5a2e00188156637
[INFO] [stdout]                                at /rustc/df4ca44d3fbc9301ee17f30f4d474e6ae4b05252/library/std/src/panicking.rs:520:19
[INFO] [stdout]   37:     0x5a26ea5af5ae - std::panic::catch_unwind::hbaf3cae49b3c6433
[INFO] [stdout]                                at /rustc/df4ca44d3fbc9301ee17f30f4d474e6ae4b05252/library/std/src/panic.rs:358:14
[INFO] [stdout]   38:     0x5a26ea5af5ae - std::thread::Builder::spawn_unchecked_::{{closure}}::h8e141ea224820bce
[INFO] [stdout]                                at /rustc/df4ca44d3fbc9301ee17f30f4d474e6ae4b05252/library/std/src/thread/mod.rs:540:30
[INFO] [stdout]   39:     0x5a26ea5af5ae - core::ops::function::FnOnce::call_once{{vtable.shim}}::h90d312fedd7b8ea8
[INFO] [stdout]                                at /rustc/df4ca44d3fbc9301ee17f30f4d474e6ae4b05252/library/core/src/ops/function.rs:250:5
[INFO] [stdout]   40:     0x5a26ea72960b - <alloc::boxed::Box<F,A> as core::ops::function::FnOnce<Args>>::call_once::h69aa08ddb6adb8b6
[INFO] [stdout]                                at /rustc/df4ca44d3fbc9301ee17f30f4d474e6ae4b05252/library/alloc/src/boxed.rs:2454:9
[INFO] [stdout]   41:     0x5a26ea72960b - <alloc::boxed::Box<F,A> as core::ops::function::FnOnce<Args>>::call_once::h5aa36efdb79c806f
[INFO] [stdout]                                at /rustc/df4ca44d3fbc9301ee17f30f4d474e6ae4b05252/library/alloc/src/boxed.rs:2454:9
[INFO] [stdout]   42:     0x5a26ea72960b - std::sys::pal::unix::thread::Thread::new::thread_start::h6cd80a1b4be5158d
[INFO] [stdout]                                at /rustc/df4ca44d3fbc9301ee17f30f4d474e6ae4b05252/library/std/src/sys/pal/unix/thread.rs:105:17
[INFO] [stdout]   43:     0x7c50a95a8ac3 - <unknown>
[INFO] [stdout]   44:     0x7c50a9639a04 - clone
[INFO] [stdout]   45:                0x0 - <unknown>
[INFO] [stdout] 
[INFO] [stdout] ---- parse_x11_symbols stdout ----
[INFO] [stdout] thread 'parse_x11_symbols' panicked at tests/fixtures.rs:140:9:
[INFO] [stdout] 190 tests failed -- Set `VERBOSE_PARSE_ERRORS=1` for error messages
[INFO] [stdout] stack backtrace:
[INFO] [stdout]    0:     0x5a26ea72335a - std::backtrace_rs::backtrace::libunwind::trace::h207520d6e9873551
[INFO] [stdout]                                at /rustc/df4ca44d3fbc9301ee17f30f4d474e6ae4b05252/library/std/src/../../backtrace/src/backtrace/libunwind.rs:116:5
[INFO] [stdout]    1:     0x5a26ea72335a - std::backtrace_rs::backtrace::trace_unsynchronized::h2ed7433f370e3eca
[INFO] [stdout]                                at /rustc/df4ca44d3fbc9301ee17f30f4d474e6ae4b05252/library/std/src/../../backtrace/src/backtrace/mod.rs:66:5
[INFO] [stdout]    2:     0x5a26ea72335a - std::sys::backtrace::_print_fmt::h916fac51166b18d7
[INFO] [stdout]                                at /rustc/df4ca44d3fbc9301ee17f30f4d474e6ae4b05252/library/std/src/sys/backtrace.rs:66:9
[INFO] [stdout]    3:     0x5a26ea72335a - <std::sys::backtrace::BacktraceLock::print::DisplayBacktrace as core::fmt::Display>::fmt::ha0a4c9b8ce3802e6
[INFO] [stdout]                                at /rustc/df4ca44d3fbc9301ee17f30f4d474e6ae4b05252/library/std/src/sys/backtrace.rs:39:26
[INFO] [stdout]    4:     0x5a26ea74ab83 - core::fmt::rt::Argument::fmt::h4cfc8587d52b3eb5
[INFO] [stdout]                                at /rustc/df4ca44d3fbc9301ee17f30f4d474e6ae4b05252/library/core/src/fmt/rt.rs:177:76
[INFO] [stdout]    5:     0x5a26ea74ab83 - core::fmt::write::h522cc39e5b36ae9f
[INFO] [stdout]                                at /rustc/df4ca44d3fbc9301ee17f30f4d474e6ae4b05252/library/core/src/fmt/mod.rs:1190:21
[INFO] [stdout]    6:     0x5a26ea71fa13 - std::io::Write::write_fmt::h7d3c26752da97734
[INFO] [stdout]                                at /rustc/df4ca44d3fbc9301ee17f30f4d474e6ae4b05252/library/std/src/io/mod.rs:1839:15
[INFO] [stdout]    7:     0x5a26ea7231a2 - std::sys::backtrace::BacktraceLock::print::h4b9e00b29e9c0942
[INFO] [stdout]                                at /rustc/df4ca44d3fbc9301ee17f30f4d474e6ae4b05252/library/std/src/sys/backtrace.rs:42:9
[INFO] [stdout]    8:     0x5a26ea7247ea - std::panicking::default_hook::{{closure}}::hb59b88280d0324d9
[INFO] [stdout]                                at /rustc/df4ca44d3fbc9301ee17f30f4d474e6ae4b05252/library/std/src/panicking.rs:268:22
[INFO] [stdout]    9:     0x5a26ea7245f4 - std::panicking::default_hook::he1dd496665be4a29
[INFO] [stdout]                                at /rustc/df4ca44d3fbc9301ee17f30f4d474e6ae4b05252/library/std/src/panicking.rs:292:9
[INFO] [stdout]   10:     0x5a26ea5e4499 - <alloc::boxed::Box<F,A> as core::ops::function::Fn<Args>>::call::h4ff71de18744e1dc
[INFO] [stdout]                                at /rustc/df4ca44d3fbc9301ee17f30f4d474e6ae4b05252/library/alloc/src/boxed.rs:2468:9
[INFO] [stdout]   11:     0x5a26ea5e4499 - test::test_main::{{closure}}::hcf7c055ce117aa81
[INFO] [stdout]                                at /rustc/df4ca44d3fbc9301ee17f30f4d474e6ae4b05252/library/test/src/lib.rs:133:21
[INFO] [stdout]   12:     0x5a26ea724ee8 - <alloc::boxed::Box<F,A> as core::ops::function::Fn<Args>>::call::h1d66c6bbd60c9692
[INFO] [stdout]                                at /rustc/df4ca44d3fbc9301ee17f30f4d474e6ae4b05252/library/alloc/src/boxed.rs:2468:9
[INFO] [stdout]   13:     0x5a26ea724ee8 - std::panicking::rust_panic_with_hook::h2ff17fe8f26dfcf8
[INFO] [stdout]                                at /rustc/df4ca44d3fbc9301ee17f30f4d474e6ae4b05252/library/std/src/panicking.rs:809:13
[INFO] [stdout]   14:     0x5a26ea724caa - std::panicking::begin_panic_handler::{{closure}}::h4fad77951c07e101
[INFO] [stdout]                                at /rustc/df4ca44d3fbc9301ee17f30f4d474e6ae4b05252/library/std/src/panicking.rs:674:13
[INFO] [stdout]   15:     0x5a26ea723839 - std::sys::backtrace::__rust_end_short_backtrace::hb1a25b3da5d0ea08
[INFO] [stdout]                                at /rustc/df4ca44d3fbc9301ee17f30f4d474e6ae4b05252/library/std/src/sys/backtrace.rs:170:18
[INFO] [stdout]   16:     0x5a26ea72493c - rust_begin_unwind
[INFO] [stdout]                                at /rustc/df4ca44d3fbc9301ee17f30f4d474e6ae4b05252/library/std/src/panicking.rs:665:5
[INFO] [stdout]   17:     0x5a26ea749540 - core::panicking::panic_fmt::ha9db07b529f9b256
[INFO] [stdout]                                at /rustc/df4ca44d3fbc9301ee17f30f4d474e6ae4b05252/library/core/src/panicking.rs:75:14
[INFO] [stdout]   18:     0x5a26ea454713 - fixtures::parse_files::h768dba969ec58dfa
[INFO] [stdout]                                at /opt/rustwide/workdir/tests/fixtures.rs:140:9
[INFO] [stdout]   19:     0x5a26ea4564e5 - fixtures::parse_x11_symbols::hdd43252c3fd514b7
[INFO] [stdout]                                at /opt/rustwide/workdir/tests/fixtures.rs:51:5
[INFO] [stdout]   20:     0x5a26ea456427 - fixtures::parse_x11_symbols::{{closure}}::h5b93bbadda6db6ab
[INFO] [stdout]                                at /opt/rustwide/workdir/tests/fixtures.rs:48:27
[INFO] [stdout]   21:     0x5a26ea459c16 - core::ops::function::FnOnce::call_once::hbeb08d59104a7014
[INFO] [stdout]                                at /rustc/df4ca44d3fbc9301ee17f30f4d474e6ae4b05252/library/core/src/ops/function.rs:250:5
[INFO] [stdout]   22:     0x5a26ea5e8d6b - core::ops::function::FnOnce::call_once::h22c3ba5715e93f05
[INFO] [stdout]                                at /rustc/df4ca44d3fbc9301ee17f30f4d474e6ae4b05252/library/core/src/ops/function.rs:250:5
[INFO] [stdout]   23:     0x5a26ea5e8d6b - test::__rust_begin_short_backtrace::h8e82d8113d0da17f
[INFO] [stdout]                                at /rustc/df4ca44d3fbc9301ee17f30f4d474e6ae4b05252/library/test/src/lib.rs:621:18
[INFO] [stdout]   24:     0x5a26ea5e86e7 - test::run_test_in_process::{{closure}}::h33235f4f20b7b7c7
[INFO] [stdout]                                at /rustc/df4ca44d3fbc9301ee17f30f4d474e6ae4b05252/library/test/src/lib.rs:644:60
[INFO] [stdout]   25:     0x5a26ea5e86e7 - <core::panic::unwind_safe::AssertUnwindSafe<F> as core::ops::function::FnOnce<()>>::call_once::hb5043206310c586f
[INFO] [stdout]                                at /rustc/df4ca44d3fbc9301ee17f30f4d474e6ae4b05252/library/core/src/panic/unwind_safe.rs:272:9
[INFO] [stdout]   26:     0x5a26ea5e86e7 - std::panicking::try::do_call::h9ad4731a60ab23e2
[INFO] [stdout]                                at /rustc/df4ca44d3fbc9301ee17f30f4d474e6ae4b05252/library/std/src/panicking.rs:557:40
[INFO] [stdout]   27:     0x5a26ea5e86e7 - std::panicking::try::h3824d23db772a716
[INFO] [stdout]                                at /rustc/df4ca44d3fbc9301ee17f30f4d474e6ae4b05252/library/std/src/panicking.rs:520:19
[INFO] [stdout]   28:     0x5a26ea5e86e7 - std::panic::catch_unwind::h5afd514605fde46b
[INFO] [stdout]                                at /rustc/df4ca44d3fbc9301ee17f30f4d474e6ae4b05252/library/std/src/panic.rs:358:14
[INFO] [stdout]   29:     0x5a26ea5e86e7 - test::run_test_in_process::h0d5cbfa7067d1720
[INFO] [stdout]                                at /rustc/df4ca44d3fbc9301ee17f30f4d474e6ae4b05252/library/test/src/lib.rs:644:27
[INFO] [stdout]   30:     0x5a26ea5e86e7 - test::run_test::{{closure}}::h708eb8872708115d
[INFO] [stdout]                                at /rustc/df4ca44d3fbc9301ee17f30f4d474e6ae4b05252/library/test/src/lib.rs:565:43
[INFO] [stdout]   31:     0x5a26ea5abe04 - test::run_test::{{closure}}::h392c51cee94713ab
[INFO] [stdout]                                at /rustc/df4ca44d3fbc9301ee17f30f4d474e6ae4b05252/library/test/src/lib.rs:595:41
[INFO] [stdout]   32:     0x5a26ea5abe04 - std::sys::backtrace::__rust_begin_short_backtrace::h2f40290710935a8b
[INFO] [stdout]                                at /rustc/df4ca44d3fbc9301ee17f30f4d474e6ae4b05252/library/std/src/sys/backtrace.rs:154:18
[INFO] [stdout]   33:     0x5a26ea5af5ae - std::thread::Builder::spawn_unchecked_::{{closure}}::{{closure}}::h3fd968d89053a903
[INFO] [stdout]                                at /rustc/df4ca44d3fbc9301ee17f30f4d474e6ae4b05252/library/std/src/thread/mod.rs:541:17
[INFO] [stdout]   34:     0x5a26ea5af5ae - <core::panic::unwind_safe::AssertUnwindSafe<F> as core::ops::function::FnOnce<()>>::call_once::h743f637ba4229880
[INFO] [stdout]                                at /rustc/df4ca44d3fbc9301ee17f30f4d474e6ae4b05252/library/core/src/panic/unwind_safe.rs:272:9
[INFO] [stdout]   35:     0x5a26ea5af5ae - std::panicking::try::do_call::h07440897322525a6
[INFO] [stdout]                                at /rustc/df4ca44d3fbc9301ee17f30f4d474e6ae4b05252/library/std/src/panicking.rs:557:40
[INFO] [stdout]   36:     0x5a26ea5af5ae - std::panicking::try::he5a2e00188156637
[INFO] [stdout]                                at /rustc/df4ca44d3fbc9301ee17f30f4d474e6ae4b05252/library/std/src/panicking.rs:520:19
[INFO] [stdout]   37:     0x5a26ea5af5ae - std::panic::catch_unwind::hbaf3cae49b3c6433
[INFO] [stdout]                                at /rustc/df4ca44d3fbc9301ee17f30f4d474e6ae4b05252/library/std/src/panic.rs:358:14
[INFO] [stdout]   38:     0x5a26ea5af5ae - std::thread::Builder::spawn_unchecked_::{{closure}}::h8e141ea224820bce
[INFO] [stdout]                                at /rustc/df4ca44d3fbc9301ee17f30f4d474e6ae4b05252/library/std/src/thread/mod.rs:540:30
[INFO] [stdout]   39:     0x5a26ea5af5ae - core::ops::function::FnOnce::call_once{{vtable.shim}}::h90d312fedd7b8ea8
[INFO] [stdout]                                at /rustc/df4ca44d3fbc9301ee17f30f4d474e6ae4b05252/library/core/src/ops/function.rs:250:5
[INFO] [stdout]   40:     0x5a26ea72960b - <alloc::boxed::Box<F,A> as core::ops::function::FnOnce<Args>>::call_once::h69aa08ddb6adb8b6
[INFO] [stdout]                                at /rustc/df4ca44d3fbc9301ee17f30f4d474e6ae4b05252/library/alloc/src/boxed.rs:2454:9
[INFO] [stdout]   41:     0x5a26ea72960b - <alloc::boxed::Box<F,A> as core::ops::function::FnOnce<Args>>::call_once::h5aa36efdb79c806f
[INFO] [stdout]                                at /rustc/df4ca44d3fbc9301ee17f30f4d474e6ae4b05252/library/alloc/src/boxed.rs:2454:9
[INFO] [stdout]   42:     0x5a26ea72960b - std::sys::pal::unix::thread::Thread::new::thread_start::h6cd80a1b4be5158d
[INFO] [stdout]                                at /rustc/df4ca44d3fbc9301ee17f30f4d474e6ae4b05252/library/std/src/sys/pal/unix/thread.rs:105:17
[INFO] [stdout]   43:     0x7c50a95a8ac3 - <unknown>
[INFO] [stdout]   44:     0x7c50a9639a04 - clone
[INFO] [stdout]   45:                0x0 - <unknown>
[INFO] [stdout] 
[INFO] [stdout] ---- parse_x11_geometry stdout ----
[INFO] [stdout] thread 'parse_x11_geometry' panicked at tests/fixtures.rs:140:9:
[INFO] [stdout] 30 tests failed -- Set `VERBOSE_PARSE_ERRORS=1` for error messages
[INFO] [stdout] stack backtrace:
[INFO] [stdout]    0:     0x5a26ea72335a - std::backtrace_rs::backtrace::libunwind::trace::h207520d6e9873551
[INFO] [stdout]                                at /rustc/df4ca44d3fbc9301ee17f30f4d474e6ae4b05252/library/std/src/../../backtrace/src/backtrace/libunwind.rs:116:5
[INFO] [stdout]    1:     0x5a26ea72335a - std::backtrace_rs::backtrace::trace_unsynchronized::h2ed7433f370e3eca
[INFO] [stdout]                                at /rustc/df4ca44d3fbc9301ee17f30f4d474e6ae4b05252/library/std/src/../../backtrace/src/backtrace/mod.rs:66:5
[INFO] [stdout]    2:     0x5a26ea72335a - std::sys::backtrace::_print_fmt::h916fac51166b18d7
[INFO] [stdout]                                at /rustc/df4ca44d3fbc9301ee17f30f4d474e6ae4b05252/library/std/src/sys/backtrace.rs:66:9
[INFO] [stdout]    3:     0x5a26ea72335a - <std::sys::backtrace::BacktraceLock::print::DisplayBacktrace as core::fmt::Display>::fmt::ha0a4c9b8ce3802e6
[INFO] [stdout]                                at /rustc/df4ca44d3fbc9301ee17f30f4d474e6ae4b05252/library/std/src/sys/backtrace.rs:39:26
[INFO] [stdout]    4:     0x5a26ea74ab83 - core::fmt::rt::Argument::fmt::h4cfc8587d52b3eb5
[INFO] [stdout]                                at /rustc/df4ca44d3fbc9301ee17f30f4d474e6ae4b05252/library/core/src/fmt/rt.rs:177:76
[INFO] [stdout]    5:     0x5a26ea74ab83 - core::fmt::write::h522cc39e5b36ae9f
[INFO] [stdout]                                at /rustc/df4ca44d3fbc9301ee17f30f4d474e6ae4b05252/library/core/src/fmt/mod.rs:1190:21
[INFO] [stdout]    6:     0x5a26ea71fa13 - std::io::Write::write_fmt::h7d3c26752da97734
[INFO] [stdout]                                at /rustc/df4ca44d3fbc9301ee17f30f4d474e6ae4b05252/library/std/src/io/mod.rs:1839:15
[INFO] [stdout]    7:     0x5a26ea7231a2 - std::sys::backtrace::BacktraceLock::print::h4b9e00b29e9c0942
[INFO] [stdout]                                at /rustc/df4ca44d3fbc9301ee17f30f4d474e6ae4b05252/library/std/src/sys/backtrace.rs:42:9
[INFO] [stdout]    8:     0x5a26ea7247ea - std::panicking::default_hook::{{closure}}::hb59b88280d0324d9
[INFO] [stdout]                                at /rustc/df4ca44d3fbc9301ee17f30f4d474e6ae4b05252/library/std/src/panicking.rs:268:22
[INFO] [stdout]    9:     0x5a26ea7245f4 - std::panicking::default_hook::he1dd496665be4a29
[INFO] [stdout]                                at /rustc/df4ca44d3fbc9301ee17f30f4d474e6ae4b05252/library/std/src/panicking.rs:292:9
[INFO] [stdout]   10:     0x5a26ea5e4499 - <alloc::boxed::Box<F,A> as core::ops::function::Fn<Args>>::call::h4ff71de18744e1dc
[INFO] [stdout]                                at /rustc/df4ca44d3fbc9301ee17f30f4d474e6ae4b05252/library/alloc/src/boxed.rs:2468:9
[INFO] [stdout]   11:     0x5a26ea5e4499 - test::test_main::{{closure}}::hcf7c055ce117aa81
[INFO] [stdout]                                at /rustc/df4ca44d3fbc9301ee17f30f4d474e6ae4b05252/library/test/src/lib.rs:133:21
[INFO] [stdout]   12:     0x5a26ea724ee8 - <alloc::boxed::Box<F,A> as core::ops::function::Fn<Args>>::call::h1d66c6bbd60c9692
[INFO] [stdout]                                at /rustc/df4ca44d3fbc9301ee17f30f4d474e6ae4b05252/library/alloc/src/boxed.rs:2468:9
[INFO] [stdout]   13:     0x5a26ea724ee8 - std::panicking::rust_panic_with_hook::h2ff17fe8f26dfcf8
[INFO] [stdout]                                at /rustc/df4ca44d3fbc9301ee17f30f4d474e6ae4b05252/library/std/src/panicking.rs:809:13
[INFO] [stdout]   14:     0x5a26ea724caa - std::panicking::begin_panic_handler::{{closure}}::h4fad77951c07e101
[INFO] [stdout]                                at /rustc/df4ca44d3fbc9301ee17f30f4d474e6ae4b05252/library/std/src/panicking.rs:674:13
[INFO] [stdout]   15:     0x5a26ea723839 - std::sys::backtrace::__rust_end_short_backtrace::hb1a25b3da5d0ea08
[INFO] [stdout]                                at /rustc/df4ca44d3fbc9301ee17f30f4d474e6ae4b05252/library/std/src/sys/backtrace.rs:170:18
[INFO] [stdout]   16:     0x5a26ea72493c - rust_begin_unwind
[INFO] [stdout]                                at /rustc/df4ca44d3fbc9301ee17f30f4d474e6ae4b05252/library/std/src/panicking.rs:665:5
[INFO] [stdout]   17:     0x5a26ea749540 - core::panicking::panic_fmt::ha9db07b529f9b256
[INFO] [stdout]                                at /rustc/df4ca44d3fbc9301ee17f30f4d474e6ae4b05252/library/core/src/panicking.rs:75:14
[INFO] [stdout]   18:     0x5a26ea454713 - fixtures::parse_files::h768dba969ec58dfa
[INFO] [stdout]                                at /opt/rustwide/workdir/tests/fixtures.rs:140:9
[INFO] [stdout]   19:     0x5a26ea456ad8 - fixtures::parse_x11_geometry::h528f0120adf40d36
[INFO] [stdout]                                at /opt/rustwide/workdir/tests/fixtures.rs:95:5
[INFO] [stdout]   20:     0x5a26ea4569f7 - fixtures::parse_x11_geometry::{{closure}}::hd30fa174f1e7b40f
[INFO] [stdout]                                at /opt/rustwide/workdir/tests/fixtures.rs:90:28
[INFO] [stdout]   21:     0x5a26ea459c56 - core::ops::function::FnOnce::call_once::hd61790e11f133d41
[INFO] [stdout]                                at /rustc/df4ca44d3fbc9301ee17f30f4d474e6ae4b05252/library/core/src/ops/function.rs:250:5
[INFO] [stdout]   22:     0x5a26ea5e8d6b - core::ops::function::FnOnce::call_once::h22c3ba5715e93f05
[INFO] [stdout]                                at /rustc/df4ca44d3fbc9301ee17f30f4d474e6ae4b05252/library/core/src/ops/function.rs:250:5
[INFO] [stdout]   23:     0x5a26ea5e8d6b - test::__rust_begin_short_backtrace::h8e82d8113d0da17f
[INFO] [stdout]                                at /rustc/df4ca44d3fbc9301ee17f30f4d474e6ae4b05252/library/test/src/lib.rs:621:18
[INFO] [stdout]   24:     0x5a26ea5e86e7 - test::run_test_in_process::{{closure}}::h33235f4f20b7b7c7
[INFO] [stdout]                                at /rustc/df4ca44d3fbc9301ee17f30f4d474e6ae4b05252/library/test/src/lib.rs:644:60
[INFO] [stdout]   25:     0x5a26ea5e86e7 - <core::panic::unwind_safe::AssertUnwindSafe<F> as core::ops::function::FnOnce<()>>::call_once::hb5043206310c586f
[INFO] [stdout]                                at /rustc/df4ca44d3fbc9301ee17f30f4d474e6ae4b05252/library/core/src/panic/unwind_safe.rs:272:9
[INFO] [stdout]   26:     0x5a26ea5e86e7 - std::panicking::try::do_call::h9ad4731a60ab23e2
[INFO] [stdout]                                at /rustc/df4ca44d3fbc9301ee17f30f4d474e6ae4b05252/library/std/src/panicking.rs:557:40
[INFO] [stdout]   27:     0x5a26ea5e86e7 - std::panicking::try::h3824d23db772a716
[INFO] [stdout]                                at /rustc/df4ca44d3fbc9301ee17f30f4d474e6ae4b05252/library/std/src/panicking.rs:520:19
[INFO] [stdout]   28:     0x5a26ea5e86e7 - std::panic::catch_unwind::h5afd514605fde46b
[INFO] [stdout]                                at /rustc/df4ca44d3fbc9301ee17f30f4d474e6ae4b05252/library/std/src/panic.rs:358:14
[INFO] [stdout]   29:     0x5a26ea5e86e7 - test::run_test_in_process::h0d5cbfa7067d1720
[INFO] [stdout]                                at /rustc/df4ca44d3fbc9301ee17f30f4d474e6ae4b05252/library/test/src/lib.rs:644:27
[INFO] [stdout]   30:     0x5a26ea5e86e7 - test::run_test::{{closure}}::h708eb8872708115d
[INFO] [stdout]                                at /rustc/df4ca44d3fbc9301ee17f30f4d474e6ae4b05252/library/test/src/lib.rs:565:43
[INFO] [stdout]   31:     0x5a26ea5abe04 - test::run_test::{{closure}}::h392c51cee94713ab
[INFO] [stdout]                                at /rustc/df4ca44d3fbc9301ee17f30f4d474e6ae4b05252/library/test/src/lib.rs:595:41
[INFO] [stdout]   32:     0x5a26ea5abe04 - std::sys::backtrace::__rust_begin_short_backtrace::h2f40290710935a8b
[INFO] [stdout]                                at /rustc/df4ca44d3fbc9301ee17f30f4d474e6ae4b05252/library/std/src/sys/backtrace.rs:154:18
[INFO] [stdout]   33:     0x5a26ea5af5ae - std::thread::Builder::spawn_unchecked_::{{closure}}::{{closure}}::h3fd968d89053a903
[INFO] [stdout]                                at /rustc/df4ca44d3fbc9301ee17f30f4d474e6ae4b05252/library/std/src/thread/mod.rs:541:17
[INFO] [stdout]   34:     0x5a26ea5af5ae - <core::panic::unwind_safe::AssertUnwindSafe<F> as core::ops::function::FnOnce<()>>::call_once::h743f637ba4229880
[INFO] [stdout]                                at /rustc/df4ca44d3fbc9301ee17f30f4d474e6ae4b05252/library/core/src/panic/unwind_safe.rs:272:9
[INFO] [stdout]   35:     0x5a26ea5af5ae - std::panicking::try::do_call::h07440897322525a6
[INFO] [stdout]                                at /rustc/df4ca44d3fbc9301ee17f30f4d474e6ae4b05252/library/std/src/panicking.rs:557:40
[INFO] [stdout]   36:     0x5a26ea5af5ae - std::panicking::try::he5a2e00188156637
[INFO] [stdout]                                at /rustc/df4ca44d3fbc9301ee17f30f4d474e6ae4b05252/library/std/src/panicking.rs:520:19
[INFO] [stdout]   37:     0x5a26ea5af5ae - std::panic::catch_unwind::hbaf3cae49b3c6433
[INFO] [stdout]                                at /rustc/df4ca44d3fbc9301ee17f30f4d474e6ae4b05252/library/std/src/panic.rs:358:14
[INFO] [stdout]   38:     0x5a26ea5af5ae - std::thread::Builder::spawn_unchecked_::{{closure}}::h8e141ea224820bce
[INFO] [stdout]                                at /rustc/df4ca44d3fbc9301ee17f30f4d474e6ae4b05252/library/std/src/thread/mod.rs:540:30
[INFO] [stdout]   39:     0x5a26ea5af5ae - core::ops::function::FnOnce::call_once{{vtable.shim}}::h90d312fedd7b8ea8
[INFO] [stdout]                                at /rustc/df4ca44d3fbc9301ee17f30f4d474e6ae4b05252/library/core/src/ops/function.rs:250:5
[INFO] [stdout]   40:     0x5a26ea72960b - <alloc::boxed::Box<F,A> as core::ops::function::FnOnce<Args>>::call_once::h69aa08ddb6adb8b6
[INFO] [stdout]                                at /rustc/df4ca44d3fbc9301ee17f30f4d474e6ae4b05252/library/alloc/src/boxed.rs:2454:9
[INFO] [stdout]   41:     0x5a26ea72960b - <alloc::boxed::Box<F,A> as core::ops::function::FnOnce<Args>>::call_once::h5aa36efdb79c806f
[INFO] [stdout]                                at /rustc/df4ca44d3fbc9301ee17f30f4d474e6ae4b05252/library/alloc/src/boxed.rs:2454:9
[INFO] [stdout]   42:     0x5a26ea72960b - std::sys::pal::unix::thread::Thread::new::thread_start::h6cd80a1b4be5158d
[INFO] [stdout]                                at /rustc/df4ca44d3fbc9301ee17f30f4d474e6ae4b05252/library/std/src/sys/pal/unix/thread.rs:105:17
[INFO] [stdout]   43:     0x7c50a95a8ac3 - <unknown>
[INFO] [stdout]   44:     0x7c50a9639a04 - clone
[INFO] [stdout]   45:                0x0 - <unknown>
[INFO] [stdout] 
[INFO] [stdout] ---- parse_x11_keycodes stdout ----
[INFO] [stdout] thread 'parse_x11_keycodes' panicked at tests/fixtures.rs:140:9:
[INFO] [stdout] 20 tests failed -- Set `VERBOSE_PARSE_ERRORS=1` for error messages
[INFO] [stdout] stack backtrace:
[INFO] [stdout]    0:     0x5a26ea72335a - std::backtrace_rs::backtrace::libunwind::trace::h207520d6e9873551
[INFO] [stdout]                                at /rustc/df4ca44d3fbc9301ee17f30f4d474e6ae4b05252/library/std/src/../../backtrace/src/backtrace/libunwind.rs:116:5
[INFO] [stdout]    1:     0x5a26ea72335a - std::backtrace_rs::backtrace::trace_unsynchronized::h2ed7433f370e3eca
[INFO] [stdout]                                at /rustc/df4ca44d3fbc9301ee17f30f4d474e6ae4b05252/library/std/src/../../backtrace/src/backtrace/mod.rs:66:5
[INFO] [stdout]    2:     0x5a26ea72335a - std::sys::backtrace::_print_fmt::h916fac51166b18d7
[INFO] [stdout]                                at /rustc/df4ca44d3fbc9301ee17f30f4d474e6ae4b05252/library/std/src/sys/backtrace.rs:66:9
[INFO] [stdout]    3:     0x5a26ea72335a - <std::sys::backtrace::BacktraceLock::print::DisplayBacktrace as core::fmt::Display>::fmt::ha0a4c9b8ce3802e6
[INFO] [stdout]                                at /rustc/df4ca44d3fbc9301ee17f30f4d474e6ae4b05252/library/std/src/sys/backtrace.rs:39:26
[INFO] [stdout]    4:     0x5a26ea74ab83 - core::fmt::rt::Argument::fmt::h4cfc8587d52b3eb5
[INFO] [stdout]                                at /rustc/df4ca44d3fbc9301ee17f30f4d474e6ae4b05252/library/core/src/fmt/rt.rs:177:76
[INFO] [stdout]    5:     0x5a26ea74ab83 - core::fmt::write::h522cc39e5b36ae9f
[INFO] [stdout]                                at /rustc/df4ca44d3fbc9301ee17f30f4d474e6ae4b05252/library/core/src/fmt/mod.rs:1190:21
[INFO] [stdout]    6:     0x5a26ea71fa13 - std::io::Write::write_fmt::h7d3c26752da97734
[INFO] [stdout]                                at /rustc/df4ca44d3fbc9301ee17f30f4d474e6ae4b05252/library/std/src/io/mod.rs:1839:15
[INFO] [stdout]    7:     0x5a26ea7231a2 - std::sys::backtrace::BacktraceLock::print::h4b9e00b29e9c0942
[INFO] [stdout]                                at /rustc/df4ca44d3fbc9301ee17f30f4d474e6ae4b05252/library/std/src/sys/backtrace.rs:42:9
[INFO] [stdout]    8:     0x5a26ea7247ea - std::panicking::default_hook::{{closure}}::hb59b88280d0324d9
[INFO] [stdout]                                at /rustc/df4ca44d3fbc9301ee17f30f4d474e6ae4b05252/library/std/src/panicking.rs:268:22
[INFO] [stdout]    9:     0x5a26ea7245f4 - std::panicking::default_hook::he1dd496665be4a29
[INFO] [stdout]                                at /rustc/df4ca44d3fbc9301ee17f30f4d474e6ae4b05252/library/std/src/panicking.rs:292:9
[INFO] [stdout]   10:     0x5a26ea5e4499 - <alloc::boxed::Box<F,A> as core::ops::function::Fn<Args>>::call::h4ff71de18744e1dc
[INFO] [stdout]                                at /rustc/df4ca44d3fbc9301ee17f30f4d474e6ae4b05252/library/alloc/src/boxed.rs:2468:9
[INFO] [stdout]   11:     0x5a26ea5e4499 - test::test_main::{{closure}}::hcf7c055ce117aa81
[INFO] [stdout]                                at /rustc/df4ca44d3fbc9301ee17f30f4d474e6ae4b05252/library/test/src/lib.rs:133:21
[INFO] [stdout]   12:     0x5a26ea724ee8 - <alloc::boxed::Box<F,A> as core::ops::function::Fn<Args>>::call::h1d66c6bbd60c9692
[INFO] [stdout]                                at /rustc/df4ca44d3fbc9301ee17f30f4d474e6ae4b05252/library/alloc/src/boxed.rs:2468:9
[INFO] [stdout]   13:     0x5a26ea724ee8 - std::panicking::rust_panic_with_hook::h2ff17fe8f26dfcf8
[INFO] [stdout]                                at /rustc/df4ca44d3fbc9301ee17f30f4d474e6ae4b05252/library/std/src/panicking.rs:809:13
[INFO] [stdout]   14:     0x5a26ea724caa - std::panicking::begin_panic_handler::{{closure}}::h4fad77951c07e101
[INFO] [stdout]                                at /rustc/df4ca44d3fbc9301ee17f30f4d474e6ae4b05252/library/std/src/panicking.rs:674:13
[INFO] [stdout]   15:     0x5a26ea723839 - std::sys::backtrace::__rust_end_short_backtrace::hb1a25b3da5d0ea08
[INFO] [stdout]                                at /rustc/df4ca44d3fbc9301ee17f30f4d474e6ae4b05252/library/std/src/sys/backtrace.rs:170:18
[INFO] [stdout]   16:     0x5a26ea72493c - rust_begin_unwind
[INFO] [stdout]                                at /rustc/df4ca44d3fbc9301ee17f30f4d474e6ae4b05252/library/std/src/panicking.rs:665:5
[INFO] [stdout]   17:     0x5a26ea749540 - core::panicking::panic_fmt::ha9db07b529f9b256
[INFO] [stdout]                                at /rustc/df4ca44d3fbc9301ee17f30f4d474e6ae4b05252/library/core/src/panicking.rs:75:14
[INFO] [stdout]   18:     0x5a26ea454713 - fixtures::parse_files::h768dba969ec58dfa
[INFO] [stdout]                                at /opt/rustwide/workdir/tests/fixtures.rs:140:9
[INFO] [stdout]   19:     0x5a26ea4566d5 - fixtures::parse_x11_keycodes::h963cfc63d09fd31f
[INFO] [stdout]                                at /opt/rustwide/workdir/tests/fixtures.rs:65:5
[INFO] [stdout]   20:     0x5a26ea456617 - fixtures::parse_x11_keycodes::{{closure}}::hb6855ed808bbc5b7
[INFO] [stdout]                                at /opt/rustwide/workdir/tests/fixtures.rs:62:28
[INFO] [stdout]   21:     0x5a26ea459c96 - core::ops::function::FnOnce::call_once::hf685ec2a60cf971f
[INFO] [stdout]                                at /rustc/df4ca44d3fbc9301ee17f30f4d474e6ae4b05252/library/core/src/ops/function.rs:250:5
[INFO] [stdout]   22:     0x5a26ea5e8d6b - core::ops::function::FnOnce::call_once::h22c3ba5715e93f05
[INFO] [stdout]                                at /rustc/df4ca44d3fbc9301ee17f30f4d474e6ae4b05252/library/core/src/ops/function.rs:250:5
[INFO] [stdout]   23:     0x5a26ea5e8d6b - test::__rust_begin_short_backtrace::h8e82d8113d0da17f
[INFO] [stdout]                                at /rustc/df4ca44d3fbc9301ee17f30f4d474e6ae4b05252/library/test/src/lib.rs:621:18
[INFO] [stdout]   24:     0x5a26ea5e86e7 - test::run_test_in_process::{{closure}}::h33235f4f20b7b7c7
[INFO] [stdout]                                at /rustc/df4ca44d3fbc9301ee17f30f4d474e6ae4b05252/library/test/src/lib.rs:644:60
[INFO] [stdout]   25:     0x5a26ea5e86e7 - <core::panic::unwind_safe::AssertUnwindSafe<F> as core::ops::function::FnOnce<()>>::call_once::hb5043206310c586f
[INFO] [stdout]                                at /rustc/df4ca44d3fbc9301ee17f30f4d474e6ae4b05252/library/core/src/panic/unwind_safe.rs:272:9
[INFO] [stdout]   26:     0x5a26ea5e86e7 - std::panicking::try::do_call::h9ad4731a60ab23e2
[INFO] [stdout]                                at /rustc/df4ca44d3fbc9301ee17f30f4d474e6ae4b05252/library/std/src/panicking.rs:557:40
[INFO] [stdout]   27:     0x5a26ea5e86e7 - std::panicking::try::h3824d23db772a716
[INFO] [stdout]                                at /rustc/df4ca44d3fbc9301ee17f30f4d474e6ae4b05252/library/std/src/panicking.rs:520:19
[INFO] [stdout]   28:     0x5a26ea5e86e7 - std::panic::catch_unwind::h5afd514605fde46b
[INFO] [stdout]                                at /rustc/df4ca44d3fbc9301ee17f30f4d474e6ae4b05252/library/std/src/panic.rs:358:14
[INFO] [stdout]   29:     0x5a26ea5e86e7 - test::run_test_in_process::h0d5cbfa7067d1720
[INFO] [stdout]                                at /rustc/df4ca44d3fbc9301ee17f30f4d474e6ae4b05252/library/test/src/lib.rs:644:27
[INFO] [stdout]   30:     0x5a26ea5e86e7 - test::run_test::{{closure}}::h708eb8872708115d
[INFO] [stdout]                                at /rustc/df4ca44d3fbc9301ee17f30f4d474e6ae4b05252/library/test/src/lib.rs:565:43
[INFO] [stdout]   31:     0x5a26ea5abe04 - test::run_test::{{closure}}::h392c51cee94713ab
[INFO] [stdout]                                at /rustc/df4ca44d3fbc9301ee17f30f4d474e6ae4b05252/library/test/src/lib.rs:595:41
[INFO] [stdout]   32:     0x5a26ea5abe04 - std::sys::backtrace::__rust_begin_short_backtrace::h2f40290710935a8b
[INFO] [stdout]                                at /rustc/df4ca44d3fbc9301ee17f30f4d474e6ae4b05252/library/std/src/sys/backtrace.rs:154:18
[INFO] [stdout]   33:     0x5a26ea5af5ae - std::thread::Builder::spawn_unchecked_::{{closure}}::{{closure}}::h3fd968d89053a903
[INFO] [stdout]                                at /rustc/df4ca44d3fbc9301ee17f30f4d474e6ae4b05252/library/std/src/thread/mod.rs:541:17
[INFO] [stdout]   34:     0x5a26ea5af5ae - <core::panic::unwind_safe::AssertUnwindSafe<F> as core::ops::function::FnOnce<()>>::call_once::h743f637ba4229880
[INFO] [stdout]                                at /rustc/df4ca44d3fbc9301ee17f30f4d474e6ae4b05252/library/core/src/panic/unwind_safe.rs:272:9
[INFO] [stdout]   35:     0x5a26ea5af5ae - std::panicking::try::do_call::h07440897322525a6
[INFO] [stdout]                                at /rustc/df4ca44d3fbc9301ee17f30f4d474e6ae4b05252/library/std/src/panicking.rs:557:40
[INFO] [stdout]   36:     0x5a26ea5af5ae - std::panicking::try::he5a2e00188156637
[INFO] [stdout]                                at /rustc/df4ca44d3fbc9301ee17f30f4d474e6ae4b05252/library/std/src/panicking.rs:520:19
[INFO] [stdout]   37:     0x5a26ea5af5ae - std::panic::catch_unwind::hbaf3cae49b3c6433
[INFO] [stdout]                                at /rustc/df4ca44d3fbc9301ee17f30f4d474e6ae4b05252/library/std/src/panic.rs:358:14
[INFO] [stdout]   38:     0x5a26ea5af5ae - std::thread::Builder::spawn_unchecked_::{{closure}}::h8e141ea224820bce
[INFO] [stdout]                                at /rustc/df4ca44d3fbc9301ee17f30f4d474e6ae4b05252/library/std/src/thread/mod.rs:540:30
[INFO] [stdout]   39:     0x5a26ea5af5ae - core::ops::function::FnOnce::call_once{{vtable.shim}}::h90d312fedd7b8ea8
[INFO] [stdout]                                at /rustc/df4ca44d3fbc9301ee17f30f4d474e6ae4b05252/library/core/src/ops/function.rs:250:5
[INFO] [stdout]   40:     0x5a26ea72960b - <alloc::boxed::Box<F,A> as core::ops::function::FnOnce<Args>>::call_once::h69aa08ddb6adb8b6
[INFO] [stdout]                                at /rustc/df4ca44d3fbc9301ee17f30f4d474e6ae4b05252/library/alloc/src/boxed.rs:2454:9
[INFO] [stdout]   41:     0x5a26ea72960b - <alloc::boxed::Box<F,A> as core::ops::function::FnOnce<Args>>::call_once::h5aa36efdb79c806f
[INFO] [stdout]                                at /rustc/df4ca44d3fbc9301ee17f30f4d474e6ae4b05252/library/alloc/src/boxed.rs:2454:9
[INFO] [stdout]   42:     0x5a26ea72960b - std::sys::pal::unix::thread::Thread::new::thread_start::h6cd80a1b4be5158d
[INFO] [stdout]                                at /rustc/df4ca44d3fbc9301ee17f30f4d474e6ae4b05252/library/std/src/sys/pal/unix/thread.rs:105:17
[INFO] [stdout]   43:     0x7c50a95a8ac3 - <unknown>
[INFO] [stdout]   44:     0x7c50a9639a04 - clone
[INFO] [stdout]   45:                0x0 - <unknown>
[INFO] [stdout] 
[INFO] [stdout] ---- parse_kbdgen_fixtures stdout ----
[INFO] [stdout] [ERROR fixtures] failed: tests/fixtures/x11/types/mousekeys
[INFO] [stdout] [ERROR fixtures] failed: tests/fixtures/x11/types/default
[INFO] [stdout] [ERROR fixtures] failed: tests/fixtures/x11/types/basic
[INFO] [stdout] [ERROR fixtures] failed: tests/fixtures/x11/types/iso9995
[INFO] [stdout] [ERROR fixtures] failed: tests/fixtures/x11/types/cancel
[INFO] [stdout] [ERROR fixtures] failed: tests/fixtures/x11/types/complete
[INFO] [stdout] [ERROR fixtures] failed: tests/fixtures/x11/types/numpad
[INFO] [stdout] [ERROR fixtures] failed: tests/fixtures/x11/types/nokia
[INFO] [stdout] [ERROR fixtures] failed: tests/fixtures/kbdgen/crk.xkb
[INFO] [stdout] [ERROR fixtures] failed: tests/fixtures/kbdgen/sms.xkb
[INFO] [stdout] [ERROR fixtures] failed: tests/fixtures/x11/types/pc
[INFO] [stdout] [ERROR fixtures] failed: tests/fixtures/kbdgen/smn.xkb
[INFO] [stdout] [ERROR fixtures] failed: tests/fixtures/x11/keycodes/empty
[INFO] [stdout] [ERROR fixtures] failed: tests/fixtures/x11/types/extra
[INFO] [stdout] [ERROR fixtures] failed: tests/fixtures/x11/keycodes/macintosh
[INFO] [stdout] [ERROR fixtures] failed: tests/fixtures/x11/keycodes/aliases
[INFO] [stdout] [ERROR fixtures] failed: tests/fixtures/x11/keycodes/jolla
[INFO] [stdout] [ERROR fixtures] failed: tests/fixtures/x11/keycodes/olpc
[INFO] [stdout] [ERROR fixtures] failed: tests/fixtures/kbdgen/sma.xkb
[INFO] [stdout] [ERROR fixtures] failed: tests/fixtures/x11/keycodes/sony
[INFO] [stdout] [ERROR fixtures] failed: tests/fixtures/x11/types/level5
[INFO] [stdout] [ERROR fixtures] failed: tests/fixtures/x11/keycodes/xfree98
[INFO] [stdout] [ERROR fixtures] failed: tests/fixtures/x11/keycodes/ibm
[INFO] [stdout] [ERROR fixtures] failed: tests/fixtures/x11/keycodes/ataritt
[INFO] [stdout] [ERROR fixtures] failed: tests/fixtures/x11/keycodes/xfree86
[INFO] [stdout] [ERROR fixtures] failed: tests/fixtures/x11/types/caps
[INFO] [stdout] [ERROR fixtures] failed: tests/fixtures/kbdgen/sme.xkb
[INFO] [stdout] [ERROR fixtures] failed: tests/fixtures/x11/keycodes/fujitsu
[INFO] [stdout] [ERROR fixtures] failed: tests/fixtures/x11/keycodes/sgi_vndr/indigo
[INFO] [stdout] [ERROR fixtures] failed: tests/fixtures/x11/keycodes/sgi_vndr/iris
[INFO] [stdout] [ERROR fixtures] failed: tests/fixtures/x11/keycodes/sun
[INFO] [stdout] [ERROR fixtures] failed: tests/fixtures/x11/keycodes/hp
[INFO] [stdout] [ERROR fixtures] failed: tests/fixtures/x11/keycodes/digital_vndr/pc
[INFO] [stdout] [ERROR fixtures] failed: tests/fixtures/x11/keycodes/evdev
[INFO] [stdout] [ERROR fixtures] failed: tests/fixtures/x11/keycodes/sgi_vndr/indy
[INFO] [stdout] [ERROR fixtures] failed: tests/fixtures/x11/keycodes/amiga
[INFO] [stdout] [ERROR fixtures] failed: tests/fixtures/x11/keycodes/digital_vndr/lk
[INFO] [stdout] [ERROR fixtures] failed: tests/fixtures/x11/geometry/hhk
[INFO] [stdout] [ERROR fixtures] failed: tests/fixtures/x11/geometry/amiga
[INFO] [stdout] [ERROR fixtures] failed: tests/fixtures/x11/geometry/sanwa
[INFO] [stdout] [ERROR fixtures] failed: tests/fixtures/x11/geometry/nec
[INFO] [stdout] [ERROR fixtures] failed: tests/fixtures/x11/geometry/thinkpad
[INFO] [stdout] [ERROR fixtures] failed: tests/fixtures/x11/geometry/kinesis
[INFO] [stdout] [ERROR fixtures] failed: tests/fixtures/x11/geometry/chicony
[INFO] [stdout] [ERROR fixtures] failed: tests/fixtures/x11/geometry/fujitsu
[INFO] [stdout] [ERROR fixtures] failed: tests/fixtures/x11/geometry/northgate
[INFO] [stdout] [ERROR fixtures] failed: tests/fixtures/x11/geometry/teck
[INFO] [stdout] [ERROR fixtures] failed: tests/fixtures/x11/geometry/ataritt
[INFO] [stdout] [ERROR fixtures] failed: tests/fixtures/x11/geometry/keytronic
[INFO] [stdout] [ERROR fixtures] failed: tests/fixtures/x11/geometry/nokia
[INFO] [stdout] [ERROR fixtures] failed: tests/fixtures/x11/geometry/winbook
[INFO] [stdout] [ERROR fixtures] failed: tests/fixtures/x11/geometry/sony
[INFO] [stdout] [ERROR fixtures] failed: tests/fixtures/x11/geometry/sun
[INFO] [stdout] [ERROR fixtures] failed: tests/fixtures/x11/geometry/everex
[INFO] [stdout] [ERROR fixtures] failed: tests/fixtures/x11/geometry/sgi_vndr/indigo
[INFO] [stdout] [ERROR fixtures] failed: tests/fixtures/x11/geometry/microsoft
[INFO] [stdout] [ERROR fixtures] failed: tests/fixtures/x11/geometry/dell
[INFO] [stdout] [ERROR fixtures] failed: tests/fixtures/x11/geometry/digital_vndr/lk
[INFO] [stdout] [ERROR fixtures] failed: tests/fixtures/x11/geometry/digital_vndr/unix
[INFO] [stdout] [ERROR fixtures] failed: tests/fixtures/x11/geometry/sgi_vndr/O2
[INFO] [stdout] [ERROR fixtures] failed: tests/fixtures/x11/geometry/steelseries
[INFO] [stdout] [ERROR fixtures] failed: tests/fixtures/x11/symbols/tg
[INFO] [stdout] [ERROR fixtures] failed: tests/fixtures/x11/geometry/hp
[INFO] [stdout] [ERROR fixtures] failed: tests/fixtures/x11/symbols/uz
[INFO] [stdout] [ERROR fixtures] failed: tests/fixtures/x11/geometry/macintosh
[INFO] [stdout] [ERROR fixtures] failed: tests/fixtures/x11/geometry/sgi_vndr/indy
[INFO] [stdout] [ERROR fixtures] failed: tests/fixtures/x11/geometry/digital_vndr/pc
[INFO] [stdout] [ERROR fixtures] failed: tests/fixtures/x11/symbols/tw
[INFO] [stdout] [ERROR fixtures] failed: tests/fixtures/x11/symbols/digital_vndr/us
[INFO] [stdout] [ERROR fixtures] failed: tests/fixtures/x11/symbols/au
[INFO] [stdout] [ERROR fixtures] failed: tests/fixtures/x11/geometry/typematrix
[INFO] [stdout] [ERROR fixtures] failed: tests/fixtures/x11/symbols/ml
[INFO] [stdout] [ERROR fixtures] failed: tests/fixtures/x11/symbols/terminate
[INFO] [stdout] [ERROR fixtures] failed: tests/fixtures/x11/symbols/et
[INFO] [stdout] [ERROR fixtures] failed: tests/fixtures/x11/symbols/is
[INFO] [stdout] [ERROR fixtures] failed: tests/fixtures/x11/symbols/no
[INFO] [stdout] [ERROR fixtures] failed: tests/fixtures/x11/symbols/gr
[INFO] [stdout] [ERROR fixtures] failed: tests/fixtures/x11/symbols/be
[INFO] [stdout] [ERROR fixtures] failed: tests/fixtures/x11/symbols/sn
[INFO] [stdout] [ERROR fixtures] failed: tests/fixtures/x11/symbols/latam
[INFO] [stdout] [ERROR fixtures] failed: tests/fixtures/x11/symbols/id
[INFO] [stdout] [ERROR fixtures] failed: tests/fixtures/x11/symbols/parens
[INFO] [stdout] [ERROR fixtures] failed: tests/fixtures/x11/symbols/nokia_vndr/su-8w
[INFO] [stdout] [ERROR fixtures] failed: tests/fixtures/x11/symbols/jp
[INFO] [stdout] [ERROR fixtures] failed: tests/fixtures/x11/symbols/nl
[INFO] [stdout] [ERROR fixtures] failed: tests/fixtures/x11/symbols/fo
[INFO] [stdout] [ERROR fixtures] failed: tests/fixtures/x11/symbols/am
[INFO] [stdout] [ERROR fixtures] failed: tests/fixtures/x11/symbols/cz
[INFO] [stdout] [ERROR fixtures] failed: tests/fixtures/x11/symbols/mn
[INFO] [stdout] [ERROR fixtures] failed: tests/fixtures/x11/symbols/apl
[INFO] [stdout] [ERROR fixtures] failed: tests/fixtures/x11/symbols/lv
[INFO] [stdout] [ERROR fixtures] failed: tests/fixtures/x11/symbols/digital_vndr/vt
[INFO] [stdout] [ERROR fixtures] failed: tests/fixtures/x11/symbols/gh
[INFO] [stdout] [ERROR fixtures] failed: tests/fixtures/x11/symbols/digital_vndr/lk
[INFO] [stdout] [ERROR fixtures] failed: tests/fixtures/x11/symbols/ua
[INFO] [stdout] [ERROR fixtures] failed: tests/fixtures/x11/symbols/digital_vndr/pc
[INFO] [stdout] [ERROR fixtures] failed: tests/fixtures/x11/symbols/kr
[INFO] [stdout] [ERROR fixtures] failed: tests/fixtures/x11/symbols/np
[INFO] [stdout] [ERROR fixtures] failed: tests/fixtures/x11/symbols/nbsp
[INFO] [stdout] [ERROR fixtures] failed: tests/fixtures/x11/symbols/at
[INFO] [stdout] [ERROR fixtures] failed: tests/fixtures/x11/symbols/ie
[INFO] [stdout] [ERROR fixtures] failed: tests/fixtures/x11/symbols/fr
[INFO] [stdout] [ERROR fixtures] failed: tests/fixtures/x11/symbols/pc
[INFO] [stdout] [ERROR fixtures] failed: tests/fixtures/x11/symbols/ir
[INFO] [stdout] [ERROR fixtures] failed: tests/fixtures/x11/symbols/mk
[INFO] [stdout] [ERROR fixtures] failed: tests/fixtures/x11/symbols/az
[INFO] [stdout] [ERROR fixtures] failed: tests/fixtures/x11/symbols/rs
[INFO] [stdout] [ERROR fixtures] failed: tests/fixtures/x11/symbols/empty
[INFO] [stdout] [ERROR fixtures] failed: tests/fixtures/x11/symbols/si
[INFO] [stdout] [ERROR fixtures] failed: tests/fixtures/x11/symbols/srvr_ctrl
[INFO] [stdout] [ERROR fixtures] failed: tests/fixtures/x11/symbols/bg
[INFO] [stdout] [ERROR fixtures] failed: tests/fixtures/x11/symbols/kpdl
[INFO] [stdout] [ERROR fixtures] failed: tests/fixtures/x11/symbols/ge
[INFO] [stdout] [ERROR fixtures] failed: tests/fixtures/x11/symbols/tz
[INFO] [stdout] [ERROR fixtures] failed: tests/fixtures/x11/symbols/kg
[INFO] [stdout] [ERROR fixtures] failed: tests/fixtures/x11/symbols/se
[INFO] [stdout] [ERROR fixtures] failed: tests/fixtures/x11/geometry/pc
[INFO] [stdout] [ERROR fixtures] failed: tests/fixtures/x11/symbols/th
[INFO] [stdout] [ERROR fixtures] failed: tests/fixtures/x11/symbols/ma
[INFO] [stdout] [ERROR fixtures] failed: tests/fixtures/x11/symbols/md
[INFO] [stdout] [ERROR fixtures] failed: tests/fixtures/x11/symbols/shift
[INFO] [stdout] [ERROR fixtures] failed: tests/fixtures/x11/symbols/lk
[INFO] [stdout] [ERROR fixtures] failed: tests/fixtures/x11/symbols/capslock
[INFO] [stdout] [ERROR fixtures] failed: tests/fixtures/x11/symbols/olpc
[INFO] [stdout] [ERROR fixtures] failed: tests/fixtures/x11/symbols/ro
[INFO] [stdout] [ERROR fixtures] failed: tests/fixtures/x11/symbols/hu
[INFO] [stdout] [ERROR fixtures] failed: tests/fixtures/x11/symbols/nokia_vndr/rx-44
[INFO] [stdout] [ERROR fixtures] failed: tests/fixtures/x11/symbols/ca
[INFO] [stdout] [ERROR fixtures] failed: tests/fixtures/x11/symbols/tr
[INFO] [stdout] [ERROR fixtures] failed: tests/fixtures/x11/symbols/pk
[INFO] [stdout] [ERROR fixtures] failed: tests/fixtures/x11/symbols/level3
[INFO] [stdout] [ERROR fixtures] failed: tests/fixtures/x11/symbols/nokia_vndr/rx-51
[INFO] [stdout] [ERROR fixtures] failed: tests/fixtures/x11/symbols/tj
[INFO] [stdout] [ERROR fixtures] failed: tests/fixtures/x11/symbols/cd
[INFO] [stdout] [ERROR fixtures] failed: tests/fixtures/x11/symbols/mm
[INFO] [stdout] [ERROR fixtures] failed: tests/fixtures/x11/symbols/xfree68_vndr/ataritt
[INFO] [stdout] [ERROR fixtures] failed: tests/fixtures/x11/symbols/kz
[INFO] [stdout] [ERROR fixtures] failed: tests/fixtures/x11/symbols/de
[INFO] [stdout] [ERROR fixtures] failed: tests/fixtures/x11/symbols/xfree68_vndr/amiga
[INFO] [stdout] [ERROR fixtures] failed: tests/fixtures/x11/symbols/ng
[INFO] [stdout] [ERROR fixtures] failed: tests/fixtures/x11/symbols/mv
[INFO] [stdout] [ERROR fixtures] failed: tests/fixtures/x11/symbols/bt
[INFO] [stdout] [ERROR fixtures] failed: tests/fixtures/x11/symbols/af
[INFO] [stdout] [ERROR fixtures] failed: tests/fixtures/x11/symbols/by
[INFO] [stdout] [ERROR fixtures] failed: tests/fixtures/x11/symbols/sun_vndr/tw
[INFO] [stdout] [ERROR fixtures] failed: tests/fixtures/x11/symbols/in
[INFO] [stdout] [ERROR fixtures] failed: tests/fixtures/x11/symbols/dk
[INFO] [stdout] [ERROR fixtures] failed: tests/fixtures/x11/symbols/sun_vndr/no
[INFO] [stdout] [ERROR fixtures] failed: tests/fixtures/x11/symbols/hp_vndr/us
[INFO] [stdout] [ERROR fixtures] failed: tests/fixtures/x11/symbols/sun_vndr/dk
[INFO] [stdout] [ERROR fixtures] failed: tests/fixtures/x11/symbols/sun_vndr/se
[INFO] [stdout] [ERROR fixtures] failed: tests/fixtures/x11/symbols/sun_vndr/tr
[INFO] [stdout] [ERROR fixtures] failed: tests/fixtures/x11/symbols/sun_vndr/solaris
[INFO] [stdout] [ERROR fixtures] failed: tests/fixtures/x11/symbols/sun_vndr/us
[INFO] [stdout] [ERROR fixtures] failed: tests/fixtures/x11/symbols/us
[INFO] [stdout] [ERROR fixtures] failed: tests/fixtures/x11/symbols/cn
[INFO] [stdout] [ERROR fixtures] failed: tests/fixtures/x11/symbols/sun_vndr/lt
[INFO] [stdout] [ERROR fixtures] failed: tests/fixtures/x11/symbols/it
[INFO] [stdout] [ERROR fixtures] failed: tests/fixtures/x11/symbols/sun_vndr/ro
[INFO] [stdout] [ERROR fixtures] failed: tests/fixtures/x11/symbols/sun_vndr/fi
[INFO] [stdout] [ERROR fixtures] failed: tests/fixtures/x11/symbols/ctrl
[INFO] [stdout] [ERROR fixtures] failed: tests/fixtures/x11/symbols/sun_vndr/ca
[INFO] [stdout] [ERROR fixtures] failed: tests/fixtures/x11/symbols/al
[INFO] [stdout] [ERROR fixtures] failed: tests/fixtures/x11/symbols/vn
[INFO] [stdout] [ERROR fixtures] failed: tests/fixtures/x11/symbols/sun_vndr/cz
[INFO] [stdout] [ERROR fixtures] failed: tests/fixtures/x11/symbols/sun_vndr/ru
[INFO] [stdout] [ERROR fixtures] failed: tests/fixtures/x11/symbols/sun_vndr/ara
[INFO] [stdout] [ERROR fixtures] failed: tests/fixtures/x11/symbols/sun_vndr/gb
[INFO] [stdout] [ERROR fixtures] failed: tests/fixtures/x11/symbols/sun_vndr/sk
[INFO] [stdout] [ERROR fixtures] failed: tests/fixtures/x11/symbols/sun_vndr/ua
[INFO] [stdout] [ERROR fixtures] failed: tests/fixtures/x11/symbols/sun_vndr/kr
[INFO] [stdout] [ERROR fixtures] failed: tests/fixtures/x11/symbols/ke
[INFO] [stdout] [ERROR fixtures] failed: tests/fixtures/x11/symbols/sharp_vndr/ws011sh
[INFO] [stdout] [ERROR fixtures] failed: tests/fixtures/x11/symbols/sun_vndr/ch
[INFO] [stdout] [ERROR fixtures] failed: tests/fixtures/x11/symbols/ph
[INFO] [stdout] [ERROR fixtures] failed: tests/fixtures/x11/symbols/sun_vndr/be
[INFO] [stdout] [ERROR fixtures] failed: tests/fixtures/x11/symbols/group
[INFO] [stdout] [ERROR fixtures] failed: tests/fixtures/x11/symbols/sun_vndr/fr
[INFO] [stdout] [ERROR fixtures] failed: tests/fixtures/x11/symbols/kh
[INFO] [stdout] [ERROR fixtures] failed: tests/fixtures/x11/symbols/sun_vndr/pl
[INFO] [stdout] [ERROR fixtures] failed: tests/fixtures/x11/symbols/mao
[INFO] [stdout] [ERROR fixtures] failed: tests/fixtures/x11/symbols/sharp_vndr/ws020sh
[INFO] [stdout] [ERROR fixtures] failed: tests/fixtures/x11/symbols/ba
[INFO] [stdout] [ERROR fixtures] failed: tests/fixtures/x11/symbols/cm
[INFO] [stdout] [ERROR fixtures] failed: tests/fixtures/x11/symbols/sun_vndr/it
[INFO] [stdout] [ERROR fixtures] failed: tests/fixtures/x11/symbols/sun_vndr/de
[INFO] [stdout] [ERROR fixtures] failed: tests/fixtures/x11/symbols/sun_vndr/jp
[INFO] [stdout] [ERROR fixtures] failed: tests/fixtures/x11/symbols/ara
[INFO] [stdout] [ERROR fixtures] failed: tests/fixtures/x11/symbols/sun_vndr/pt
[INFO] [stdout] [ERROR fixtures] failed: tests/fixtures/x11/symbols/sony_vndr/us
[INFO] [stdout] [ERROR fixtures] failed: tests/fixtures/x11/symbols/sharp_vndr/ws003sh
[INFO] [stdout] [ERROR fixtures] failed: tests/fixtures/x11/symbols/sun_vndr/gr
[INFO] [stdout] [ERROR fixtures] failed: tests/fixtures/x11/symbols/sun_vndr/br
[INFO] [stdout] [ERROR fixtures] failed: tests/fixtures/x11/symbols/level5
[INFO] [stdout] [ERROR fixtures] failed: tests/fixtures/x11/symbols/eu
[INFO] [stdout] [ERROR fixtures] failed: tests/fixtures/x11/symbols/sy
[INFO] [stdout] [ERROR fixtures] failed: tests/fixtures/x11/symbols/iq
[INFO] [stdout] [ERROR fixtures] failed: tests/fixtures/x11/symbols/sharp_vndr/sl-c3x00
[INFO] [stdout] [ERROR fixtures] failed: tests/fixtures/x11/symbols/sun_vndr/ee
[INFO] [stdout] [ERROR fixtures] failed: tests/fixtures/x11/symbols/gn
[INFO] [stdout] [ERROR fixtures] failed: tests/fixtures/x11/symbols/sun_vndr/lv
[INFO] [stdout] [ERROR fixtures] failed: tests/fixtures/x11/symbols/altwin
[INFO] [stdout] [ERROR fixtures] failed: tests/fixtures/x11/symbols/sharp_vndr/ws007sh
[INFO] [stdout] [ERROR fixtures] failed: tests/fixtures/x11/symbols/pt
[INFO] [stdout] [ERROR fixtures] failed: tests/fixtures/x11/symbols/fujitsu_vndr/us
[INFO] [stdout] [ERROR fixtures] failed: tests/fixtures/x11/symbols/sun_vndr/es
[INFO] [stdout] [ERROR fixtures] failed: tests/fixtures/x11/symbols/hr
[INFO] [stdout] [ERROR fixtures] failed: tests/fixtures/x11/symbols/sun_vndr/nl
[INFO] [stdout] [ERROR fixtures] failed: tests/fixtures/x11/symbols/macintosh_vndr/latam
[INFO] [stdout] [ERROR fixtures] failed: tests/fixtures/x11/symbols/fujitsu_vndr/jp
[INFO] [stdout] [ERROR fixtures] failed: tests/fixtures/x11/symbols/macintosh_vndr/jp
[INFO] [stdout] [ERROR fixtures] failed: tests/fixtures/x11/symbols/macintosh_vndr/nl
[INFO] [stdout] [ERROR fixtures] failed: tests/fixtures/x11/symbols/la
[INFO] [stdout] [ERROR fixtures] failed: tests/fixtures/x11/symbols/macintosh_vndr/se
[INFO] [stdout] [ERROR fixtures] failed: tests/fixtures/x11/symbols/my
[INFO] [stdout] [ERROR fixtures] failed: tests/fixtures/x11/symbols/sgi_vndr/jp
[INFO] [stdout] [ERROR fixtures] failed: tests/fixtures/x11/symbols/ch
[INFO] [stdout] [ERROR fixtures] failed: tests/fixtures/x11/symbols/za
[INFO] [stdout] [ERROR fixtures] failed: tests/fixtures/x11/symbols/macintosh_vndr/fr
[INFO] [stdout] [ERROR fixtures] failed: tests/fixtures/x11/symbols/epo
[INFO] [stdout] [ERROR fixtures] failed: tests/fixtures/x11/symbols/macintosh_vndr/us
[INFO] [stdout] [ERROR fixtures] failed: tests/fixtures/x11/symbols/typo
[INFO] [stdout] [ERROR fixtures] failed: tests/fixtures/x11/symbols/mt
[INFO] [stdout] [ERROR fixtures] failed: tests/fixtures/x11/symbols/compose
[INFO] [stdout] [ERROR fixtures] failed: tests/fixtures/x11/symbols/br
[INFO] [stdout] [ERROR fixtures] failed: tests/fixtures/x11/symbols/macintosh_vndr/de
[INFO] [stdout] [ERROR fixtures] failed: tests/fixtures/x11/symbols/macintosh_vndr/no
[INFO] [stdout] [ERROR fixtures] failed: tests/fixtures/x11/symbols/tm
[INFO] [stdout] [ERROR fixtures] failed: tests/fixtures/x11/symbols/rupeesign
[INFO] [stdout] [ERROR fixtures] failed: tests/fixtures/x11/symbols/macintosh_vndr/apple
[INFO] [stdout] [ERROR fixtures] failed: tests/fixtures/x11/symbols/macintosh_vndr/ch
[INFO] [stdout] [ERROR fixtures] failed: tests/fixtures/x11/symbols/ee
[INFO] [stdout] [ERROR fixtures] failed: tests/fixtures/x11/symbols/bw
[INFO] [stdout] [ERROR fixtures] failed: tests/fixtures/x11/symbols/macintosh_vndr/it
[INFO] [stdout] [ERROR fixtures] failed: tests/fixtures/x11/symbols/macintosh_vndr/dk
[INFO] [stdout] [ERROR fixtures] failed: tests/fixtures/x11/symbols/jolla_vndr/sbj
[INFO] [stdout] [ERROR fixtures] failed: tests/fixtures/x11/symbols/pl
[INFO] [stdout] [ERROR fixtures] failed: tests/fixtures/x11/symbols/macintosh_vndr/pt
[INFO] [stdout] [ERROR fixtures] failed: tests/fixtures/x11/symbols/macintosh_vndr/fi
[INFO] [stdout] [ERROR fixtures] failed: tests/fixtures/x11/symbols/macintosh_vndr/gb
[INFO] [stdout] [ERROR fixtures] failed: tests/fixtures/x11/symbols/macintosh_vndr/is
[INFO] [stdout] [ERROR fixtures] failed: tests/fixtures/x11/symbols/dz
[INFO] [stdout] [ERROR fixtures] failed: tests/fixtures/x11/symbols/sk
[INFO] [stdout] [ERROR fixtures] failed: tests/fixtures/x11/symbols/nec_vndr/jp
[INFO] [stdout] [ERROR fixtures] failed: tests/fixtures/x11/symbols/gb
[INFO] [stdout] [ERROR fixtures] failed: tests/fixtures/x11/symbols/me
[INFO] [stdout] [ERROR fixtures] failed: tests/fixtures/x11/symbols/brai
[INFO] [stdout] [ERROR fixtures] failed: tests/fixtures/x11/symbols/fi
[INFO] [stdout] [ERROR fixtures] failed: tests/fixtures/x11/symbols/bd
[INFO] [stdout] [ERROR fixtures] failed: tests/fixtures/x11/symbols/latin
[INFO] [stdout] [ERROR fixtures] failed: tests/fixtures/x11/symbols/eurosign
[INFO] [stdout] [ERROR fixtures] failed: tests/fixtures/x11/symbols/il
[INFO] [stdout] [ERROR fixtures] failed: tests/fixtures/x11/symbols/keypad
[INFO] [stdout] [ERROR fixtures] failed: tests/fixtures/x11/symbols/lt
[INFO] [stdout] [ERROR fixtures] failed: tests/fixtures/x11/symbols/es
[INFO] [stdout] [ERROR fixtures] failed: tests/fixtures/x11/symbols/inet
[INFO] [stdout] [ERROR fixtures] failed: tests/fixtures/x11/symbols/ru
[INFO] [stdout] thread 'parse_kbdgen_fixtures' panicked at tests/fixtures.rs:140:9:
[INFO] [stdout] 5 tests failed -- Set `VERBOSE_PARSE_ERRORS=1` for error messages
[INFO] [stdout] stack backtrace:
[INFO] [stdout]    0:     0x5a26ea72335a - std::backtrace_rs::backtrace::libunwind::trace::h207520d6e9873551
[INFO] [stdout]                                at /rustc/df4ca44d3fbc9301ee17f30f4d474e6ae4b05252/library/std/src/../../backtrace/src/backtrace/libunwind.rs:116:5
[INFO] [stdout]    1:     0x5a26ea72335a - std::backtrace_rs::backtrace::trace_unsynchronized::h2ed7433f370e3eca
[INFO] [stdout]                                at /rustc/df4ca44d3fbc9301ee17f30f4d474e6ae4b05252/library/std/src/../../backtrace/src/backtrace/mod.rs:66:5
[INFO] [stdout]    2:     0x5a26ea72335a - std::sys::backtrace::_print_fmt::h916fac51166b18d7
[INFO] [stdout]                                at /rustc/df4ca44d3fbc9301ee17f30f4d474e6ae4b05252/library/std/src/sys/backtrace.rs:66:9
[INFO] [stdout]    3:     0x5a26ea72335a - <std::sys::backtrace::BacktraceLock::print::DisplayBacktrace as core::fmt::Display>::fmt::ha0a4c9b8ce3802e6
[INFO] [stdout]                                at /rustc/df4ca44d3fbc9301ee17f30f4d474e6ae4b05252/library/std/src/sys/backtrace.rs:39:26
[INFO] [stdout]    4:     0x5a26ea74ab83 - core::fmt::rt::Argument::fmt::h4cfc8587d52b3eb5
[INFO] [stdout]                                at /rustc/df4ca44d3fbc9301ee17f30f4d474e6ae4b05252/library/core/src/fmt/rt.rs:177:76
[INFO] [stdout]    5:     0x5a26ea74ab83 - core::fmt::write::h522cc39e5b36ae9f
[INFO] [stdout]                                at /rustc/df4ca44d3fbc9301ee17f30f4d474e6ae4b05252/library/core/src/fmt/mod.rs:1190:21
[INFO] [stdout]    6:     0x5a26ea71fa13 - std::io::Write::write_fmt::h7d3c26752da97734
[INFO] [stdout]                                at /rustc/df4ca44d3fbc9301ee17f30f4d474e6ae4b05252/library/std/src/io/mod.rs:1839:15
[INFO] [stdout]    7:     0x5a26ea7231a2 - std::sys::backtrace::BacktraceLock::print::h4b9e00b29e9c0942
[INFO] [stdout]                                at /rustc/df4ca44d3fbc9301ee17f30f4d474e6ae4b05252/library/std/src/sys/backtrace.rs:42:9
[INFO] [stdout]    8:     0x5a26ea7247ea - std::panicking::default_hook::{{closure}}::hb59b88280d0324d9
[INFO] [stdout]                                at /rustc/df4ca44d3fbc9301ee17f30f4d474e6ae4b05252/library/std/src/panicking.rs:268:22
[INFO] [stdout]    9:     0x5a26ea7245f4 - std::panicking::default_hook::he1dd496665be4a29
[INFO] [stdout]                                at /rustc/df4ca44d3fbc9301ee17f30f4d474e6ae4b05252/library/std/src/panicking.rs:292:9
[INFO] [stdout]   10:     0x5a26ea5e4499 - <alloc::boxed::Box<F,A> as core::ops::function::Fn<Args>>::call::h4ff71de18744e1dc
[INFO] [stdout]                                at /rustc/df4ca44d3fbc9301ee17f30f4d474e6ae4b05252/library/alloc/src/boxed.rs:2468:9
[INFO] [stdout]   11:     0x5a26ea5e4499 - test::test_main::{{closure}}::hcf7c055ce117aa81
[INFO] [stdout]                                at /rustc/df4ca44d3fbc9301ee17f30f4d474e6ae4b05252/library/test/src/lib.rs:133:21
[INFO] [stdout]   12:     0x5a26ea724ee8 - <alloc::boxed::Box<F,A> as core::ops::function::Fn<Args>>::call::h1d66c6bbd60c9692
[INFO] [stdout]                                at /rustc/df4ca44d3fbc9301ee17f30f4d474e6ae4b05252/library/alloc/src/boxed.rs:2468:9
[INFO] [stdout]   13:     0x5a26ea724ee8 - std::panicking::rust_panic_with_hook::h2ff17fe8f26dfcf8
[INFO] [stdout]                                at /rustc/df4ca44d3fbc9301ee17f30f4d474e6ae4b05252/library/std/src/panicking.rs:809:13
[INFO] [stdout]   14:     0x5a26ea724caa - std::panicking::begin_panic_handler::{{closure}}::h4fad77951c07e101
[INFO] [stdout]                                at /rustc/df4ca44d3fbc9301ee17f30f4d474e6ae4b05252/library/std/src/panicking.rs:674:13
[INFO] [stdout]   15:     0x5a26ea723839 - std::sys::backtrace::__rust_end_short_backtrace::hb1a25b3da5d0ea08
[INFO] [stdout]                                at /rustc/df4ca44d3fbc9301ee17f30f4d474e6ae4b05252/library/std/src/sys/backtrace.rs:170:18
[INFO] [stdout]   16:     0x5a26ea72493c - rust_begin_unwind
[INFO] [stdout]                                at /rustc/df4ca44d3fbc9301ee17f30f4d474e6ae4b05252/library/std/src/panicking.rs:665:5
[INFO] [stdout]   17:     0x5a26ea749540 - core::panicking::panic_fmt::ha9db07b529f9b256
[INFO] [stdout]                                at /rustc/df4ca44d3fbc9301ee17f30f4d474e6ae4b05252/library/core/src/panicking.rs:75:14
[INFO] [stdout]   18:     0x5a26ea454713 - fixtures::parse_files::h768dba969ec58dfa
[INFO] [stdout]                                at /opt/rustwide/workdir/tests/fixtures.rs:140:9
[INFO] [stdout]   19:     0x5a26ea45627a - fixtures::parse_kbdgen_fixtures::h952869df105ac2e2
[INFO] [stdout]                                at /opt/rustwide/workdir/tests/fixtures.rs:36:5
[INFO] [stdout]   20:     0x5a26ea4561a7 - fixtures::parse_kbdgen_fixtures::{{closure}}::h1beddeaf8d72d94b
[INFO] [stdout]                                at /opt/rustwide/workdir/tests/fixtures.rs:33:31
[INFO] [stdout]   21:     0x5a26ea459ac6 - core::ops::function::FnOnce::call_once::h59d0725a9631fc5b
[INFO] [stdout]                                at /rustc/df4ca44d3fbc9301ee17f30f4d474e6ae4b05252/library/core/src/ops/function.rs:250:5
[INFO] [stdout]   22:     0x5a26ea5e8d6b - core::ops::function::FnOnce::call_once::h22c3ba5715e93f05
[INFO] [stdout]                                at /rustc/df4ca44d3fbc9301ee17f30f4d474e6ae4b05252/library/core/src/ops/function.rs:250:5
[INFO] [stdout]   23:     0x5a26ea5e8d6b - test::__rust_begin_short_backtrace::h8e82d8113d0da17f
[INFO] [stdout]                                at /rustc/df4ca44d3fbc9301ee17f30f4d474e6ae4b05252/library/test/src/lib.rs:621:18
[INFO] [stdout]   24:     0x5a26ea5e86e7 - test::run_test_in_process::{{closure}}::h33235f4f20b7b7c7
[INFO] [stdout]                                at /rustc/df4ca44d3fbc9301ee17f30f4d474e6ae4b05252/library/test/src/lib.rs:644:60
[INFO] [stdout]   25:     0x5a26ea5e86e7 - <core::panic::unwind_safe::AssertUnwindSafe<F> as core::ops::function::FnOnce<()>>::call_once::hb5043206310c586f
[INFO] [stdout]                                at /rustc/df4ca44d3fbc9301ee17f30f4d474e6ae4b05252/library/core/src/panic/unwind_safe.rs:272:9
[INFO] [stdout]   26:     0x5a26ea5e86e7 - std::panicking::try::do_call::h9ad4731a60ab23e2
[INFO] [stdout]                                at /rustc/df4ca44d3fbc9301ee17f30f4d474e6ae4b05252/library/std/src/panicking.rs:557:40
[INFO] [stdout]   27:     0x5a26ea5e86e7 - std::panicking::try::h3824d23db772a716
[INFO] [stdout]                                at /rustc/df4ca44d3fbc9301ee17f30f4d474e6ae4b05252/library/std/src/panicking.rs:520:19
[INFO] [stdout]   28:     0x5a26ea5e86e7 - std::panic::catch_unwind::h5afd514605fde46b
[INFO] [stdout]                                at /rustc/df4ca44d3fbc9301ee17f30f4d474e6ae4b05252/library/std/src/panic.rs:358:14
[INFO] [stdout]   29:     0x5a26ea5e86e7 - test::run_test_in_process::h0d5cbfa7067d1720
[INFO] [stdout]                                at /rustc/df4ca44d3fbc9301ee17f30f4d474e6ae4b05252/library/test/src/lib.rs:644:27
[INFO] [stdout]   30:     0x5a26ea5e86e7 - test::run_test::{{closure}}::h708eb8872708115d
[INFO] [stdout]                                at /rustc/df4ca44d3fbc9301ee17f30f4d474e6ae4b05252/library/test/src/lib.rs:565:43
[INFO] [stdout]   31:     0x5a26ea5abe04 - test::run_test::{{closure}}::h392c51cee94713ab
[INFO] [stdout]                                at /rustc/df4ca44d3fbc9301ee17f30f4d474e6ae4b05252/library/test/src/lib.rs:595:41
[INFO] [stdout]   32:     0x5a26ea5abe04 - std::sys::backtrace::__rust_begin_short_backtrace::h2f40290710935a8b
[INFO] [stdout]                                at /rustc/df4ca44d3fbc9301ee17f30f4d474e6ae4b05252/library/std/src/sys/backtrace.rs:154:18
[INFO] [stdout]   33:     0x5a26ea5af5ae - std::thread::Builder::spawn_unchecked_::{{closure}}::{{closure}}::h3fd968d89053a903
[INFO] [stdout]                                at /rustc/df4ca44d3fbc9301ee17f30f4d474e6ae4b05252/library/std/src/thread/mod.rs:541:17
[INFO] [stdout]   34:     0x5a26ea5af5ae - <core::panic::unwind_safe::AssertUnwindSafe<F> as core::ops::function::FnOnce<()>>::call_once::h743f637ba4229880
[INFO] [stdout]                                at /rustc/df4ca44d3fbc9301ee17f30f4d474e6ae4b05252/library/core/src/panic/unwind_safe.rs:272:9
[INFO] [stdout]   35:     0x5a26ea5af5ae - std::panicking::try::do_call::h07440897322525a6
[INFO] [stdout]                                at /rustc/df4ca44d3fbc9301ee17f30f4d474e6ae4b05252/library/std/src/panicking.rs:557:40
[INFO] [stdout]   36:     0x5a26ea5af5ae - std::panicking::try::he5a2e00188156637
[INFO] [stdout]                                at /rustc/df4ca44d3fbc9301ee17f30f4d474e6ae4b05252/library/std/src/panicking.rs:520:19
[INFO] [stdout]   37:     0x5a26ea5af5ae - std::panic::catch_unwind::hbaf3cae49b3c6433
[INFO] [stdout]                                at /rustc/df4ca44d3fbc9301ee17f30f4d474e6ae4b05252/library/std/src/panic.rs:358:14
[INFO] [stdout]   38:     0x5a26ea5af5ae - std::thread::Builder::spawn_unchecked_::{{closure}}::h8e141ea224820bce
[INFO] [stdout]                                at /rustc/df4ca44d3fbc9301ee17f30f4d474e6ae4b05252/library/std/src/thread/mod.rs:540:30
[INFO] [stdout]   39:     0x5a26ea5af5ae - core::ops::function::FnOnce::call_once{{vtable.shim}}::h90d312fedd7b8ea8
[INFO] [stdout]                                at /rustc/df4ca44d3fbc9301ee17f30f4d474e6ae4b05252/library/core/src/ops/function.rs:250:5
[INFO] [stdout]   40:     0x5a26ea72960b - <alloc::boxed::Box<F,A> as core::ops::function::FnOnce<Args>>::call_once::h69aa08ddb6adb8b6
[INFO] [stdout]                                at /rustc/df4ca44d3fbc9301ee17f30f4d474e6ae4b05252/library/alloc/src/boxed.rs:2454:9
[INFO] [stdout]   41:     0x5a26ea72960b - <alloc::boxed::Box<F,A> as core::ops::function::FnOnce<Args>>::call_once::h5aa36efdb79c806f
[INFO] [stdout]                                at /rustc/df4ca44d3fbc9301ee17f30f4d474e6ae4b05252/library/alloc/src/boxed.rs:2454:9
[INFO] [stdout]   42:     0x5a26ea72960b - std::sys::pal::unix::thread::Thread::new::thread_start::h6cd80a1b4be5158d
[INFO] [stdout]                                at /rustc/df4ca44d3fbc9301ee17f30f4d474e6ae4b05252/library/std/src/sys/pal/unix/thread.rs:105:17
[INFO] [stdout]   43:     0x7c50a95a8ac3 - <unknown>
[INFO] [stdout]   44:     0x7c50a9639a04 - clone
[INFO] [stdout]   45:                0x0 - <unknown>
[INFO] [stdout] 
[INFO] [stdout] ---- parse_x11_types stdout ----
[INFO] [stdout] thread 'parse_x11_types' panicked at tests/fixtures.rs:140:9:
[INFO] [stdout] 12 tests failed -- Set `VERBOSE_PARSE_ERRORS=1` for error messages
[INFO] [stdout] stack backtrace:
[INFO] [stdout]    0:     0x5a26ea72335a - std::backtrace_rs::backtrace::libunwind::trace::h207520d6e9873551
[INFO] [stdout]                                at /rustc/df4ca44d3fbc9301ee17f30f4d474e6ae4b05252/library/std/src/../../backtrace/src/backtrace/libunwind.rs:116:5
[INFO] [stdout]    1:     0x5a26ea72335a - std::backtrace_rs::backtrace::trace_unsynchronized::h2ed7433f370e3eca
[INFO] [stdout]                                at /rustc/df4ca44d3fbc9301ee17f30f4d474e6ae4b05252/library/std/src/../../backtrace/src/backtrace/mod.rs:66:5
[INFO] [stdout]    2:     0x5a26ea72335a - std::sys::backtrace::_print_fmt::h916fac51166b18d7
[INFO] [stdout]                                at /rustc/df4ca44d3fbc9301ee17f30f4d474e6ae4b05252/library/std/src/sys/backtrace.rs:66:9
[INFO] [stdout]    3:     0x5a26ea72335a - <std::sys::backtrace::BacktraceLock::print::DisplayBacktrace as core::fmt::Display>::fmt::ha0a4c9b8ce3802e6
[INFO] [stdout]                                at /rustc/df4ca44d3fbc9301ee17f30f4d474e6ae4b05252/library/std/src/sys/backtrace.rs:39:26
[INFO] [stdout]    4:     0x5a26ea74ab83 - core::fmt::rt::Argument::fmt::h4cfc8587d52b3eb5
[INFO] [stdout]                                at /rustc/df4ca44d3fbc9301ee17f30f4d474e6ae4b05252/library/core/src/fmt/rt.rs:177:76
[INFO] [stdout]    5:     0x5a26ea74ab83 - core::fmt::write::h522cc39e5b36ae9f
[INFO] [stdout]                                at /rustc/df4ca44d3fbc9301ee17f30f4d474e6ae4b05252/library/core/src/fmt/mod.rs:1190:21
[INFO] [stdout]    6:     0x5a26ea71fa13 - std::io::Write::write_fmt::h7d3c26752da97734
[INFO] [stdout]                                at /rustc/df4ca44d3fbc9301ee17f30f4d474e6ae4b05252/library/std/src/io/mod.rs:1839:15
[INFO] [stdout]    7:     0x5a26ea7231a2 - std::sys::backtrace::BacktraceLock::print::h4b9e00b29e9c0942
[INFO] [stdout]                                at /rustc/df4ca44d3fbc9301ee17f30f4d474e6ae4b05252/library/std/src/sys/backtrace.rs:42:9
[INFO] [stdout]    8:     0x5a26ea7247ea - std::panicking::default_hook::{{closure}}::hb59b88280d0324d9
[INFO] [stdout]                                at /rustc/df4ca44d3fbc9301ee17f30f4d474e6ae4b05252/library/std/src/panicking.rs:268:22
[INFO] [stdout]    9:     0x5a26ea7245f4 - std::panicking::default_hook::he1dd496665be4a29
[INFO] [stdout]                                at /rustc/df4ca44d3fbc9301ee17f30f4d474e6ae4b05252/library/std/src/panicking.rs:292:9
[INFO] [stdout]   10:     0x5a26ea5e4499 - <alloc::boxed::Box<F,A> as core::ops::function::Fn<Args>>::call::h4ff71de18744e1dc
[INFO] [stdout]                                at /rustc/df4ca44d3fbc9301ee17f30f4d474e6ae4b05252/library/alloc/src/boxed.rs:2468:9
[INFO] [stdout]   11:     0x5a26ea5e4499 - test::test_main::{{closure}}::hcf7c055ce117aa81
[INFO] [stdout]                                at /rustc/df4ca44d3fbc9301ee17f30f4d474e6ae4b05252/library/test/src/lib.rs:133:21
[INFO] [stdout]   12:     0x5a26ea724ee8 - <alloc::boxed::Box<F,A> as core::ops::function::Fn<Args>>::call::h1d66c6bbd60c9692
[INFO] [stdout]                                at /rustc/df4ca44d3fbc9301ee17f30f4d474e6ae4b05252/library/alloc/src/boxed.rs:2468:9
[INFO] [stdout]   13:     0x5a26ea724ee8 - std::panicking::rust_panic_with_hook::h2ff17fe8f26dfcf8
[INFO] [stdout]                                at /rustc/df4ca44d3fbc9301ee17f30f4d474e6ae4b05252/library/std/src/panicking.rs:809:13
[INFO] [stdout]   14:     0x5a26ea724caa - std::panicking::begin_panic_handler::{{closure}}::h4fad77951c07e101
[INFO] [stdout]                                at /rustc/df4ca44d3fbc9301ee17f30f4d474e6ae4b05252/library/std/src/panicking.rs:674:13
[INFO] [stdout]   15:     0x5a26ea723839 - std::sys::backtrace::__rust_end_short_backtrace::hb1a25b3da5d0ea08
[INFO] [stdout]                                at /rustc/df4ca44d3fbc9301ee17f30f4d474e6ae4b05252/library/std/src/sys/backtrace.rs:170:18
[INFO] [stdout]   16:     0x5a26ea72493c - rust_begin_unwind
[INFO] [stdout]                                at /rustc/df4ca44d3fbc9301ee17f30f4d474e6ae4b05252/library/std/src/panicking.rs:665:5
[INFO] [stdout]   17:     0x5a26ea749540 - core::panicking::panic_fmt::ha9db07b529f9b256
[INFO] [stdout]                                at /rustc/df4ca44d3fbc9301ee17f30f4d474e6ae4b05252/library/core/src/panicking.rs:75:14
[INFO] [stdout]   18:     0x5a26ea454713 - fixtures::parse_files::h768dba969ec58dfa
[INFO] [stdout]                                at /opt/rustwide/workdir/tests/fixtures.rs:140:9
[INFO] [stdout]   19:     0x5a26ea4568c5 - fixtures::parse_x11_types::h144bc2716e7b2e70
[INFO] [stdout]                                at /opt/rustwide/workdir/tests/fixtures.rs:79:5
[INFO] [stdout]   20:     0x5a26ea456807 - fixtures::parse_x11_types::{{closure}}::h7791cbf9e5558756
[INFO] [stdout]                                at /opt/rustwide/workdir/tests/fixtures.rs:76:25
[INFO] [stdout]   21:     0x5a26ea459bd6 - core::ops::function::FnOnce::call_once::hbbd9d31a8b5a7aa3
[INFO] [stdout]                                at /rustc/df4ca44d3fbc9301ee17f30f4d474e6ae4b05252/library/core/src/ops/function.rs:250:5
[INFO] [stdout]   22:     0x5a26ea5e8d6b - core::ops::function::FnOnce::call_once::h22c3ba5715e93f05
[INFO] [stdout]                                at /rustc/df4ca44d3fbc9301ee17f30f4d474e6ae4b05252/library/core/src/ops/function.rs:250:5
[INFO] [stdout]   23:     0x5a26ea5e8d6b - test::__rust_begin_short_backtrace::h8e82d8113d0da17f
[INFO] [stdout]                                at /rustc/df4ca44d3fbc9301ee17f30f4d474e6ae4b05252/library/test/src/lib.rs:621:18
[INFO] [stdout]   24:     0x5a26ea5e86e7 - test::run_test_in_process::{{closure}}::h33235f4f20b7b7c7
[INFO] [stdout]                                at /rustc/df4ca44d3fbc9301ee17f30f4d474e6ae4b05252/library/test/src/lib.rs:644:60
[INFO] [stdout]   25:     0x5a26ea5e86e7 - <core::panic::unwind_safe::AssertUnwindSafe<F> as core::ops::function::FnOnce<()>>::call_once::hb5043206310c586f
[INFO] [stdout]                                at /rustc/df4ca44d3fbc9301ee17f30f4d474e6ae4b05252/library/core/src/panic/unwind_safe.rs:272:9
[INFO] [stdout]   26:     0x5a26ea5e86e7 - std::panicking::try::do_call::h9ad4731a60ab23e2
[INFO] [stdout]                                at /rustc/df4ca44d3fbc9301ee17f30f4d474e6ae4b05252/library/std/src/panicking.rs:557:40
[INFO] [stdout]   27:     0x5a26ea5e86e7 - std::panicking::try::h3824d23db772a716
[INFO] [stdout]                                at /rustc/df4ca44d3fbc9301ee17f30f4d474e6ae4b05252/library/std/src/panicking.rs:520:19
[INFO] [stdout]   28:     0x5a26ea5e86e7 - std::panic::catch_unwind::h5afd514605fde46b
[INFO] [stdout]                                at /rustc/df4ca44d3fbc9301ee17f30f4d474e6ae4b05252/library/std/src/panic.rs:358:14
[INFO] [stdout]   29:     0x5a26ea5e86e7 - test::run_test_in_process::h0d5cbfa7067d1720
[INFO] [stdout]                                at /rustc/df4ca44d3fbc9301ee17f30f4d474e6ae4b05252/library/test/src/lib.rs:644:27
[INFO] [stdout]   30:     0x5a26ea5e86e7 - test::run_test::{{closure}}::h708eb8872708115d
[INFO] [stdout]                                at /rustc/df4ca44d3fbc9301ee17f30f4d474e6ae4b05252/library/test/src/lib.rs:565:43
[INFO] [stdout]   31:     0x5a26ea5abe04 - test::run_test::{{closure}}::h392c51cee94713ab
[INFO] [stdout]                                at /rustc/df4ca44d3fbc9301ee17f30f4d474e6ae4b05252/library/test/src/lib.rs:595:41
[INFO] [stdout]   32:     0x5a26ea5abe04 - std::sys::backtrace::__rust_begin_short_backtrace::h2f40290710935a8b
[INFO] [stdout]                                at /rustc/df4ca44d3fbc9301ee17f30f4d474e6ae4b05252/library/std/src/sys/backtrace.rs:154:18
[INFO] [stdout]   33:     0x5a26ea5af5ae - std::thread::Builder::spawn_unchecked_::{{closure}}::{{closure}}::h3fd968d89053a903
[INFO] [stdout]                                at /rustc/df4ca44d3fbc9301ee17f30f4d474e6ae4b05252/library/std/src/thread/mod.rs:541:17
[INFO] [stdout]   34:     0x5a26ea5af5ae - <core::panic::unwind_safe::AssertUnwindSafe<F> as core::ops::function::FnOnce<()>>::call_once::h743f637ba4229880
[INFO] [stdout]                                at /rustc/df4ca44d3fbc9301ee17f30f4d474e6ae4b05252/library/core/src/panic/unwind_safe.rs:272:9
[INFO] [stdout]   35:     0x5a26ea5af5ae - std::panicking::try::do_call::h07440897322525a6
[INFO] [stdout]                                at /rustc/df4ca44d3fbc9301ee17f30f4d474e6ae4b05252/library/std/src/panicking.rs:557:40
[INFO] [stdout]   36:     0x5a26ea5af5ae - std::panicking::try::he5a2e00188156637
[INFO] [stdout]                                at /rustc/df4ca44d3fbc9301ee17f30f4d474e6ae4b05252/library/std/src/panicking.rs:520:19
[INFO] [stdout]   37:     0x5a26ea5af5ae - std::panic::catch_unwind::hbaf3cae49b3c6433
[INFO] [stdout]                                at /rustc/df4ca44d3fbc9301ee17f30f4d474e6ae4b05252/library/std/src/panic.rs:358:14
[INFO] [stdout]   38:     0x5a26ea5af5ae - std::thread::Builder::spawn_unchecked_::{{closure}}::h8e141ea224820bce
[INFO] [stdout]                                at /rustc/df4ca44d3fbc9301ee17f30f4d474e6ae4b05252/library/std/src/thread/mod.rs:540:30
[INFO] [stdout]   39:     0x5a26ea5af5ae - core::ops::function::FnOnce::call_once{{vtable.shim}}::h90d312fedd7b8ea8
[INFO] [stdout]                                at /rustc/df4ca44d3fbc9301ee17f30f4d474e6ae4b05252/library/core/src/ops/function.rs:250:5
[INFO] [stdout]   40:     0x5a26ea72960b - <alloc::boxed::Box<F,A> as core::ops::function::FnOnce<Args>>::call_once::h69aa08ddb6adb8b6
[INFO] [stdout]                                at /rustc/df4ca44d3fbc9301ee17f30f4d474e6ae4b05252/library/alloc/src/boxed.rs:2454:9
[INFO] [stdout]   41:     0x5a26ea72960b - <alloc::boxed::Box<F,A> as core::ops::function::FnOnce<Args>>::call_once::h5aa36efdb79c806f
[INFO] [stdout]                                at /rustc/df4ca44d3fbc9301ee17f30f4d474e6ae4b05252/library/alloc/src/boxed.rs:2454:9
[INFO] [stdout]   42:     0x5a26ea72960b - std::sys::pal::unix::thread::Thread::new::thread_start::h6cd80a1b4be5158d
[INFO] [stdout]                                at /rustc/df4ca44d3fbc9301ee17f30f4d474e6ae4b05252/library/std/src/sys/pal/unix/thread.rs:105:17
[INFO] [stdout]   43:     0x7c50a95a8ac3 - <unknown>
[INFO] [stdout]   44:     0x7c50a9639a04 - clone
[INFO] [stdout]   45:                0x0 - <unknown>
[INFO] [stdout] 
[INFO] [stdout] 
[INFO] [stdout] failures:
[INFO] [stdout]     parse_custom_fixtures
[INFO] [stdout]     parse_kbdgen_fixtures
[INFO] [stdout]     parse_x11_geometry
[INFO] [stdout]     parse_x11_keycodes
[INFO] [stdout]     parse_x11_symbols
[INFO] [stdout]     parse_x11_types
[INFO] [stdout] 
[INFO] [stdout] test result: FAILED. 0 passed; 6 failed; 1 ignored; 0 measured; 0 filtered out; finished in 1.35s
[INFO] [stdout] 
[INFO] [stderr] error: test failed, to rerun pass `--test fixtures`
[INFO] running `Command { std: "docker" "inspect" "b9d92f96462f9aa1330f6284fd38bac4d9c55c4b069f61431f8c5ff895543e41", kill_on_drop: false }`
[INFO] running `Command { std: "docker" "rm" "-f" "b9d92f96462f9aa1330f6284fd38bac4d9c55c4b069f61431f8c5ff895543e41", kill_on_drop: false }`
[INFO] [stdout] b9d92f96462f9aa1330f6284fd38bac4d9c55c4b069f61431f8c5ff895543e41
