[INFO] cloning repository https://github.com/divark/narrative-director-rs
[INFO] running `Command { std: "git" "-c" "credential.helper=" "-c" "credential.helper=/workspace/cargo-home/bin/git-credential-null" "clone" "--bare" "https://github.com/divark/narrative-director-rs" "/workspace/cache/git-repos/https%3A%2F%2Fgithub.com%2Fdivark%2Fnarrative-director-rs", kill_on_drop: false }`
[INFO] [stderr] Cloning into bare repository '/workspace/cache/git-repos/https%3A%2F%2Fgithub.com%2Fdivark%2Fnarrative-director-rs'...
[INFO] running `Command { std: "git" "rev-parse" "HEAD", kill_on_drop: false }`
[INFO] [stdout] 55be36cc4cfa567249a49da30cc1c2e746881d1b
[INFO] testing divark/narrative-director-rs/55be36cc4cfa567249a49da30cc1c2e746881d1b against nightly-2024-10-28+rustflags=-Zrandomize-layout for randomize-layout
[INFO] running `Command { std: "git" "clone" "/workspace/cache/git-repos/https%3A%2F%2Fgithub.com%2Fdivark%2Fnarrative-director-rs" "/workspace/builds/worker-2-tc2/source", kill_on_drop: false }`
[INFO] [stderr] Cloning into '/workspace/builds/worker-2-tc2/source'...
[INFO] [stderr] done.
[INFO] validating manifest of git repo https://github.com/divark/narrative-director-rs on toolchain nightly-2024-10-28
[INFO] running `Command { std: CARGO_HOME="/workspace/cargo-home" RUSTUP_HOME="/workspace/rustup-home" "/workspace/cargo-home/bin/cargo" "+nightly-2024-10-28" "metadata" "--manifest-path" "Cargo.toml" "--no-deps", kill_on_drop: false }`
[INFO] started tweaking git repo https://github.com/divark/narrative-director-rs
[INFO] finished tweaking git repo https://github.com/divark/narrative-director-rs
[INFO] tweaked toml for git repo https://github.com/divark/narrative-director-rs written to /workspace/builds/worker-2-tc2/source/Cargo.toml
[INFO] crate git repo https://github.com/divark/narrative-director-rs already has a lockfile, it will not be regenerated
[INFO] running `Command { std: CARGO_HOME="/workspace/cargo-home" RUSTUP_HOME="/workspace/rustup-home" "/workspace/cargo-home/bin/cargo" "+nightly-2024-10-28" "fetch" "--manifest-path" "Cargo.toml", kill_on_drop: false }`
[INFO] running `Command { std: "docker" "create" "-v" "/var/lib/crater-agent-workspace/builds/worker-2-tc2/target:/opt/rustwide/target:rw,Z" "-v" "/var/lib/crater-agent-workspace/builds/worker-2-tc2/source:/opt/rustwide/workdir:ro,Z" "-v" "/var/lib/crater-agent-workspace/cargo-home:/opt/rustwide/cargo-home:ro,Z" "-v" "/var/lib/crater-agent-workspace/rustup-home:/opt/rustwide/rustup-home:ro,Z" "-e" "SOURCE_DIR=/opt/rustwide/workdir" "-e" "CARGO_TARGET_DIR=/opt/rustwide/target" "-e" "CARGO_HOME=/opt/rustwide/cargo-home" "-e" "RUSTUP_HOME=/opt/rustwide/rustup-home" "-w" "/opt/rustwide/workdir" "-m" "1610612736" "--user" "0:0" "--network" "none" "ghcr.io/rust-lang/crates-build-env/linux@sha256:4a844ea9eb2546a2d2c7022eacef16ef2e8229c7fbb2c7d4d55a9ceca922f72d" "/opt/rustwide/cargo-home/bin/cargo" "+nightly-2024-10-28" "metadata" "--no-deps" "--format-version=1", kill_on_drop: false }`
[INFO] [stdout] d1a42362820ba9558c5ce2f0820bfa06f6887ecac6d202b405ccdcb244b4dca8
[INFO] running `Command { std: "docker" "start" "-a" "d1a42362820ba9558c5ce2f0820bfa06f6887ecac6d202b405ccdcb244b4dca8", kill_on_drop: false }`
[INFO] running `Command { std: "docker" "inspect" "d1a42362820ba9558c5ce2f0820bfa06f6887ecac6d202b405ccdcb244b4dca8", kill_on_drop: false }`
[INFO] running `Command { std: "docker" "rm" "-f" "d1a42362820ba9558c5ce2f0820bfa06f6887ecac6d202b405ccdcb244b4dca8", kill_on_drop: false }`
[INFO] [stdout] d1a42362820ba9558c5ce2f0820bfa06f6887ecac6d202b405ccdcb244b4dca8
[INFO] running `Command { std: "docker" "create" "-v" "/var/lib/crater-agent-workspace/builds/worker-2-tc2/target:/opt/rustwide/target:rw,Z" "-v" "/var/lib/crater-agent-workspace/builds/worker-2-tc2/source:/opt/rustwide/workdir:ro,Z" "-v" "/var/lib/crater-agent-workspace/cargo-home:/opt/rustwide/cargo-home:ro,Z" "-v" "/var/lib/crater-agent-workspace/rustup-home:/opt/rustwide/rustup-home:ro,Z" "-e" "SOURCE_DIR=/opt/rustwide/workdir" "-e" "CARGO_TARGET_DIR=/opt/rustwide/target" "-e" "CARGO_INCREMENTAL=0" "-e" "RUST_BACKTRACE=full" "-e" "RUSTFLAGS=--cap-lints=forbid -Zrandomize-layout" "-e" "RUSTDOCFLAGS=--cap-lints=forbid" "-e" "CARGO_HOME=/opt/rustwide/cargo-home" "-e" "RUSTUP_HOME=/opt/rustwide/rustup-home" "-w" "/opt/rustwide/workdir" "-m" "1610612736" "--user" "0:0" "--network" "none" "ghcr.io/rust-lang/crates-build-env/linux@sha256:4a844ea9eb2546a2d2c7022eacef16ef2e8229c7fbb2c7d4d55a9ceca922f72d" "/opt/rustwide/cargo-home/bin/cargo" "+nightly-2024-10-28" "build" "--frozen" "--message-format=json", kill_on_drop: false }`
[INFO] [stdout] 856b157fbdb4ce308a075cd510aad5943c0594d01f6edc168f0dc1c2b827973e
[INFO] running `Command { std: "docker" "start" "-a" "856b157fbdb4ce308a075cd510aad5943c0594d01f6edc168f0dc1c2b827973e", kill_on_drop: false }`
[INFO] [stderr]    Compiling serde v1.0.202
[INFO] [stderr]    Compiling cc v1.0.97
[INFO] [stderr]    Compiling libc v0.2.154
[INFO] [stderr]    Compiling proc-macro2 v1.0.82
[INFO] [stderr]    Compiling hashbrown v0.14.5
[INFO] [stderr]    Compiling equivalent v1.0.1
[INFO] [stderr]    Compiling unicode-ident v1.0.12
[INFO] [stderr]    Compiling semver v1.0.23
[INFO] [stderr]    Compiling pkg-config v0.3.30
[INFO] [stderr]    Compiling winnow v0.6.8
[INFO] [stderr]    Compiling crossbeam-utils v0.8.19
[INFO] [stderr]    Compiling paste v1.0.15
[INFO] [stderr]    Compiling bitflags v2.5.0
[INFO] [stderr]    Compiling memchr v2.7.2
[INFO] [stderr]    Compiling anyhow v1.0.83
[INFO] [stderr]    Compiling serde_json v1.0.117
[INFO] [stderr]    Compiling cpal v0.15.3
[INFO] [stderr]    Compiling dasp_sample v0.11.0
[INFO] [stderr]    Compiling once_cell v1.19.0
[INFO] [stderr]    Compiling ttf-parser v0.20.0
[INFO] [stderr]    Compiling hound v3.5.1
[INFO] [stderr]    Compiling rustc_version v0.4.0
[INFO] [stderr]    Compiling alsa-sys v0.3.1
[INFO] [stderr]    Compiling crossbeam-channel v0.5.12
[INFO] [stderr]    Compiling indexmap v2.2.6
[INFO] [stderr]    Compiling cmake v0.1.50
[INFO] [stderr]    Compiling quote v1.0.36
[INFO] [stderr]    Compiling syn v2.0.64
[INFO] [stderr]    Compiling dirs-sys v0.4.1
[INFO] [stderr]    Compiling fltk-sys v1.4.30
[INFO] [stderr]    Compiling dirs v5.0.1
[INFO] [stderr]    Compiling alsa v0.9.0
[INFO] [stderr]    Compiling serde_derive v1.0.202
[INFO] [stderr]    Compiling toml_datetime v0.6.6
[INFO] [stderr]    Compiling serde_spanned v0.6.6
[INFO] [stderr]    Compiling toml_edit v0.22.13
[INFO] [stderr]    Compiling toml v0.8.13
[INFO] [stderr]    Compiling embed-resource v2.4.2
[INFO] [stderr]    Compiling narrative-director-rs v1.0.0 (/opt/rustwide/workdir)
[INFO] [stderr]    Compiling fltk v1.4.30
[INFO] [stdout] warning: fields `goto_menu_item` and `preferences_menu_item` are never read
[INFO] [stdout]   --> src/ui/app.rs:57:9
[INFO] [stdout]    |
[INFO] [stdout] 55 | pub struct MainUIWidgets {
[INFO] [stdout]    |            ------------- fields in this struct
[INFO] [stdout] 56 |     pub open_menu_item: MenuItem,
[INFO] [stdout] 57 |     pub goto_menu_item: MenuItem,
[INFO] [stdout]    |         ^^^^^^^^^^^^^^
[INFO] [stdout] 58 |     pub preferences_menu_item: MenuItem,
[INFO] [stdout]    |         ^^^^^^^^^^^^^^^^^^^^^
[INFO] [stdout]    |
[INFO] [stdout]    = note: `MainUIWidgets` has a derived impl for the trait `Clone`, but this is intentionally ignored during dead code analysis
[INFO] [stdout]    = note: `#[warn(dead_code)]` on by default
[INFO] [stdout] 
[INFO] [stdout] 
[INFO] [stdout] warning: field `main_window` is never read
[INFO] [stdout]   --> src/ui/app.rs:70:9
[INFO] [stdout]    |
[INFO] [stdout] 68 | pub struct MainApplication {
[INFO] [stdout]    |            --------------- field in this struct
[INFO] [stdout] 69 |     pub app: App,
[INFO] [stdout] 70 |     pub main_window: Window,
[INFO] [stdout]    |         ^^^^^^^^^^^
[INFO] [stdout] 
[INFO] [stdout] 
[INFO] [stderr]     Finished `dev` profile [unoptimized + debuginfo] target(s) in 22.95s
[INFO] running `Command { std: "docker" "inspect" "856b157fbdb4ce308a075cd510aad5943c0594d01f6edc168f0dc1c2b827973e", kill_on_drop: false }`
[INFO] running `Command { std: "docker" "rm" "-f" "856b157fbdb4ce308a075cd510aad5943c0594d01f6edc168f0dc1c2b827973e", kill_on_drop: false }`
[INFO] [stdout] 856b157fbdb4ce308a075cd510aad5943c0594d01f6edc168f0dc1c2b827973e
[INFO] running `Command { std: "docker" "create" "-v" "/var/lib/crater-agent-workspace/builds/worker-2-tc2/target:/opt/rustwide/target:rw,Z" "-v" "/var/lib/crater-agent-workspace/builds/worker-2-tc2/source:/opt/rustwide/workdir:ro,Z" "-v" "/var/lib/crater-agent-workspace/cargo-home:/opt/rustwide/cargo-home:ro,Z" "-v" "/var/lib/crater-agent-workspace/rustup-home:/opt/rustwide/rustup-home:ro,Z" "-e" "SOURCE_DIR=/opt/rustwide/workdir" "-e" "CARGO_TARGET_DIR=/opt/rustwide/target" "-e" "CARGO_INCREMENTAL=0" "-e" "RUST_BACKTRACE=full" "-e" "RUSTFLAGS=--cap-lints=forbid -Zrandomize-layout" "-e" "RUSTDOCFLAGS=--cap-lints=forbid" "-e" "CARGO_HOME=/opt/rustwide/cargo-home" "-e" "RUSTUP_HOME=/opt/rustwide/rustup-home" "-w" "/opt/rustwide/workdir" "-m" "1610612736" "--user" "0:0" "--network" "none" "ghcr.io/rust-lang/crates-build-env/linux@sha256:4a844ea9eb2546a2d2c7022eacef16ef2e8229c7fbb2c7d4d55a9ceca922f72d" "/opt/rustwide/cargo-home/bin/cargo" "+nightly-2024-10-28" "test" "--frozen" "--no-run" "--message-format=json", kill_on_drop: false }`
[INFO] [stdout] 9c0b0314572b7d00324e13ebac9f3429ca41a509a788833feaf2449b3004ea8b
[INFO] running `Command { std: "docker" "start" "-a" "9c0b0314572b7d00324e13ebac9f3429ca41a509a788833feaf2449b3004ea8b", kill_on_drop: false }`
[INFO] [stderr]    Compiling bitflags v2.5.0
[INFO] [stderr]    Compiling rustix v0.38.34
[INFO] [stderr]    Compiling linux-raw-sys v0.4.13
[INFO] [stderr]    Compiling fastrand v2.1.0
[INFO] [stderr]    Compiling alsa v0.9.0
[INFO] [stderr]    Compiling fltk v1.4.30
[INFO] [stderr]    Compiling cpal v0.15.3
[INFO] [stderr]    Compiling tempfile v3.10.1
[INFO] [stderr]    Compiling narrative-director-rs v1.0.0 (/opt/rustwide/workdir)
[INFO] [stdout] warning: fields `goto_menu_item` and `preferences_menu_item` are never read
[INFO] [stdout]   --> src/ui/app.rs:57:9
[INFO] [stdout]    |
[INFO] [stdout] 55 | pub struct MainUIWidgets {
[INFO] [stdout]    |            ------------- fields in this struct
[INFO] [stdout] 56 |     pub open_menu_item: MenuItem,
[INFO] [stdout] 57 |     pub goto_menu_item: MenuItem,
[INFO] [stdout]    |         ^^^^^^^^^^^^^^
[INFO] [stdout] 58 |     pub preferences_menu_item: MenuItem,
[INFO] [stdout]    |         ^^^^^^^^^^^^^^^^^^^^^
[INFO] [stdout]    |
[INFO] [stdout]    = note: `MainUIWidgets` has a derived impl for the trait `Clone`, but this is intentionally ignored during dead code analysis
[INFO] [stdout]    = note: `#[warn(dead_code)]` on by default
[INFO] [stdout] 
[INFO] [stdout] 
[INFO] [stdout] warning: field `main_window` is never read
[INFO] [stdout]   --> src/ui/app.rs:70:9
[INFO] [stdout]    |
[INFO] [stdout] 68 | pub struct MainApplication {
[INFO] [stdout]    |            --------------- field in this struct
[INFO] [stdout] 69 |     pub app: App,
[INFO] [stdout] 70 |     pub main_window: Window,
[INFO] [stdout]    |         ^^^^^^^^^^^
[INFO] [stdout] 
[INFO] [stdout] 
[INFO] [stderr]     Finished `test` profile [unoptimized + debuginfo] target(s) in 9.54s
[INFO] running `Command { std: "docker" "inspect" "9c0b0314572b7d00324e13ebac9f3429ca41a509a788833feaf2449b3004ea8b", kill_on_drop: false }`
[INFO] running `Command { std: "docker" "rm" "-f" "9c0b0314572b7d00324e13ebac9f3429ca41a509a788833feaf2449b3004ea8b", kill_on_drop: false }`
[INFO] [stdout] 9c0b0314572b7d00324e13ebac9f3429ca41a509a788833feaf2449b3004ea8b
[INFO] running `Command { std: "docker" "create" "-v" "/var/lib/crater-agent-workspace/builds/worker-2-tc2/target:/opt/rustwide/target:rw,Z" "-v" "/var/lib/crater-agent-workspace/builds/worker-2-tc2/source:/opt/rustwide/workdir:ro,Z" "-v" "/var/lib/crater-agent-workspace/cargo-home:/opt/rustwide/cargo-home:ro,Z" "-v" "/var/lib/crater-agent-workspace/rustup-home:/opt/rustwide/rustup-home:ro,Z" "-e" "SOURCE_DIR=/opt/rustwide/workdir" "-e" "CARGO_TARGET_DIR=/opt/rustwide/target" "-e" "CARGO_INCREMENTAL=0" "-e" "RUST_BACKTRACE=full" "-e" "RUSTFLAGS=--cap-lints=forbid -Zrandomize-layout" "-e" "RUSTDOCFLAGS=--cap-lints=forbid" "-e" "CARGO_HOME=/opt/rustwide/cargo-home" "-e" "RUSTUP_HOME=/opt/rustwide/rustup-home" "-w" "/opt/rustwide/workdir" "-m" "1610612736" "--user" "0:0" "--network" "none" "ghcr.io/rust-lang/crates-build-env/linux@sha256:4a844ea9eb2546a2d2c7022eacef16ef2e8229c7fbb2c7d4d55a9ceca922f72d" "/opt/rustwide/cargo-home/bin/cargo" "+nightly-2024-10-28" "test" "--frozen", kill_on_drop: false }`
[INFO] [stdout] abb56d4245a9d1eaa518cb260248d56a20adaeb9919765af89d84a9b13f9deab
[INFO] running `Command { std: "docker" "start" "-a" "abb56d4245a9d1eaa518cb260248d56a20adaeb9919765af89d84a9b13f9deab", kill_on_drop: false }`
[INFO] [stderr] warning: fields `goto_menu_item` and `preferences_menu_item` are never read
[INFO] [stderr]   --> src/ui/app.rs:57:9
[INFO] [stderr]    |
[INFO] [stderr] 55 | pub struct MainUIWidgets {
[INFO] [stderr]    |            ------------- fields in this struct
[INFO] [stderr] 56 |     pub open_menu_item: MenuItem,
[INFO] [stderr] 57 |     pub goto_menu_item: MenuItem,
[INFO] [stderr]    |         ^^^^^^^^^^^^^^
[INFO] [stderr] 58 |     pub preferences_menu_item: MenuItem,
[INFO] [stderr]    |         ^^^^^^^^^^^^^^^^^^^^^
[INFO] [stderr]    |
[INFO] [stderr]    = note: `MainUIWidgets` has a derived impl for the trait `Clone`, but this is intentionally ignored during dead code analysis
[INFO] [stderr]    = note: `#[warn(dead_code)]` on by default
[INFO] [stderr] 
[INFO] [stderr] warning: field `main_window` is never read
[INFO] [stderr]   --> src/ui/app.rs:70:9
[INFO] [stderr]    |
[INFO] [stderr] 68 | pub struct MainApplication {
[INFO] [stderr]    |            --------------- field in this struct
[INFO] [stderr] 69 |     pub app: App,
[INFO] [stderr] 70 |     pub main_window: Window,
[INFO] [stderr]    |         ^^^^^^^^^^^
[INFO] [stderr] 
[INFO] [stderr] warning: `narrative-director-rs` (bin "narrative-director-rs" test) generated 2 warnings
[INFO] [stderr]     Finished `test` profile [unoptimized + debuginfo] target(s) in 0.06s
[INFO] [stderr]      Running unittests src/main.rs (/opt/rustwide/target/debug/deps/narrative_director_rs-8f0cbf24602266db)
[INFO] [stdout] 
[INFO] [stdout] running 18 tests
[INFO] [stderr] Can't open display: 
[INFO] [stdout] test ui::dialogs::goto::test::goto_button_active_on_no_choice ... FAILED
[INFO] [stdout] test ui::dialogs::goto::test::goto_button_inactive_on_choice ... FAILED
[INFO] [stdout] test ui::dialogs::goto::test::goto_current_below_min ... FAILED
[INFO] [stdout] test ui::dialogs::goto::test::goto_current_exceeds_max ... FAILED
[INFO] [stdout] test ui::dialogs::goto::test::goto_current_matches_max ... FAILED
[INFO] [stdout] test ui::dialogs::goto::test::goto_current_with_no_paragraphs ... FAILED
[INFO] [stdout] test ui::dialogs::goto::test::goto_current_within_max ... FAILED
[INFO] [stdout] test ui::dialogs::goto::test::goto_no_paragraphs ... FAILED
[INFO] [stderr] error: test failed, to rerun pass `--bin narrative-director-rs`
[INFO] [stderr] 
[INFO] [stderr] Caused by:
[INFO] [stderr]   process didn't exit successfully: `/opt/rustwide/target/debug/deps/narrative_director_rs-8f0cbf24602266db` (exit status: 1)
[INFO] [stderr] note: test exited abnormally; to see the full output pass --nocapture to the harness.
[INFO] running `Command { std: "docker" "inspect" "abb56d4245a9d1eaa518cb260248d56a20adaeb9919765af89d84a9b13f9deab", kill_on_drop: false }`
[INFO] running `Command { std: "docker" "rm" "-f" "abb56d4245a9d1eaa518cb260248d56a20adaeb9919765af89d84a9b13f9deab", kill_on_drop: false }`
[INFO] [stdout] abb56d4245a9d1eaa518cb260248d56a20adaeb9919765af89d84a9b13f9deab
