[INFO] cloning repository https://github.com/digitalgreenery/prismatic-color
[INFO] running `Command { std: "git" "-c" "credential.helper=" "-c" "credential.helper=/workspace/cargo-home/bin/git-credential-null" "clone" "--bare" "https://github.com/digitalgreenery/prismatic-color" "/workspace/cache/git-repos/https%3A%2F%2Fgithub.com%2Fdigitalgreenery%2Fprismatic-color", kill_on_drop: false }`
[INFO] [stderr] Cloning into bare repository '/workspace/cache/git-repos/https%3A%2F%2Fgithub.com%2Fdigitalgreenery%2Fprismatic-color'...
[INFO] running `Command { std: "git" "rev-parse" "HEAD", kill_on_drop: false }`
[INFO] [stdout] d92f1b69163666473093ff378aa22a85c412291c
[INFO] testing digitalgreenery/prismatic-color/d92f1b69163666473093ff378aa22a85c412291c against nightly-2024-10-28+rustflags=-Zrandomize-layout for randomize-layout
[INFO] running `Command { std: "git" "clone" "/workspace/cache/git-repos/https%3A%2F%2Fgithub.com%2Fdigitalgreenery%2Fprismatic-color" "/workspace/builds/worker-7-tc2/source", kill_on_drop: false }`
[INFO] [stderr] Cloning into '/workspace/builds/worker-7-tc2/source'...
[INFO] [stderr] done.
[INFO] validating manifest of git repo https://github.com/digitalgreenery/prismatic-color on toolchain nightly-2024-10-28
[INFO] running `Command { std: CARGO_HOME="/workspace/cargo-home" RUSTUP_HOME="/workspace/rustup-home" "/workspace/cargo-home/bin/cargo" "+nightly-2024-10-28" "metadata" "--manifest-path" "Cargo.toml" "--no-deps", kill_on_drop: false }`
[INFO] started tweaking git repo https://github.com/digitalgreenery/prismatic-color
[INFO] finished tweaking git repo https://github.com/digitalgreenery/prismatic-color
[INFO] tweaked toml for git repo https://github.com/digitalgreenery/prismatic-color written to /workspace/builds/worker-7-tc2/source/Cargo.toml
[INFO] crate git repo https://github.com/digitalgreenery/prismatic-color already has a lockfile, it will not be regenerated
[INFO] running `Command { std: CARGO_HOME="/workspace/cargo-home" RUSTUP_HOME="/workspace/rustup-home" "/workspace/cargo-home/bin/cargo" "+nightly-2024-10-28" "fetch" "--manifest-path" "Cargo.toml", kill_on_drop: false }`
[INFO] running `Command { std: "docker" "create" "-v" "/var/lib/crater-agent-workspace/builds/worker-7-tc2/target:/opt/rustwide/target:rw,Z" "-v" "/var/lib/crater-agent-workspace/builds/worker-7-tc2/source:/opt/rustwide/workdir:ro,Z" "-v" "/var/lib/crater-agent-workspace/cargo-home:/opt/rustwide/cargo-home:ro,Z" "-v" "/var/lib/crater-agent-workspace/rustup-home:/opt/rustwide/rustup-home:ro,Z" "-e" "SOURCE_DIR=/opt/rustwide/workdir" "-e" "CARGO_TARGET_DIR=/opt/rustwide/target" "-e" "CARGO_HOME=/opt/rustwide/cargo-home" "-e" "RUSTUP_HOME=/opt/rustwide/rustup-home" "-w" "/opt/rustwide/workdir" "-m" "1610612736" "--user" "0:0" "--network" "none" "ghcr.io/rust-lang/crates-build-env/linux@sha256:4a844ea9eb2546a2d2c7022eacef16ef2e8229c7fbb2c7d4d55a9ceca922f72d" "/opt/rustwide/cargo-home/bin/cargo" "+nightly-2024-10-28" "metadata" "--no-deps" "--format-version=1", kill_on_drop: false }`
[INFO] [stdout] 3bd689defe38708a336db95458a58244c329d3ac0cdf2c21029338542362eab8
[INFO] running `Command { std: "docker" "start" "-a" "3bd689defe38708a336db95458a58244c329d3ac0cdf2c21029338542362eab8", kill_on_drop: false }`
[INFO] running `Command { std: "docker" "inspect" "3bd689defe38708a336db95458a58244c329d3ac0cdf2c21029338542362eab8", kill_on_drop: false }`
[INFO] running `Command { std: "docker" "rm" "-f" "3bd689defe38708a336db95458a58244c329d3ac0cdf2c21029338542362eab8", kill_on_drop: false }`
[INFO] [stdout] 3bd689defe38708a336db95458a58244c329d3ac0cdf2c21029338542362eab8
[INFO] running `Command { std: "docker" "create" "-v" "/var/lib/crater-agent-workspace/builds/worker-7-tc2/target:/opt/rustwide/target:rw,Z" "-v" "/var/lib/crater-agent-workspace/builds/worker-7-tc2/source:/opt/rustwide/workdir:ro,Z" "-v" "/var/lib/crater-agent-workspace/cargo-home:/opt/rustwide/cargo-home:ro,Z" "-v" "/var/lib/crater-agent-workspace/rustup-home:/opt/rustwide/rustup-home:ro,Z" "-e" "SOURCE_DIR=/opt/rustwide/workdir" "-e" "CARGO_TARGET_DIR=/opt/rustwide/target" "-e" "CARGO_INCREMENTAL=0" "-e" "RUST_BACKTRACE=full" "-e" "RUSTFLAGS=--cap-lints=forbid -Zrandomize-layout" "-e" "RUSTDOCFLAGS=--cap-lints=forbid" "-e" "CARGO_HOME=/opt/rustwide/cargo-home" "-e" "RUSTUP_HOME=/opt/rustwide/rustup-home" "-w" "/opt/rustwide/workdir" "-m" "1610612736" "--user" "0:0" "--network" "none" "ghcr.io/rust-lang/crates-build-env/linux@sha256:4a844ea9eb2546a2d2c7022eacef16ef2e8229c7fbb2c7d4d55a9ceca922f72d" "/opt/rustwide/cargo-home/bin/cargo" "+nightly-2024-10-28" "build" "--frozen" "--message-format=json", kill_on_drop: false }`
[INFO] [stdout] 77ea2612b14a82b455ecbdeb756e20ebe65ec8239bdf306b73058b62a040eda6
[INFO] running `Command { std: "docker" "start" "-a" "77ea2612b14a82b455ecbdeb756e20ebe65ec8239bdf306b73058b62a040eda6", kill_on_drop: false }`
[INFO] [stderr]    Compiling autocfg v1.3.0
[INFO] [stderr]    Compiling num-traits v0.2.19
[INFO] [stderr]    Compiling prismatic_color v0.1.6 (/opt/rustwide/workdir)
[INFO] [stdout] warning: unused variable: `x1`
[INFO] [stdout]   --> src/transformations.rs:42:28
[INFO] [stdout]    |
[INFO] [stdout] 42 |     fn cubic_mapping(self, x1: f32, y1: f32, x2: f32, y2: f32) -> f32 {
[INFO] [stdout]    |                            ^^ help: if this is intentional, prefix it with an underscore: `_x1`
[INFO] [stdout]    |
[INFO] [stdout]    = note: `#[warn(unused_variables)]` on by default
[INFO] [stdout] 
[INFO] [stdout] 
[INFO] [stdout] warning: unused variable: `y1`
[INFO] [stdout]   --> src/transformations.rs:42:37
[INFO] [stdout]    |
[INFO] [stdout] 42 |     fn cubic_mapping(self, x1: f32, y1: f32, x2: f32, y2: f32) -> f32 {
[INFO] [stdout]    |                                     ^^ help: if this is intentional, prefix it with an underscore: `_y1`
[INFO] [stdout] 
[INFO] [stdout] 
[INFO] [stdout] warning: unused variable: `x2`
[INFO] [stdout]   --> src/transformations.rs:42:46
[INFO] [stdout]    |
[INFO] [stdout] 42 |     fn cubic_mapping(self, x1: f32, y1: f32, x2: f32, y2: f32) -> f32 {
[INFO] [stdout]    |                                              ^^ help: if this is intentional, prefix it with an underscore: `_x2`
[INFO] [stdout] 
[INFO] [stdout] 
[INFO] [stdout] warning: unused variable: `y2`
[INFO] [stdout]   --> src/transformations.rs:42:55
[INFO] [stdout]    |
[INFO] [stdout] 42 |     fn cubic_mapping(self, x1: f32, y1: f32, x2: f32, y2: f32) -> f32 {
[INFO] [stdout]    |                                                       ^^ help: if this is intentional, prefix it with an underscore: `_y2`
[INFO] [stdout] 
[INFO] [stdout] 
[INFO] [stdout] warning: unused variable: `curves`
[INFO] [stdout]   --> src/transformations.rs:46:31
[INFO] [stdout]    |
[INFO] [stdout] 46 |     fn composed_mapping(self, curves: Vec<(NormalCurve, f32, f32)>) -> f32 {
[INFO] [stdout]    |                               ^^^^^^ help: if this is intentional, prefix it with an underscore: `_curves`
[INFO] [stdout] 
[INFO] [stdout] 
[INFO] [stdout] warning: variant `Composed` is never constructed
[INFO] [stdout]  --> src/transformations.rs:8:5
[INFO] [stdout]   |
[INFO] [stdout] 3 | enum NormalCurve {
[INFO] [stdout]   |      ----------- variant in this enum
[INFO] [stdout] ...
[INFO] [stdout] 8 |     Composed(Vec<(NormalCurve, f32, f32)>),
[INFO] [stdout]   |     ^^^^^^^^
[INFO] [stdout]   |
[INFO] [stdout]   = note: `NormalCurve` has a derived impl for the trait `Clone`, but this is intentionally ignored during dead code analysis
[INFO] [stdout]   = note: `#[warn(dead_code)]` on by default
[INFO] [stdout] 
[INFO] [stdout] 
[INFO] [stderr]     Finished `dev` profile [unoptimized + debuginfo] target(s) in 0.79s
[INFO] running `Command { std: "docker" "inspect" "77ea2612b14a82b455ecbdeb756e20ebe65ec8239bdf306b73058b62a040eda6", kill_on_drop: false }`
[INFO] running `Command { std: "docker" "rm" "-f" "77ea2612b14a82b455ecbdeb756e20ebe65ec8239bdf306b73058b62a040eda6", kill_on_drop: false }`
[INFO] [stdout] 77ea2612b14a82b455ecbdeb756e20ebe65ec8239bdf306b73058b62a040eda6
[INFO] running `Command { std: "docker" "create" "-v" "/var/lib/crater-agent-workspace/builds/worker-7-tc2/target:/opt/rustwide/target:rw,Z" "-v" "/var/lib/crater-agent-workspace/builds/worker-7-tc2/source:/opt/rustwide/workdir:ro,Z" "-v" "/var/lib/crater-agent-workspace/cargo-home:/opt/rustwide/cargo-home:ro,Z" "-v" "/var/lib/crater-agent-workspace/rustup-home:/opt/rustwide/rustup-home:ro,Z" "-e" "SOURCE_DIR=/opt/rustwide/workdir" "-e" "CARGO_TARGET_DIR=/opt/rustwide/target" "-e" "CARGO_INCREMENTAL=0" "-e" "RUST_BACKTRACE=full" "-e" "RUSTFLAGS=--cap-lints=forbid -Zrandomize-layout" "-e" "RUSTDOCFLAGS=--cap-lints=forbid" "-e" "CARGO_HOME=/opt/rustwide/cargo-home" "-e" "RUSTUP_HOME=/opt/rustwide/rustup-home" "-w" "/opt/rustwide/workdir" "-m" "1610612736" "--user" "0:0" "--network" "none" "ghcr.io/rust-lang/crates-build-env/linux@sha256:4a844ea9eb2546a2d2c7022eacef16ef2e8229c7fbb2c7d4d55a9ceca922f72d" "/opt/rustwide/cargo-home/bin/cargo" "+nightly-2024-10-28" "test" "--frozen" "--no-run" "--message-format=json", kill_on_drop: false }`
[INFO] [stdout] 2beb63d83445727e2819720ecf490074d5118267f6770a4b953b54710e27699d
[INFO] running `Command { std: "docker" "start" "-a" "2beb63d83445727e2819720ecf490074d5118267f6770a4b953b54710e27699d", kill_on_drop: false }`
[INFO] [stdout] warning: unused variable: `x1`
[INFO] [stdout]   --> src/transformations.rs:42:28
[INFO] [stdout]    |
[INFO] [stdout] 42 |     fn cubic_mapping(self, x1: f32, y1: f32, x2: f32, y2: f32) -> f32 {
[INFO] [stdout]    |                            ^^ help: if this is intentional, prefix it with an underscore: `_x1`
[INFO] [stdout]    |
[INFO] [stdout]    = note: `#[warn(unused_variables)]` on by default
[INFO] [stdout] 
[INFO] [stdout] 
[INFO] [stdout] warning: unused variable: `y1`
[INFO] [stdout]   --> src/transformations.rs:42:37
[INFO] [stdout]    |
[INFO] [stdout] 42 |     fn cubic_mapping(self, x1: f32, y1: f32, x2: f32, y2: f32) -> f32 {
[INFO] [stdout]    |                                     ^^ help: if this is intentional, prefix it with an underscore: `_y1`
[INFO] [stdout] 
[INFO] [stdout] 
[INFO] [stdout] warning: unused variable: `x2`
[INFO] [stdout]   --> src/transformations.rs:42:46
[INFO] [stdout]    |
[INFO] [stdout] 42 |     fn cubic_mapping(self, x1: f32, y1: f32, x2: f32, y2: f32) -> f32 {
[INFO] [stdout]    |                                              ^^ help: if this is intentional, prefix it with an underscore: `_x2`
[INFO] [stdout] 
[INFO] [stdout] 
[INFO] [stdout] warning: unused variable: `y2`
[INFO] [stdout]   --> src/transformations.rs:42:55
[INFO] [stdout]    |
[INFO] [stdout] 42 |     fn cubic_mapping(self, x1: f32, y1: f32, x2: f32, y2: f32) -> f32 {
[INFO] [stdout]    |                                                       ^^ help: if this is intentional, prefix it with an underscore: `_y2`
[INFO] [stdout] 
[INFO] [stdout] 
[INFO] [stdout] warning: unused variable: `curves`
[INFO] [stdout]   --> src/transformations.rs:46:31
[INFO] [stdout]    |
[INFO] [stdout] 46 |     fn composed_mapping(self, curves: Vec<(NormalCurve, f32, f32)>) -> f32 {
[INFO] [stdout]    |                               ^^^^^^ help: if this is intentional, prefix it with an underscore: `_curves`
[INFO] [stdout] 
[INFO] [stdout] 
[INFO] [stdout] warning: variant `Composed` is never constructed
[INFO] [stdout]  --> src/transformations.rs:8:5
[INFO] [stdout]   |
[INFO] [stdout] 3 | enum NormalCurve {
[INFO] [stdout]   |      ----------- variant in this enum
[INFO] [stdout] ...
[INFO] [stdout] 8 |     Composed(Vec<(NormalCurve, f32, f32)>),
[INFO] [stdout]   |     ^^^^^^^^
[INFO] [stdout]   |
[INFO] [stdout]   = note: `NormalCurve` has a derived impl for the trait `Clone`, but this is intentionally ignored during dead code analysis
[INFO] [stdout]   = note: `#[warn(dead_code)]` on by default
[INFO] [stdout] 
[INFO] [stdout] 
[INFO] [stderr]    Compiling prismatic_color v0.1.6 (/opt/rustwide/workdir)
[INFO] [stdout] warning: unused variable: `x1`
[INFO] [stdout]   --> src/transformations.rs:42:28
[INFO] [stdout]    |
[INFO] [stdout] 42 |     fn cubic_mapping(self, x1: f32, y1: f32, x2: f32, y2: f32) -> f32 {
[INFO] [stdout]    |                            ^^ help: if this is intentional, prefix it with an underscore: `_x1`
[INFO] [stdout]    |
[INFO] [stdout]    = note: `#[warn(unused_variables)]` on by default
[INFO] [stdout] 
[INFO] [stdout] 
[INFO] [stdout] warning: unused variable: `y1`
[INFO] [stdout]   --> src/transformations.rs:42:37
[INFO] [stdout]    |
[INFO] [stdout] 42 |     fn cubic_mapping(self, x1: f32, y1: f32, x2: f32, y2: f32) -> f32 {
[INFO] [stdout]    |                                     ^^ help: if this is intentional, prefix it with an underscore: `_y1`
[INFO] [stdout] 
[INFO] [stdout] 
[INFO] [stdout] warning: unused variable: `x2`
[INFO] [stdout]   --> src/transformations.rs:42:46
[INFO] [stdout]    |
[INFO] [stdout] 42 |     fn cubic_mapping(self, x1: f32, y1: f32, x2: f32, y2: f32) -> f32 {
[INFO] [stdout]    |                                              ^^ help: if this is intentional, prefix it with an underscore: `_x2`
[INFO] [stdout] 
[INFO] [stdout] 
[INFO] [stdout] warning: unused variable: `y2`
[INFO] [stdout]   --> src/transformations.rs:42:55
[INFO] [stdout]    |
[INFO] [stdout] 42 |     fn cubic_mapping(self, x1: f32, y1: f32, x2: f32, y2: f32) -> f32 {
[INFO] [stdout]    |                                                       ^^ help: if this is intentional, prefix it with an underscore: `_y2`
[INFO] [stdout] 
[INFO] [stdout] 
[INFO] [stdout] warning: unused variable: `curves`
[INFO] [stdout]   --> src/transformations.rs:46:31
[INFO] [stdout]    |
[INFO] [stdout] 46 |     fn composed_mapping(self, curves: Vec<(NormalCurve, f32, f32)>) -> f32 {
[INFO] [stdout]    |                               ^^^^^^ help: if this is intentional, prefix it with an underscore: `_curves`
[INFO] [stdout] 
[INFO] [stdout] 
[INFO] [stdout] warning: variant `Composed` is never constructed
[INFO] [stdout]  --> src/transformations.rs:8:5
[INFO] [stdout]   |
[INFO] [stdout] 3 | enum NormalCurve {
[INFO] [stdout]   |      ----------- variant in this enum
[INFO] [stdout] ...
[INFO] [stdout] 8 |     Composed(Vec<(NormalCurve, f32, f32)>),
[INFO] [stdout]   |     ^^^^^^^^
[INFO] [stdout]   |
[INFO] [stdout]   = note: `NormalCurve` has a derived impl for the trait `Clone`, but this is intentionally ignored during dead code analysis
[INFO] [stdout]   = note: `#[warn(dead_code)]` on by default
[INFO] [stdout] 
[INFO] [stdout] 
[INFO] [stderr]     Finished `test` profile [unoptimized + debuginfo] target(s) in 0.20s
[INFO] running `Command { std: "docker" "inspect" "2beb63d83445727e2819720ecf490074d5118267f6770a4b953b54710e27699d", kill_on_drop: false }`
[INFO] running `Command { std: "docker" "rm" "-f" "2beb63d83445727e2819720ecf490074d5118267f6770a4b953b54710e27699d", kill_on_drop: false }`
[INFO] [stdout] 2beb63d83445727e2819720ecf490074d5118267f6770a4b953b54710e27699d
[INFO] running `Command { std: "docker" "create" "-v" "/var/lib/crater-agent-workspace/builds/worker-7-tc2/target:/opt/rustwide/target:rw,Z" "-v" "/var/lib/crater-agent-workspace/builds/worker-7-tc2/source:/opt/rustwide/workdir:ro,Z" "-v" "/var/lib/crater-agent-workspace/cargo-home:/opt/rustwide/cargo-home:ro,Z" "-v" "/var/lib/crater-agent-workspace/rustup-home:/opt/rustwide/rustup-home:ro,Z" "-e" "SOURCE_DIR=/opt/rustwide/workdir" "-e" "CARGO_TARGET_DIR=/opt/rustwide/target" "-e" "CARGO_INCREMENTAL=0" "-e" "RUST_BACKTRACE=full" "-e" "RUSTFLAGS=--cap-lints=forbid -Zrandomize-layout" "-e" "RUSTDOCFLAGS=--cap-lints=forbid" "-e" "CARGO_HOME=/opt/rustwide/cargo-home" "-e" "RUSTUP_HOME=/opt/rustwide/rustup-home" "-w" "/opt/rustwide/workdir" "-m" "1610612736" "--user" "0:0" "--network" "none" "ghcr.io/rust-lang/crates-build-env/linux@sha256:4a844ea9eb2546a2d2c7022eacef16ef2e8229c7fbb2c7d4d55a9ceca922f72d" "/opt/rustwide/cargo-home/bin/cargo" "+nightly-2024-10-28" "test" "--frozen", kill_on_drop: false }`
[INFO] [stdout] 9435be8a1fc81227c8de78f9ccf195da849a7fa92745e85bfb9f6026b4131d3f
[INFO] running `Command { std: "docker" "start" "-a" "9435be8a1fc81227c8de78f9ccf195da849a7fa92745e85bfb9f6026b4131d3f", kill_on_drop: false }`
[INFO] [stderr] warning: unused variable: `x1`
[INFO] [stderr]   --> src/transformations.rs:42:28
[INFO] [stderr]    |
[INFO] [stderr] 42 |     fn cubic_mapping(self, x1: f32, y1: f32, x2: f32, y2: f32) -> f32 {
[INFO] [stderr]    |                            ^^ help: if this is intentional, prefix it with an underscore: `_x1`
[INFO] [stderr]    |
[INFO] [stderr]    = note: `#[warn(unused_variables)]` on by default
[INFO] [stderr] 
[INFO] [stderr] warning: unused variable: `y1`
[INFO] [stderr]   --> src/transformations.rs:42:37
[INFO] [stderr]    |
[INFO] [stderr] 42 |     fn cubic_mapping(self, x1: f32, y1: f32, x2: f32, y2: f32) -> f32 {
[INFO] [stderr]    |                                     ^^ help: if this is intentional, prefix it with an underscore: `_y1`
[INFO] [stderr] 
[INFO] [stderr] warning: unused variable: `x2`
[INFO] [stderr]   --> src/transformations.rs:42:46
[INFO] [stderr]    |
[INFO] [stderr] 42 |     fn cubic_mapping(self, x1: f32, y1: f32, x2: f32, y2: f32) -> f32 {
[INFO] [stderr]    |                                              ^^ help: if this is intentional, prefix it with an underscore: `_x2`
[INFO] [stderr] 
[INFO] [stderr] warning: unused variable: `y2`
[INFO] [stderr]   --> src/transformations.rs:42:55
[INFO] [stderr]    |
[INFO] [stderr] 42 |     fn cubic_mapping(self, x1: f32, y1: f32, x2: f32, y2: f32) -> f32 {
[INFO] [stderr]    |                                                       ^^ help: if this is intentional, prefix it with an underscore: `_y2`
[INFO] [stderr] 
[INFO] [stderr] warning: unused variable: `curves`
[INFO] [stderr]   --> src/transformations.rs:46:31
[INFO] [stderr]    |
[INFO] [stderr] 46 |     fn composed_mapping(self, curves: Vec<(NormalCurve, f32, f32)>) -> f32 {
[INFO] [stderr]    |                               ^^^^^^ help: if this is intentional, prefix it with an underscore: `_curves`
[INFO] [stderr] 
[INFO] [stderr] warning: variant `Composed` is never constructed
[INFO] [stderr]  --> src/transformations.rs:8:5
[INFO] [stderr]   |
[INFO] [stderr] 3 | enum NormalCurve {
[INFO] [stderr]   |      ----------- variant in this enum
[INFO] [stderr] ...
[INFO] [stderr] 8 |     Composed(Vec<(NormalCurve, f32, f32)>),
[INFO] [stderr]   |     ^^^^^^^^
[INFO] [stderr]   |
[INFO] [stderr]   = note: `NormalCurve` has a derived impl for the trait `Clone`, but this is intentionally ignored during dead code analysis
[INFO] [stderr]   = note: `#[warn(dead_code)]` on by default
[INFO] [stderr] 
[INFO] [stderr] warning: `prismatic_color` (lib) generated 6 warnings
[INFO] [stderr] warning: `prismatic_color` (lib test) generated 6 warnings (6 duplicates)
[INFO] [stderr]     Finished `test` profile [unoptimized + debuginfo] target(s) in 0.00s
[INFO] [stderr]      Running unittests src/lib.rs (/opt/rustwide/target/debug/deps/prismatic_color-ddfe7e9749170ba1)
[INFO] [stdout] 
[INFO] [stdout] running 4 tests
[INFO] [stdout] test constants::tests::print_hex ... ok
[INFO] [stdout] test transformations::test::test_lerp ... ok
[INFO] [stdout] test tests::test_conversions ... ok
[INFO] [stdout] test tests::test_gradient ... FAILED
[INFO] [stdout] 
[INFO] [stdout] failures:
[INFO] [stdout] 
[INFO] [stdout] ---- tests::test_gradient stdout ----
[INFO] [stdout] Step 0: Color { components: [0.95, 0.0, 0.0, 1.0], color_type: SphericalHWBA }
[INFO] [stdout] Step 1: Color { components: [0.95, 0.0, 0.0, 1.0], color_type: SphericalHWBA }
[INFO] [stdout] Step 2: Color { components: [0.95, 0.0, 0.0, 1.0], color_type: SphericalHWBA }
[INFO] [stdout] Step 3: Color { components: [0.95, 0.0, 0.0, 1.0], color_type: SphericalHWBA }
[INFO] [stdout] Step 4: Color { components: [0.95, 0.0, 0.0, 1.0], color_type: SphericalHWBA }
[INFO] [stdout] Step 5: Color { components: [0.95, 0.0, 0.0, 1.0], color_type: SphericalHWBA }
[INFO] [stdout] Step 6: Color { components: [0.95, 0.0, 0.0, 1.0], color_type: SphericalHWBA }
[INFO] [stdout] Step 7: Color { components: [0.95, 0.0, 0.0, 1.0], color_type: SphericalHWBA }
[INFO] [stdout] Step 8: Color { components: [0.95, 0.0, 0.0, 1.0], color_type: SphericalHWBA }
[INFO] [stdout] Step 9: Color { components: [0.95, 0.0, 0.0, 1.0], color_type: SphericalHWBA }
[INFO] [stdout] thread 'tests::test_gradient' panicked at src/lib.rs:707:9:
[INFO] [stdout] assertion `left == right` failed
[INFO] [stdout]   left: Color { components: [0.95, 0.0, 0.0, 1.0], color_type: SphericalHWBA }
[INFO] [stdout]  right: Color { components: [0.0, 0.0, 0.0, 1.0], color_type: SphericalHWBA }
[INFO] [stdout] stack backtrace:
[INFO] [stdout]    0:     0x60c29b739b2a - std::backtrace_rs::backtrace::libunwind::trace::h207520d6e9873551
[INFO] [stdout]                                at /rustc/df4ca44d3fbc9301ee17f30f4d474e6ae4b05252/library/std/src/../../backtrace/src/backtrace/libunwind.rs:116:5
[INFO] [stdout]    1:     0x60c29b739b2a - std::backtrace_rs::backtrace::trace_unsynchronized::h2ed7433f370e3eca
[INFO] [stdout]                                at /rustc/df4ca44d3fbc9301ee17f30f4d474e6ae4b05252/library/std/src/../../backtrace/src/backtrace/mod.rs:66:5
[INFO] [stdout]    2:     0x60c29b739b2a - std::sys::backtrace::_print_fmt::h916fac51166b18d7
[INFO] [stdout]                                at /rustc/df4ca44d3fbc9301ee17f30f4d474e6ae4b05252/library/std/src/sys/backtrace.rs:66:9
[INFO] [stdout]    3:     0x60c29b739b2a - <std::sys::backtrace::BacktraceLock::print::DisplayBacktrace as core::fmt::Display>::fmt::ha0a4c9b8ce3802e6
[INFO] [stdout]                                at /rustc/df4ca44d3fbc9301ee17f30f4d474e6ae4b05252/library/std/src/sys/backtrace.rs:39:26
[INFO] [stdout]    4:     0x60c29b760c63 - core::fmt::rt::Argument::fmt::h4cfc8587d52b3eb5
[INFO] [stdout]                                at /rustc/df4ca44d3fbc9301ee17f30f4d474e6ae4b05252/library/core/src/fmt/rt.rs:177:76
[INFO] [stdout]    5:     0x60c29b760c63 - core::fmt::write::h522cc39e5b36ae9f
[INFO] [stdout]                                at /rustc/df4ca44d3fbc9301ee17f30f4d474e6ae4b05252/library/core/src/fmt/mod.rs:1190:21
[INFO] [stdout]    6:     0x60c29b736793 - std::io::Write::write_fmt::h7d3c26752da97734
[INFO] [stdout]                                at /rustc/df4ca44d3fbc9301ee17f30f4d474e6ae4b05252/library/std/src/io/mod.rs:1839:15
[INFO] [stdout]    7:     0x60c29b739972 - std::sys::backtrace::BacktraceLock::print::h4b9e00b29e9c0942
[INFO] [stdout]                                at /rustc/df4ca44d3fbc9301ee17f30f4d474e6ae4b05252/library/std/src/sys/backtrace.rs:42:9
[INFO] [stdout]    8:     0x60c29b73afba - std::panicking::default_hook::{{closure}}::hb59b88280d0324d9
[INFO] [stdout]                                at /rustc/df4ca44d3fbc9301ee17f30f4d474e6ae4b05252/library/std/src/panicking.rs:268:22
[INFO] [stdout]    9:     0x60c29b73adc4 - std::panicking::default_hook::he1dd496665be4a29
[INFO] [stdout]                                at /rustc/df4ca44d3fbc9301ee17f30f4d474e6ae4b05252/library/std/src/panicking.rs:292:9
[INFO] [stdout]   10:     0x60c29b704bb9 - <alloc::boxed::Box<F,A> as core::ops::function::Fn<Args>>::call::h4ff71de18744e1dc
[INFO] [stdout]                                at /rustc/df4ca44d3fbc9301ee17f30f4d474e6ae4b05252/library/alloc/src/boxed.rs:2468:9
[INFO] [stdout]   11:     0x60c29b704bb9 - test::test_main::{{closure}}::hcf7c055ce117aa81
[INFO] [stdout]                                at /rustc/df4ca44d3fbc9301ee17f30f4d474e6ae4b05252/library/test/src/lib.rs:133:21
[INFO] [stdout]   12:     0x60c29b73b6b8 - <alloc::boxed::Box<F,A> as core::ops::function::Fn<Args>>::call::h1d66c6bbd60c9692
[INFO] [stdout]                                at /rustc/df4ca44d3fbc9301ee17f30f4d474e6ae4b05252/library/alloc/src/boxed.rs:2468:9
[INFO] [stdout]   13:     0x60c29b73b6b8 - std::panicking::rust_panic_with_hook::h2ff17fe8f26dfcf8
[INFO] [stdout]                                at /rustc/df4ca44d3fbc9301ee17f30f4d474e6ae4b05252/library/std/src/panicking.rs:809:13
[INFO] [stdout]   14:     0x60c29b73b47a - std::panicking::begin_panic_handler::{{closure}}::h4fad77951c07e101
[INFO] [stdout]                                at /rustc/df4ca44d3fbc9301ee17f30f4d474e6ae4b05252/library/std/src/panicking.rs:674:13
[INFO] [stdout]   15:     0x60c29b73a009 - std::sys::backtrace::__rust_end_short_backtrace::hb1a25b3da5d0ea08
[INFO] [stdout]                                at /rustc/df4ca44d3fbc9301ee17f30f4d474e6ae4b05252/library/std/src/sys/backtrace.rs:170:18
[INFO] [stdout]   16:     0x60c29b73b10c - rust_begin_unwind
[INFO] [stdout]                                at /rustc/df4ca44d3fbc9301ee17f30f4d474e6ae4b05252/library/std/src/panicking.rs:665:5
[INFO] [stdout]   17:     0x60c29b75ead0 - core::panicking::panic_fmt::ha9db07b529f9b256
[INFO] [stdout]                                at /rustc/df4ca44d3fbc9301ee17f30f4d474e6ae4b05252/library/core/src/panicking.rs:75:14
[INFO] [stdout]   18:     0x60c29b75edfb - core::panicking::assert_failed_inner::h04f38944d74a80a8
[INFO] [stdout]   19:     0x60c29b6c7a73 - core::panicking::assert_failed::h467f6954dbbc5ba9
[INFO] [stdout]                                at /rustc/df4ca44d3fbc9301ee17f30f4d474e6ae4b05252/library/core/src/panicking.rs:377:5
[INFO] [stdout]   20:     0x60c29b6caa91 - prismatic_color::tests::test_gradient::h4dbe20cc35978829
[INFO] [stdout]                                at /opt/rustwide/workdir/src/lib.rs:707:9
[INFO] [stdout]   21:     0x60c29b6ca737 - prismatic_color::tests::test_gradient::{{closure}}::ha76b33bdec9a11fc
[INFO] [stdout]                                at /opt/rustwide/workdir/src/lib.rs:694:23
[INFO] [stdout]   22:     0x60c29b6c68f6 - core::ops::function::FnOnce::call_once::hdc54e4713cd84d6a
[INFO] [stdout]                                at /rustc/df4ca44d3fbc9301ee17f30f4d474e6ae4b05252/library/core/src/ops/function.rs:250:5
[INFO] [stdout]   23:     0x60c29b70948b - core::ops::function::FnOnce::call_once::h22c3ba5715e93f05
[INFO] [stdout]                                at /rustc/df4ca44d3fbc9301ee17f30f4d474e6ae4b05252/library/core/src/ops/function.rs:250:5
[INFO] [stdout]   24:     0x60c29b70948b - test::__rust_begin_short_backtrace::h8e82d8113d0da17f
[INFO] [stdout]                                at /rustc/df4ca44d3fbc9301ee17f30f4d474e6ae4b05252/library/test/src/lib.rs:621:18
[INFO] [stdout]   25:     0x60c29b708e07 - test::run_test_in_process::{{closure}}::h33235f4f20b7b7c7
[INFO] [stdout]                                at /rustc/df4ca44d3fbc9301ee17f30f4d474e6ae4b05252/library/test/src/lib.rs:644:60
[INFO] [stdout]   26:     0x60c29b708e07 - <core::panic::unwind_safe::AssertUnwindSafe<F> as core::ops::function::FnOnce<()>>::call_once::hb5043206310c586f
[INFO] [stdout]                                at /rustc/df4ca44d3fbc9301ee17f30f4d474e6ae4b05252/library/core/src/panic/unwind_safe.rs:272:9
[INFO] [stdout]   27:     0x60c29b708e07 - std::panicking::try::do_call::h9ad4731a60ab23e2
[INFO] [stdout]                                at /rustc/df4ca44d3fbc9301ee17f30f4d474e6ae4b05252/library/std/src/panicking.rs:557:40
[INFO] [stdout]   28:     0x60c29b708e07 - std::panicking::try::h3824d23db772a716
[INFO] [stdout]                                at /rustc/df4ca44d3fbc9301ee17f30f4d474e6ae4b05252/library/std/src/panicking.rs:520:19
[INFO] [stdout]   29:     0x60c29b708e07 - std::panic::catch_unwind::h5afd514605fde46b
[INFO] [stdout]                                at /rustc/df4ca44d3fbc9301ee17f30f4d474e6ae4b05252/library/std/src/panic.rs:358:14
[INFO] [stdout]   30:     0x60c29b708e07 - test::run_test_in_process::h0d5cbfa7067d1720
[INFO] [stdout]                                at /rustc/df4ca44d3fbc9301ee17f30f4d474e6ae4b05252/library/test/src/lib.rs:644:27
[INFO] [stdout]   31:     0x60c29b708e07 - test::run_test::{{closure}}::h708eb8872708115d
[INFO] [stdout]                                at /rustc/df4ca44d3fbc9301ee17f30f4d474e6ae4b05252/library/test/src/lib.rs:565:43
[INFO] [stdout]   32:     0x60c29b6cc524 - test::run_test::{{closure}}::h392c51cee94713ab
[INFO] [stdout]                                at /rustc/df4ca44d3fbc9301ee17f30f4d474e6ae4b05252/library/test/src/lib.rs:595:41
[INFO] [stdout]   33:     0x60c29b6cc524 - std::sys::backtrace::__rust_begin_short_backtrace::h2f40290710935a8b
[INFO] [stdout]                                at /rustc/df4ca44d3fbc9301ee17f30f4d474e6ae4b05252/library/std/src/sys/backtrace.rs:154:18
[INFO] [stdout]   34:     0x60c29b6cfcce - std::thread::Builder::spawn_unchecked_::{{closure}}::{{closure}}::h3fd968d89053a903
[INFO] [stdout]                                at /rustc/df4ca44d3fbc9301ee17f30f4d474e6ae4b05252/library/std/src/thread/mod.rs:541:17
[INFO] [stdout]   35:     0x60c29b6cfcce - <core::panic::unwind_safe::AssertUnwindSafe<F> as core::ops::function::FnOnce<()>>::call_once::h743f637ba4229880
[INFO] [stdout]                                at /rustc/df4ca44d3fbc9301ee17f30f4d474e6ae4b05252/library/core/src/panic/unwind_safe.rs:272:9
[INFO] [stdout]   36:     0x60c29b6cfcce - std::panicking::try::do_call::h07440897322525a6
[INFO] [stdout]                                at /rustc/df4ca44d3fbc9301ee17f30f4d474e6ae4b05252/library/std/src/panicking.rs:557:40
[INFO] [stdout]   37:     0x60c29b6cfcce - std::panicking::try::he5a2e00188156637
[INFO] [stdout]                                at /rustc/df4ca44d3fbc9301ee17f30f4d474e6ae4b05252/library/std/src/panicking.rs:520:19
[INFO] [stdout]   38:     0x60c29b6cfcce - std::panic::catch_unwind::hbaf3cae49b3c6433
[INFO] [stdout]                                at /rustc/df4ca44d3fbc9301ee17f30f4d474e6ae4b05252/library/std/src/panic.rs:358:14
[INFO] [stdout]   39:     0x60c29b6cfcce - std::thread::Builder::spawn_unchecked_::{{closure}}::h8e141ea224820bce
[INFO] [stdout]                                at /rustc/df4ca44d3fbc9301ee17f30f4d474e6ae4b05252/library/std/src/thread/mod.rs:540:30
[INFO] [stdout]   40:     0x60c29b6cfcce - core::ops::function::FnOnce::call_once{{vtable.shim}}::h90d312fedd7b8ea8
[INFO] [stdout]                                at /rustc/df4ca44d3fbc9301ee17f30f4d474e6ae4b05252/library/core/src/ops/function.rs:250:5
[INFO] [stdout]   41:     0x60c29b73f4ab - <alloc::boxed::Box<F,A> as core::ops::function::FnOnce<Args>>::call_once::h69aa08ddb6adb8b6
[INFO] [stdout]                                at /rustc/df4ca44d3fbc9301ee17f30f4d474e6ae4b05252/library/alloc/src/boxed.rs:2454:9
[INFO] [stdout]   42:     0x60c29b73f4ab - <alloc::boxed::Box<F,A> as core::ops::function::FnOnce<Args>>::call_once::h5aa36efdb79c806f
[INFO] [stdout]                                at /rustc/df4ca44d3fbc9301ee17f30f4d474e6ae4b05252/library/alloc/src/boxed.rs:2454:9
[INFO] [stdout]   43:     0x60c29b73f4ab - std::sys::pal::unix::thread::Thread::new::thread_start::h6cd80a1b4be5158d
[INFO] [stdout]                                at /rustc/df4ca44d3fbc9301ee17f30f4d474e6ae4b05252/library/std/src/sys/pal/unix/thread.rs:105:17
[INFO] [stdout]   44:     0x7b9b58122ac3 - <unknown>
[INFO] [stdout]   45:     0x7b9b581b3a04 - clone
[INFO] [stdout]   46:                0x0 - <unknown>
[INFO] [stdout] 
[INFO] [stdout] 
[INFO] [stdout] failures:
[INFO] [stdout]     tests::test_gradient
[INFO] [stdout] 
[INFO] [stdout] test result: FAILED. 3 passed; 1 failed; 0 ignored; 0 measured; 0 filtered out; finished in 0.01s
[INFO] [stdout] 
[INFO] [stderr] error: test failed, to rerun pass `--lib`
[INFO] running `Command { std: "docker" "inspect" "9435be8a1fc81227c8de78f9ccf195da849a7fa92745e85bfb9f6026b4131d3f", kill_on_drop: false }`
[INFO] running `Command { std: "docker" "rm" "-f" "9435be8a1fc81227c8de78f9ccf195da849a7fa92745e85bfb9f6026b4131d3f", kill_on_drop: false }`
[INFO] [stdout] 9435be8a1fc81227c8de78f9ccf195da849a7fa92745e85bfb9f6026b4131d3f
