[INFO] cloning repository https://github.com/devyn/glob_experiment
[INFO] running `Command { std: "git" "-c" "credential.helper=" "-c" "credential.helper=/workspace/cargo-home/bin/git-credential-null" "clone" "--bare" "https://github.com/devyn/glob_experiment" "/workspace/cache/git-repos/https%3A%2F%2Fgithub.com%2Fdevyn%2Fglob_experiment", kill_on_drop: false }`
[INFO] [stderr] Cloning into bare repository '/workspace/cache/git-repos/https%3A%2F%2Fgithub.com%2Fdevyn%2Fglob_experiment'...
[INFO] running `Command { std: "git" "rev-parse" "HEAD", kill_on_drop: false }`
[INFO] [stdout] 4bd10c8e3f95da04998396fa77d5164a785177ec
[INFO] testing devyn/glob_experiment/4bd10c8e3f95da04998396fa77d5164a785177ec against nightly-2024-10-28 for randomize-layout
[INFO] running `Command { std: "git" "clone" "/workspace/cache/git-repos/https%3A%2F%2Fgithub.com%2Fdevyn%2Fglob_experiment" "/workspace/builds/worker-3-tc1/source", kill_on_drop: false }`
[INFO] [stderr] Cloning into '/workspace/builds/worker-3-tc1/source'...
[INFO] [stderr] done.
[INFO] validating manifest of git repo https://github.com/devyn/glob_experiment on toolchain nightly-2024-10-28
[INFO] running `Command { std: CARGO_HOME="/workspace/cargo-home" RUSTUP_HOME="/workspace/rustup-home" "/workspace/cargo-home/bin/cargo" "+nightly-2024-10-28" "metadata" "--manifest-path" "Cargo.toml" "--no-deps", kill_on_drop: false }`
[INFO] started tweaking git repo https://github.com/devyn/glob_experiment
[INFO] finished tweaking git repo https://github.com/devyn/glob_experiment
[INFO] tweaked toml for git repo https://github.com/devyn/glob_experiment written to /workspace/builds/worker-3-tc1/source/Cargo.toml
[INFO] crate git repo https://github.com/devyn/glob_experiment already has a lockfile, it will not be regenerated
[INFO] running `Command { std: CARGO_HOME="/workspace/cargo-home" RUSTUP_HOME="/workspace/rustup-home" "/workspace/cargo-home/bin/cargo" "+nightly-2024-10-28" "fetch" "--manifest-path" "Cargo.toml", kill_on_drop: false }`
[INFO] running `Command { std: "docker" "create" "-v" "/var/lib/crater-agent-workspace/builds/worker-3-tc1/target:/opt/rustwide/target:rw,Z" "-v" "/var/lib/crater-agent-workspace/builds/worker-3-tc1/source:/opt/rustwide/workdir:ro,Z" "-v" "/var/lib/crater-agent-workspace/cargo-home:/opt/rustwide/cargo-home:ro,Z" "-v" "/var/lib/crater-agent-workspace/rustup-home:/opt/rustwide/rustup-home:ro,Z" "-e" "SOURCE_DIR=/opt/rustwide/workdir" "-e" "CARGO_TARGET_DIR=/opt/rustwide/target" "-e" "CARGO_HOME=/opt/rustwide/cargo-home" "-e" "RUSTUP_HOME=/opt/rustwide/rustup-home" "-w" "/opt/rustwide/workdir" "-m" "1610612736" "--user" "0:0" "--network" "none" "ghcr.io/rust-lang/crates-build-env/linux@sha256:4a844ea9eb2546a2d2c7022eacef16ef2e8229c7fbb2c7d4d55a9ceca922f72d" "/opt/rustwide/cargo-home/bin/cargo" "+nightly-2024-10-28" "metadata" "--no-deps" "--format-version=1", kill_on_drop: false }`
[INFO] [stdout] 0d21f4dbbe38947c218898c5e21368369c84b84f38efc10a54e9a505ec0848c2
[INFO] running `Command { std: "docker" "start" "-a" "0d21f4dbbe38947c218898c5e21368369c84b84f38efc10a54e9a505ec0848c2", kill_on_drop: false }`
[INFO] running `Command { std: "docker" "inspect" "0d21f4dbbe38947c218898c5e21368369c84b84f38efc10a54e9a505ec0848c2", kill_on_drop: false }`
[INFO] running `Command { std: "docker" "rm" "-f" "0d21f4dbbe38947c218898c5e21368369c84b84f38efc10a54e9a505ec0848c2", kill_on_drop: false }`
[INFO] [stdout] 0d21f4dbbe38947c218898c5e21368369c84b84f38efc10a54e9a505ec0848c2
[INFO] running `Command { std: "docker" "create" "-v" "/var/lib/crater-agent-workspace/builds/worker-3-tc1/target:/opt/rustwide/target:rw,Z" "-v" "/var/lib/crater-agent-workspace/builds/worker-3-tc1/source:/opt/rustwide/workdir:ro,Z" "-v" "/var/lib/crater-agent-workspace/cargo-home:/opt/rustwide/cargo-home:ro,Z" "-v" "/var/lib/crater-agent-workspace/rustup-home:/opt/rustwide/rustup-home:ro,Z" "-e" "SOURCE_DIR=/opt/rustwide/workdir" "-e" "CARGO_TARGET_DIR=/opt/rustwide/target" "-e" "CARGO_INCREMENTAL=0" "-e" "RUST_BACKTRACE=full" "-e" "RUSTFLAGS=--cap-lints=forbid" "-e" "RUSTDOCFLAGS=--cap-lints=forbid" "-e" "CARGO_HOME=/opt/rustwide/cargo-home" "-e" "RUSTUP_HOME=/opt/rustwide/rustup-home" "-w" "/opt/rustwide/workdir" "-m" "1610612736" "--user" "0:0" "--network" "none" "ghcr.io/rust-lang/crates-build-env/linux@sha256:4a844ea9eb2546a2d2c7022eacef16ef2e8229c7fbb2c7d4d55a9ceca922f72d" "/opt/rustwide/cargo-home/bin/cargo" "+nightly-2024-10-28" "build" "--frozen" "--message-format=json", kill_on_drop: false }`
[INFO] [stdout] 98348caf38c5f98137126fa4b2fc1019e01037b440aad075b03786b80820d894
[INFO] running `Command { std: "docker" "start" "-a" "98348caf38c5f98137126fa4b2fc1019e01037b440aad075b03786b80820d894", kill_on_drop: false }`
[INFO] [stderr]    Compiling anyhow v1.0.89
[INFO] [stderr]    Compiling glob_experiment v0.1.0 (/opt/rustwide/workdir)
[INFO] [stdout] warning: unused variable: `min`
[INFO] [stdout]   --> src/matcher.rs:94:33
[INFO] [stdout]    |
[INFO] [stdout] 94 |                 Token::Repeat { min, max } => todo!(),
[INFO] [stdout]    |                                 ^^^ help: try ignoring the field: `min: _`
[INFO] [stdout]    |
[INFO] [stdout]    = note: `#[warn(unused_variables)]` on by default
[INFO] [stdout] 
[INFO] [stdout] 
[INFO] [stdout] warning: unused variable: `max`
[INFO] [stdout]   --> src/matcher.rs:94:38
[INFO] [stdout]    |
[INFO] [stdout] 94 |                 Token::Repeat { min, max } => todo!(),
[INFO] [stdout]    |                                      ^^^ help: try ignoring the field: `max: _`
[INFO] [stdout] 
[INFO] [stdout] 
[INFO] [stdout] warning: struct `MatchResult` is never constructed
[INFO] [stdout]  --> src/matcher.rs:9:12
[INFO] [stdout]   |
[INFO] [stdout] 9 | pub struct MatchResult {
[INFO] [stdout]   |            ^^^^^^^^^^^
[INFO] [stdout]   |
[INFO] [stdout]   = note: `MatchResult` has derived impls for the traits `Clone` and `Debug`, but these are intentionally ignored during dead code analysis
[INFO] [stdout]   = note: `#[warn(dead_code)]` on by default
[INFO] [stdout] 
[INFO] [stdout] 
[INFO] [stdout] warning: associated function `none` is never used
[INFO] [stdout]   --> src/matcher.rs:20:12
[INFO] [stdout]    |
[INFO] [stdout] 19 | impl MatchResult {
[INFO] [stdout]    | ---------------- associated function in this implementation
[INFO] [stdout] 20 |     pub fn none() -> Self {
[INFO] [stdout]    |            ^^^^
[INFO] [stdout] 
[INFO] [stdout] 
[INFO] [stdout] warning: enum `Fallback` is never used
[INFO] [stdout]   --> src/matcher.rs:29:6
[INFO] [stdout]    |
[INFO] [stdout] 29 | enum Fallback {
[INFO] [stdout]    |      ^^^^^^^^
[INFO] [stdout] 
[INFO] [stdout] 
[INFO] [stdout] warning: function `next_string` is never used
[INFO] [stdout]   --> src/matcher.rs:33:4
[INFO] [stdout]    |
[INFO] [stdout] 33 | fn next_string<'a, 'b>(
[INFO] [stdout]    |    ^^^^^^^^^^^
[INFO] [stdout] 
[INFO] [stdout] 
[INFO] [stdout] warning: function `length_of_first_char` is never used
[INFO] [stdout]   --> src/matcher.rs:52:4
[INFO] [stdout]    |
[INFO] [stdout] 52 | fn length_of_first_char(string: &[u8]) -> Option<usize> {
[INFO] [stdout]    |    ^^^^^^^^^^^^^^^^^^^^
[INFO] [stdout] 
[INFO] [stdout] 
[INFO] [stdout] warning: struct `Matcher` is never constructed
[INFO] [stdout]   --> src/matcher.rs:64:8
[INFO] [stdout]    |
[INFO] [stdout] 64 | struct Matcher<'a> {
[INFO] [stdout]    |        ^^^^^^^
[INFO] [stdout] 
[INFO] [stdout] 
[INFO] [stdout] warning: methods `advance`, `fallback`, `separator`, `wildcard`, and `literal_string` are never used
[INFO] [stdout]    --> src/matcher.rs:73:8
[INFO] [stdout]     |
[INFO] [stdout] 72  | impl<'a> Matcher<'a> {
[INFO] [stdout]     | -------------------- methods in this implementation
[INFO] [stdout] 73  |     fn advance(&mut self, tokens: &[Token]) -> Option<MatchResult> {
[INFO] [stdout]     |        ^^^^^^^
[INFO] [stdout] ...
[INFO] [stdout] 108 |     fn fallback(&mut self) -> bool {
[INFO] [stdout]     |        ^^^^^^^^
[INFO] [stdout] ...
[INFO] [stdout] 134 |     fn separator(&mut self) -> bool {
[INFO] [stdout]     |        ^^^^^^^^^
[INFO] [stdout] ...
[INFO] [stdout] 145 |     fn wildcard(&mut self) -> bool {
[INFO] [stdout]     |        ^^^^^^^^
[INFO] [stdout] ...
[INFO] [stdout] 156 |     fn literal_string(&mut self, string: &[u8]) -> bool {
[INFO] [stdout]     |        ^^^^^^^^^^^^^^
[INFO] [stdout] 
[INFO] [stdout] 
[INFO] [stdout] warning: function `path_matches_pattern` is never used
[INFO] [stdout]    --> src/matcher.rs:175:8
[INFO] [stdout]     |
[INFO] [stdout] 175 | pub fn path_matches_pattern(path: &Path, pattern: &Pattern) -> MatchResult {
[INFO] [stdout]     |        ^^^^^^^^^^^^^^^^^^^^
[INFO] [stdout] 
[INFO] [stdout] 
[INFO] [stdout] warning: field `tokens` is never read
[INFO] [stdout]   --> src/parser.rs:10:9
[INFO] [stdout]    |
[INFO] [stdout] 9  | pub struct Pattern {
[INFO] [stdout]    |            ------- field in this struct
[INFO] [stdout] 10 |     pub tokens: Tokens,
[INFO] [stdout]    |         ^^^^^^
[INFO] [stdout]    |
[INFO] [stdout]    = note: `Pattern` has derived impls for the traits `Clone` and `Debug`, but these are intentionally ignored during dead code analysis
[INFO] [stdout] 
[INFO] [stdout] 
[INFO] [stdout] warning: field `0` is never read
[INFO] [stdout]   --> src/parser.rs:41:12
[INFO] [stdout]    |
[INFO] [stdout] 41 |     Prefix(Vec<u8>),
[INFO] [stdout]    |     ------ ^^^^^^^
[INFO] [stdout]    |     |
[INFO] [stdout]    |     field in this variant
[INFO] [stdout]    |
[INFO] [stdout]    = note: `Token` has derived impls for the traits `Clone` and `Debug`, but these are intentionally ignored during dead code analysis
[INFO] [stdout] help: consider changing the field to be of unit type to suppress this warning while preserving the field numbering, or remove the field
[INFO] [stdout]    |
[INFO] [stdout] 41 |     Prefix(()),
[INFO] [stdout]    |            ~~
[INFO] [stdout] 
[INFO] [stdout] 
[INFO] [stdout] warning: field `0` is never read
[INFO] [stdout]   --> src/parser.rs:44:19
[INFO] [stdout]    |
[INFO] [stdout] 44 |     LiteralString(Vec<u8>),
[INFO] [stdout]    |     ------------- ^^^^^^^
[INFO] [stdout]    |     |
[INFO] [stdout]    |     field in this variant
[INFO] [stdout]    |
[INFO] [stdout]    = note: `Token` has derived impls for the traits `Clone` and `Debug`, but these are intentionally ignored during dead code analysis
[INFO] [stdout] help: consider changing the field to be of unit type to suppress this warning while preserving the field numbering, or remove the field
[INFO] [stdout]    |
[INFO] [stdout] 44 |     LiteralString(()),
[INFO] [stdout]    |                   ~~
[INFO] [stdout] 
[INFO] [stdout] 
[INFO] [stdout] warning: field `0` is never read
[INFO] [stdout]   --> src/parser.rs:47:16
[INFO] [stdout]    |
[INFO] [stdout] 47 |     Characters(Vec<CharacterClass>),
[INFO] [stdout]    |     ---------- ^^^^^^^^^^^^^^^^^^^
[INFO] [stdout]    |     |
[INFO] [stdout]    |     field in this variant
[INFO] [stdout]    |
[INFO] [stdout]    = note: `Token` has derived impls for the traits `Clone` and `Debug`, but these are intentionally ignored during dead code analysis
[INFO] [stdout] help: consider changing the field to be of unit type to suppress this warning while preserving the field numbering, or remove the field
[INFO] [stdout]    |
[INFO] [stdout] 47 |     Characters(()),
[INFO] [stdout]    |                ~~
[INFO] [stdout] 
[INFO] [stdout] 
[INFO] [stdout] warning: fields `min` and `max` are never read
[INFO] [stdout]   --> src/parser.rs:51:14
[INFO] [stdout]    |
[INFO] [stdout] 51 |     Repeat { min: u32, max: u32 },
[INFO] [stdout]    |     ------   ^^^       ^^^
[INFO] [stdout]    |     |
[INFO] [stdout]    |     fields in this variant
[INFO] [stdout]    |
[INFO] [stdout]    = note: `Token` has derived impls for the traits `Clone` and `Debug`, but these are intentionally ignored during dead code analysis
[INFO] [stdout] 
[INFO] [stdout] 
[INFO] [stdout] warning: field `0` is never read
[INFO] [stdout]   --> src/parser.rs:56:12
[INFO] [stdout]    |
[INFO] [stdout] 56 |     Single(char),
[INFO] [stdout]    |     ------ ^^^^
[INFO] [stdout]    |     |
[INFO] [stdout]    |     field in this variant
[INFO] [stdout]    |
[INFO] [stdout]    = note: `CharacterClass` has derived impls for the traits `Clone` and `Debug`, but these are intentionally ignored during dead code analysis
[INFO] [stdout] help: consider changing the field to be of unit type to suppress this warning while preserving the field numbering, or remove the field
[INFO] [stdout]    |
[INFO] [stdout] 56 |     Single(()),
[INFO] [stdout]    |            ~~
[INFO] [stdout] 
[INFO] [stdout] 
[INFO] [stdout] warning: fields `0` and `1` are never read
[INFO] [stdout]   --> src/parser.rs:57:11
[INFO] [stdout]    |
[INFO] [stdout] 57 |     Range(char, char),
[INFO] [stdout]    |     ----- ^^^^  ^^^^
[INFO] [stdout]    |     |
[INFO] [stdout]    |     fields in this variant
[INFO] [stdout]    |
[INFO] [stdout]    = note: `CharacterClass` has derived impls for the traits `Clone` and `Debug`, but these are intentionally ignored during dead code analysis
[INFO] [stdout] help: consider changing the fields to be of unit type to suppress this warning while preserving the field numbering, or remove the fields
[INFO] [stdout]    |
[INFO] [stdout] 57 |     Range((), ()),
[INFO] [stdout]    |           ~~  ~~
[INFO] [stdout] 
[INFO] [stdout] 
[INFO] [stderr]     Finished `dev` profile [unoptimized + debuginfo] target(s) in 0.58s
[INFO] running `Command { std: "docker" "inspect" "98348caf38c5f98137126fa4b2fc1019e01037b440aad075b03786b80820d894", kill_on_drop: false }`
[INFO] running `Command { std: "docker" "rm" "-f" "98348caf38c5f98137126fa4b2fc1019e01037b440aad075b03786b80820d894", kill_on_drop: false }`
[INFO] [stdout] 98348caf38c5f98137126fa4b2fc1019e01037b440aad075b03786b80820d894
[INFO] running `Command { std: "docker" "create" "-v" "/var/lib/crater-agent-workspace/builds/worker-3-tc1/target:/opt/rustwide/target:rw,Z" "-v" "/var/lib/crater-agent-workspace/builds/worker-3-tc1/source:/opt/rustwide/workdir:ro,Z" "-v" "/var/lib/crater-agent-workspace/cargo-home:/opt/rustwide/cargo-home:ro,Z" "-v" "/var/lib/crater-agent-workspace/rustup-home:/opt/rustwide/rustup-home:ro,Z" "-e" "SOURCE_DIR=/opt/rustwide/workdir" "-e" "CARGO_TARGET_DIR=/opt/rustwide/target" "-e" "CARGO_INCREMENTAL=0" "-e" "RUST_BACKTRACE=full" "-e" "RUSTFLAGS=--cap-lints=forbid" "-e" "RUSTDOCFLAGS=--cap-lints=forbid" "-e" "CARGO_HOME=/opt/rustwide/cargo-home" "-e" "RUSTUP_HOME=/opt/rustwide/rustup-home" "-w" "/opt/rustwide/workdir" "-m" "1610612736" "--user" "0:0" "--network" "none" "ghcr.io/rust-lang/crates-build-env/linux@sha256:4a844ea9eb2546a2d2c7022eacef16ef2e8229c7fbb2c7d4d55a9ceca922f72d" "/opt/rustwide/cargo-home/bin/cargo" "+nightly-2024-10-28" "test" "--frozen" "--no-run" "--message-format=json", kill_on_drop: false }`
[INFO] [stdout] ad60c02ccb4087c2cff5b512809e24283797fb2a783d8b436eb55511c3b04ecd
[INFO] running `Command { std: "docker" "start" "-a" "ad60c02ccb4087c2cff5b512809e24283797fb2a783d8b436eb55511c3b04ecd", kill_on_drop: false }`
[INFO] [stderr]    Compiling glob_experiment v0.1.0 (/opt/rustwide/workdir)
[INFO] [stdout] warning: unused variable: `min`
[INFO] [stdout]   --> src/matcher.rs:94:33
[INFO] [stdout]    |
[INFO] [stdout] 94 |                 Token::Repeat { min, max } => todo!(),
[INFO] [stdout]    |                                 ^^^ help: try ignoring the field: `min: _`
[INFO] [stdout]    |
[INFO] [stdout]    = note: `#[warn(unused_variables)]` on by default
[INFO] [stdout] 
[INFO] [stdout] 
[INFO] [stdout] warning: unused variable: `max`
[INFO] [stdout]   --> src/matcher.rs:94:38
[INFO] [stdout]    |
[INFO] [stdout] 94 |                 Token::Repeat { min, max } => todo!(),
[INFO] [stdout]    |                                      ^^^ help: try ignoring the field: `max: _`
[INFO] [stdout] 
[INFO] [stdout] 
[INFO] [stdout] warning: associated function `none` is never used
[INFO] [stdout]   --> src/matcher.rs:20:12
[INFO] [stdout]    |
[INFO] [stdout] 19 | impl MatchResult {
[INFO] [stdout]    | ---------------- associated function in this implementation
[INFO] [stdout] 20 |     pub fn none() -> Self {
[INFO] [stdout]    |            ^^^^
[INFO] [stdout]    |
[INFO] [stdout]    = note: `#[warn(dead_code)]` on by default
[INFO] [stdout] 
[INFO] [stdout] 
[INFO] [stdout] warning: field `0` is never read
[INFO] [stdout]   --> src/parser.rs:41:12
[INFO] [stdout]    |
[INFO] [stdout] 41 |     Prefix(Vec<u8>),
[INFO] [stdout]    |     ------ ^^^^^^^
[INFO] [stdout]    |     |
[INFO] [stdout]    |     field in this variant
[INFO] [stdout]    |
[INFO] [stdout]    = note: `Token` has derived impls for the traits `Clone` and `Debug`, but these are intentionally ignored during dead code analysis
[INFO] [stdout] help: consider changing the field to be of unit type to suppress this warning while preserving the field numbering, or remove the field
[INFO] [stdout]    |
[INFO] [stdout] 41 |     Prefix(()),
[INFO] [stdout]    |            ~~
[INFO] [stdout] 
[INFO] [stdout] 
[INFO] [stdout] warning: field `0` is never read
[INFO] [stdout]   --> src/parser.rs:47:16
[INFO] [stdout]    |
[INFO] [stdout] 47 |     Characters(Vec<CharacterClass>),
[INFO] [stdout]    |     ---------- ^^^^^^^^^^^^^^^^^^^
[INFO] [stdout]    |     |
[INFO] [stdout]    |     field in this variant
[INFO] [stdout]    |
[INFO] [stdout]    = note: `Token` has derived impls for the traits `Clone` and `Debug`, but these are intentionally ignored during dead code analysis
[INFO] [stdout] help: consider changing the field to be of unit type to suppress this warning while preserving the field numbering, or remove the field
[INFO] [stdout]    |
[INFO] [stdout] 47 |     Characters(()),
[INFO] [stdout]    |                ~~
[INFO] [stdout] 
[INFO] [stdout] 
[INFO] [stdout] warning: field `0` is never read
[INFO] [stdout]   --> src/parser.rs:56:12
[INFO] [stdout]    |
[INFO] [stdout] 56 |     Single(char),
[INFO] [stdout]    |     ------ ^^^^
[INFO] [stdout]    |     |
[INFO] [stdout]    |     field in this variant
[INFO] [stdout]    |
[INFO] [stdout]    = note: `CharacterClass` has derived impls for the traits `Clone` and `Debug`, but these are intentionally ignored during dead code analysis
[INFO] [stdout] help: consider changing the field to be of unit type to suppress this warning while preserving the field numbering, or remove the field
[INFO] [stdout]    |
[INFO] [stdout] 56 |     Single(()),
[INFO] [stdout]    |            ~~
[INFO] [stdout] 
[INFO] [stdout] 
[INFO] [stdout] warning: fields `0` and `1` are never read
[INFO] [stdout]   --> src/parser.rs:57:11
[INFO] [stdout]    |
[INFO] [stdout] 57 |     Range(char, char),
[INFO] [stdout]    |     ----- ^^^^  ^^^^
[INFO] [stdout]    |     |
[INFO] [stdout]    |     fields in this variant
[INFO] [stdout]    |
[INFO] [stdout]    = note: `CharacterClass` has derived impls for the traits `Clone` and `Debug`, but these are intentionally ignored during dead code analysis
[INFO] [stdout] help: consider changing the fields to be of unit type to suppress this warning while preserving the field numbering, or remove the fields
[INFO] [stdout]    |
[INFO] [stdout] 57 |     Range((), ()),
[INFO] [stdout]    |           ~~  ~~
[INFO] [stdout] 
[INFO] [stdout] 
[INFO] [stderr]     Finished `test` profile [unoptimized + debuginfo] target(s) in 0.20s
[INFO] running `Command { std: "docker" "inspect" "ad60c02ccb4087c2cff5b512809e24283797fb2a783d8b436eb55511c3b04ecd", kill_on_drop: false }`
[INFO] running `Command { std: "docker" "rm" "-f" "ad60c02ccb4087c2cff5b512809e24283797fb2a783d8b436eb55511c3b04ecd", kill_on_drop: false }`
[INFO] [stdout] ad60c02ccb4087c2cff5b512809e24283797fb2a783d8b436eb55511c3b04ecd
[INFO] running `Command { std: "docker" "create" "-v" "/var/lib/crater-agent-workspace/builds/worker-3-tc1/target:/opt/rustwide/target:rw,Z" "-v" "/var/lib/crater-agent-workspace/builds/worker-3-tc1/source:/opt/rustwide/workdir:ro,Z" "-v" "/var/lib/crater-agent-workspace/cargo-home:/opt/rustwide/cargo-home:ro,Z" "-v" "/var/lib/crater-agent-workspace/rustup-home:/opt/rustwide/rustup-home:ro,Z" "-e" "SOURCE_DIR=/opt/rustwide/workdir" "-e" "CARGO_TARGET_DIR=/opt/rustwide/target" "-e" "CARGO_INCREMENTAL=0" "-e" "RUST_BACKTRACE=full" "-e" "RUSTFLAGS=--cap-lints=forbid" "-e" "RUSTDOCFLAGS=--cap-lints=forbid" "-e" "CARGO_HOME=/opt/rustwide/cargo-home" "-e" "RUSTUP_HOME=/opt/rustwide/rustup-home" "-w" "/opt/rustwide/workdir" "-m" "1610612736" "--user" "0:0" "--network" "none" "ghcr.io/rust-lang/crates-build-env/linux@sha256:4a844ea9eb2546a2d2c7022eacef16ef2e8229c7fbb2c7d4d55a9ceca922f72d" "/opt/rustwide/cargo-home/bin/cargo" "+nightly-2024-10-28" "test" "--frozen", kill_on_drop: false }`
[INFO] [stdout] 95befbc1d8aa4f215c018276d4c0736fc6a67343f857a253f1901f5d12155831
[INFO] running `Command { std: "docker" "start" "-a" "95befbc1d8aa4f215c018276d4c0736fc6a67343f857a253f1901f5d12155831", kill_on_drop: false }`
[INFO] [stderr] warning: unused variable: `min`
[INFO] [stderr]   --> src/matcher.rs:94:33
[INFO] [stderr]    |
[INFO] [stderr] 94 |                 Token::Repeat { min, max } => todo!(),
[INFO] [stderr]    |                                 ^^^ help: try ignoring the field: `min: _`
[INFO] [stderr]    |
[INFO] [stderr]    = note: `#[warn(unused_variables)]` on by default
[INFO] [stderr] 
[INFO] [stderr] warning: unused variable: `max`
[INFO] [stderr]   --> src/matcher.rs:94:38
[INFO] [stderr]    |
[INFO] [stderr] 94 |                 Token::Repeat { min, max } => todo!(),
[INFO] [stderr]    |                                      ^^^ help: try ignoring the field: `max: _`
[INFO] [stderr] 
[INFO] [stderr] warning: associated function `none` is never used
[INFO] [stderr]   --> src/matcher.rs:20:12
[INFO] [stderr]    |
[INFO] [stderr] 19 | impl MatchResult {
[INFO] [stderr]    | ---------------- associated function in this implementation
[INFO] [stderr] 20 |     pub fn none() -> Self {
[INFO] [stderr]    |            ^^^^
[INFO] [stderr]    |
[INFO] [stderr]    = note: `#[warn(dead_code)]` on by default
[INFO] [stderr] 
[INFO] [stderr] warning: field `0` is never read
[INFO] [stderr]   --> src/parser.rs:41:12
[INFO] [stderr]    |
[INFO] [stderr] 41 |     Prefix(Vec<u8>),
[INFO] [stderr]    |     ------ ^^^^^^^
[INFO] [stderr]    |     |
[INFO] [stderr]    |     field in this variant
[INFO] [stderr]    |
[INFO] [stderr]    = note: `Token` has derived impls for the traits `Clone` and `Debug`, but these are intentionally ignored during dead code analysis
[INFO] [stderr] help: consider changing the field to be of unit type to suppress this warning while preserving the field numbering, or remove the field
[INFO] [stderr]    |
[INFO] [stderr] 41 |     Prefix(()),
[INFO] [stderr]    |            ~~
[INFO] [stderr] 
[INFO] [stderr] warning: field `0` is never read
[INFO] [stderr]   --> src/parser.rs:47:16
[INFO] [stderr]    |
[INFO] [stderr] 47 |     Characters(Vec<CharacterClass>),
[INFO] [stderr]    |     ---------- ^^^^^^^^^^^^^^^^^^^
[INFO] [stderr]    |     |
[INFO] [stderr]    |     field in this variant
[INFO] [stderr]    |
[INFO] [stderr]    = note: `Token` has derived impls for the traits `Clone` and `Debug`, but these are intentionally ignored during dead code analysis
[INFO] [stderr] help: consider changing the field to be of unit type to suppress this warning while preserving the field numbering, or remove the field
[INFO] [stderr]    |
[INFO] [stderr] 47 |     Characters(()),
[INFO] [stderr]    |                ~~
[INFO] [stderr] 
[INFO] [stderr] warning: field `0` is never read
[INFO] [stderr]   --> src/parser.rs:56:12
[INFO] [stderr]    |
[INFO] [stderr] 56 |     Single(char),
[INFO] [stderr]    |     ------ ^^^^
[INFO] [stderr]    |     |
[INFO] [stderr]    |     field in this variant
[INFO] [stderr]    |
[INFO] [stderr]    = note: `CharacterClass` has derived impls for the traits `Clone` and `Debug`, but these are intentionally ignored during dead code analysis
[INFO] [stderr] help: consider changing the field to be of unit type to suppress this warning while preserving the field numbering, or remove the field
[INFO] [stderr]    |
[INFO] [stderr] 56 |     Single(()),
[INFO] [stderr]    |            ~~
[INFO] [stderr] 
[INFO] [stderr] warning: fields `0` and `1` are never read
[INFO] [stderr]   --> src/parser.rs:57:11
[INFO] [stderr]    |
[INFO] [stderr] 57 |     Range(char, char),
[INFO] [stderr]    |     ----- ^^^^  ^^^^
[INFO] [stderr]    |     |
[INFO] [stderr]    |     fields in this variant
[INFO] [stderr]    |
[INFO] [stderr]    = note: `CharacterClass` has derived impls for the traits `Clone` and `Debug`, but these are intentionally ignored during dead code analysis
[INFO] [stderr] help: consider changing the fields to be of unit type to suppress this warning while preserving the field numbering, or remove the fields
[INFO] [stderr]    |
[INFO] [stderr] 57 |     Range((), ()),
[INFO] [stderr]    |           ~~  ~~
[INFO] [stderr] 
[INFO] [stderr] warning: `glob_experiment` (bin "glob_experiment" test) generated 7 warnings
[INFO] [stderr]     Finished `test` profile [unoptimized + debuginfo] target(s) in 0.01s
[INFO] [stderr]      Running unittests src/main.rs (/opt/rustwide/target/debug/deps/glob_experiment-57c43a27214dc5e1)
[INFO] [stdout] 
[INFO] [stdout] running 8 tests
[INFO] [stdout] test matcher::tests::empty_pattern_matches_empty_path ... ok
[INFO] [stdout] test matcher::tests::mismatching_literal_string ... ok
[INFO] [stdout] test matcher::tests::single_literal_component ... ok
[INFO] [stdout] test matcher::tests::wildcard_matches_any_component ... ok
[INFO] [stdout] test matcher::tests::wildcard_matches_infix ... ok
[INFO] [stdout] test matcher::tests::wildcard_matches_prefix ... ok
[INFO] [stdout] test matcher::tests::wildcard_matches_suffix ... ok
[INFO] [stdout] test matcher::tests::literal_with_separator ... FAILED
[INFO] [stdout] 
[INFO] [stdout] failures:
[INFO] [stdout] 
[INFO] [stdout] ---- matcher::tests::literal_with_separator stdout ----
[INFO] [stdout] Matcher { pc: 0, path_components: Components([Normal("foo"), Normal("bar")]), current_string: None, fallback_stack: [], result: MatchResult { valid_as_prefix: true, valid_as_complete_match: false } }, [LiteralString([102, 111, 111]), Separator, LiteralString([98, 97, 114])]
[INFO] [stdout] Matcher { pc: 1, path_components: Components([Normal("bar")]), current_string: Some([]), fallback_stack: [], result: MatchResult { valid_as_prefix: false, valid_as_complete_match: false } }, [LiteralString([102, 111, 111]), Separator, LiteralString([98, 97, 114])]
[INFO] [stdout] Matcher { pc: 2, path_components: Components([Normal("bar")]), current_string: None, fallback_stack: [], result: MatchResult { valid_as_prefix: true, valid_as_complete_match: false } }, [LiteralString([102, 111, 111]), Separator, LiteralString([98, 97, 114])]
[INFO] [stdout] Matcher { pc: 3, path_components: Components([]), current_string: Some([]), fallback_stack: [], result: MatchResult { valid_as_prefix: false, valid_as_complete_match: false } }, [LiteralString([102, 111, 111]), Separator, LiteralString([98, 97, 114])]
[INFO] [stdout] thread 'matcher::tests::literal_with_separator' panicked at src/matcher/tests.rs:54:5:
[INFO] [stdout] assertion failed: !result.valid_as_complete_match
[INFO] [stdout] stack backtrace:
[INFO] [stdout]    0:     0x57d374cad0da - std::backtrace_rs::backtrace::libunwind::trace::h207520d6e9873551
[INFO] [stdout]                                at /rustc/df4ca44d3fbc9301ee17f30f4d474e6ae4b05252/library/std/src/../../backtrace/src/backtrace/libunwind.rs:116:5
[INFO] [stdout]    1:     0x57d374cad0da - std::backtrace_rs::backtrace::trace_unsynchronized::h2ed7433f370e3eca
[INFO] [stdout]                                at /rustc/df4ca44d3fbc9301ee17f30f4d474e6ae4b05252/library/std/src/../../backtrace/src/backtrace/mod.rs:66:5
[INFO] [stdout]    2:     0x57d374cad0da - std::sys::backtrace::_print_fmt::h916fac51166b18d7
[INFO] [stdout]                                at /rustc/df4ca44d3fbc9301ee17f30f4d474e6ae4b05252/library/std/src/sys/backtrace.rs:66:9
[INFO] [stdout]    3:     0x57d374cad0da - <std::sys::backtrace::BacktraceLock::print::DisplayBacktrace as core::fmt::Display>::fmt::ha0a4c9b8ce3802e6
[INFO] [stdout]                                at /rustc/df4ca44d3fbc9301ee17f30f4d474e6ae4b05252/library/std/src/sys/backtrace.rs:39:26
[INFO] [stdout]    4:     0x57d374cd35f3 - core::fmt::rt::Argument::fmt::h4cfc8587d52b3eb5
[INFO] [stdout]                                at /rustc/df4ca44d3fbc9301ee17f30f4d474e6ae4b05252/library/core/src/fmt/rt.rs:177:76
[INFO] [stdout]    5:     0x57d374cd35f3 - core::fmt::write::h522cc39e5b36ae9f
[INFO] [stdout]                                at /rustc/df4ca44d3fbc9301ee17f30f4d474e6ae4b05252/library/core/src/fmt/mod.rs:1190:21
[INFO] [stdout]    6:     0x57d374ca9bb3 - std::io::Write::write_fmt::h7d3c26752da97734
[INFO] [stdout]                                at /rustc/df4ca44d3fbc9301ee17f30f4d474e6ae4b05252/library/std/src/io/mod.rs:1839:15
[INFO] [stdout]    7:     0x57d374cacf22 - std::sys::backtrace::BacktraceLock::print::h4b9e00b29e9c0942
[INFO] [stdout]                                at /rustc/df4ca44d3fbc9301ee17f30f4d474e6ae4b05252/library/std/src/sys/backtrace.rs:42:9
[INFO] [stdout]    8:     0x57d374cae56a - std::panicking::default_hook::{{closure}}::hb59b88280d0324d9
[INFO] [stdout]                                at /rustc/df4ca44d3fbc9301ee17f30f4d474e6ae4b05252/library/std/src/panicking.rs:268:22
[INFO] [stdout]    9:     0x57d374cae374 - std::panicking::default_hook::he1dd496665be4a29
[INFO] [stdout]                                at /rustc/df4ca44d3fbc9301ee17f30f4d474e6ae4b05252/library/std/src/panicking.rs:292:9
[INFO] [stdout]   10:     0x57d374c77ac9 - <alloc::boxed::Box<F,A> as core::ops::function::Fn<Args>>::call::h4ff71de18744e1dc
[INFO] [stdout]                                at /rustc/df4ca44d3fbc9301ee17f30f4d474e6ae4b05252/library/alloc/src/boxed.rs:2468:9
[INFO] [stdout]   11:     0x57d374c77ac9 - test::test_main::{{closure}}::hcf7c055ce117aa81
[INFO] [stdout]                                at /rustc/df4ca44d3fbc9301ee17f30f4d474e6ae4b05252/library/test/src/lib.rs:133:21
[INFO] [stdout]   12:     0x57d374caec68 - <alloc::boxed::Box<F,A> as core::ops::function::Fn<Args>>::call::h1d66c6bbd60c9692
[INFO] [stdout]                                at /rustc/df4ca44d3fbc9301ee17f30f4d474e6ae4b05252/library/alloc/src/boxed.rs:2468:9
[INFO] [stdout]   13:     0x57d374caec68 - std::panicking::rust_panic_with_hook::h2ff17fe8f26dfcf8
[INFO] [stdout]                                at /rustc/df4ca44d3fbc9301ee17f30f4d474e6ae4b05252/library/std/src/panicking.rs:809:13
[INFO] [stdout]   14:     0x57d374cae9f6 - std::panicking::begin_panic_handler::{{closure}}::h4fad77951c07e101
[INFO] [stdout]                                at /rustc/df4ca44d3fbc9301ee17f30f4d474e6ae4b05252/library/std/src/panicking.rs:667:13
[INFO] [stdout]   15:     0x57d374cad5b9 - std::sys::backtrace::__rust_end_short_backtrace::hb1a25b3da5d0ea08
[INFO] [stdout]                                at /rustc/df4ca44d3fbc9301ee17f30f4d474e6ae4b05252/library/std/src/sys/backtrace.rs:170:18
[INFO] [stdout]   16:     0x57d374cae6bc - rust_begin_unwind
[INFO] [stdout]                                at /rustc/df4ca44d3fbc9301ee17f30f4d474e6ae4b05252/library/std/src/panicking.rs:665:5
[INFO] [stdout]   17:     0x57d374cd1ff0 - core::panicking::panic_fmt::ha9db07b529f9b256
[INFO] [stdout]                                at /rustc/df4ca44d3fbc9301ee17f30f4d474e6ae4b05252/library/core/src/panicking.rs:75:14
[INFO] [stdout]   18:     0x57d374cd207c - core::panicking::panic::h993086813d94accc
[INFO] [stdout]                                at /rustc/df4ca44d3fbc9301ee17f30f4d474e6ae4b05252/library/core/src/panicking.rs:152:5
[INFO] [stdout]   19:     0x57d374c3cbf1 - glob_experiment::matcher::tests::literal_with_separator::hafd28b7dc83cadb6
[INFO] [stdout]                                at /opt/rustwide/workdir/src/matcher/tests.rs:17:9
[INFO] [stdout]   20:     0x57d374c3c937 - glob_experiment::matcher::tests::literal_with_separator::{{closure}}::haee325e30328abb1
[INFO] [stdout]                                at /opt/rustwide/workdir/src/matcher/tests.rs:46:28
[INFO] [stdout]   21:     0x57d374c391a6 - core::ops::function::FnOnce::call_once::hb7b190fc1b76500a
[INFO] [stdout]                                at /rustc/df4ca44d3fbc9301ee17f30f4d474e6ae4b05252/library/core/src/ops/function.rs:250:5
[INFO] [stdout]   22:     0x57d374c7c39b - core::ops::function::FnOnce::call_once::h22c3ba5715e93f05
[INFO] [stdout]                                at /rustc/df4ca44d3fbc9301ee17f30f4d474e6ae4b05252/library/core/src/ops/function.rs:250:5
[INFO] [stdout]   23:     0x57d374c7c39b - test::__rust_begin_short_backtrace::h8e82d8113d0da17f
[INFO] [stdout]                                at /rustc/df4ca44d3fbc9301ee17f30f4d474e6ae4b05252/library/test/src/lib.rs:621:18
[INFO] [stdout]   24:     0x57d374c7bd17 - test::run_test_in_process::{{closure}}::h33235f4f20b7b7c7
[INFO] [stdout]                                at /rustc/df4ca44d3fbc9301ee17f30f4d474e6ae4b05252/library/test/src/lib.rs:644:60
[INFO] [stdout]   25:     0x57d374c7bd17 - <core::panic::unwind_safe::AssertUnwindSafe<F> as core::ops::function::FnOnce<()>>::call_once::hb5043206310c586f
[INFO] [stdout]                                at /rustc/df4ca44d3fbc9301ee17f30f4d474e6ae4b05252/library/core/src/panic/unwind_safe.rs:272:9
[INFO] [stdout]   26:     0x57d374c7bd17 - std::panicking::try::do_call::h9ad4731a60ab23e2
[INFO] [stdout]                                at /rustc/df4ca44d3fbc9301ee17f30f4d474e6ae4b05252/library/std/src/panicking.rs:557:40
[INFO] [stdout]   27:     0x57d374c7bd17 - std::panicking::try::h3824d23db772a716
[INFO] [stdout]                                at /rustc/df4ca44d3fbc9301ee17f30f4d474e6ae4b05252/library/std/src/panicking.rs:520:19
[INFO] [stdout]   28:     0x57d374c7bd17 - std::panic::catch_unwind::h5afd514605fde46b
[INFO] [stdout]                                at /rustc/df4ca44d3fbc9301ee17f30f4d474e6ae4b05252/library/std/src/panic.rs:358:14
[INFO] [stdout]   29:     0x57d374c7bd17 - test::run_test_in_process::h0d5cbfa7067d1720
[INFO] [stdout]                                at /rustc/df4ca44d3fbc9301ee17f30f4d474e6ae4b05252/library/test/src/lib.rs:644:27
[INFO] [stdout]   30:     0x57d374c7bd17 - test::run_test::{{closure}}::h708eb8872708115d
[INFO] [stdout]                                at /rustc/df4ca44d3fbc9301ee17f30f4d474e6ae4b05252/library/test/src/lib.rs:565:43
[INFO] [stdout]   31:     0x57d374c3f434 - test::run_test::{{closure}}::h392c51cee94713ab
[INFO] [stdout]                                at /rustc/df4ca44d3fbc9301ee17f30f4d474e6ae4b05252/library/test/src/lib.rs:595:41
[INFO] [stdout]   32:     0x57d374c3f434 - std::sys::backtrace::__rust_begin_short_backtrace::h2f40290710935a8b
[INFO] [stdout]                                at /rustc/df4ca44d3fbc9301ee17f30f4d474e6ae4b05252/library/std/src/sys/backtrace.rs:154:18
[INFO] [stdout]   33:     0x57d374c42bde - std::thread::Builder::spawn_unchecked_::{{closure}}::{{closure}}::h3fd968d89053a903
[INFO] [stdout]                                at /rustc/df4ca44d3fbc9301ee17f30f4d474e6ae4b05252/library/std/src/thread/mod.rs:541:17
[INFO] [stdout]   34:     0x57d374c42bde - <core::panic::unwind_safe::AssertUnwindSafe<F> as core::ops::function::FnOnce<()>>::call_once::h743f637ba4229880
[INFO] [stdout]                                at /rustc/df4ca44d3fbc9301ee17f30f4d474e6ae4b05252/library/core/src/panic/unwind_safe.rs:272:9
[INFO] [stdout]   35:     0x57d374c42bde - std::panicking::try::do_call::h07440897322525a6
[INFO] [stdout]                                at /rustc/df4ca44d3fbc9301ee17f30f4d474e6ae4b05252/library/std/src/panicking.rs:557:40
[INFO] [stdout]   36:     0x57d374c42bde - std::panicking::try::he5a2e00188156637
[INFO] [stdout]                                at /rustc/df4ca44d3fbc9301ee17f30f4d474e6ae4b05252/library/std/src/panicking.rs:520:19
[INFO] [stdout]   37:     0x57d374c42bde - std::panic::catch_unwind::hbaf3cae49b3c6433
[INFO] [stdout]                                at /rustc/df4ca44d3fbc9301ee17f30f4d474e6ae4b05252/library/std/src/panic.rs:358:14
[INFO] [stdout]   38:     0x57d374c42bde - std::thread::Builder::spawn_unchecked_::{{closure}}::h8e141ea224820bce
[INFO] [stdout]                                at /rustc/df4ca44d3fbc9301ee17f30f4d474e6ae4b05252/library/std/src/thread/mod.rs:540:30
[INFO] [stdout]   39:     0x57d374c42bde - core::ops::function::FnOnce::call_once{{vtable.shim}}::h90d312fedd7b8ea8
[INFO] [stdout]                                at /rustc/df4ca44d3fbc9301ee17f30f4d474e6ae4b05252/library/core/src/ops/function.rs:250:5
[INFO] [stdout]   40:     0x57d374cb2b1b - <alloc::boxed::Box<F,A> as core::ops::function::FnOnce<Args>>::call_once::h69aa08ddb6adb8b6
[INFO] [stdout]                                at /rustc/df4ca44d3fbc9301ee17f30f4d474e6ae4b05252/library/alloc/src/boxed.rs:2454:9
[INFO] [stdout]   41:     0x57d374cb2b1b - <alloc::boxed::Box<F,A> as core::ops::function::FnOnce<Args>>::call_once::h5aa36efdb79c806f
[INFO] [stdout]                                at /rustc/df4ca44d3fbc9301ee17f30f4d474e6ae4b05252/library/alloc/src/boxed.rs:2454:9
[INFO] [stdout]   42:     0x57d374cb2b1b - std::sys::pal::unix::thread::Thread::new::thread_start::h6cd80a1b4be5158d
[INFO] [stdout]                                at /rustc/df4ca44d3fbc9301ee17f30f4d474e6ae4b05252/library/std/src/sys/pal/unix/thread.rs:105:17
[INFO] [stdout]   43:     0x7427cb106ac3 - <unknown>
[INFO] [stdout]   44:     0x7427cb197a04 - clone
[INFO] [stdout]   45:                0x0 - <unknown>
[INFO] [stdout] 
[INFO] [stdout] 
[INFO] [stdout] failures:
[INFO] [stdout]     matcher::tests::literal_with_separator
[INFO] [stdout] 
[INFO] [stdout] test result: FAILED. 7 passed; 1 failed; 0 ignored; 0 measured; 0 filtered out; finished in 0.01s
[INFO] [stdout] 
[INFO] [stderr] error: test failed, to rerun pass `--bin glob_experiment`
[INFO] running `Command { std: "docker" "inspect" "95befbc1d8aa4f215c018276d4c0736fc6a67343f857a253f1901f5d12155831", kill_on_drop: false }`
[INFO] running `Command { std: "docker" "rm" "-f" "95befbc1d8aa4f215c018276d4c0736fc6a67343f857a253f1901f5d12155831", kill_on_drop: false }`
[INFO] [stdout] 95befbc1d8aa4f215c018276d4c0736fc6a67343f857a253f1901f5d12155831
