[INFO] cloning repository https://github.com/dev-crew-it/btc-utils
[INFO] running `Command { std: "git" "-c" "credential.helper=" "-c" "credential.helper=/workspace/cargo-home/bin/git-credential-null" "clone" "--bare" "https://github.com/dev-crew-it/btc-utils" "/workspace/cache/git-repos/https%3A%2F%2Fgithub.com%2Fdev-crew-it%2Fbtc-utils", kill_on_drop: false }`
[INFO] [stderr] Cloning into bare repository '/workspace/cache/git-repos/https%3A%2F%2Fgithub.com%2Fdev-crew-it%2Fbtc-utils'...
[INFO] running `Command { std: "git" "rev-parse" "HEAD", kill_on_drop: false }`
[INFO] [stdout] f09cd5f1e3e952b5978cdcb927a1b22906524a83
[INFO] testing dev-crew-it/btc-utils/f09cd5f1e3e952b5978cdcb927a1b22906524a83 against nightly-2024-10-28 for randomize-layout
[INFO] running `Command { std: "git" "clone" "/workspace/cache/git-repos/https%3A%2F%2Fgithub.com%2Fdev-crew-it%2Fbtc-utils" "/workspace/builds/worker-7-tc1/source", kill_on_drop: false }`
[INFO] [stderr] Cloning into '/workspace/builds/worker-7-tc1/source'...
[INFO] [stderr] done.
[INFO] validating manifest of git repo https://github.com/dev-crew-it/btc-utils on toolchain nightly-2024-10-28
[INFO] running `Command { std: CARGO_HOME="/workspace/cargo-home" RUSTUP_HOME="/workspace/rustup-home" "/workspace/cargo-home/bin/cargo" "+nightly-2024-10-28" "metadata" "--manifest-path" "Cargo.toml" "--no-deps", kill_on_drop: false }`
[INFO] started tweaking git repo https://github.com/dev-crew-it/btc-utils
[INFO] finished tweaking git repo https://github.com/dev-crew-it/btc-utils
[INFO] tweaked toml for git repo https://github.com/dev-crew-it/btc-utils written to /workspace/builds/worker-7-tc1/source/Cargo.toml
[INFO] crate git repo https://github.com/dev-crew-it/btc-utils already has a lockfile, it will not be regenerated
[INFO] running `Command { std: CARGO_HOME="/workspace/cargo-home" RUSTUP_HOME="/workspace/rustup-home" "/workspace/cargo-home/bin/cargo" "+nightly-2024-10-28" "fetch" "--manifest-path" "Cargo.toml", kill_on_drop: false }`
[INFO] [stderr]     Updating crates.io index
[INFO] [stderr]     Blocking waiting for file lock on package cache
[INFO] [stderr]  Downloading crates ...
[INFO] [stderr]   Downloaded serde v1.0.193
[INFO] [stderr]   Downloaded syn v2.0.43
[INFO] [stderr]   Downloaded ryu v1.0.16
[INFO] [stderr]   Downloaded unicode-ident v1.0.12
[INFO] [stderr]   Downloaded windows-targets v0.52.0
[INFO] [stderr]   Downloaded curl v0.4.44
[INFO] [stderr]   Downloaded itoa v1.0.10
[INFO] [stderr]   Downloaded proc-macro2 v1.0.71
[INFO] [stderr]   Downloaded quote v1.0.33
[INFO] [stderr]   Downloaded serde_derive v1.0.193
[INFO] [stderr]   Downloaded serde_json v1.0.108
[INFO] [stderr]   Downloaded windows-targets v0.48.5
[INFO] [stderr]   Downloaded schannel v0.1.23
[INFO] [stderr]   Downloaded socket2 v0.4.10
[INFO] [stderr]   Downloaded cc v1.0.83
[INFO] [stderr]   Downloaded pkg-config v0.3.28
[INFO] [stderr]   Downloaded openssl-sys v0.9.98
[INFO] [stderr]   Downloaded windows_x86_64_gnullvm v0.48.5
[INFO] [stderr]   Downloaded windows_aarch64_gnullvm v0.48.5
[INFO] [stderr]   Downloaded windows_x86_64_gnullvm v0.52.0
[INFO] [stderr]   Downloaded windows_x86_64_gnu v0.48.5
[INFO] [stderr]   Downloaded windows_x86_64_msvc v0.48.5
[INFO] [stderr]   Downloaded windows_i686_msvc v0.48.5
[INFO] [stderr]   Downloaded windows_aarch64_msvc v0.48.5
[INFO] [stderr]   Downloaded windows_i686_gnu v0.48.5
[INFO] [stderr]   Downloaded windows_aarch64_gnullvm v0.52.0
[INFO] [stderr]   Downloaded windows_aarch64_msvc v0.52.0
[INFO] [stderr]   Downloaded windows_i686_gnu v0.52.0
[INFO] [stderr]   Downloaded windows_x86_64_gnu v0.52.0
[INFO] [stderr]   Downloaded libc v0.2.151
[INFO] [stderr]   Downloaded windows_x86_64_msvc v0.52.0
[INFO] [stderr]   Downloaded windows_i686_msvc v0.52.0
[INFO] [stderr]   Downloaded winapi v0.3.9
[INFO] [stderr]   Downloaded curl-sys v0.4.70+curl-8.5.0
[INFO] [stderr]   Downloaded libz-sys v1.1.12
[INFO] [stderr]   Downloaded windows-sys v0.48.0
[INFO] [stderr]   Downloaded windows-sys v0.52.0
[INFO] [stderr]   Downloaded winapi-i686-pc-windows-gnu v0.4.0
[INFO] [stderr]   Downloaded winapi-x86_64-pc-windows-gnu v0.4.0
[INFO] running `Command { std: "docker" "create" "-v" "/var/lib/crater-agent-workspace/builds/worker-7-tc1/target:/opt/rustwide/target:rw,Z" "-v" "/var/lib/crater-agent-workspace/builds/worker-7-tc1/source:/opt/rustwide/workdir:ro,Z" "-v" "/var/lib/crater-agent-workspace/cargo-home:/opt/rustwide/cargo-home:ro,Z" "-v" "/var/lib/crater-agent-workspace/rustup-home:/opt/rustwide/rustup-home:ro,Z" "-e" "SOURCE_DIR=/opt/rustwide/workdir" "-e" "CARGO_TARGET_DIR=/opt/rustwide/target" "-e" "CARGO_HOME=/opt/rustwide/cargo-home" "-e" "RUSTUP_HOME=/opt/rustwide/rustup-home" "-w" "/opt/rustwide/workdir" "-m" "1610612736" "--user" "0:0" "--network" "none" "ghcr.io/rust-lang/crates-build-env/linux@sha256:4a844ea9eb2546a2d2c7022eacef16ef2e8229c7fbb2c7d4d55a9ceca922f72d" "/opt/rustwide/cargo-home/bin/cargo" "+nightly-2024-10-28" "metadata" "--no-deps" "--format-version=1", kill_on_drop: false }`
[INFO] [stdout] 53aceac19918f37bd7c25500d962906c79bff709eff49edb7279b15cf0ebc301
[INFO] running `Command { std: "docker" "start" "-a" "53aceac19918f37bd7c25500d962906c79bff709eff49edb7279b15cf0ebc301", kill_on_drop: false }`
[INFO] running `Command { std: "docker" "inspect" "53aceac19918f37bd7c25500d962906c79bff709eff49edb7279b15cf0ebc301", kill_on_drop: false }`
[INFO] running `Command { std: "docker" "rm" "-f" "53aceac19918f37bd7c25500d962906c79bff709eff49edb7279b15cf0ebc301", kill_on_drop: false }`
[INFO] [stdout] 53aceac19918f37bd7c25500d962906c79bff709eff49edb7279b15cf0ebc301
[INFO] running `Command { std: "docker" "create" "-v" "/var/lib/crater-agent-workspace/builds/worker-7-tc1/target:/opt/rustwide/target:rw,Z" "-v" "/var/lib/crater-agent-workspace/builds/worker-7-tc1/source:/opt/rustwide/workdir:ro,Z" "-v" "/var/lib/crater-agent-workspace/cargo-home:/opt/rustwide/cargo-home:ro,Z" "-v" "/var/lib/crater-agent-workspace/rustup-home:/opt/rustwide/rustup-home:ro,Z" "-e" "SOURCE_DIR=/opt/rustwide/workdir" "-e" "CARGO_TARGET_DIR=/opt/rustwide/target" "-e" "CARGO_INCREMENTAL=0" "-e" "RUST_BACKTRACE=full" "-e" "RUSTFLAGS=--cap-lints=forbid" "-e" "RUSTDOCFLAGS=--cap-lints=forbid" "-e" "CARGO_HOME=/opt/rustwide/cargo-home" "-e" "RUSTUP_HOME=/opt/rustwide/rustup-home" "-w" "/opt/rustwide/workdir" "-m" "1610612736" "--user" "0:0" "--network" "none" "ghcr.io/rust-lang/crates-build-env/linux@sha256:4a844ea9eb2546a2d2c7022eacef16ef2e8229c7fbb2c7d4d55a9ceca922f72d" "/opt/rustwide/cargo-home/bin/cargo" "+nightly-2024-10-28" "build" "--frozen" "--message-format=json", kill_on_drop: false }`
[INFO] [stdout] 6301968f50c27553fb11b2f026cf664b6da82ebd98a371e47f0bd5ac2223f893
[INFO] running `Command { std: "docker" "start" "-a" "6301968f50c27553fb11b2f026cf664b6da82ebd98a371e47f0bd5ac2223f893", kill_on_drop: false }`
[INFO] [stderr]    Compiling libc v0.2.151
[INFO] [stderr]    Compiling pkg-config v0.3.28
[INFO] [stderr]    Compiling vcpkg v0.2.15
[INFO] [stderr]    Compiling serde v1.0.193
[INFO] [stderr]    Compiling curl v0.4.44
[INFO] [stderr]    Compiling openssl-probe v0.1.5
[INFO] [stderr]    Compiling serde_json v1.0.108
[INFO] [stderr]    Compiling itoa v1.0.10
[INFO] [stderr]    Compiling ryu v1.0.16
[INFO] [stderr]    Compiling cc v1.0.83
[INFO] [stderr]    Compiling socket2 v0.4.10
[INFO] [stderr]    Compiling openssl-sys v0.9.98
[INFO] [stderr]    Compiling libz-sys v1.1.12
[INFO] [stderr]    Compiling curl-sys v0.4.70+curl-8.5.0
[INFO] [stderr]    Compiling core-rpc v0.1.0 (/opt/rustwide/workdir/core-rpc)
[INFO] [stderr]    Compiling esplora-api v0.1.0 (/opt/rustwide/workdir/esplora-api)
[INFO] [stderr]     Finished `dev` profile [unoptimized + debuginfo] target(s) in 6.42s
[INFO] running `Command { std: "docker" "inspect" "6301968f50c27553fb11b2f026cf664b6da82ebd98a371e47f0bd5ac2223f893", kill_on_drop: false }`
[INFO] running `Command { std: "docker" "rm" "-f" "6301968f50c27553fb11b2f026cf664b6da82ebd98a371e47f0bd5ac2223f893", kill_on_drop: false }`
[INFO] [stdout] 6301968f50c27553fb11b2f026cf664b6da82ebd98a371e47f0bd5ac2223f893
[INFO] running `Command { std: "docker" "create" "-v" "/var/lib/crater-agent-workspace/builds/worker-7-tc1/target:/opt/rustwide/target:rw,Z" "-v" "/var/lib/crater-agent-workspace/builds/worker-7-tc1/source:/opt/rustwide/workdir:ro,Z" "-v" "/var/lib/crater-agent-workspace/cargo-home:/opt/rustwide/cargo-home:ro,Z" "-v" "/var/lib/crater-agent-workspace/rustup-home:/opt/rustwide/rustup-home:ro,Z" "-e" "SOURCE_DIR=/opt/rustwide/workdir" "-e" "CARGO_TARGET_DIR=/opt/rustwide/target" "-e" "CARGO_INCREMENTAL=0" "-e" "RUST_BACKTRACE=full" "-e" "RUSTFLAGS=--cap-lints=forbid" "-e" "RUSTDOCFLAGS=--cap-lints=forbid" "-e" "CARGO_HOME=/opt/rustwide/cargo-home" "-e" "RUSTUP_HOME=/opt/rustwide/rustup-home" "-w" "/opt/rustwide/workdir" "-m" "1610612736" "--user" "0:0" "--network" "none" "ghcr.io/rust-lang/crates-build-env/linux@sha256:4a844ea9eb2546a2d2c7022eacef16ef2e8229c7fbb2c7d4d55a9ceca922f72d" "/opt/rustwide/cargo-home/bin/cargo" "+nightly-2024-10-28" "test" "--frozen" "--no-run" "--message-format=json", kill_on_drop: false }`
[INFO] [stdout] 5c2fcdf5ef7e75784717dcc06ddedf66fcad9950b64ded32b35abec22ae00578
[INFO] running `Command { std: "docker" "start" "-a" "5c2fcdf5ef7e75784717dcc06ddedf66fcad9950b64ded32b35abec22ae00578", kill_on_drop: false }`
[INFO] [stderr]    Compiling core-rpc v0.1.0 (/opt/rustwide/workdir/core-rpc)
[INFO] [stderr]    Compiling esplora-api v0.1.0 (/opt/rustwide/workdir/esplora-api)
[INFO] [stderr]     Finished `test` profile [unoptimized + debuginfo] target(s) in 0.47s
[INFO] running `Command { std: "docker" "inspect" "5c2fcdf5ef7e75784717dcc06ddedf66fcad9950b64ded32b35abec22ae00578", kill_on_drop: false }`
[INFO] running `Command { std: "docker" "rm" "-f" "5c2fcdf5ef7e75784717dcc06ddedf66fcad9950b64ded32b35abec22ae00578", kill_on_drop: false }`
[INFO] [stdout] 5c2fcdf5ef7e75784717dcc06ddedf66fcad9950b64ded32b35abec22ae00578
[INFO] running `Command { std: "docker" "create" "-v" "/var/lib/crater-agent-workspace/builds/worker-7-tc1/target:/opt/rustwide/target:rw,Z" "-v" "/var/lib/crater-agent-workspace/builds/worker-7-tc1/source:/opt/rustwide/workdir:ro,Z" "-v" "/var/lib/crater-agent-workspace/cargo-home:/opt/rustwide/cargo-home:ro,Z" "-v" "/var/lib/crater-agent-workspace/rustup-home:/opt/rustwide/rustup-home:ro,Z" "-e" "SOURCE_DIR=/opt/rustwide/workdir" "-e" "CARGO_TARGET_DIR=/opt/rustwide/target" "-e" "CARGO_INCREMENTAL=0" "-e" "RUST_BACKTRACE=full" "-e" "RUSTFLAGS=--cap-lints=forbid" "-e" "RUSTDOCFLAGS=--cap-lints=forbid" "-e" "CARGO_HOME=/opt/rustwide/cargo-home" "-e" "RUSTUP_HOME=/opt/rustwide/rustup-home" "-w" "/opt/rustwide/workdir" "-m" "1610612736" "--user" "0:0" "--network" "none" "ghcr.io/rust-lang/crates-build-env/linux@sha256:4a844ea9eb2546a2d2c7022eacef16ef2e8229c7fbb2c7d4d55a9ceca922f72d" "/opt/rustwide/cargo-home/bin/cargo" "+nightly-2024-10-28" "test" "--frozen", kill_on_drop: false }`
[INFO] [stdout] dd1ecd7206159753e741b800d6a671f140b0f5b0ee91fa161676daf3cbe878d4
[INFO] running `Command { std: "docker" "start" "-a" "dd1ecd7206159753e741b800d6a671f140b0f5b0ee91fa161676daf3cbe878d4", kill_on_drop: false }`
[INFO] [stderr]     Finished `test` profile [unoptimized + debuginfo] target(s) in 0.08s
[INFO] [stderr]      Running unittests src/lib.rs (/opt/rustwide/target/debug/deps/core_rpc-d1e6777cc709a51e)
[INFO] [stdout] 
[INFO] [stdout] running 1 test
[INFO] [stdout] test tests::it_works ... ok
[INFO] [stdout] 
[INFO] [stdout] test result: ok. 1 passed; 0 failed; 0 ignored; 0 measured; 0 filtered out; finished in 0.00s
[INFO] [stdout] 
[INFO] [stderr]      Running unittests src/lib.rs (/opt/rustwide/target/debug/deps/esplora_api-75b2c2d831a7e50c)
[INFO] [stdout] 
[INFO] [stdout] running 2 tests
[INFO] [stdout] test tests::test_tip ... FAILED
[INFO] [stderr] error: test failed, to rerun pass `-p esplora-api --lib`
[INFO] [stdout] test tests::test_return_error ... FAILED
[INFO] [stdout] 
[INFO] [stdout] failures:
[INFO] [stdout] 
[INFO] [stdout] ---- tests::test_tip stdout ----
[INFO] [stdout] Error: Error { description: "Couldn't resolve host name", code: 6, extra: Some("Could not resolve host: blockstream.info") }
[INFO] [stdout] 
[INFO] [stdout] ---- tests::test_return_error stdout ----
[INFO] [stdout] thread 'tests::test_return_error' panicked at esplora-api/src/lib.rs:107:9:
[INFO] [stdout] assertion failed: hash.err().unwrap().code() >= 400
[INFO] [stdout] stack backtrace:
[INFO] [stdout]    0:     0x569b0f5da9aa - std::backtrace_rs::backtrace::libunwind::trace::h207520d6e9873551
[INFO] [stdout]                                at /rustc/df4ca44d3fbc9301ee17f30f4d474e6ae4b05252/library/std/src/../../backtrace/src/backtrace/libunwind.rs:116:5
[INFO] [stdout]    1:     0x569b0f5da9aa - std::backtrace_rs::backtrace::trace_unsynchronized::h2ed7433f370e3eca
[INFO] [stdout]                                at /rustc/df4ca44d3fbc9301ee17f30f4d474e6ae4b05252/library/std/src/../../backtrace/src/backtrace/mod.rs:66:5
[INFO] [stdout]    2:     0x569b0f5da9aa - std::sys::backtrace::_print_fmt::h916fac51166b18d7
[INFO] [stdout]                                at /rustc/df4ca44d3fbc9301ee17f30f4d474e6ae4b05252/library/std/src/sys/backtrace.rs:66:9
[INFO] [stdout]    3:     0x569b0f5da9aa - <std::sys::backtrace::BacktraceLock::print::DisplayBacktrace as core::fmt::Display>::fmt::ha0a4c9b8ce3802e6
[INFO] [stdout]                                at /rustc/df4ca44d3fbc9301ee17f30f4d474e6ae4b05252/library/std/src/sys/backtrace.rs:39:26
[INFO] [stdout]    4:     0x569b0f601173 - core::fmt::rt::Argument::fmt::h4cfc8587d52b3eb5
[INFO] [stdout]                                at /rustc/df4ca44d3fbc9301ee17f30f4d474e6ae4b05252/library/core/src/fmt/rt.rs:177:76
[INFO] [stdout]    5:     0x569b0f601173 - core::fmt::write::h522cc39e5b36ae9f
[INFO] [stdout]                                at /rustc/df4ca44d3fbc9301ee17f30f4d474e6ae4b05252/library/core/src/fmt/mod.rs:1190:21
[INFO] [stdout]    6:     0x569b0f5d7603 - std::io::Write::write_fmt::h7d3c26752da97734
[INFO] [stdout]                                at /rustc/df4ca44d3fbc9301ee17f30f4d474e6ae4b05252/library/std/src/io/mod.rs:1839:15
[INFO] [stdout]    7:     0x569b0f5da7f2 - std::sys::backtrace::BacktraceLock::print::h4b9e00b29e9c0942
[INFO] [stdout]                                at /rustc/df4ca44d3fbc9301ee17f30f4d474e6ae4b05252/library/std/src/sys/backtrace.rs:42:9
[INFO] [stdout]    8:     0x569b0f5dbe3a - std::panicking::default_hook::{{closure}}::hb59b88280d0324d9
[INFO] [stdout]                                at /rustc/df4ca44d3fbc9301ee17f30f4d474e6ae4b05252/library/std/src/panicking.rs:268:22
[INFO] [stdout]    9:     0x569b0f5dbc44 - std::panicking::default_hook::he1dd496665be4a29
[INFO] [stdout]                                at /rustc/df4ca44d3fbc9301ee17f30f4d474e6ae4b05252/library/std/src/panicking.rs:292:9
[INFO] [stdout]   10:     0x569b0f594079 - <alloc::boxed::Box<F,A> as core::ops::function::Fn<Args>>::call::h4ff71de18744e1dc
[INFO] [stdout]                                at /rustc/df4ca44d3fbc9301ee17f30f4d474e6ae4b05252/library/alloc/src/boxed.rs:2468:9
[INFO] [stdout]   11:     0x569b0f594079 - test::test_main::{{closure}}::hcf7c055ce117aa81
[INFO] [stdout]                                at /rustc/df4ca44d3fbc9301ee17f30f4d474e6ae4b05252/library/test/src/lib.rs:133:21
[INFO] [stdout]   12:     0x569b0f5dc538 - <alloc::boxed::Box<F,A> as core::ops::function::Fn<Args>>::call::h1d66c6bbd60c9692
[INFO] [stdout]                                at /rustc/df4ca44d3fbc9301ee17f30f4d474e6ae4b05252/library/alloc/src/boxed.rs:2468:9
[INFO] [stdout]   13:     0x569b0f5dc538 - std::panicking::rust_panic_with_hook::h2ff17fe8f26dfcf8
[INFO] [stdout]                                at /rustc/df4ca44d3fbc9301ee17f30f4d474e6ae4b05252/library/std/src/panicking.rs:809:13
[INFO] [stdout]   14:     0x569b0f5dc2c6 - std::panicking::begin_panic_handler::{{closure}}::h4fad77951c07e101
[INFO] [stdout]                                at /rustc/df4ca44d3fbc9301ee17f30f4d474e6ae4b05252/library/std/src/panicking.rs:667:13
[INFO] [stdout]   15:     0x569b0f5dae89 - std::sys::backtrace::__rust_end_short_backtrace::hb1a25b3da5d0ea08
[INFO] [stdout]                                at /rustc/df4ca44d3fbc9301ee17f30f4d474e6ae4b05252/library/std/src/sys/backtrace.rs:170:18
[INFO] [stdout]   16:     0x569b0f5dbf8c - rust_begin_unwind
[INFO] [stdout]                                at /rustc/df4ca44d3fbc9301ee17f30f4d474e6ae4b05252/library/std/src/panicking.rs:665:5
[INFO] [stdout]   17:     0x569b0f5ffb70 - core::panicking::panic_fmt::ha9db07b529f9b256
[INFO] [stdout]                                at /rustc/df4ca44d3fbc9301ee17f30f4d474e6ae4b05252/library/core/src/panicking.rs:75:14
[INFO] [stdout]   18:     0x569b0f5ffbfc - core::panicking::panic::h993086813d94accc
[INFO] [stdout]                                at /rustc/df4ca44d3fbc9301ee17f30f4d474e6ae4b05252/library/core/src/panicking.rs:152:5
[INFO] [stdout]   19:     0x569b0f55a0c8 - esplora_api::tests::test_return_error::h0b07c5ed4a1aee2b
[INFO] [stdout]                                at /opt/rustwide/workdir/esplora-api/src/lib.rs:107:9
[INFO] [stdout]   20:     0x569b0f559e1c - esplora_api::tests::test_return_error::{{closure}}::h02d8c7896fd3e87e
[INFO] [stdout]                                at /opt/rustwide/workdir/esplora-api/src/lib.rs:103:31
[INFO] [stdout]   21:     0x569b0f557b46 - core::ops::function::FnOnce::call_once::hf8b3e6b10d1970a9
[INFO] [stdout]                                at /rustc/df4ca44d3fbc9301ee17f30f4d474e6ae4b05252/library/core/src/ops/function.rs:250:5
[INFO] [stdout]   22:     0x569b0f59894b - core::ops::function::FnOnce::call_once::h22c3ba5715e93f05
[INFO] [stdout]                                at /rustc/df4ca44d3fbc9301ee17f30f4d474e6ae4b05252/library/core/src/ops/function.rs:250:5
[INFO] [stdout]   23:     0x569b0f59894b - test::__rust_begin_short_backtrace::h8e82d8113d0da17f
[INFO] [stdout]                                at /rustc/df4ca44d3fbc9301ee17f30f4d474e6ae4b05252/library/test/src/lib.rs:621:18
[INFO] [stdout]   24:     0x569b0f5982c7 - test::run_test_in_process::{{closure}}::h33235f4f20b7b7c7
[INFO] [stdout]                                at /rustc/df4ca44d3fbc9301ee17f30f4d474e6ae4b05252/library/test/src/lib.rs:644:60
[INFO] [stdout]   25:     0x569b0f5982c7 - <core::panic::unwind_safe::AssertUnwindSafe<F> as core::ops::function::FnOnce<()>>::call_once::hb5043206310c586f
[INFO] [stdout]                                at /rustc/df4ca44d3fbc9301ee17f30f4d474e6ae4b05252/library/core/src/panic/unwind_safe.rs:272:9
[INFO] [stdout]   26:     0x569b0f5982c7 - std::panicking::try::do_call::h9ad4731a60ab23e2
[INFO] [stdout]                                at /rustc/df4ca44d3fbc9301ee17f30f4d474e6ae4b05252/library/std/src/panicking.rs:557:40
[INFO] [stdout]   27:     0x569b0f5982c7 - std::panicking::try::h3824d23db772a716
[INFO] [stdout]                                at /rustc/df4ca44d3fbc9301ee17f30f4d474e6ae4b05252/library/std/src/panicking.rs:520:19
[INFO] [stdout]   28:     0x569b0f5982c7 - std::panic::catch_unwind::h5afd514605fde46b
[INFO] [stdout]                                at /rustc/df4ca44d3fbc9301ee17f30f4d474e6ae4b05252/library/std/src/panic.rs:358:14
[INFO] [stdout]   29:     0x569b0f5982c7 - test::run_test_in_process::h0d5cbfa7067d1720
[INFO] [stdout]                                at /rustc/df4ca44d3fbc9301ee17f30f4d474e6ae4b05252/library/test/src/lib.rs:644:27
[INFO] [stdout]   30:     0x569b0f5982c7 - test::run_test::{{closure}}::h708eb8872708115d
[INFO] [stdout]                                at /rustc/df4ca44d3fbc9301ee17f30f4d474e6ae4b05252/library/test/src/lib.rs:565:43
[INFO] [stdout]   31:     0x569b0f55b9e4 - test::run_test::{{closure}}::h392c51cee94713ab
[INFO] [stdout]                                at /rustc/df4ca44d3fbc9301ee17f30f4d474e6ae4b05252/library/test/src/lib.rs:595:41
[INFO] [stdout]   32:     0x569b0f55b9e4 - std::sys::backtrace::__rust_begin_short_backtrace::h2f40290710935a8b
[INFO] [stdout]                                at /rustc/df4ca44d3fbc9301ee17f30f4d474e6ae4b05252/library/std/src/sys/backtrace.rs:154:18
[INFO] [stdout]   33:     0x569b0f55f18e - std::thread::Builder::spawn_unchecked_::{{closure}}::{{closure}}::h3fd968d89053a903
[INFO] [stdout]                                at /rustc/df4ca44d3fbc9301ee17f30f4d474e6ae4b05252/library/std/src/thread/mod.rs:541:17
[INFO] [stdout]   34:     0x569b0f55f18e - <core::panic::unwind_safe::AssertUnwindSafe<F> as core::ops::function::FnOnce<()>>::call_once::h743f637ba4229880
[INFO] [stdout]                                at /rustc/df4ca44d3fbc9301ee17f30f4d474e6ae4b05252/library/core/src/panic/unwind_safe.rs:272:9
[INFO] [stdout]   35:     0x569b0f55f18e - std::panicking::try::do_call::h07440897322525a6
[INFO] [stdout]                                at /rustc/df4ca44d3fbc9301ee17f30f4d474e6ae4b05252/library/std/src/panicking.rs:557:40
[INFO] [stdout]   36:     0x569b0f55f18e - std::panicking::try::he5a2e00188156637
[INFO] [stdout]                                at /rustc/df4ca44d3fbc9301ee17f30f4d474e6ae4b05252/library/std/src/panicking.rs:520:19
[INFO] [stdout]   37:     0x569b0f55f18e - std::panic::catch_unwind::hbaf3cae49b3c6433
[INFO] [stdout]                                at /rustc/df4ca44d3fbc9301ee17f30f4d474e6ae4b05252/library/std/src/panic.rs:358:14
[INFO] [stdout]   38:     0x569b0f55f18e - std::thread::Builder::spawn_unchecked_::{{closure}}::h8e141ea224820bce
[INFO] [stdout]                                at /rustc/df4ca44d3fbc9301ee17f30f4d474e6ae4b05252/library/std/src/thread/mod.rs:540:30
[INFO] [stdout]   39:     0x569b0f55f18e - core::ops::function::FnOnce::call_once{{vtable.shim}}::h90d312fedd7b8ea8
[INFO] [stdout]                                at /rustc/df4ca44d3fbc9301ee17f30f4d474e6ae4b05252/library/core/src/ops/function.rs:250:5
[INFO] [stdout]   40:     0x569b0f5e043b - <alloc::boxed::Box<F,A> as core::ops::function::FnOnce<Args>>::call_once::h69aa08ddb6adb8b6
[INFO] [stdout]                                at /rustc/df4ca44d3fbc9301ee17f30f4d474e6ae4b05252/library/alloc/src/boxed.rs:2454:9
[INFO] [stdout]   41:     0x569b0f5e043b - <alloc::boxed::Box<F,A> as core::ops::function::FnOnce<Args>>::call_once::h5aa36efdb79c806f
[INFO] [stdout]                                at /rustc/df4ca44d3fbc9301ee17f30f4d474e6ae4b05252/library/alloc/src/boxed.rs:2454:9
[INFO] [stdout]   42:     0x569b0f5e043b - std::sys::pal::unix::thread::Thread::new::thread_start::h6cd80a1b4be5158d
[INFO] [stdout]                                at /rustc/df4ca44d3fbc9301ee17f30f4d474e6ae4b05252/library/std/src/sys/pal/unix/thread.rs:105:17
[INFO] [stdout]   43:     0x70b02e0dbac3 - <unknown>
[INFO] [stdout]   44:     0x70b02e16ca04 - clone
[INFO] [stdout]   45:                0x0 - <unknown>
[INFO] [stdout] 
[INFO] [stdout] 
[INFO] [stdout] failures:
[INFO] [stdout]     tests::test_return_error
[INFO] [stdout]     tests::test_tip
[INFO] [stdout] 
[INFO] [stdout] test result: FAILED. 0 passed; 2 failed; 0 ignored; 0 measured; 0 filtered out; finished in 0.03s
[INFO] [stdout] 
[INFO] running `Command { std: "docker" "inspect" "dd1ecd7206159753e741b800d6a671f140b0f5b0ee91fa161676daf3cbe878d4", kill_on_drop: false }`
[INFO] running `Command { std: "docker" "rm" "-f" "dd1ecd7206159753e741b800d6a671f140b0f5b0ee91fa161676daf3cbe878d4", kill_on_drop: false }`
[INFO] [stdout] dd1ecd7206159753e741b800d6a671f140b0f5b0ee91fa161676daf3cbe878d4
