[INFO] cloning repository https://github.com/denoland/deno_config
[INFO] running `Command { std: "git" "-c" "credential.helper=" "-c" "credential.helper=/workspace/cargo-home/bin/git-credential-null" "clone" "--bare" "https://github.com/denoland/deno_config" "/workspace/cache/git-repos/https%3A%2F%2Fgithub.com%2Fdenoland%2Fdeno_config", kill_on_drop: false }`
[INFO] [stderr] Cloning into bare repository '/workspace/cache/git-repos/https%3A%2F%2Fgithub.com%2Fdenoland%2Fdeno_config'...
[INFO] running `Command { std: "git" "rev-parse" "HEAD", kill_on_drop: false }`
[INFO] [stdout] 5ab733afefba24b996594b96d24f730d061b007e
[INFO] testing denoland/deno_config/5ab733afefba24b996594b96d24f730d061b007e against nightly-2024-10-28 for randomize-layout
[INFO] running `Command { std: "git" "clone" "/workspace/cache/git-repos/https%3A%2F%2Fgithub.com%2Fdenoland%2Fdeno_config" "/workspace/builds/worker-6-tc1/source", kill_on_drop: false }`
[INFO] [stderr] Cloning into '/workspace/builds/worker-6-tc1/source'...
[INFO] [stderr] done.
[INFO] validating manifest of git repo https://github.com/denoland/deno_config on toolchain nightly-2024-10-28
[INFO] running `Command { std: CARGO_HOME="/workspace/cargo-home" RUSTUP_HOME="/workspace/rustup-home" "/workspace/cargo-home/bin/cargo" "+nightly-2024-10-28" "metadata" "--manifest-path" "Cargo.toml" "--no-deps", kill_on_drop: false }`
[INFO] removed /workspace/builds/worker-6-tc1/source/rust-toolchain.toml
[INFO] started tweaking git repo https://github.com/denoland/deno_config
[INFO] finished tweaking git repo https://github.com/denoland/deno_config
[INFO] tweaked toml for git repo https://github.com/denoland/deno_config written to /workspace/builds/worker-6-tc1/source/Cargo.toml
[INFO] crate git repo https://github.com/denoland/deno_config already has a lockfile, it will not be regenerated
[INFO] running `Command { std: CARGO_HOME="/workspace/cargo-home" RUSTUP_HOME="/workspace/rustup-home" "/workspace/cargo-home/bin/cargo" "+nightly-2024-10-28" "fetch" "--manifest-path" "Cargo.toml", kill_on_drop: false }`
[INFO] [stderr]     Updating crates.io index
[INFO] [stderr]  Downloading crates ...
[INFO] [stderr]   Downloaded import_map v0.20.0
[INFO] [stderr]   Downloaded deno_package_json v0.1.2
[INFO] [stderr]   Downloaded jsonc-parser v0.26.0
[INFO] [stderr]   Downloaded deno_path_util v0.2.0
[INFO] [stderr]   Downloaded deno_semver v0.5.8
[INFO] running `Command { std: "docker" "create" "-v" "/var/lib/crater-agent-workspace/builds/worker-6-tc1/target:/opt/rustwide/target:rw,Z" "-v" "/var/lib/crater-agent-workspace/builds/worker-6-tc1/source:/opt/rustwide/workdir:ro,Z" "-v" "/var/lib/crater-agent-workspace/cargo-home:/opt/rustwide/cargo-home:ro,Z" "-v" "/var/lib/crater-agent-workspace/rustup-home:/opt/rustwide/rustup-home:ro,Z" "-e" "SOURCE_DIR=/opt/rustwide/workdir" "-e" "CARGO_TARGET_DIR=/opt/rustwide/target" "-e" "CARGO_HOME=/opt/rustwide/cargo-home" "-e" "RUSTUP_HOME=/opt/rustwide/rustup-home" "-w" "/opt/rustwide/workdir" "-m" "1610612736" "--user" "0:0" "--network" "none" "ghcr.io/rust-lang/crates-build-env/linux@sha256:4a844ea9eb2546a2d2c7022eacef16ef2e8229c7fbb2c7d4d55a9ceca922f72d" "/opt/rustwide/cargo-home/bin/cargo" "+nightly-2024-10-28" "metadata" "--no-deps" "--format-version=1", kill_on_drop: false }`
[INFO] [stdout] 8aae47a0f56598289c73adc7a48f10dd88566f30d493bcb0fc8eee405ca0ceb5
[INFO] running `Command { std: "docker" "start" "-a" "8aae47a0f56598289c73adc7a48f10dd88566f30d493bcb0fc8eee405ca0ceb5", kill_on_drop: false }`
[INFO] running `Command { std: "docker" "inspect" "8aae47a0f56598289c73adc7a48f10dd88566f30d493bcb0fc8eee405ca0ceb5", kill_on_drop: false }`
[INFO] running `Command { std: "docker" "rm" "-f" "8aae47a0f56598289c73adc7a48f10dd88566f30d493bcb0fc8eee405ca0ceb5", kill_on_drop: false }`
[INFO] [stdout] 8aae47a0f56598289c73adc7a48f10dd88566f30d493bcb0fc8eee405ca0ceb5
[INFO] running `Command { std: "docker" "create" "-v" "/var/lib/crater-agent-workspace/builds/worker-6-tc1/target:/opt/rustwide/target:rw,Z" "-v" "/var/lib/crater-agent-workspace/builds/worker-6-tc1/source:/opt/rustwide/workdir:ro,Z" "-v" "/var/lib/crater-agent-workspace/cargo-home:/opt/rustwide/cargo-home:ro,Z" "-v" "/var/lib/crater-agent-workspace/rustup-home:/opt/rustwide/rustup-home:ro,Z" "-e" "SOURCE_DIR=/opt/rustwide/workdir" "-e" "CARGO_TARGET_DIR=/opt/rustwide/target" "-e" "CARGO_INCREMENTAL=0" "-e" "RUST_BACKTRACE=full" "-e" "RUSTFLAGS=--cap-lints=forbid" "-e" "RUSTDOCFLAGS=--cap-lints=forbid" "-e" "CARGO_HOME=/opt/rustwide/cargo-home" "-e" "RUSTUP_HOME=/opt/rustwide/rustup-home" "-w" "/opt/rustwide/workdir" "-m" "1610612736" "--user" "0:0" "--network" "none" "ghcr.io/rust-lang/crates-build-env/linux@sha256:4a844ea9eb2546a2d2c7022eacef16ef2e8229c7fbb2c7d4d55a9ceca922f72d" "/opt/rustwide/cargo-home/bin/cargo" "+nightly-2024-10-28" "build" "--frozen" "--message-format=json", kill_on_drop: false }`
[INFO] [stdout] b0ee625b959e0a3a865102497956e7a0998274f6183f3fc55531a95af30a5979
[INFO] running `Command { std: "docker" "start" "-a" "b0ee625b959e0a3a865102497956e7a0998274f6183f3fc55531a95af30a5979", kill_on_drop: false }`
[INFO] [stderr]    Compiling proc-macro2 v1.0.78
[INFO] [stderr]    Compiling unicode-ident v1.0.11
[INFO] [stderr]    Compiling serde v1.0.197
[INFO] [stderr]    Compiling tinyvec_macros v0.1.1
[INFO] [stderr]    Compiling percent-encoding v2.3.0
[INFO] [stderr]    Compiling unicode-bidi v0.3.13
[INFO] [stderr]    Compiling hashbrown v0.14.5
[INFO] [stderr]    Compiling serde_json v1.0.114
[INFO] [stderr]    Compiling equivalent v1.0.1
[INFO] [stderr]    Compiling memchr v2.7.1
[INFO] [stderr]    Compiling thiserror v1.0.61
[INFO] [stderr]    Compiling crossbeam-utils v0.8.20
[INFO] [stderr]    Compiling siphasher v0.3.11
[INFO] [stderr]    Compiling rand_core v0.6.4
[INFO] [stderr]    Compiling ryu v1.0.15
[INFO] [stderr]    Compiling itoa v1.0.9
[INFO] [stderr]    Compiling tinyvec v1.6.0
[INFO] [stderr]    Compiling log v0.4.20
[INFO] [stderr]    Compiling regex-syntax v0.8.4
[INFO] [stderr]    Compiling form_urlencoded v1.2.0
[INFO] [stderr]    Compiling phf_shared v0.11.2
[INFO] [stderr]    Compiling anyhow v1.0.75
[INFO] [stderr]    Compiling monch v0.5.0
[INFO] [stderr]    Compiling rand v0.8.5
[INFO] [stderr]    Compiling once_cell v1.19.0
[INFO] [stderr]    Compiling same-file v1.0.6
[INFO] [stderr]    Compiling walkdir v2.5.0
[INFO] [stderr]    Compiling glob v0.3.1
[INFO] [stderr]    Compiling aho-corasick v1.1.3
[INFO] [stderr]    Compiling bstr v1.9.1
[INFO] [stderr]    Compiling quote v1.0.35
[INFO] [stderr]    Compiling crossbeam-epoch v0.9.18
[INFO] [stderr]    Compiling syn v2.0.50
[INFO] [stderr]    Compiling crossbeam-deque v0.8.5
[INFO] [stderr]    Compiling phf_generator v0.11.2
[INFO] [stderr]    Compiling unicode-normalization v0.1.22
[INFO] [stderr]    Compiling idna v0.4.0
[INFO] [stderr]    Compiling regex-automata v0.4.7
[INFO] [stderr]    Compiling serde_derive v1.0.197
[INFO] [stderr]    Compiling thiserror-impl v1.0.61
[INFO] [stderr]    Compiling phf_macros v0.11.2
[INFO] [stderr]    Compiling globset v0.4.14
[INFO] [stderr]    Compiling ignore v0.4.22
[INFO] [stderr]    Compiling phf v0.11.2
[INFO] [stderr]    Compiling url v2.4.0
[INFO] [stderr]    Compiling indexmap v2.2.3
[INFO] [stderr]    Compiling deno_semver v0.5.8
[INFO] [stderr]    Compiling deno_path_util v0.2.0
[INFO] [stderr]    Compiling jsonc-parser v0.26.0
[INFO] [stderr]    Compiling import_map v0.20.0
[INFO] [stderr]    Compiling deno_package_json v0.1.2
[INFO] [stderr]    Compiling deno_config v0.38.0 (/opt/rustwide/workdir)
[INFO] [stderr]     Finished `dev` profile [unoptimized + debuginfo] target(s) in 12.52s
[INFO] running `Command { std: "docker" "inspect" "b0ee625b959e0a3a865102497956e7a0998274f6183f3fc55531a95af30a5979", kill_on_drop: false }`
[INFO] running `Command { std: "docker" "rm" "-f" "b0ee625b959e0a3a865102497956e7a0998274f6183f3fc55531a95af30a5979", kill_on_drop: false }`
[INFO] [stdout] b0ee625b959e0a3a865102497956e7a0998274f6183f3fc55531a95af30a5979
[INFO] running `Command { std: "docker" "create" "-v" "/var/lib/crater-agent-workspace/builds/worker-6-tc1/target:/opt/rustwide/target:rw,Z" "-v" "/var/lib/crater-agent-workspace/builds/worker-6-tc1/source:/opt/rustwide/workdir:ro,Z" "-v" "/var/lib/crater-agent-workspace/cargo-home:/opt/rustwide/cargo-home:ro,Z" "-v" "/var/lib/crater-agent-workspace/rustup-home:/opt/rustwide/rustup-home:ro,Z" "-e" "SOURCE_DIR=/opt/rustwide/workdir" "-e" "CARGO_TARGET_DIR=/opt/rustwide/target" "-e" "CARGO_INCREMENTAL=0" "-e" "RUST_BACKTRACE=full" "-e" "RUSTFLAGS=--cap-lints=forbid" "-e" "RUSTDOCFLAGS=--cap-lints=forbid" "-e" "CARGO_HOME=/opt/rustwide/cargo-home" "-e" "RUSTUP_HOME=/opt/rustwide/rustup-home" "-w" "/opt/rustwide/workdir" "-m" "1610612736" "--user" "0:0" "--network" "none" "ghcr.io/rust-lang/crates-build-env/linux@sha256:4a844ea9eb2546a2d2c7022eacef16ef2e8229c7fbb2c7d4d55a9ceca922f72d" "/opt/rustwide/cargo-home/bin/cargo" "+nightly-2024-10-28" "test" "--frozen" "--no-run" "--message-format=json", kill_on_drop: false }`
[INFO] [stdout] 75d8919b77212d051856bc46e425f61c897f118e0494929fe52af19b8a2fe142
[INFO] running `Command { std: "docker" "start" "-a" "75d8919b77212d051856bc46e425f61c897f118e0494929fe52af19b8a2fe142", kill_on_drop: false }`
[INFO] [stderr]    Compiling rustix v0.38.30
[INFO] [stderr]    Compiling bitflags v2.4.1
[INFO] [stderr]    Compiling linux-raw-sys v0.4.12
[INFO] [stderr]    Compiling fastrand v2.0.1
[INFO] [stderr]    Compiling diff v0.1.13
[INFO] [stderr]    Compiling cfg-if v1.0.0
[INFO] [stderr]    Compiling yansi v0.5.1
[INFO] [stderr]    Compiling pretty_assertions v1.4.0
[INFO] [stderr]    Compiling tempfile v3.9.0
[INFO] [stderr]    Compiling deno_config v0.38.0 (/opt/rustwide/workdir)
[INFO] [stderr]     Finished `test` profile [unoptimized + debuginfo] target(s) in 5.74s
[INFO] running `Command { std: "docker" "inspect" "75d8919b77212d051856bc46e425f61c897f118e0494929fe52af19b8a2fe142", kill_on_drop: false }`
[INFO] running `Command { std: "docker" "rm" "-f" "75d8919b77212d051856bc46e425f61c897f118e0494929fe52af19b8a2fe142", kill_on_drop: false }`
[INFO] [stdout] 75d8919b77212d051856bc46e425f61c897f118e0494929fe52af19b8a2fe142
[INFO] running `Command { std: "docker" "create" "-v" "/var/lib/crater-agent-workspace/builds/worker-6-tc1/target:/opt/rustwide/target:rw,Z" "-v" "/var/lib/crater-agent-workspace/builds/worker-6-tc1/source:/opt/rustwide/workdir:ro,Z" "-v" "/var/lib/crater-agent-workspace/cargo-home:/opt/rustwide/cargo-home:ro,Z" "-v" "/var/lib/crater-agent-workspace/rustup-home:/opt/rustwide/rustup-home:ro,Z" "-e" "SOURCE_DIR=/opt/rustwide/workdir" "-e" "CARGO_TARGET_DIR=/opt/rustwide/target" "-e" "CARGO_INCREMENTAL=0" "-e" "RUST_BACKTRACE=full" "-e" "RUSTFLAGS=--cap-lints=forbid" "-e" "RUSTDOCFLAGS=--cap-lints=forbid" "-e" "CARGO_HOME=/opt/rustwide/cargo-home" "-e" "RUSTUP_HOME=/opt/rustwide/rustup-home" "-w" "/opt/rustwide/workdir" "-m" "1610612736" "--user" "0:0" "--network" "none" "ghcr.io/rust-lang/crates-build-env/linux@sha256:4a844ea9eb2546a2d2c7022eacef16ef2e8229c7fbb2c7d4d55a9ceca922f72d" "/opt/rustwide/cargo-home/bin/cargo" "+nightly-2024-10-28" "test" "--frozen", kill_on_drop: false }`
[INFO] [stdout] b25d4748bb150cb91e2df7dca7e615226ab90e98610c9946b105449ff356a259
[INFO] running `Command { std: "docker" "start" "-a" "b25d4748bb150cb91e2df7dca7e615226ab90e98610c9946b105449ff356a259", kill_on_drop: false }`
[INFO] [stderr]     Finished `test` profile [unoptimized + debuginfo] target(s) in 0.05s
[INFO] [stderr]      Running unittests src/lib.rs (/opt/rustwide/target/debug/deps/deno_config-e656482c13d63a30)
[INFO] [stdout] 
[INFO] [stdout] running 141 tests
[INFO] [stdout] test deno_json::tests::files_pattern_matches_remote ... ok
[INFO] [stdout] test deno_json::tests::include_config_path_on_error ... ok
[INFO] [stdout] test deno_json::tests::node_modules_dir_mode ... ok
[INFO] [stdout] test deno_json::tests::exports ... ok
[INFO] [stdout] test deno_json::tests::read_config_file_absolute ... ok
[INFO] [stdout] test deno_json::tests::lock_object ... ok
[INFO] [stdout] test deno_json::tests::resolve_export_value_urls ... ok
[INFO] [stdout] test deno_json::tests::resolve_lockfile_path_from_unix_path ... ok
[INFO] [stdout] test deno_json::tests::resolve_import_map_url_parent ... ok
[INFO] [stdout] test deno_json::tests::task_name_empty ... ok
[INFO] [stdout] test deno_json::tests::exports_errors ... ok
[INFO] [stdout] test deno_json::tests::task_name_invalid_chars ... ok
[INFO] [stdout] test deno_json::tests::task_comments ... ok
[INFO] [stdout] test deno_json::tests::task_name_non_alpha_starting_char ... ok
[INFO] [stdout] test deno_json::tests::test_jsx_import_source_only ... ok
[INFO] [stdout] test deno_json::tests::test_is_package ... ok
[INFO] [stdout] test deno_json::tests::test_jsx_invalid_setting ... ok
[INFO] [stdout] test deno_json::tests::test_jsx_import_source_valid ... ok
[INFO] [stdout] test deno_json::tests::test_jsx_import_source_types_only ... ok
[INFO] [stdout] test deno_json::tests::test_jsx_precompile_skip_setting ... ok
[INFO] [stdout] test deno_json::tests::test_parse_config_with_commented_file ... ok
[INFO] [stdout] test deno_json::tests::test_parse_config_with_empty_file ... ok
[INFO] [stdout] test deno_json::tests::test_parse_config_publish ... ok
[INFO] [stdout] test deno_json::tests::test_parse_config ... ok
[INFO] [stdout] test deno_json::tests::test_to_import_map_import_map_entry ... ok
[INFO] [stdout] test deno_json::tests::test_parse_config_with_not_object_file ... ok
[INFO] [stdout] test deno_json::ts::tests::test_json_merge ... ok
[INFO] [stdout] test deno_json::tests::test_parse_config_with_deprecated_fmt_options ... ok
[INFO] [stdout] test deno_json::ts::tests::test_tsconfig_as_bytes ... ok
[INFO] [stdout] test deno_json::tests::test_to_import_map_imports_entry ... ok
[INFO] [stdout] test deno_json::tests::test_parse_config_with_global_files ... ok
[INFO] [stdout] test deno_json::tests::test_to_import_map_scopes_entry ... ok
[INFO] [stdout] test deno_json::tests::test_parse_config_with_invalid_file ... ok
[INFO] [stdout] test deno_json::tests::test_to_import_map_from_imports ... ok
[INFO] [stdout] test deno_json::tests::test_parse_config_with_global_files_only ... ok
[INFO] [stdout] test glob::test::file_patterns_exclude ... ok
[INFO] [stdout] test glob::test::file_patterns_include ... ok
[INFO] [stdout] test glob::test::file_patterns_include_excluded ... ok
[INFO] [stdout] test glob::test::file_patterns_opposite_incorrect_excluded_include ... ok
[INFO] [stdout] test glob::test::file_patterns_split_by_base_dir_opposite_exclude ... ok
[INFO] [stdout] test glob::test::from_relative_specifier ... ok
[INFO] [stdout] test glob::test::file_patterns_include_exclude ... ok
[INFO] [stdout] test glob::test::file_patterns_split_by_base_dir ... ok
[INFO] [stdout] test glob::test::file_patterns_split_by_base_dir_unexcluded ... ok
[INFO] [stdout] test glob::test::negated_globs ... ok
[INFO] [stdout] test glob::test::from_relative ... ok
[INFO] [stdout] test glob::test::file_patterns_split_by_base_dir_unexcluded_with_glob_includes ... ok
[INFO] [stdout] test glob::test::new_ctor ... ok
[INFO] [stdout] test glob::test::file_patterns_split_by_base_dir_exclude_unexcluded_and_glob ... ok
[INFO] [stdout] test glob::test::file_patterns_split_by_base_dir_unexcluded_with_path_includes ... ok
[INFO] [stdout] test glob::test::test_is_glob_pattern ... ok
[INFO] [stdout] test glob::test::from_relative_dot_slash ... ok
[INFO] [stdout] test workspace::resolver::test::resolve_workspace_pkg_json_workspace_deno_json_import_map ... ok
[INFO] [stdout] test workspace::resolver::test::resolve_workspace_pkg_json_folder ... ok
[INFO] [stdout] test workspace::resolver::test::pkg_json_resolution ... ok
[INFO] [stdout] test workspace::resolver::test::resolves_patch_member_no_version ... ok
[INFO] [stdout] test workspace::resolver::test::resolves_patch_member_with_version ... ok
[INFO] [stdout] test workspace::resolver::test::single_pkg_no_import_map ... ok
[INFO] [stdout] test workspace::resolver::test::workspace_specified_import_map ... ok
[INFO] [stdout] test workspace::resolver::test::resolves_workspace_member ... ok
[INFO] [stdout] test workspace::resolver::test::resolves_patch_workspace ... ok
[INFO] [stdout] test workspace::test::test_config_not_deno_workspace_member_non_natural_config_file_name ... ok
[INFO] [stdout] test glob::collector::test::test_collect_files ... ok
[INFO] [stdout] test workspace::test::test_config_workspace ... ok
[INFO] [stdout] test workspace::test::deno_workspace_discovery_workspace_cache ... ok
[INFO] [stdout] test workspace::resolver::test::specified_import_map ... ok
[INFO] [stdout] test workspace::test::test_config_workspace_non_natural_config_file_name ... ok
[INFO] [stdout] test workspace::test::test_deno_workspace_member_deno_json_member_name ... ok
[INFO] [stdout] test workspace::test::test_deno_workspace_member_no_config_file_error ... ok
[INFO] [stdout] test workspace::test::npm_workspace_discovery_workspace_cache ... ok
[INFO] [stdout] test workspace::test::test_deno_workspace_globs ... ok
[INFO] [stdout] test glob::gitignore::test::git_ignore_tree ... ok
[INFO] [stdout] test workspace::test::test_deno_member_not_referenced_in_deno_workspace ... ok
[INFO] [stdout] test workspace::test::test_duplicate_members ... ok
[INFO] [stdout] test workspace::test::test_empty_workspaces ... ok
[INFO] [stdout] test workspace::test::test_imports_with_import_map ... ok
[INFO] [stdout] test workspace::test::test_lock_path ... ok
[INFO] [stdout] test workspace::test::test_deno_workspace_negations ... ok
[INFO] [stdout] test workspace::test::test_multiple_pkgs_same_name ... ok
[INFO] [stdout] test workspace::test::test_multiple_workspaces_npm_package_referenced_in_package_json_workspace ... ok
[INFO] [stdout] test workspace::test::test_npm_package_not_referenced_in_deno_workspace ... ok
[INFO] [stdout] test workspace::test::test_npm_workspace_ignore_pkg_json_between_member_and_root ... ok
[INFO] [stdout] test workspace::test::test_no_auto_discovery_node_modules_dir ... ok
[INFO] [stdout] test workspace::test::test_npm_workspace_member_deno_json_error ... ok
[INFO] [stdout] test workspace::test::test_npm_workspace_ignore_deno_json_between_member_and_root ... ok
[INFO] [stdout] test workspace::test::test_npm_workspace_globs ... ok
[INFO] [stdout] test workspace::test::test_npm_workspace_package_json_and_deno_json_ok ... ok
[INFO] [stdout] test workspace::test::test_npm_workspace_member_no_config_file_error ... ok
[INFO] [stdout] test workspace::test::test_npm_workspace_ignores_vendor_folder ... ok
[INFO] [stdout] test workspace::test::test_npm_workspace_start_deno_json_part_of_workspace ... ok
[INFO] [stdout] test workspace::test::test_npm_workspace_self_reference_and_duplicate_references_ok ... ok
[INFO] [stdout] test workspace::test::test_npm_workspace_start_deno_json_part_of_workspace_sub_folder ... ok
[INFO] [stdout] test workspace::test::test_npm_workspace_negations ... ok
[INFO] [stdout] test workspace::test::test_npm_workspace_start_deno_json_part_of_workspace_sub_folder_other_deno_json ... ok
[INFO] [stdout] test workspace::test::test_packages_for_publish_non_workspace ... ok
[INFO] [stdout] test workspace::test::test_npm_workspace_start_package_json_not_in_workspace ... ok
[INFO] [stdout] test workspace::test::test_packages_for_publish_root_not_package ... ok
[INFO] [stdout] test workspace::test::test_npm_workspace_start_deno_json_not_in_workspace ... ok
[INFO] [stdout] test workspace::test::test_patch_not_exists ... ok
[INFO] [stdout] test workspace::test::test_packages_for_publish_root_is_package ... ok
[INFO] [stdout] test workspace::test::test_patch_of_patch ... ok
[INFO] [stdout] test workspace::test::test_patch_npm_package ... ok
[INFO] [stdout] test workspace::test::test_patch_workspace_member ... ok
[INFO] [stdout] test workspace::test::test_resolve_config_for_members_excluded_member_unexcluded_sub_dir ... ok
[INFO] [stdout] test workspace::test::test_resolve_multiple_dirs_outside_workspace ... ok
[INFO] [stdout] test workspace::test::test_root_member_bench_combinations ... ok
[INFO] [stdout] test workspace::test::test_packages_for_publish_npm_workspace ... ok
[INFO] [stdout] test workspace::test::test_resolve_multiple_dirs ... ok
[INFO] [stdout] test workspace::test::test_packages_for_publish_workspace ... ok
[INFO] [stdout] test workspace::test::test_resolve_multiple_dirs_outside_config ... ok
[INFO] [stdout] test workspace::test::test_resolve_config_for_members_excluded_member ... ok
[INFO] [stdout] test workspace::test::test_root_member_exclude ... ok
[INFO] [stdout] test workspace::test::test_root_member_compiler_options ... ok
[INFO] [stdout] test workspace::test::test_root_member_empty_config_resolves_excluded_members ... ok
[INFO] [stdout] test workspace::test::test_root_member_import_map ... ok
[INFO] [stdout] test workspace::test::test_root_member_pkg_only_fields_on_workspace_root ... ok
[INFO] [stdout] test workspace::test::test_root_member_patch ... ok
[INFO] [stdout] test workspace::test::test_root_member_publish_combinations ... ok
[INFO] [stdout] test workspace::test::test_root_member_fmt_combinations ... ok
[INFO] [stdout] test workspace::test::test_root_member_lint_combinations ... ok
[INFO] [stdout] test workspace::test::test_root_member_imports_and_scopes ... ok
[INFO] [stdout] test workspace::test::test_root_member_workspace_on_member ... ok
[INFO] [stdout] test workspace::test::test_specified_config_file_same_dir_discoverable_config_file ... ok
[INFO] [stdout] test workspace::test::test_root_member_test_combinations ... ok
[INFO] [stdout] test workspace::test::test_root_member_node_modules_dir_suggestions ... ok
[INFO] [stdout] test workspace::test::test_root_member_root_only_in_member ... ok
[INFO] [stdout] test workspace::test::test_workspaces_json_jsonc ... ok
[INFO] [stdout] test workspace::test::test_workspaces_outside_root_config_dir ... ok
[INFO] [stdout] test workspace::test::test_workspaces_missing_exports ... ok
[INFO] [stdout] test workspace::test::test_workspace_invalid_self_reference ... ok
[INFO] [stdout] test workspace::test::test_workspaces_property ... ok
[INFO] [stdout] test workspace::test::test_split_cli_args_by_deno_json_folder ... ok
[INFO] [stdout] test workspace::test::test_split_cli_args_by_deno_json_folder_no_config ... ok
[INFO] [stdout] test workspace::test::test_tasks ... ok
[INFO] [stdout] test workspace::test::workspace_discovery_deno_json_cache ... ok
[INFO] [stdout] test workspace::test::workspace_discovery_pkg_json_cache ... ok
[INFO] [stdout] test workspace::test::workspace_discovery_workspace_cache ... ok
[INFO] [stdout] test workspace::test::test_resolve_config_for_members_include_root_and_sub_member ... ok
[INFO] [stdout] test deno_json::tests::test_to_import_map_import_map_remote ... ok
[INFO] [stdout] test deno_json::tests::test_parse_config_exclude_lower_priority_glob ... FAILED
[INFO] [stdout] test deno_json::tests::test_parse_config_exclude_lower_priority_path ... FAILED
[INFO] [stdout] 
[INFO] [stdout] failures:
[INFO] [stdout] 
[INFO] [stdout] ---- deno_json::tests::test_parse_config_exclude_lower_priority_glob stdout ----
[INFO] [stdout] thread 'deno_json::tests::test_parse_config_exclude_lower_priority_glob' panicked at src/deno_json/mod.rs:1856:5:
[INFO] [stdout] assertion failed: `(left == right)`
[INFO] [stdout] 
[INFO] [stdout] [1mDiff[0m [31m< left[0m / [32mright >[0m :
[INFO] [stdout]  Invalid lint config.
[INFO] [stdout]  
[INFO] [stdout]  Caused by:
[INFO] [stdout]      0: Invalid exclude.
[INFO] [stdout]      1: The negation of '!dist/data/**/*.ts' is never reached due to the higher priority 'dist/' exclude. Move '!dist/data/**/*.ts' after 'dist/'.
[INFO] [stdout] [31m<[0m
[INFO] [stdout] [31m<Stack backtrace:[0m
[INFO] [stdout] [31m<   0: anyhow::error::<impl anyhow::Error>::msg[0m
[INFO] [stdout] [31m<             at /opt/rustwide/cargo-home/registry/src/index.crates.io-6f17d22bba15001f/anyhow-1.0.75/src/backtrace.rs:27:14[0m
[INFO] [stdout] [31m<   1: deno_config::glob::PathOrPatternSet::from_exclude_relative_path_or_patterns::validate_entry[0m
[INFO] [stdout] [31m<             at ./src/glob/mod.rs:356:11[0m
[INFO] [stdout] [31m<   2: deno_config::glob::PathOrPatternSet::from_exclude_relative_path_or_patterns[0m
[INFO] [stdout] [31m<             at ./src/glob/mod.rs:376:11[0m
[INFO] [stdout] [31m<   3: deno_config::deno_json::SerializedFilesConfig::into_resolved[0m
[INFO] [stdout] [31m<             at ./src/deno_json/mod.rs:81:16[0m
[INFO] [stdout] [31m<   4: deno_config::deno_json::SerializedLintConfig::into_resolved[0m
[INFO] [stdout] [31m<             at ./src/deno_json/mod.rs:117:14[0m
[INFO] [stdout] [31m<   5: deno_config::deno_json::ConfigFile::to_lint_config[0m
[INFO] [stdout] [31m<             at ./src/deno_json/mod.rs:1267:9[0m
[INFO] [stdout] [31m<   6: deno_config::deno_json::tests::test_parse_config_exclude_lower_priority_glob[0m
[INFO] [stdout] [31m<             at ./src/deno_json/mod.rs:1855:15[0m
[INFO] [stdout] [31m<   7: deno_config::deno_json::tests::test_parse_config_exclude_lower_priority_glob::{{closure}}[0m
[INFO] [stdout] [31m<             at ./src/deno_json/mod.rs:1841:53[0m
[INFO] [stdout] [31m<   8: core::ops::function::FnOnce::call_once[0m
[INFO] [stdout] [31m<             at /rustc/df4ca44d3fbc9301ee17f30f4d474e6ae4b05252/library/core/src/ops/function.rs:250:5[0m
[INFO] [stdout] [31m<   9: core::ops::function::FnOnce::call_once[0m
[INFO] [stdout] [31m<             at /rustc/df4ca44d3fbc9301ee17f30f4d474e6ae4b05252/library/core/src/ops/function.rs:250:5[0m
[INFO] [stdout] [31m<  10: test::__rust_begin_short_backtrace[0m
[INFO] [stdout] [31m<             at /rustc/df4ca44d3fbc9301ee17f30f4d474e6ae4b05252/library/test/src/lib.rs:621:18[0m
[INFO] [stdout] [31m<  11: test::run_test_in_process::{{closure}}[0m
[INFO] [stdout] [31m<             at /rustc/df4ca44d3fbc9301ee17f30f4d474e6ae4b05252/library/test/src/lib.rs:644:60[0m
[INFO] [stdout] [31m<  12: <core::panic::unwind_safe::AssertUnwindSafe<F> as core::ops::function::FnOnce<()>>::call_once[0m
[INFO] [stdout] [31m<             at /rustc/df4ca44d3fbc9301ee17f30f4d474e6ae4b05252/library/core/src/panic/unwind_safe.rs:272:9[0m
[INFO] [stdout] [31m<  13: std::panicking::try::do_call[0m
[INFO] [stdout] [31m<             at /rustc/df4ca44d3fbc9301ee17f30f4d474e6ae4b05252/library/std/src/panicking.rs:557:40[0m
[INFO] [stdout] [31m<  14: std::panicking::try[0m
[INFO] [stdout] [31m<             at /rustc/df4ca44d3fbc9301ee17f30f4d474e6ae4b05252/library/std/src/panicking.rs:520:19[0m
[INFO] [stdout] [31m<  15: std::panic::catch_unwind[0m
[INFO] [stdout] [31m<             at /rustc/df4ca44d3fbc9301ee17f30f4d474e6ae4b05252/library/std/src/panic.rs:358:14[0m
[INFO] [stdout] [31m<  16: test::run_test_in_process[0m
[INFO] [stdout] [31m<             at /rustc/df4ca44d3fbc9301ee17f30f4d474e6ae4b05252/library/test/src/lib.rs:644:27[0m
[INFO] [stdout] [31m<  17: test::run_test::{{closure}}[0m
[INFO] [stdout] [31m<             at /rustc/df4ca44d3fbc9301ee17f30f4d474e6ae4b05252/library/test/src/lib.rs:565:43[0m
[INFO] [stdout] [31m<  18: test::run_test::{{closure}}[0m
[INFO] [stdout] [31m<             at /rustc/df4ca44d3fbc9301ee17f30f4d474e6ae4b05252/library/test/src/lib.rs:595:41[0m
[INFO] [stdout] [31m<  19: std::sys::backtrace::__rust_begin_short_backtrace[0m
[INFO] [stdout] [31m<             at /rustc/df4ca44d3fbc9301ee17f30f4d474e6ae4b05252/library/std/src/sys/backtrace.rs:154:18[0m
[INFO] [stdout] [31m<  20: std::thread::Builder::spawn_unchecked_::{{closure}}::{{closure}}[0m
[INFO] [stdout] [31m<             at /rustc/df4ca44d3fbc9301ee17f30f4d474e6ae4b05252/library/std/src/thread/mod.rs:541:17[0m
[INFO] [stdout] [31m<  21: <core::panic::unwind_safe::AssertUnwindSafe<F> as core::ops::function::FnOnce<()>>::call_once[0m
[INFO] [stdout] [31m<             at /rustc/df4ca44d3fbc9301ee17f30f4d474e6ae4b05252/library/core/src/panic/unwind_safe.rs:272:9[0m
[INFO] [stdout] [31m<  22: std::panicking::try::do_call[0m
[INFO] [stdout] [31m<             at /rustc/df4ca44d3fbc9301ee17f30f4d474e6ae4b05252/library/std/src/panicking.rs:557:40[0m
[INFO] [stdout] [31m<  23: std::panicking::try[0m
[INFO] [stdout] [31m<             at /rustc/df4ca44d3fbc9301ee17f30f4d474e6ae4b05252/library/std/src/panicking.rs:520:19[0m
[INFO] [stdout] [31m<  24: std::panic::catch_unwind[0m
[INFO] [stdout] [31m<             at /rustc/df4ca44d3fbc9301ee17f30f4d474e6ae4b05252/library/std/src/panic.rs:358:14[0m
[INFO] [stdout] [31m<  25: std::thread::Builder::spawn_unchecked_::{{closure}}[0m
[INFO] [stdout] [31m<             at /rustc/df4ca44d3fbc9301ee17f30f4d474e6ae4b05252/library/std/src/thread/mod.rs:540:30[0m
[INFO] [stdout] [31m<  26: core::ops::function::FnOnce::call_once{{vtable.shim}}[0m
[INFO] [stdout] [31m<             at /rustc/df4ca44d3fbc9301ee17f30f4d474e6ae4b05252/library/core/src/ops/function.rs:250:5[0m
[INFO] [stdout] [31m<  27: <alloc::boxed::Box<F,A> as core::ops::function::FnOnce<Args>>::call_once[0m
[INFO] [stdout] [31m<             at /rustc/df4ca44d3fbc9301ee17f30f4d474e6ae4b05252/library/alloc/src/boxed.rs:2454:9[0m
[INFO] [stdout] [31m<  28: <alloc::boxed::Box<F,A> as core::ops::function::FnOnce<Args>>::call_once[0m
[INFO] [stdout] [31m<             at /rustc/df4ca44d3fbc9301ee17f30f4d474e6ae4b05252/library/alloc/src/boxed.rs:2454:9[0m
[INFO] [stdout] [31m<  29: std::sys::pal::unix::thread::Thread::new::thread_start[0m
[INFO] [stdout] [31m<             at /rustc/df4ca44d3fbc9301ee17f30f4d474e6ae4b05252/library/std/src/sys/pal/unix/thread.rs:105:17[0m
[INFO] [stdout] [31m<  30: <unknown>[0m
[INFO] [stdout] [31m<  31: clone[0m
[INFO] [stdout] 
[INFO] [stdout] 
[INFO] [stdout] stack backtrace:
[INFO] [stdout]    0:     0x56e7ddf6fdda - std::backtrace_rs::backtrace::libunwind::trace::h207520d6e9873551
[INFO] [stdout]                                at /rustc/df4ca44d3fbc9301ee17f30f4d474e6ae4b05252/library/std/src/../../backtrace/src/backtrace/libunwind.rs:116:5
[INFO] [stdout]    1:     0x56e7ddf6fdda - std::backtrace_rs::backtrace::trace_unsynchronized::h2ed7433f370e3eca
[INFO] [stdout]                                at /rustc/df4ca44d3fbc9301ee17f30f4d474e6ae4b05252/library/std/src/../../backtrace/src/backtrace/mod.rs:66:5
[INFO] [stdout]    2:     0x56e7ddf6fdda - std::sys::backtrace::_print_fmt::h916fac51166b18d7
[INFO] [stdout]                                at /rustc/df4ca44d3fbc9301ee17f30f4d474e6ae4b05252/library/std/src/sys/backtrace.rs:66:9
[INFO] [stdout]    3:     0x56e7ddf6fdda - <std::sys::backtrace::BacktraceLock::print::DisplayBacktrace as core::fmt::Display>::fmt::ha0a4c9b8ce3802e6
[INFO] [stdout]                                at /rustc/df4ca44d3fbc9301ee17f30f4d474e6ae4b05252/library/std/src/sys/backtrace.rs:39:26
[INFO] [stdout]    4:     0x56e7ddf99ac3 - core::fmt::rt::Argument::fmt::h4cfc8587d52b3eb5
[INFO] [stdout]                                at /rustc/df4ca44d3fbc9301ee17f30f4d474e6ae4b05252/library/core/src/fmt/rt.rs:177:76
[INFO] [stdout]    5:     0x56e7ddf99ac3 - core::fmt::write::h522cc39e5b36ae9f
[INFO] [stdout]                                at /rustc/df4ca44d3fbc9301ee17f30f4d474e6ae4b05252/library/core/src/fmt/mod.rs:1190:21
[INFO] [stdout]    6:     0x56e7ddf6bee3 - std::io::Write::write_fmt::h7d3c26752da97734
[INFO] [stdout]                                at /rustc/df4ca44d3fbc9301ee17f30f4d474e6ae4b05252/library/std/src/io/mod.rs:1839:15
[INFO] [stdout]    7:     0x56e7ddf6fc22 - std::sys::backtrace::BacktraceLock::print::h4b9e00b29e9c0942
[INFO] [stdout]                                at /rustc/df4ca44d3fbc9301ee17f30f4d474e6ae4b05252/library/std/src/sys/backtrace.rs:42:9
[INFO] [stdout]    8:     0x56e7ddf7126a - std::panicking::default_hook::{{closure}}::hb59b88280d0324d9
[INFO] [stdout]                                at /rustc/df4ca44d3fbc9301ee17f30f4d474e6ae4b05252/library/std/src/panicking.rs:268:22
[INFO] [stdout]    9:     0x56e7ddf71074 - std::panicking::default_hook::he1dd496665be4a29
[INFO] [stdout]                                at /rustc/df4ca44d3fbc9301ee17f30f4d474e6ae4b05252/library/std/src/panicking.rs:292:9
[INFO] [stdout]   10:     0x56e7dddec489 - <alloc::boxed::Box<F,A> as core::ops::function::Fn<Args>>::call::h4ff71de18744e1dc
[INFO] [stdout]                                at /rustc/df4ca44d3fbc9301ee17f30f4d474e6ae4b05252/library/alloc/src/boxed.rs:2468:9
[INFO] [stdout]   11:     0x56e7dddec489 - test::test_main::{{closure}}::hcf7c055ce117aa81
[INFO] [stdout]                                at /rustc/df4ca44d3fbc9301ee17f30f4d474e6ae4b05252/library/test/src/lib.rs:133:21
[INFO] [stdout]   12:     0x56e7ddf71968 - <alloc::boxed::Box<F,A> as core::ops::function::Fn<Args>>::call::h1d66c6bbd60c9692
[INFO] [stdout]                                at /rustc/df4ca44d3fbc9301ee17f30f4d474e6ae4b05252/library/alloc/src/boxed.rs:2468:9
[INFO] [stdout]   13:     0x56e7ddf71968 - std::panicking::rust_panic_with_hook::h2ff17fe8f26dfcf8
[INFO] [stdout]                                at /rustc/df4ca44d3fbc9301ee17f30f4d474e6ae4b05252/library/std/src/panicking.rs:809:13
[INFO] [stdout]   14:     0x56e7ddf7172a - std::panicking::begin_panic_handler::{{closure}}::h4fad77951c07e101
[INFO] [stdout]                                at /rustc/df4ca44d3fbc9301ee17f30f4d474e6ae4b05252/library/std/src/panicking.rs:674:13
[INFO] [stdout]   15:     0x56e7ddf702b9 - std::sys::backtrace::__rust_end_short_backtrace::hb1a25b3da5d0ea08
[INFO] [stdout]                                at /rustc/df4ca44d3fbc9301ee17f30f4d474e6ae4b05252/library/std/src/sys/backtrace.rs:170:18
[INFO] [stdout]   16:     0x56e7ddf713bc - rust_begin_unwind
[INFO] [stdout]                                at /rustc/df4ca44d3fbc9301ee17f30f4d474e6ae4b05252/library/std/src/panicking.rs:665:5
[INFO] [stdout]   17:     0x56e7ddf97ed0 - core::panicking::panic_fmt::ha9db07b529f9b256
[INFO] [stdout]                                at /rustc/df4ca44d3fbc9301ee17f30f4d474e6ae4b05252/library/core/src/panicking.rs:75:14
[INFO] [stdout]   18:     0x56e7dd9b8fcb - deno_config::deno_json::tests::test_parse_config_exclude_lower_priority_glob::hb9ff3dfecd25cf7f
[INFO] [stdout]                                at /opt/rustwide/workdir/src/deno_json/mod.rs:1856:5
[INFO] [stdout]   19:     0x56e7dd9b8977 - deno_config::deno_json::tests::test_parse_config_exclude_lower_priority_glob::{{closure}}::h9335adaed8530a7b
[INFO] [stdout]                                at /opt/rustwide/workdir/src/deno_json/mod.rs:1841:53
[INFO] [stdout]   20:     0x56e7dd933746 - core::ops::function::FnOnce::call_once::h831678c3c4f7f2d7
[INFO] [stdout]                                at /rustc/df4ca44d3fbc9301ee17f30f4d474e6ae4b05252/library/core/src/ops/function.rs:250:5
[INFO] [stdout]   21:     0x56e7dddf0d5b - core::ops::function::FnOnce::call_once::h22c3ba5715e93f05
[INFO] [stdout]                                at /rustc/df4ca44d3fbc9301ee17f30f4d474e6ae4b05252/library/core/src/ops/function.rs:250:5
[INFO] [stdout]   22:     0x56e7dddf0d5b - test::__rust_begin_short_backtrace::h8e82d8113d0da17f
[INFO] [stdout]                                at /rustc/df4ca44d3fbc9301ee17f30f4d474e6ae4b05252/library/test/src/lib.rs:621:18
[INFO] [stdout]   23:     0x56e7dddf06d7 - test::run_test_in_process::{{closure}}::h33235f4f20b7b7c7
[INFO] [stdout]                                at /rustc/df4ca44d3fbc9301ee17f30f4d474e6ae4b05252/library/test/src/lib.rs:644:60
[INFO] [stdout]   24:     0x56e7dddf06d7 - <core::panic::unwind_safe::AssertUnwindSafe<F> as core::ops::function::FnOnce<()>>::call_once::hb5043206310c586f
[INFO] [stdout]                                at /rustc/df4ca44d3fbc9301ee17f30f4d474e6ae4b05252/library/core/src/panic/unwind_safe.rs:272:9
[INFO] [stdout]   25:     0x56e7dddf06d7 - std::panicking::try::do_call::h9ad4731a60ab23e2
[INFO] [stdout]                                at /rustc/df4ca44d3fbc9301ee17f30f4d474e6ae4b05252/library/std/src/panicking.rs:557:40
[INFO] [stdout]   26:     0x56e7dddf06d7 - std::panicking::try::h3824d23db772a716
[INFO] [stdout]                                at /rustc/df4ca44d3fbc9301ee17f30f4d474e6ae4b05252/library/std/src/panicking.rs:520:19
[INFO] [stdout]   27:     0x56e7dddf06d7 - std::panic::catch_unwind::h5afd514605fde46b
[INFO] [stdout]                                at /rustc/df4ca44d3fbc9301ee17f30f4d474e6ae4b05252/library/std/src/panic.rs:358:14
[INFO] [stdout]   28:     0x56e7dddf06d7 - test::run_test_in_process::h0d5cbfa7067d1720
[INFO] [stdout]                                at /rustc/df4ca44d3fbc9301ee17f30f4d474e6ae4b05252/library/test/src/lib.rs:644:27
[INFO] [stdout]   29:     0x56e7dddf06d7 - test::run_test::{{closure}}::h708eb8872708115d
[INFO] [stdout]                                at /rustc/df4ca44d3fbc9301ee17f30f4d474e6ae4b05252/library/test/src/lib.rs:565:43
[INFO] [stdout]   30:     0x56e7dddb3df4 - test::run_test::{{closure}}::h392c51cee94713ab
[INFO] [stdout]                                at /rustc/df4ca44d3fbc9301ee17f30f4d474e6ae4b05252/library/test/src/lib.rs:595:41
[INFO] [stdout]   31:     0x56e7dddb3df4 - std::sys::backtrace::__rust_begin_short_backtrace::h2f40290710935a8b
[INFO] [stdout]                                at /rustc/df4ca44d3fbc9301ee17f30f4d474e6ae4b05252/library/std/src/sys/backtrace.rs:154:18
[INFO] [stdout]   32:     0x56e7dddb759e - std::thread::Builder::spawn_unchecked_::{{closure}}::{{closure}}::h3fd968d89053a903
[INFO] [stdout]                                at /rustc/df4ca44d3fbc9301ee17f30f4d474e6ae4b05252/library/std/src/thread/mod.rs:541:17
[INFO] [stdout]   33:     0x56e7dddb759e - <core::panic::unwind_safe::AssertUnwindSafe<F> as core::ops::function::FnOnce<()>>::call_once::h743f637ba4229880
[INFO] [stdout]                                at /rustc/df4ca44d3fbc9301ee17f30f4d474e6ae4b05252/library/core/src/panic/unwind_safe.rs:272:9
[INFO] [stdout]   34:     0x56e7dddb759e - std::panicking::try::do_call::h07440897322525a6
[INFO] [stdout]                                at /rustc/df4ca44d3fbc9301ee17f30f4d474e6ae4b05252/library/std/src/panicking.rs:557:40
[INFO] [stdout]   35:     0x56e7dddb759e - std::panicking::try::he5a2e00188156637
[INFO] [stdout]                                at /rustc/df4ca44d3fbc9301ee17f30f4d474e6ae4b05252/library/std/src/panicking.rs:520:19
[INFO] [stdout]   36:     0x56e7dddb759e - std::panic::catch_unwind::hbaf3cae49b3c6433
[INFO] [stdout]                                at /rustc/df4ca44d3fbc9301ee17f30f4d474e6ae4b05252/library/std/src/panic.rs:358:14
[INFO] [stdout]   37:     0x56e7dddb759e - std::thread::Builder::spawn_unchecked_::{{closure}}::h8e141ea224820bce
[INFO] [stdout]                                at /rustc/df4ca44d3fbc9301ee17f30f4d474e6ae4b05252/library/std/src/thread/mod.rs:540:30
[INFO] [stdout]   38:     0x56e7dddb759e - core::ops::function::FnOnce::call_once{{vtable.shim}}::h90d312fedd7b8ea8
[INFO] [stdout]                                at /rustc/df4ca44d3fbc9301ee17f30f4d474e6ae4b05252/library/core/src/ops/function.rs:250:5
[INFO] [stdout]   39:     0x56e7ddf764fb - <alloc::boxed::Box<F,A> as core::ops::function::FnOnce<Args>>::call_once::h69aa08ddb6adb8b6
[INFO] [stdout]                                at /rustc/df4ca44d3fbc9301ee17f30f4d474e6ae4b05252/library/alloc/src/boxed.rs:2454:9
[INFO] [stdout]   40:     0x56e7ddf764fb - <alloc::boxed::Box<F,A> as core::ops::function::FnOnce<Args>>::call_once::h5aa36efdb79c806f
[INFO] [stdout]                                at /rustc/df4ca44d3fbc9301ee17f30f4d474e6ae4b05252/library/alloc/src/boxed.rs:2454:9
[INFO] [stdout]   41:     0x56e7ddf764fb - std::sys::pal::unix::thread::Thread::new::thread_start::h6cd80a1b4be5158d
[INFO] [stdout]                                at /rustc/df4ca44d3fbc9301ee17f30f4d474e6ae4b05252/library/std/src/sys/pal/unix/thread.rs:105:17
[INFO] [stdout]   42:     0x70f101cc4ac3 - <unknown>
[INFO] [stdout]   43:     0x70f101d55a04 - clone
[INFO] [stdout]   44:                0x0 - <unknown>
[INFO] [stdout] 
[INFO] [stdout] ---- deno_json::tests::test_parse_config_exclude_lower_priority_path stdout ----
[INFO] [stdout] thread 'deno_json::tests::test_parse_config_exclude_lower_priority_path' panicked at src/deno_json/mod.rs:1830:5:
[INFO] [stdout] assertion failed: `(left == right)`
[INFO] [stdout] 
[INFO] [stdout] [1mDiff[0m [31m< left[0m / [32mright >[0m :
[INFO] [stdout]  Invalid fmt config.
[INFO] [stdout]  
[INFO] [stdout]  Caused by:
[INFO] [stdout]      0: Invalid exclude.
[INFO] [stdout]      1: The negation of '!dist/data' is never reached due to the higher priority 'dist/' exclude. Move '!dist/data' after 'dist/'.
[INFO] [stdout] [31m<[0m
[INFO] [stdout] [31m<Stack backtrace:[0m
[INFO] [stdout] [31m<   0: anyhow::error::<impl anyhow::Error>::msg[0m
[INFO] [stdout] [31m<             at /opt/rustwide/cargo-home/registry/src/index.crates.io-6f17d22bba15001f/anyhow-1.0.75/src/backtrace.rs:27:14[0m
[INFO] [stdout] [31m<   1: deno_config::glob::PathOrPatternSet::from_exclude_relative_path_or_patterns::validate_entry[0m
[INFO] [stdout] [31m<             at ./src/glob/mod.rs:356:11[0m
[INFO] [stdout] [31m<   2: deno_config::glob::PathOrPatternSet::from_exclude_relative_path_or_patterns[0m
[INFO] [stdout] [31m<             at ./src/glob/mod.rs:376:11[0m
[INFO] [stdout] [31m<   3: deno_config::deno_json::SerializedFilesConfig::into_resolved[0m
[INFO] [stdout] [31m<             at ./src/deno_json/mod.rs:81:16[0m
[INFO] [stdout] [31m<   4: deno_config::deno_json::SerializedFmtConfig::into_resolved[0m
[INFO] [stdout] [31m<             at ./src/deno_json/mod.rs:254:14[0m
[INFO] [stdout] [31m<   5: deno_config::deno_json::ConfigFile::to_fmt_config[0m
[INFO] [stdout] [31m<             at ./src/deno_json/mod.rs:1246:9[0m
[INFO] [stdout] [31m<   6: deno_config::deno_json::tests::test_parse_config_exclude_lower_priority_path[0m
[INFO] [stdout] [31m<             at ./src/deno_json/mod.rs:1829:15[0m
[INFO] [stdout] [31m<   7: deno_config::deno_json::tests::test_parse_config_exclude_lower_priority_path::{{closure}}[0m
[INFO] [stdout] [31m<             at ./src/deno_json/mod.rs:1815:53[0m
[INFO] [stdout] [31m<   8: core::ops::function::FnOnce::call_once[0m
[INFO] [stdout] [31m<             at /rustc/df4ca44d3fbc9301ee17f30f4d474e6ae4b05252/library/core/src/ops/function.rs:250:5[0m
[INFO] [stdout] [31m<   9: core::ops::function::FnOnce::call_once[0m
[INFO] [stdout] [31m<             at /rustc/df4ca44d3fbc9301ee17f30f4d474e6ae4b05252/library/core/src/ops/function.rs:250:5[0m
[INFO] [stdout] [31m<  10: test::__rust_begin_short_backtrace[0m
[INFO] [stdout] [31m<             at /rustc/df4ca44d3fbc9301ee17f30f4d474e6ae4b05252/library/test/src/lib.rs:621:18[0m
[INFO] [stdout] [31m<  11: test::run_test_in_process::{{closure}}[0m
[INFO] [stdout] [31m<             at /rustc/df4ca44d3fbc9301ee17f30f4d474e6ae4b05252/library/test/src/lib.rs:644:60[0m
[INFO] [stdout] [31m<  12: <core::panic::unwind_safe::AssertUnwindSafe<F> as core::ops::function::FnOnce<()>>::call_once[0m
[INFO] [stdout] [31m<             at /rustc/df4ca44d3fbc9301ee17f30f4d474e6ae4b05252/library/core/src/panic/unwind_safe.rs:272:9[0m
[INFO] [stdout] [31m<  13: std::panicking::try::do_call[0m
[INFO] [stdout] [31m<             at /rustc/df4ca44d3fbc9301ee17f30f4d474e6ae4b05252/library/std/src/panicking.rs:557:40[0m
[INFO] [stdout] [31m<  14: std::panicking::try[0m
[INFO] [stdout] [31m<             at /rustc/df4ca44d3fbc9301ee17f30f4d474e6ae4b05252/library/std/src/panicking.rs:520:19[0m
[INFO] [stdout] [31m<  15: std::panic::catch_unwind[0m
[INFO] [stdout] [31m<             at /rustc/df4ca44d3fbc9301ee17f30f4d474e6ae4b05252/library/std/src/panic.rs:358:14[0m
[INFO] [stdout] [31m<  16: test::run_test_in_process[0m
[INFO] [stdout] [31m<             at /rustc/df4ca44d3fbc9301ee17f30f4d474e6ae4b05252/library/test/src/lib.rs:644:27[0m
[INFO] [stdout] [31m<  17: test::run_test::{{closure}}[0m
[INFO] [stdout] [31m<             at /rustc/df4ca44d3fbc9301ee17f30f4d474e6ae4b05252/library/test/src/lib.rs:565:43[0m
[INFO] [stdout] [31m<  18: test::run_test::{{closure}}[0m
[INFO] [stdout] [31m<             at /rustc/df4ca44d3fbc9301ee17f30f4d474e6ae4b05252/library/test/src/lib.rs:595:41[0m
[INFO] [stdout] [31m<  19: std::sys::backtrace::__rust_begin_short_backtrace[0m
[INFO] [stdout] [31m<             at /rustc/df4ca44d3fbc9301ee17f30f4d474e6ae4b05252/library/std/src/sys/backtrace.rs:154:18[0m
[INFO] [stdout] [31m<  20: std::thread::Builder::spawn_unchecked_::{{closure}}::{{closure}}[0m
[INFO] [stdout] [31m<             at /rustc/df4ca44d3fbc9301ee17f30f4d474e6ae4b05252/library/std/src/thread/mod.rs:541:17[0m
[INFO] [stdout] [31m<  21: <core::panic::unwind_safe::AssertUnwindSafe<F> as core::ops::function::FnOnce<()>>::call_once[0m
[INFO] [stdout] [31m<             at /rustc/df4ca44d3fbc9301ee17f30f4d474e6ae4b05252/library/core/src/panic/unwind_safe.rs:272:9[0m
[INFO] [stdout] [31m<  22: std::panicking::try::do_call[0m
[INFO] [stdout] [31m<             at /rustc/df4ca44d3fbc9301ee17f30f4d474e6ae4b05252/library/std/src/panicking.rs:557:40[0m
[INFO] [stdout] [31m<  23: std::panicking::try[0m
[INFO] [stdout] [31m<             at /rustc/df4ca44d3fbc9301ee17f30f4d474e6ae4b05252/library/std/src/panicking.rs:520:19[0m
[INFO] [stdout] [31m<  24: std::panic::catch_unwind[0m
[INFO] [stdout] [31m<             at /rustc/df4ca44d3fbc9301ee17f30f4d474e6ae4b05252/library/std/src/panic.rs:358:14[0m
[INFO] [stdout] [31m<  25: std::thread::Builder::spawn_unchecked_::{{closure}}[0m
[INFO] [stdout] [31m<             at /rustc/df4ca44d3fbc9301ee17f30f4d474e6ae4b05252/library/std/src/thread/mod.rs:540:30[0m
[INFO] [stdout] [31m<  26: core::ops::function::FnOnce::call_once{{vtable.shim}}[0m
[INFO] [stdout] [31m<             at /rustc/df4ca44d3fbc9301ee17f30f4d474e6ae4b05252/library/core/src/ops/function.rs:250:5[0m
[INFO] [stdout] [31m<  27: <alloc::boxed::Box<F,A> as core::ops::function::FnOnce<Args>>::call_once[0m
[INFO] [stdout] [31m<             at /rustc/df4ca44d3fbc9301ee17f30f4d474e6ae4b05252/library/alloc/src/boxed.rs:2454:9[0m
[INFO] [stdout] [31m<  28: <alloc::boxed::Box<F,A> as core::ops::function::FnOnce<Args>>::call_once[0m
[INFO] [stdout] [31m<             at /rustc/df4ca44d3fbc9301ee17f30f4d474e6ae4b05252/library/alloc/src/boxed.rs:2454:9[0m
[INFO] [stdout] [31m<  29: std::sys::pal::unix::thread::Thread::new::thread_start[0m
[INFO] [stdout] [31m<             at /rustc/df4ca44d3fbc9301ee17f30f4d474e6ae4b05252/library/std/src/sys/pal/unix/thread.rs:105:17[0m
[INFO] [stdout] [31m<  30: <unknown>[0m
[INFO] [stdout] [31m<  31: clone[0m
[INFO] [stdout] 
[INFO] [stdout] 
[INFO] [stdout] stack backtrace:
[INFO] [stdout]    0:     0x56e7ddf6fdda - std::backtrace_rs::backtrace::libunwind::trace::h207520d6e9873551
[INFO] [stdout]                                at /rustc/df4ca44d3fbc9301ee17f30f4d474e6ae4b05252/library/std/src/../../backtrace/src/backtrace/libunwind.rs:116:5
[INFO] [stdout]    1:     0x56e7ddf6fdda - std::backtrace_rs::backtrace::trace_unsynchronized::h2ed7433f370e3eca
[INFO] [stdout]                                at /rustc/df4ca44d3fbc9301ee17f30f4d474e6ae4b05252/library/std/src/../../backtrace/src/backtrace/mod.rs:66:5
[INFO] [stdout]    2:     0x56e7ddf6fdda - std::sys::backtrace::_print_fmt::h916fac51166b18d7
[INFO] [stdout]                                at /rustc/df4ca44d3fbc9301ee17f30f4d474e6ae4b05252/library/std/src/sys/backtrace.rs:66:9
[INFO] [stdout]    3:     0x56e7ddf6fdda - <std::sys::backtrace::BacktraceLock::print::DisplayBacktrace as core::fmt::Display>::fmt::ha0a4c9b8ce3802e6
[INFO] [stdout]                                at /rustc/df4ca44d3fbc9301ee17f30f4d474e6ae4b05252/library/std/src/sys/backtrace.rs:39:26
[INFO] [stdout]    4:     0x56e7ddf99ac3 - core::fmt::rt::Argument::fmt::h4cfc8587d52b3eb5
[INFO] [stdout]                                at /rustc/df4ca44d3fbc9301ee17f30f4d474e6ae4b05252/library/core/src/fmt/rt.rs:177:76
[INFO] [stdout]    5:     0x56e7ddf99ac3 - core::fmt::write::h522cc39e5b36ae9f
[INFO] [stdout]                                at /rustc/df4ca44d3fbc9301ee17f30f4d474e6ae4b05252/library/core/src/fmt/mod.rs:1190:21
[INFO] [stdout]    6:     0x56e7ddf6bee3 - std::io::Write::write_fmt::h7d3c26752da97734
[INFO] [stdout]                                at /rustc/df4ca44d3fbc9301ee17f30f4d474e6ae4b05252/library/std/src/io/mod.rs:1839:15
[INFO] [stdout]    7:     0x56e7ddf6fc22 - std::sys::backtrace::BacktraceLock::print::h4b9e00b29e9c0942
[INFO] [stdout]                                at /rustc/df4ca44d3fbc9301ee17f30f4d474e6ae4b05252/library/std/src/sys/backtrace.rs:42:9
[INFO] [stdout]    8:     0x56e7ddf7126a - std::panicking::default_hook::{{closure}}::hb59b88280d0324d9
[INFO] [stdout]                                at /rustc/df4ca44d3fbc9301ee17f30f4d474e6ae4b05252/library/std/src/panicking.rs:268:22
[INFO] [stdout]    9:     0x56e7ddf71074 - std::panicking::default_hook::he1dd496665be4a29
[INFO] [stdout]                                at /rustc/df4ca44d3fbc9301ee17f30f4d474e6ae4b05252/library/std/src/panicking.rs:292:9
[INFO] [stdout]   10:     0x56e7dddec489 - <alloc::boxed::Box<F,A> as core::ops::function::Fn<Args>>::call::h4ff71de18744e1dc
[INFO] [stdout]                                at /rustc/df4ca44d3fbc9301ee17f30f4d474e6ae4b05252/library/alloc/src/boxed.rs:2468:9
[INFO] [stdout]   11:     0x56e7dddec489 - test::test_main::{{closure}}::hcf7c055ce117aa81
[INFO] [stdout]                                at /rustc/df4ca44d3fbc9301ee17f30f4d474e6ae4b05252/library/test/src/lib.rs:133:21
[INFO] [stdout]   12:     0x56e7ddf71968 - <alloc::boxed::Box<F,A> as core::ops::function::Fn<Args>>::call::h1d66c6bbd60c9692
[INFO] [stdout]                                at /rustc/df4ca44d3fbc9301ee17f30f4d474e6ae4b05252/library/alloc/src/boxed.rs:2468:9
[INFO] [stdout]   13:     0x56e7ddf71968 - std::panicking::rust_panic_with_hook::h2ff17fe8f26dfcf8
[INFO] [stdout]                                at /rustc/df4ca44d3fbc9301ee17f30f4d474e6ae4b05252/library/std/src/panicking.rs:809:13
[INFO] [stdout]   14:     0x56e7ddf7172a - std::panicking::begin_panic_handler::{{closure}}::h4fad77951c07e101
[INFO] [stdout]                                at /rustc/df4ca44d3fbc9301ee17f30f4d474e6ae4b05252/library/std/src/panicking.rs:674:13
[INFO] [stdout]   15:     0x56e7ddf702b9 - std::sys::backtrace::__rust_end_short_backtrace::hb1a25b3da5d0ea08
[INFO] [stdout]                                at /rustc/df4ca44d3fbc9301ee17f30f4d474e6ae4b05252/library/std/src/sys/backtrace.rs:170:18
[INFO] [stdout]   16:     0x56e7ddf713bc - rust_begin_unwind
[INFO] [stdout]                                at /rustc/df4ca44d3fbc9301ee17f30f4d474e6ae4b05252/library/std/src/panicking.rs:665:5
[INFO] [stdout]   17:     0x56e7ddf97ed0 - core::panicking::panic_fmt::ha9db07b529f9b256
[INFO] [stdout]                                at /rustc/df4ca44d3fbc9301ee17f30f4d474e6ae4b05252/library/core/src/panicking.rs:75:14
[INFO] [stdout]   18:     0x56e7dd9b88fb - deno_config::deno_json::tests::test_parse_config_exclude_lower_priority_path::hc87ed34fb08a3697
[INFO] [stdout]                                at /opt/rustwide/workdir/src/deno_json/mod.rs:1830:5
[INFO] [stdout]   19:     0x56e7dd9b82a7 - deno_config::deno_json::tests::test_parse_config_exclude_lower_priority_path::{{closure}}::h5a6ed6e2b1bdd735
[INFO] [stdout]                                at /opt/rustwide/workdir/src/deno_json/mod.rs:1815:53
[INFO] [stdout]   20:     0x56e7dd933e66 - core::ops::function::FnOnce::call_once::h9ac605abf1049059
[INFO] [stdout]                                at /rustc/df4ca44d3fbc9301ee17f30f4d474e6ae4b05252/library/core/src/ops/function.rs:250:5
[INFO] [stdout]   21:     0x56e7dddf0d5b - core::ops::function::FnOnce::call_once::h22c3ba5715e93f05
[INFO] [stdout]                                at /rustc/df4ca44d3fbc9301ee17f30f4d474e6ae4b05252/library/core/src/ops/function.rs:250:5
[INFO] [stdout]   22:     0x56e7dddf0d5b - test::__rust_begin_short_backtrace::h8e82d8113d0da17f
[INFO] [stdout]                                at /rustc/df4ca44d3fbc9301ee17f30f4d474e6ae4b05252/library/test/src/lib.rs:621:18
[INFO] [stdout]   23:     0x56e7dddf06d7 - test::run_test_in_process::{{closure}}::h33235f4f20b7b7c7
[INFO] [stdout]                                at /rustc/df4ca44d3fbc9301ee17f30f4d474e6ae4b05252/library/test/src/lib.rs:644:60
[INFO] [stdout]   24:     0x56e7dddf06d7 - <core::panic::unwind_safe::AssertUnwindSafe<F> as core::ops::function::FnOnce<()>>::call_once::hb5043206310c586f
[INFO] [stdout]                                at /rustc/df4ca44d3fbc9301ee17f30f4d474e6ae4b05252/library/core/src/panic/unwind_safe.rs:272:9
[INFO] [stdout]   25:     0x56e7dddf06d7 - std::panicking::try::do_call::h9ad4731a60ab23e2
[INFO] [stdout]                                at /rustc/df4ca44d3fbc9301ee17f30f4d474e6ae4b05252/library/std/src/panicking.rs:557:40
[INFO] [stdout]   26:     0x56e7dddf06d7 - std::panicking::try::h3824d23db772a716
[INFO] [stdout]                                at /rustc/df4ca44d3fbc9301ee17f30f4d474e6ae4b05252/library/std/src/panicking.rs:520:19
[INFO] [stdout]   27:     0x56e7dddf06d7 - std::panic::catch_unwind::h5afd514605fde46b
[INFO] [stdout]                                at /rustc/df4ca44d3fbc9301ee17f30f4d474e6ae4b05252/library/std/src/panic.rs:358:14
[INFO] [stdout]   28:     0x56e7dddf06d7 - test::run_test_in_process::h0d5cbfa7067d1720
[INFO] [stdout]                                at /rustc/df4ca44d3fbc9301ee17f30f4d474e6ae4b05252/library/test/src/lib.rs:644:27
[INFO] [stdout]   29:     0x56e7dddf06d7 - test::run_test::{{closure}}::h708eb8872708115d
[INFO] [stdout]                                at /rustc/df4ca44d3fbc9301ee17f30f4d474e6ae4b05252/library/test/src/lib.rs:565:43
[INFO] [stdout]   30:     0x56e7dddb3df4 - test::run_test::{{closure}}::h392c51cee94713ab
[INFO] [stdout]                                at /rustc/df4ca44d3fbc9301ee17f30f4d474e6ae4b05252/library/test/src/lib.rs:595:41
[INFO] [stdout]   31:     0x56e7dddb3df4 - std::sys::backtrace::__rust_begin_short_backtrace::h2f40290710935a8b
[INFO] [stdout]                                at /rustc/df4ca44d3fbc9301ee17f30f4d474e6ae4b05252/library/std/src/sys/backtrace.rs:154:18
[INFO] [stdout]   32:     0x56e7dddb759e - std::thread::Builder::spawn_unchecked_::{{closure}}::{{closure}}::h3fd968d89053a903
[INFO] [stdout]                                at /rustc/df4ca44d3fbc9301ee17f30f4d474e6ae4b05252/library/std/src/thread/mod.rs:541:17
[INFO] [stdout]   33:     0x56e7dddb759e - <core::panic::unwind_safe::AssertUnwindSafe<F> as core::ops::function::FnOnce<()>>::call_once::h743f637ba4229880
[INFO] [stdout]                                at /rustc/df4ca44d3fbc9301ee17f30f4d474e6ae4b05252/library/core/src/panic/unwind_safe.rs:272:9
[INFO] [stdout]   34:     0x56e7dddb759e - std::panicking::try::do_call::h07440897322525a6
[INFO] [stdout]                                at /rustc/df4ca44d3fbc9301ee17f30f4d474e6ae4b05252/library/std/src/panicking.rs:557:40
[INFO] [stdout]   35:     0x56e7dddb759e - std::panicking::try::he5a2e00188156637
[INFO] [stdout]                                at /rustc/df4ca44d3fbc9301ee17f30f4d474e6ae4b05252/library/std/src/panicking.rs:520:19
[INFO] [stdout]   36:     0x56e7dddb759e - std::panic::catch_unwind::hbaf3cae49b3c6433
[INFO] [stdout]                                at /rustc/df4ca44d3fbc9301ee17f30f4d474e6ae4b05252/library/std/src/panic.rs:358:14
[INFO] [stdout]   37:     0x56e7dddb759e - std::thread::Builder::spawn_unchecked_::{{closure}}::h8e141ea224820bce
[INFO] [stdout]                                at /rustc/df4ca44d3fbc9301ee17f30f4d474e6ae4b05252/library/std/src/thread/mod.rs:540:30
[INFO] [stdout]   38:     0x56e7dddb759e - core::ops::function::FnOnce::call_once{{vtable.shim}}::h90d312fedd7b8ea8
[INFO] [stdout]                                at /rustc/df4ca44d3fbc9301ee17f30f4d474e6ae4b05252/library/core/src/ops/function.rs:250:5
[INFO] [stdout]   39:     0x56e7ddf764fb - <alloc::boxed::Box<F,A> as core::ops::function::FnOnce<Args>>::call_once::h69aa08ddb6adb8b6
[INFO] [stdout]                                at /rustc/df4ca44d3fbc9301ee17f30f4d474e6ae4b05252/library/alloc/src/boxed.rs:2454:9
[INFO] [stdout]   40:     0x56e7ddf764fb - <alloc::boxed::Box<F,A> as core::ops::function::FnOnce<Args>>::call_once::h5aa36efdb79c806f
[INFO] [stdout]                                at /rustc/df4ca44d3fbc9301ee17f30f4d474e6ae4b05252/library/alloc/src/boxed.rs:2454:9
[INFO] [stdout]   41:     0x56e7ddf764fb - std::sys::pal::unix::thread::Thread::new::thread_start::h6cd80a1b4be5158d
[INFO] [stdout]                                at /rustc/df4ca44d3fbc9301ee17f30f4d474e6ae4b05252/library/std/src/sys/pal/unix/thread.rs:105:17
[INFO] [stdout]   42:     0x70f101cc4ac3 - <unknown>
[INFO] [stdout]   43:     0x70f101d55a04 - clone
[INFO] [stdout]   44:                0x0 - <unknown>
[INFO] [stdout] 
[INFO] [stdout] 
[INFO] [stdout] failures:
[INFO] [stdout]     deno_json::tests::test_parse_config_exclude_lower_priority_glob
[INFO] [stdout]     deno_json::tests::test_parse_config_exclude_lower_priority_path
[INFO] [stdout] 
[INFO] [stdout] test result: FAILED. 139 passed; 2 failed; 0 ignored; 0 measured; 0 filtered out; finished in 0.04s
[INFO] [stdout] 
[INFO] [stderr] error: test failed, to rerun pass `--lib`
[INFO] running `Command { std: "docker" "inspect" "b25d4748bb150cb91e2df7dca7e615226ab90e98610c9946b105449ff356a259", kill_on_drop: false }`
[INFO] running `Command { std: "docker" "rm" "-f" "b25d4748bb150cb91e2df7dca7e615226ab90e98610c9946b105449ff356a259", kill_on_drop: false }`
[INFO] [stdout] b25d4748bb150cb91e2df7dca7e615226ab90e98610c9946b105449ff356a259
