[INFO] cloning repository https://github.com/decthings/model-executor
[INFO] running `Command { std: "git" "-c" "credential.helper=" "-c" "credential.helper=/workspace/cargo-home/bin/git-credential-null" "clone" "--bare" "https://github.com/decthings/model-executor" "/workspace/cache/git-repos/https%3A%2F%2Fgithub.com%2Fdecthings%2Fmodel-executor", kill_on_drop: false }`
[INFO] [stderr] Cloning into bare repository '/workspace/cache/git-repos/https%3A%2F%2Fgithub.com%2Fdecthings%2Fmodel-executor'...
[INFO] running `Command { std: "git" "rev-parse" "HEAD", kill_on_drop: false }`
[INFO] [stdout] f656ecd526e36d21a8644a00010c22e3e474ef3c
[INFO] testing decthings/model-executor/f656ecd526e36d21a8644a00010c22e3e474ef3c against nightly-2024-10-28+rustflags=-Zrandomize-layout for randomize-layout
[INFO] running `Command { std: "git" "clone" "/workspace/cache/git-repos/https%3A%2F%2Fgithub.com%2Fdecthings%2Fmodel-executor" "/workspace/builds/worker-0-tc2/source", kill_on_drop: false }`
[INFO] [stderr] Cloning into '/workspace/builds/worker-0-tc2/source'...
[INFO] [stderr] done.
[INFO] validating manifest of git repo https://github.com/decthings/model-executor on toolchain nightly-2024-10-28
[INFO] running `Command { std: CARGO_HOME="/workspace/cargo-home" RUSTUP_HOME="/workspace/rustup-home" "/workspace/cargo-home/bin/cargo" "+nightly-2024-10-28" "metadata" "--manifest-path" "Cargo.toml" "--no-deps", kill_on_drop: false }`
[INFO] started tweaking git repo https://github.com/decthings/model-executor
[INFO] finished tweaking git repo https://github.com/decthings/model-executor
[INFO] tweaked toml for git repo https://github.com/decthings/model-executor written to /workspace/builds/worker-0-tc2/source/Cargo.toml
[INFO] running `Command { std: CARGO_HOME="/workspace/cargo-home" RUSTUP_HOME="/workspace/rustup-home" "/workspace/cargo-home/bin/cargo" "+nightly-2024-10-28" "generate-lockfile" "--manifest-path" "Cargo.toml", kill_on_drop: false }`
[INFO] [stderr]     Updating crates.io index
[INFO] [stderr]      Locking 264 packages to latest compatible versions
[INFO] [stderr]       Adding env_logger v0.10.2 (available: v0.11.5)
[INFO] [stderr]       Adding wasmtime v21.0.2 (available: v26.0.0)
[INFO] [stderr]       Adding wasmtime-wasi v21.0.2 (available: v26.0.0)
[INFO] running `Command { std: CARGO_HOME="/workspace/cargo-home" RUSTUP_HOME="/workspace/rustup-home" "/workspace/cargo-home/bin/cargo" "+nightly-2024-10-28" "fetch" "--manifest-path" "Cargo.toml", kill_on_drop: false }`
[INFO] running `Command { std: "docker" "create" "-v" "/var/lib/crater-agent-workspace/builds/worker-0-tc2/target:/opt/rustwide/target:rw,Z" "-v" "/var/lib/crater-agent-workspace/builds/worker-0-tc2/source:/opt/rustwide/workdir:ro,Z" "-v" "/var/lib/crater-agent-workspace/cargo-home:/opt/rustwide/cargo-home:ro,Z" "-v" "/var/lib/crater-agent-workspace/rustup-home:/opt/rustwide/rustup-home:ro,Z" "-e" "SOURCE_DIR=/opt/rustwide/workdir" "-e" "CARGO_TARGET_DIR=/opt/rustwide/target" "-e" "CARGO_HOME=/opt/rustwide/cargo-home" "-e" "RUSTUP_HOME=/opt/rustwide/rustup-home" "-w" "/opt/rustwide/workdir" "-m" "1610612736" "--user" "0:0" "--network" "none" "ghcr.io/rust-lang/crates-build-env/linux@sha256:4a844ea9eb2546a2d2c7022eacef16ef2e8229c7fbb2c7d4d55a9ceca922f72d" "/opt/rustwide/cargo-home/bin/cargo" "+nightly-2024-10-28" "metadata" "--no-deps" "--format-version=1", kill_on_drop: false }`
[INFO] [stdout] ab3ae41326f3d447d2f6a0196d0de0657f9444bdfdfaff03923db1a7182f62cd
[INFO] running `Command { std: "docker" "start" "-a" "ab3ae41326f3d447d2f6a0196d0de0657f9444bdfdfaff03923db1a7182f62cd", kill_on_drop: false }`
[INFO] running `Command { std: "docker" "inspect" "ab3ae41326f3d447d2f6a0196d0de0657f9444bdfdfaff03923db1a7182f62cd", kill_on_drop: false }`
[INFO] running `Command { std: "docker" "rm" "-f" "ab3ae41326f3d447d2f6a0196d0de0657f9444bdfdfaff03923db1a7182f62cd", kill_on_drop: false }`
[INFO] [stdout] ab3ae41326f3d447d2f6a0196d0de0657f9444bdfdfaff03923db1a7182f62cd
[INFO] running `Command { std: "docker" "create" "-v" "/var/lib/crater-agent-workspace/builds/worker-0-tc2/target:/opt/rustwide/target:rw,Z" "-v" "/var/lib/crater-agent-workspace/builds/worker-0-tc2/source:/opt/rustwide/workdir:ro,Z" "-v" "/var/lib/crater-agent-workspace/cargo-home:/opt/rustwide/cargo-home:ro,Z" "-v" "/var/lib/crater-agent-workspace/rustup-home:/opt/rustwide/rustup-home:ro,Z" "-e" "SOURCE_DIR=/opt/rustwide/workdir" "-e" "CARGO_TARGET_DIR=/opt/rustwide/target" "-e" "CARGO_INCREMENTAL=0" "-e" "RUST_BACKTRACE=full" "-e" "RUSTFLAGS=--cap-lints=forbid -Zrandomize-layout" "-e" "RUSTDOCFLAGS=--cap-lints=forbid" "-e" "CARGO_HOME=/opt/rustwide/cargo-home" "-e" "RUSTUP_HOME=/opt/rustwide/rustup-home" "-w" "/opt/rustwide/workdir" "-m" "1610612736" "--user" "0:0" "--network" "none" "ghcr.io/rust-lang/crates-build-env/linux@sha256:4a844ea9eb2546a2d2c7022eacef16ef2e8229c7fbb2c7d4d55a9ceca922f72d" "/opt/rustwide/cargo-home/bin/cargo" "+nightly-2024-10-28" "build" "--frozen" "--message-format=json", kill_on_drop: false }`
[INFO] [stdout] a49e0fa2dfb4c63268739b8eeaa768ad7c154eed9d0d099d6843d3ac65ab78ab
[INFO] running `Command { std: "docker" "start" "-a" "a49e0fa2dfb4c63268739b8eeaa768ad7c154eed9d0d099d6843d3ac65ab78ab", kill_on_drop: false }`
[INFO] [stderr]    Compiling serde v1.0.214
[INFO] [stderr]    Compiling byteorder v1.5.0
[INFO] [stderr]    Compiling bitflags v2.6.0
[INFO] [stderr]    Compiling shlex v1.3.0
[INFO] [stderr]    Compiling syn v2.0.87
[INFO] [stderr]    Compiling jobserver v0.1.32
[INFO] [stderr]    Compiling log v0.4.22
[INFO] [stderr]    Compiling anyhow v1.0.92
[INFO] [stderr]    Compiling rustix v0.38.38
[INFO] [stderr]    Compiling semver v1.0.23
[INFO] [stderr]    Compiling linux-raw-sys v0.4.14
[INFO] [stderr]    Compiling cc v1.1.34
[INFO] [stderr]    Compiling leb128 v0.2.5
[INFO] [stderr]    Compiling cranelift-isle v0.108.2
[INFO] [stderr]    Compiling cranelift-codegen-shared v0.108.2
[INFO] [stderr]    Compiling target-lexicon v0.12.16
[INFO] [stderr]    Compiling io-lifetimes v2.0.3
[INFO] [stderr]    Compiling cranelift-codegen-meta v0.108.2
[INFO] [stderr]    Compiling serde_json v1.0.132
[INFO] [stderr]    Compiling bumpalo v3.16.0
[INFO] [stderr]    Compiling pkg-config v0.3.31
[INFO] [stderr]    Compiling crossbeam-utils v0.8.20
[INFO] [stderr]    Compiling thiserror v1.0.66
[INFO] [stderr]    Compiling io-extras v0.18.3
[INFO] [stderr]    Compiling slice-group-by v0.3.1
[INFO] [stderr]    Compiling once_cell v1.20.2
[INFO] [stderr]    Compiling zerocopy v0.7.35
[INFO] [stderr]    Compiling rustc-hash v1.1.0
[INFO] [stderr]    Compiling arbitrary v1.3.2
[INFO] [stderr]    Compiling zstd-sys v2.0.13+zstd.1.5.6
[INFO] [stderr]    Compiling ahash v0.8.11
[INFO] [stderr]    Compiling ambient-authority v0.0.2
[INFO] [stderr]    Compiling cap-primitives v3.4.0
[INFO] [stderr]    Compiling cranelift-control v0.108.2
[INFO] [stderr]    Compiling hashbrown v0.14.5
[INFO] [stderr]    Compiling crc32fast v1.4.2
[INFO] [stderr]    Compiling either v1.13.0
[INFO] [stderr]    Compiling ipnet v2.10.1
[INFO] [stderr]    Compiling memchr v2.7.4
[INFO] [stderr]    Compiling cranelift-codegen v0.108.2
[INFO] [stderr]    Compiling cobs v0.2.3
[INFO] [stderr]    Compiling indexmap v2.6.0
[INFO] [stderr]    Compiling maybe-owned v0.3.4
[INFO] [stderr]    Compiling zstd-safe v7.2.1
[INFO] [stderr]    Compiling heck v0.4.1
[INFO] [stderr]    Compiling cpp_demangle v0.4.4
[INFO] [stderr]    Compiling crossbeam-epoch v0.9.18
[INFO] [stderr]    Compiling wasmparser v0.207.0
[INFO] [stderr]    Compiling ittapi-sys v0.4.0
[INFO] [stderr]    Compiling dirs-sys v0.3.7
[INFO] [stderr]    Compiling num-traits v0.2.19
[INFO] [stderr]    Compiling id-arena v2.2.1
[INFO] [stderr]    Compiling winnow v0.6.20
[INFO] [stderr]    Compiling unicode-xid v0.2.6
[INFO] [stderr]    Compiling futures-core v0.3.31
[INFO] [stderr]    Compiling wasmtime-component-util v21.0.2
[INFO] [stderr]    Compiling futures-sink v0.3.31
[INFO] [stderr]    Compiling rayon-core v1.12.1
[INFO] [stderr]    Compiling cap-std v3.4.0
[INFO] [stderr]    Compiling futures-channel v0.3.31
[INFO] [stderr]    Compiling dirs v4.0.0
[INFO] [stderr]    Compiling crossbeam-deque v0.8.5
[INFO] [stderr]    Compiling serde_derive v1.0.214
[INFO] [stderr]    Compiling zerocopy-derive v0.7.35
[INFO] [stderr]    Compiling wasmtime-versioned-export-macros v21.0.2
[INFO] [stderr]    Compiling thiserror-impl v1.0.66
[INFO] [stderr]    Compiling fs-set-times v0.20.1
[INFO] [stderr]    Compiling hashbrown v0.13.2
[INFO] [stderr]    Compiling wasmtime-fiber v21.0.2
[INFO] [stderr]    Compiling futures-macro v0.3.31
[INFO] [stderr]    Compiling digest v0.10.7
[INFO] [stderr]    Compiling itertools v0.12.1
[INFO] [stderr]    Compiling wast v35.0.2
[INFO] [stderr]    Compiling wasm-encoder v0.207.0
[INFO] [stderr]    Compiling wit-parser v0.207.0
[INFO] [stderr]    Compiling wasm-encoder v0.219.1
[INFO] [stderr]    Compiling dirs-sys-next v0.1.2
[INFO] [stderr]    Compiling memoffset v0.9.1
[INFO] [stderr]    Compiling wasmtime-cache v21.0.2
[INFO] [stderr]    Compiling futures-io v0.3.31
[INFO] [stderr]    Compiling uuid v1.11.0
[INFO] [stderr]    Compiling libm v0.2.11
[INFO] [stderr]    Compiling rustc-demangle v0.1.24
[INFO] [stderr]    Compiling unicode-width v0.1.14
[INFO] [stderr]    Compiling wasmtime-component-macro v21.0.2
[INFO] [stderr]    Compiling wast v219.0.1
[INFO] [stderr]    Compiling futures-util v0.3.31
[INFO] [stderr]    Compiling debugid v0.8.0
[INFO] [stderr]    Compiling wasmtime-wit-bindgen v21.0.2
[INFO] [stderr]    Compiling smallvec v1.13.2
[INFO] [stderr]    Compiling cranelift-entity v0.108.2
[INFO] [stderr]    Compiling gimli v0.28.1
[INFO] [stderr]    Compiling cranelift-bforest v0.108.2
[INFO] [stderr]    Compiling regalloc2 v0.9.3
[INFO] [stderr]    Compiling object v0.33.0
[INFO] [stderr]    Compiling postcard v1.0.10
[INFO] [stderr]    Compiling toml_datetime v0.6.8
[INFO] [stderr]    Compiling serde_spanned v0.6.8
[INFO] [stderr]    Compiling toml_edit v0.22.22
[INFO] [stderr]    Compiling parking_lot_core v0.9.10
[INFO] [stderr]    Compiling zstd v0.13.2
[INFO] [stderr]    Compiling sha2 v0.10.8
[INFO] [stderr]    Compiling directories-next v2.0.0
[INFO] [stderr]    Compiling witx v0.9.1
[INFO] [stderr]    Compiling ppv-lite86 v0.2.20
[INFO] [stderr]    Compiling wasmtime v21.0.2
[INFO] [stderr]    Compiling toml v0.8.19
[INFO] [stderr]    Compiling shellexpand v2.1.2
[INFO] [stderr]    Compiling fxhash v0.2.1
[INFO] [stderr]    Compiling matrixmultiply v0.3.9
[INFO] [stderr]    Compiling wasmtime-asm-macros v21.0.2
[INFO] [stderr]    Compiling fxprof-processed-profile v0.6.0
[INFO] [stderr]    Compiling wasmtime-types v21.0.2
[INFO] [stderr]    Compiling wasmprinter v0.207.0
[INFO] [stderr]    Compiling wasmtime-jit-debug v21.0.2
[INFO] [stderr]    Compiling wiggle-generate v21.0.2
[INFO] [stderr]    Compiling rayon v1.10.0
[INFO] [stderr]    Compiling ittapi v0.4.0
[INFO] [stderr]    Compiling rand_chacha v0.3.1
[INFO] [stderr]    Compiling wat v1.219.1
[INFO] [stderr]    Compiling addr2line v0.21.0
[INFO] [stderr]    Compiling wasmtime-environ v21.0.2
[INFO] [stderr]    Compiling unicode-normalization v0.1.24
[INFO] [stderr]    Compiling parking_lot v0.12.3
[INFO] [stderr]    Compiling futures-executor v0.3.31
[INFO] [stderr]    Compiling memfd v0.6.4
[INFO] [stderr]    Compiling tokio-macros v2.4.0
[INFO] [stderr]    Compiling async-trait v0.1.83
[INFO] [stderr]    Compiling tracing-attributes v0.1.27
[INFO] [stderr]    Compiling wasmtime-jit-icache-coherence v21.0.2
[INFO] [stderr]    Compiling tracing-core v0.1.32
[INFO] [stderr]    Compiling encoding_rs v0.8.35
[INFO] [stderr]    Compiling rawpointer v0.2.1
[INFO] [stderr]    Compiling system-interface v0.27.2
[INFO] [stderr]    Compiling cap-fs-ext v3.4.0
[INFO] [stderr]    Compiling wasmtime-slab v21.0.2
[INFO] [stderr]    Compiling unicode-bidi v0.3.17
[INFO] [stderr]    Compiling sptr v0.3.2
[INFO] [stderr]    Compiling tracing v0.1.40
[INFO] [stderr]    Compiling idna v0.5.0
[INFO] [stderr]    Compiling tokio v1.41.0
[INFO] [stderr]    Compiling futures v0.3.31
[INFO] [stderr]    Compiling wiggle-macro v21.0.2
[INFO] [stderr]    Compiling rand v0.8.5
[INFO] [stderr]    Compiling num-integer v0.1.46
[INFO] [stderr]    Compiling num-complex v0.4.6
[INFO] [stderr]    Compiling pin-project-internal v1.1.7
[INFO] [stderr]    Compiling iana-time-zone v0.1.61
[INFO] [stderr]    Compiling cap-time-ext v3.4.0
[INFO] [stderr]    Compiling ndarray v0.15.6
[INFO] [stderr]    Compiling cap-rand v3.4.0
[INFO] [stderr]    Compiling url v2.5.2
[INFO] [stderr]    Compiling cap-net-ext v3.4.0
[INFO] [stderr]    Compiling auto_impl v1.2.0
[INFO] [stderr]    Compiling byte-slice-cast v1.2.2
[INFO] [stderr]    Compiling atomic-counter v1.0.1
[INFO] [stderr]    Compiling pin-project v1.1.7
[INFO] [stderr]    Compiling decthings-api v0.1.4
[INFO] [stderr]    Compiling blob-stream v0.1.0 (/opt/rustwide/workdir/blob-stream)
[INFO] [stderr]    Compiling cranelift-frontend v0.108.2
[INFO] [stderr]    Compiling cranelift-native v0.108.2
[INFO] [stderr]    Compiling cranelift-wasm v0.108.2
[INFO] [stderr]    Compiling wasmtime-cranelift v21.0.2
[INFO] [stderr]    Compiling wiggle v21.0.2
[INFO] [stderr]    Compiling wasmtime-wasi v21.0.2
[INFO] [stderr]    Compiling decthings-model-executor v0.0.1 (/opt/rustwide/workdir/model-executor)
[INFO] [stderr]     Finished `dev` profile [unoptimized + debuginfo] target(s) in 57.51s
[INFO] running `Command { std: "docker" "inspect" "a49e0fa2dfb4c63268739b8eeaa768ad7c154eed9d0d099d6843d3ac65ab78ab", kill_on_drop: false }`
[INFO] running `Command { std: "docker" "rm" "-f" "a49e0fa2dfb4c63268739b8eeaa768ad7c154eed9d0d099d6843d3ac65ab78ab", kill_on_drop: false }`
[INFO] [stdout] a49e0fa2dfb4c63268739b8eeaa768ad7c154eed9d0d099d6843d3ac65ab78ab
[INFO] running `Command { std: "docker" "create" "-v" "/var/lib/crater-agent-workspace/builds/worker-0-tc2/target:/opt/rustwide/target:rw,Z" "-v" "/var/lib/crater-agent-workspace/builds/worker-0-tc2/source:/opt/rustwide/workdir:ro,Z" "-v" "/var/lib/crater-agent-workspace/cargo-home:/opt/rustwide/cargo-home:ro,Z" "-v" "/var/lib/crater-agent-workspace/rustup-home:/opt/rustwide/rustup-home:ro,Z" "-e" "SOURCE_DIR=/opt/rustwide/workdir" "-e" "CARGO_TARGET_DIR=/opt/rustwide/target" "-e" "CARGO_INCREMENTAL=0" "-e" "RUST_BACKTRACE=full" "-e" "RUSTFLAGS=--cap-lints=forbid -Zrandomize-layout" "-e" "RUSTDOCFLAGS=--cap-lints=forbid" "-e" "CARGO_HOME=/opt/rustwide/cargo-home" "-e" "RUSTUP_HOME=/opt/rustwide/rustup-home" "-w" "/opt/rustwide/workdir" "-m" "1610612736" "--user" "0:0" "--network" "none" "ghcr.io/rust-lang/crates-build-env/linux@sha256:4a844ea9eb2546a2d2c7022eacef16ef2e8229c7fbb2c7d4d55a9ceca922f72d" "/opt/rustwide/cargo-home/bin/cargo" "+nightly-2024-10-28" "test" "--frozen" "--no-run" "--message-format=json", kill_on_drop: false }`
[INFO] [stdout] 4c9b4cf670387292f6392cc504a7116d06a0cda552f7175ec441a6ee329a97e1
[INFO] running `Command { std: "docker" "start" "-a" "4c9b4cf670387292f6392cc504a7116d06a0cda552f7175ec441a6ee329a97e1", kill_on_drop: false }`
[INFO] [stderr]    Compiling regalloc2 v0.9.3
[INFO] [stderr]    Compiling wit-parser v0.207.0
[INFO] [stderr]    Compiling wasmtime-environ v21.0.2
[INFO] [stderr]    Compiling witx v0.9.1
[INFO] [stderr]    Compiling wasmtime-cache v21.0.2
[INFO] [stderr]    Compiling ittapi v0.4.0
[INFO] [stderr]    Compiling aho-corasick v1.1.3
[INFO] [stderr]    Compiling regex-syntax v0.8.5
[INFO] [stderr]    Compiling rand v0.4.6
[INFO] [stderr]    Compiling is-terminal v0.4.13
[INFO] [stderr]    Compiling remove_dir_all v0.5.3
[INFO] [stderr]    Compiling termcolor v1.4.1
[INFO] [stderr]    Compiling cranelift-codegen v0.108.2
[INFO] [stderr]    Compiling wasmtime-wit-bindgen v21.0.2
[INFO] [stderr]    Compiling wiggle-generate v21.0.2
[INFO] [stderr]    Compiling regex-automata v0.4.8
[INFO] [stderr]    Compiling humantime v2.1.0
[INFO] [stderr]    Compiling tempdir v0.3.7
[INFO] [stderr]    Compiling async_once v0.2.6
[INFO] [stderr]    Compiling blob-stream v0.1.0 (/opt/rustwide/workdir/blob-stream)
[INFO] [stderr]    Compiling wiggle-macro v21.0.2
[INFO] [stderr]    Compiling wasmtime-component-macro v21.0.2
[INFO] [stderr]    Compiling regex v1.11.1
[INFO] [stderr]    Compiling env_logger v0.10.2
[INFO] [stderr]    Compiling cranelift-frontend v0.108.2
[INFO] [stderr]    Compiling cranelift-native v0.108.2
[INFO] [stderr]    Compiling cranelift-wasm v0.108.2
[INFO] [stderr]    Compiling wasmtime-cranelift v21.0.2
[INFO] [stderr]    Compiling wasmtime v21.0.2
[INFO] [stderr]    Compiling wiggle v21.0.2
[INFO] [stderr]    Compiling wasmtime-wasi v21.0.2
[INFO] [stderr]    Compiling decthings-model-executor v0.0.1 (/opt/rustwide/workdir/model-executor)
[INFO] [stderr]     Finished `test` profile [unoptimized + debuginfo] target(s) in 44.45s
[INFO] running `Command { std: "docker" "inspect" "4c9b4cf670387292f6392cc504a7116d06a0cda552f7175ec441a6ee329a97e1", kill_on_drop: false }`
[INFO] running `Command { std: "docker" "rm" "-f" "4c9b4cf670387292f6392cc504a7116d06a0cda552f7175ec441a6ee329a97e1", kill_on_drop: false }`
[INFO] [stdout] 4c9b4cf670387292f6392cc504a7116d06a0cda552f7175ec441a6ee329a97e1
[INFO] running `Command { std: "docker" "create" "-v" "/var/lib/crater-agent-workspace/builds/worker-0-tc2/target:/opt/rustwide/target:rw,Z" "-v" "/var/lib/crater-agent-workspace/builds/worker-0-tc2/source:/opt/rustwide/workdir:ro,Z" "-v" "/var/lib/crater-agent-workspace/cargo-home:/opt/rustwide/cargo-home:ro,Z" "-v" "/var/lib/crater-agent-workspace/rustup-home:/opt/rustwide/rustup-home:ro,Z" "-e" "SOURCE_DIR=/opt/rustwide/workdir" "-e" "CARGO_TARGET_DIR=/opt/rustwide/target" "-e" "CARGO_INCREMENTAL=0" "-e" "RUST_BACKTRACE=full" "-e" "RUSTFLAGS=--cap-lints=forbid -Zrandomize-layout" "-e" "RUSTDOCFLAGS=--cap-lints=forbid" "-e" "CARGO_HOME=/opt/rustwide/cargo-home" "-e" "RUSTUP_HOME=/opt/rustwide/rustup-home" "-w" "/opt/rustwide/workdir" "-m" "1610612736" "--user" "0:0" "--network" "none" "ghcr.io/rust-lang/crates-build-env/linux@sha256:4a844ea9eb2546a2d2c7022eacef16ef2e8229c7fbb2c7d4d55a9ceca922f72d" "/opt/rustwide/cargo-home/bin/cargo" "+nightly-2024-10-28" "test" "--frozen", kill_on_drop: false }`
[INFO] [stdout] bf279ff2e5bd9be6b2aa7d32ffb15b55f6247437dd79765ff53a4bf237376fc5
[INFO] running `Command { std: "docker" "start" "-a" "bf279ff2e5bd9be6b2aa7d32ffb15b55f6247437dd79765ff53a4bf237376fc5", kill_on_drop: false }`
[INFO] [stderr]     Finished `test` profile [unoptimized + debuginfo] target(s) in 0.45s
[INFO] [stderr]      Running unittests src/lib.rs (/opt/rustwide/target/debug/deps/blob_stream-59c9dfe749fed962)
[INFO] [stdout] 
[INFO] [stdout] running 0 tests
[INFO] [stdout] 
[INFO] [stderr]      Running unittests src/lib.rs (/opt/rustwide/target/debug/deps/decthings_model_executor-ab516bc095e2657b)
[INFO] [stdout] test result: ok. 0 passed; 0 failed; 0 ignored; 0 measured; 0 filtered out; finished in 0.00s
[INFO] [stdout] 
[INFO] [stdout] 
[INFO] [stdout] running 1 test
[INFO] [stdout] test unix::spawn::tests::test_js_child_hello_world ... FAILED
[INFO] [stdout] 
[INFO] [stdout] failures:
[INFO] [stdout] 
[INFO] [stdout] ---- unix::spawn::tests::test_js_child_hello_world stdout ----
[INFO] [stdout] Could not find command decthings-model-node. Install it using 'npm i -g @decthings/model'.
[INFO] [stdout] 
[INFO] [stdout] thread 'unix::spawn::tests::test_js_child_hello_world' panicked at model-executor/src/unix/spawn/mod.rs:228:17:
[INFO] [stdout] assertion `left == right` failed
[INFO] [stdout]   left: [67, 111, 117, 108, 100, 32, 110, 111, 116, 32, 102, 105, 110, 100, 32, 99, 111, 109, 109, 97, 110, 100, 32, 100, 101, 99, 116, 104, 105, 110, 103, 115, 45, 109, 111, 100, 101, 108, 45, 110, 111, 100, 101, 46, 32, 73, 110, 115, 116, 97, 108, 108, 32, 105, 116, 32, 117, 115, 105, 110, 103, 32, 39, 110, 112, 109, 32, 105, 32, 45, 103, 32, 64, 100, 101, 99, 116, 104, 105, 110, 103, 115, 47, 109, 111, 100, 101, 108, 39, 46, 10]
[INFO] [stdout]  right: [72, 101, 108, 108, 111, 32, 119, 111, 114, 108, 100, 32, 102, 114, 111, 109, 32, 115, 116, 100, 101, 114, 114, 33, 10]
[INFO] [stdout] stack backtrace:
[INFO] [stdout]    0:     0x6127013aba6a - std::backtrace_rs::backtrace::libunwind::trace::h207520d6e9873551
[INFO] [stdout]                                at /rustc/df4ca44d3fbc9301ee17f30f4d474e6ae4b05252/library/std/src/../../backtrace/src/backtrace/libunwind.rs:116:5
[INFO] [stdout]    1:     0x6127013aba6a - std::backtrace_rs::backtrace::trace_unsynchronized::h2ed7433f370e3eca
[INFO] [stdout]                                at /rustc/df4ca44d3fbc9301ee17f30f4d474e6ae4b05252/library/std/src/../../backtrace/src/backtrace/mod.rs:66:5
[INFO] [stdout]    2:     0x6127013aba6a - std::sys::backtrace::_print_fmt::h916fac51166b18d7
[INFO] [stdout]                                at /rustc/df4ca44d3fbc9301ee17f30f4d474e6ae4b05252/library/std/src/sys/backtrace.rs:66:9
[INFO] [stdout]    3:     0x6127013aba6a - <std::sys::backtrace::BacktraceLock::print::DisplayBacktrace as core::fmt::Display>::fmt::ha0a4c9b8ce3802e6
[INFO] [stdout]                                at /rustc/df4ca44d3fbc9301ee17f30f4d474e6ae4b05252/library/std/src/sys/backtrace.rs:39:26
[INFO] [stdout]    4:     0x6127013d46a3 - core::fmt::rt::Argument::fmt::h4cfc8587d52b3eb5
[INFO] [stdout]                                at /rustc/df4ca44d3fbc9301ee17f30f4d474e6ae4b05252/library/core/src/fmt/rt.rs:177:76
[INFO] [stdout]    5:     0x6127013d46a3 - core::fmt::write::h522cc39e5b36ae9f
[INFO] [stdout]                                at /rustc/df4ca44d3fbc9301ee17f30f4d474e6ae4b05252/library/core/src/fmt/mod.rs:1190:21
[INFO] [stdout]    6:     0x6127013a7ea3 - std::io::Write::write_fmt::h7d3c26752da97734
[INFO] [stdout]                                at /rustc/df4ca44d3fbc9301ee17f30f4d474e6ae4b05252/library/std/src/io/mod.rs:1839:15
[INFO] [stdout]    7:     0x6127013ab8b2 - std::sys::backtrace::BacktraceLock::print::h4b9e00b29e9c0942
[INFO] [stdout]                                at /rustc/df4ca44d3fbc9301ee17f30f4d474e6ae4b05252/library/std/src/sys/backtrace.rs:42:9
[INFO] [stdout]    8:     0x6127013acefa - std::panicking::default_hook::{{closure}}::hb59b88280d0324d9
[INFO] [stdout]                                at /rustc/df4ca44d3fbc9301ee17f30f4d474e6ae4b05252/library/std/src/panicking.rs:268:22
[INFO] [stdout]    9:     0x6127013acd04 - std::panicking::default_hook::he1dd496665be4a29
[INFO] [stdout]                                at /rustc/df4ca44d3fbc9301ee17f30f4d474e6ae4b05252/library/std/src/panicking.rs:292:9
[INFO] [stdout]   10:     0x612701266429 - <alloc::boxed::Box<F,A> as core::ops::function::Fn<Args>>::call::h4ff71de18744e1dc
[INFO] [stdout]                                at /rustc/df4ca44d3fbc9301ee17f30f4d474e6ae4b05252/library/alloc/src/boxed.rs:2468:9
[INFO] [stdout]   11:     0x612701266429 - test::test_main::{{closure}}::hcf7c055ce117aa81
[INFO] [stdout]                                at /rustc/df4ca44d3fbc9301ee17f30f4d474e6ae4b05252/library/test/src/lib.rs:133:21
[INFO] [stdout]   12:     0x6127013ad5f8 - <alloc::boxed::Box<F,A> as core::ops::function::Fn<Args>>::call::h1d66c6bbd60c9692
[INFO] [stdout]                                at /rustc/df4ca44d3fbc9301ee17f30f4d474e6ae4b05252/library/alloc/src/boxed.rs:2468:9
[INFO] [stdout]   13:     0x6127013ad5f8 - std::panicking::rust_panic_with_hook::h2ff17fe8f26dfcf8
[INFO] [stdout]                                at /rustc/df4ca44d3fbc9301ee17f30f4d474e6ae4b05252/library/std/src/panicking.rs:809:13
[INFO] [stdout]   14:     0x6127013ad3ba - std::panicking::begin_panic_handler::{{closure}}::h4fad77951c07e101
[INFO] [stdout]                                at /rustc/df4ca44d3fbc9301ee17f30f4d474e6ae4b05252/library/std/src/panicking.rs:674:13
[INFO] [stdout]   15:     0x6127013abf49 - std::sys::backtrace::__rust_end_short_backtrace::hb1a25b3da5d0ea08
[INFO] [stdout]                                at /rustc/df4ca44d3fbc9301ee17f30f4d474e6ae4b05252/library/std/src/sys/backtrace.rs:170:18
[INFO] [stdout]   16:     0x6127013ad04c - rust_begin_unwind
[INFO] [stdout]                                at /rustc/df4ca44d3fbc9301ee17f30f4d474e6ae4b05252/library/std/src/panicking.rs:665:5
[INFO] [stdout]   17:     0x6127013d2300 - core::panicking::panic_fmt::ha9db07b529f9b256
[INFO] [stdout]                                at /rustc/df4ca44d3fbc9301ee17f30f4d474e6ae4b05252/library/core/src/panicking.rs:75:14
[INFO] [stdout]   18:     0x6127013d2765 - core::panicking::assert_failed_inner::h04f38944d74a80a8
[INFO] [stdout]   19:     0x612700f55120 - core::panicking::assert_failed::h096a13c1d5cf48c7
[INFO] [stdout]                                at /rustc/df4ca44d3fbc9301ee17f30f4d474e6ae4b05252/library/core/src/panicking.rs:377:5
[INFO] [stdout]   20:     0x612700f88cae - decthings_model_executor::unix::spawn::tests::test_js_child_hello_world::{{closure}}::{{closure}}::h43f2f44a58005a1f
[INFO] [stdout]                                at /opt/rustwide/workdir/model-executor/src/unix/spawn/mod.rs:228:17
[INFO] [stdout]   21:     0x612700f5ccfe - <tokio::future::maybe_done::MaybeDone<Fut> as core::future::future::Future>::poll::h7114701230d51fa8
[INFO] [stdout]                                at /opt/rustwide/cargo-home/registry/src/index.crates.io-6f17d22bba15001f/tokio-1.41.0/src/future/maybe_done.rs:65:56
[INFO] [stdout]   22:     0x612700f892b0 - decthings_model_executor::unix::spawn::tests::test_js_child_hello_world::{{closure}}::{{closure}}::h992f02fc08b7a284
[INFO] [stdout]                                at /opt/rustwide/cargo-home/registry/src/index.crates.io-6f17d22bba15001f/tokio-1.41.0/src/macros/join.rs:138:24
[INFO] [stdout]   23:     0x612700f83363 - <core::future::poll_fn::PollFn<F> as core::future::future::Future>::poll::hf3edaa2f86635f0b
[INFO] [stdout]                                at /rustc/df4ca44d3fbc9301ee17f30f4d474e6ae4b05252/library/core/src/future/poll_fn.rs:151:9
[INFO] [stdout]   24:     0x612700f87313 - decthings_model_executor::unix::spawn::tests::test_js_child_hello_world::{{closure}}::h8ae814a1f9375673
[INFO] [stdout]                                at /opt/rustwide/workdir/model-executor/src/unix/spawn/mod.rs:140:9
[INFO] [stdout]   25:     0x612700f5c542 - <core::pin::Pin<P> as core::future::future::Future>::poll::h2243102b5ee331e5
[INFO] [stdout]                                at /rustc/df4ca44d3fbc9301ee17f30f4d474e6ae4b05252/library/core/src/future/future.rs:123:9
[INFO] [stdout]   26:     0x612700f5c57d - <core::pin::Pin<P> as core::future::future::Future>::poll::he8d15e14b16b6e91
[INFO] [stdout]                                at /rustc/df4ca44d3fbc9301ee17f30f4d474e6ae4b05252/library/core/src/future/future.rs:123:9
[INFO] [stdout]   27:     0x612700f82e0f - tokio::runtime::scheduler::current_thread::CoreGuard::block_on::{{closure}}::{{closure}}::{{closure}}::h01109d86b59e27e9
[INFO] [stdout]                                at /opt/rustwide/cargo-home/registry/src/index.crates.io-6f17d22bba15001f/tokio-1.41.0/src/runtime/scheduler/current_thread/mod.rs:729:57
[INFO] [stdout]   28:     0x612700f82ba5 - tokio::runtime::coop::with_budget::h296cd2bf9d7567e8
[INFO] [stdout]                                at /opt/rustwide/cargo-home/registry/src/index.crates.io-6f17d22bba15001f/tokio-1.41.0/src/runtime/coop.rs:107:5
[INFO] [stdout]   29:     0x612700f82ba5 - tokio::runtime::coop::budget::h6d952d66587a6acc
[INFO] [stdout]                                at /opt/rustwide/cargo-home/registry/src/index.crates.io-6f17d22bba15001f/tokio-1.41.0/src/runtime/coop.rs:73:5
[INFO] [stdout]   30:     0x612700f82ba5 - tokio::runtime::scheduler::current_thread::CoreGuard::block_on::{{closure}}::{{closure}}::hab60bf2014389a65
[INFO] [stdout]                                at /opt/rustwide/cargo-home/registry/src/index.crates.io-6f17d22bba15001f/tokio-1.41.0/src/runtime/scheduler/current_thread/mod.rs:729:25
[INFO] [stdout]   31:     0x612700f806a0 - tokio::runtime::scheduler::current_thread::Context::enter::hdb0cf32f1c57b0e9
[INFO] [stdout]                                at /opt/rustwide/cargo-home/registry/src/index.crates.io-6f17d22bba15001f/tokio-1.41.0/src/runtime/scheduler/current_thread/mod.rs:428:19
[INFO] [stdout]   32:     0x612700f81b7b - tokio::runtime::scheduler::current_thread::CoreGuard::block_on::{{closure}}::h52831d95ccc8e8a0
[INFO] [stdout]                                at /opt/rustwide/cargo-home/registry/src/index.crates.io-6f17d22bba15001f/tokio-1.41.0/src/runtime/scheduler/current_thread/mod.rs:728:36
[INFO] [stdout]   33:     0x612700f81894 - tokio::runtime::scheduler::current_thread::CoreGuard::enter::{{closure}}::h5b23e88a19d888df
[INFO] [stdout]                                at /opt/rustwide/cargo-home/registry/src/index.crates.io-6f17d22bba15001f/tokio-1.41.0/src/runtime/scheduler/current_thread/mod.rs:807:68
[INFO] [stdout]   34:     0x612700f7a3ab - tokio::runtime::context::scoped::Scoped<T>::set::hb39f129947593f78
[INFO] [stdout]                                at /opt/rustwide/cargo-home/registry/src/index.crates.io-6f17d22bba15001f/tokio-1.41.0/src/runtime/context/scoped.rs:40:9
[INFO] [stdout]   35:     0x612700f5b859 - tokio::runtime::context::set_scheduler::{{closure}}::h987fc12a78c6b84a
[INFO] [stdout]                                at /opt/rustwide/cargo-home/registry/src/index.crates.io-6f17d22bba15001f/tokio-1.41.0/src/runtime/context.rs:180:26
[INFO] [stdout]   36:     0x612700f73a1d - std::thread::local::LocalKey<T>::try_with::h054c1f0658855552
[INFO] [stdout]                                at /rustc/df4ca44d3fbc9301ee17f30f4d474e6ae4b05252/library/std/src/thread/local.rs:283:12
[INFO] [stdout]   37:     0x612700f7384a - std::thread::local::LocalKey<T>::with::h5be0d733896f5802
[INFO] [stdout]                                at /rustc/df4ca44d3fbc9301ee17f30f4d474e6ae4b05252/library/std/src/thread/local.rs:260:9
[INFO] [stdout]   38:     0x612700f5b80d - tokio::runtime::context::set_scheduler::h308ce094c3ad8bab
[INFO] [stdout]                                at /opt/rustwide/cargo-home/registry/src/index.crates.io-6f17d22bba15001f/tokio-1.41.0/src/runtime/context.rs:180:9
[INFO] [stdout]   39:     0x612700f81200 - tokio::runtime::scheduler::current_thread::CoreGuard::enter::hd0bf59d1f2d61e7f
[INFO] [stdout]                                at /opt/rustwide/cargo-home/registry/src/index.crates.io-6f17d22bba15001f/tokio-1.41.0/src/runtime/scheduler/current_thread/mod.rs:807:27
[INFO] [stdout]   40:     0x612700f81913 - tokio::runtime::scheduler::current_thread::CoreGuard::block_on::hf8857a802a545392
[INFO] [stdout]                                at /opt/rustwide/cargo-home/registry/src/index.crates.io-6f17d22bba15001f/tokio-1.41.0/src/runtime/scheduler/current_thread/mod.rs:716:19
[INFO] [stdout]   41:     0x612700f7fb43 - tokio::runtime::scheduler::current_thread::CurrentThread::block_on::{{closure}}::he7464c0f1697afe8
[INFO] [stdout]                                at /opt/rustwide/cargo-home/registry/src/index.crates.io-6f17d22bba15001f/tokio-1.41.0/src/runtime/scheduler/current_thread/mod.rs:196:28
[INFO] [stdout]   42:     0x612700f7e5a6 - tokio::runtime::context::runtime::enter_runtime::h183c8cd22fb3324b
[INFO] [stdout]                                at /opt/rustwide/cargo-home/registry/src/index.crates.io-6f17d22bba15001f/tokio-1.41.0/src/runtime/context/runtime.rs:65:16
[INFO] [stdout]   43:     0x612700f7f431 - tokio::runtime::scheduler::current_thread::CurrentThread::block_on::h5cd1767b7d658806
[INFO] [stdout]                                at /opt/rustwide/cargo-home/registry/src/index.crates.io-6f17d22bba15001f/tokio-1.41.0/src/runtime/scheduler/current_thread/mod.rs:184:9
[INFO] [stdout]   44:     0x612700f6a3fc - tokio::runtime::runtime::Runtime::block_on_inner::hb042d719b594201d
[INFO] [stdout]                                at /opt/rustwide/cargo-home/registry/src/index.crates.io-6f17d22bba15001f/tokio-1.41.0/src/runtime/runtime.rs:368:47
[INFO] [stdout]   45:     0x612700f6a707 - tokio::runtime::runtime::Runtime::block_on::h10538f3daf5e8907
[INFO] [stdout]                                at /opt/rustwide/cargo-home/registry/src/index.crates.io-6f17d22bba15001f/tokio-1.41.0/src/runtime/runtime.rs:342:13
[INFO] [stdout]   46:     0x612700f8630d - decthings_model_executor::unix::spawn::tests::test_js_child_hello_world::h567a523973b79ffa
[INFO] [stdout]                                at /opt/rustwide/workdir/model-executor/src/unix/spawn/mod.rs:140:9
[INFO] [stdout]   47:     0x612700f861a7 - decthings_model_executor::unix::spawn::tests::test_js_child_hello_world::{{closure}}::h20b00a72e166ed6d
[INFO] [stdout]                                at /opt/rustwide/workdir/model-executor/src/unix/spawn/mod.rs:107:41
[INFO] [stdout]   48:     0x612700f47566 - core::ops::function::FnOnce::call_once::h9f1d5a064167e733
[INFO] [stdout]                                at /rustc/df4ca44d3fbc9301ee17f30f4d474e6ae4b05252/library/core/src/ops/function.rs:250:5
[INFO] [stdout]   49:     0x61270126acfb - core::ops::function::FnOnce::call_once::h22c3ba5715e93f05
[INFO] [stdout]                                at /rustc/df4ca44d3fbc9301ee17f30f4d474e6ae4b05252/library/core/src/ops/function.rs:250:5
[INFO] [stdout]   50:     0x61270126acfb - test::__rust_begin_short_backtrace::h8e82d8113d0da17f
[INFO] [stdout]                                at /rustc/df4ca44d3fbc9301ee17f30f4d474e6ae4b05252/library/test/src/lib.rs:621:18
[INFO] [stdout]   51:     0x61270126a677 - test::run_test_in_process::{{closure}}::h33235f4f20b7b7c7
[INFO] [stdout]                                at /rustc/df4ca44d3fbc9301ee17f30f4d474e6ae4b05252/library/test/src/lib.rs:644:60
[INFO] [stdout]   52:     0x61270126a677 - <core::panic::unwind_safe::AssertUnwindSafe<F> as core::ops::function::FnOnce<()>>::call_once::hb5043206310c586f
[INFO] [stdout]                                at /rustc/df4ca44d3fbc9301ee17f30f4d474e6ae4b05252/library/core/src/panic/unwind_safe.rs:272:9
[INFO] [stdout]   53:     0x61270126a677 - std::panicking::try::do_call::h9ad4731a60ab23e2
[INFO] [stdout]                                at /rustc/df4ca44d3fbc9301ee17f30f4d474e6ae4b05252/library/std/src/panicking.rs:557:40
[INFO] [stdout]   54:     0x61270126a677 - std::panicking::try::h3824d23db772a716
[INFO] [stdout]                                at /rustc/df4ca44d3fbc9301ee17f30f4d474e6ae4b05252/library/std/src/panicking.rs:520:19
[INFO] [stdout]   55:     0x61270126a677 - std::panic::catch_unwind::h5afd514605fde46b
[INFO] [stdout]                                at /rustc/df4ca44d3fbc9301ee17f30f4d474e6ae4b05252/library/std/src/panic.rs:358:14
[INFO] [stdout]   56:     0x61270126a677 - test::run_test_in_process::h0d5cbfa7067d1720
[INFO] [stdout]                                at /rustc/df4ca44d3fbc9301ee17f30f4d474e6ae4b05252/library/test/src/lib.rs:644:27
[INFO] [stdout]   57:     0x61270126a677 - test::run_test::{{closure}}::h708eb8872708115d
[INFO] [stdout]                                at /rustc/df4ca44d3fbc9301ee17f30f4d474e6ae4b05252/library/test/src/lib.rs:565:43
[INFO] [stdout]   58:     0x61270122dd94 - test::run_test::{{closure}}::h392c51cee94713ab
[INFO] [stdout]                                at /rustc/df4ca44d3fbc9301ee17f30f4d474e6ae4b05252/library/test/src/lib.rs:595:41
[INFO] [stdout]   59:     0x61270122dd94 - std::sys::backtrace::__rust_begin_short_backtrace::h2f40290710935a8b
[INFO] [stdout]                                at /rustc/df4ca44d3fbc9301ee17f30f4d474e6ae4b05252/library/std/src/sys/backtrace.rs:154:18
[INFO] [stdout]   60:     0x61270123153e - std::thread::Builder::spawn_unchecked_::{{closure}}::{{closure}}::h3fd968d89053a903
[INFO] [stdout]                                at /rustc/df4ca44d3fbc9301ee17f30f4d474e6ae4b05252/library/std/src/thread/mod.rs:541:17
[INFO] [stdout]   61:     0x61270123153e - <core::panic::unwind_safe::AssertUnwindSafe<F> as core::ops::function::FnOnce<()>>::call_once::h743f637ba4229880
[INFO] [stdout]                                at /rustc/df4ca44d3fbc9301ee17f30f4d474e6ae4b05252/library/core/src/panic/unwind_safe.rs:272:9
[INFO] [stdout]   62:     0x61270123153e - std::panicking::try::do_call::h07440897322525a6
[INFO] [stdout]                                at /rustc/df4ca44d3fbc9301ee17f30f4d474e6ae4b05252/library/std/src/panicking.rs:557:40
[INFO] [stdout]   63:     0x61270123153e - std::panicking::try::he5a2e00188156637
[INFO] [stdout]                                at /rustc/df4ca44d3fbc9301ee17f30f4d474e6ae4b05252/library/std/src/panicking.rs:520:19
[INFO] [stdout]   64:     0x61270123153e - std::panic::catch_unwind::hbaf3cae49b3c6433
[INFO] [stdout]                                at /rustc/df4ca44d3fbc9301ee17f30f4d474e6ae4b05252/library/std/src/panic.rs:358:14
[INFO] [stdout]   65:     0x61270123153e - std::thread::Builder::spawn_unchecked_::{{closure}}::h8e141ea224820bce
[INFO] [stdout]                                at /rustc/df4ca44d3fbc9301ee17f30f4d474e6ae4b05252/library/std/src/thread/mod.rs:540:30
[INFO] [stdout]   66:     0x61270123153e - core::ops::function::FnOnce::call_once{{vtable.shim}}::h90d312fedd7b8ea8
[INFO] [stdout]                                at /rustc/df4ca44d3fbc9301ee17f30f4d474e6ae4b05252/library/core/src/ops/function.rs:250:5
[INFO] [stdout]   67:     0x6127013b21fb - <alloc::boxed::Box<F,A> as core::ops::function::FnOnce<Args>>::call_once::h69aa08ddb6adb8b6
[INFO] [stdout]                                at /rustc/df4ca44d3fbc9301ee17f30f4d474e6ae4b05252/library/alloc/src/boxed.rs:2454:9
[INFO] [stdout]   68:     0x6127013b21fb - <alloc::boxed::Box<F,A> as core::ops::function::FnOnce<Args>>::call_once::h5aa36efdb79c806f
[INFO] [stdout]                                at /rustc/df4ca44d3fbc9301ee17f30f4d474e6ae4b05252/library/alloc/src/boxed.rs:2454:9
[INFO] [stdout]   69:     0x6127013b21fb - std::sys::pal::unix::thread::Thread::new::thread_start::h6cd80a1b4be5158d
[INFO] [stdout]                                at /rustc/df4ca44d3fbc9301ee17f30f4d474e6ae4b05252/library/std/src/sys/pal/unix/thread.rs:105:17
[INFO] [stdout]   70:     0x70ea28946ac3 - <unknown>
[INFO] [stdout]   71:     0x70ea289d7a04 - clone
[INFO] [stdout]   72:                0x0 - <unknown>
[INFO] [stdout] 
[INFO] [stdout] 
[INFO] [stdout] failures:
[INFO] [stdout]     unix::spawn::tests::test_js_child_hello_world
[INFO] [stdout] 
[INFO] [stdout] test result: FAILED. 0 passed; 1 failed; 0 ignored; 0 measured; 0 filtered out; finished in 0.19s
[INFO] [stdout] 
[INFO] [stderr] error: test failed, to rerun pass `-p decthings-model-executor --lib`
[INFO] running `Command { std: "docker" "inspect" "bf279ff2e5bd9be6b2aa7d32ffb15b55f6247437dd79765ff53a4bf237376fc5", kill_on_drop: false }`
[INFO] running `Command { std: "docker" "rm" "-f" "bf279ff2e5bd9be6b2aa7d32ffb15b55f6247437dd79765ff53a4bf237376fc5", kill_on_drop: false }`
[INFO] [stdout] bf279ff2e5bd9be6b2aa7d32ffb15b55f6247437dd79765ff53a4bf237376fc5
