[INFO] cloning repository https://github.com/dayemsiddiqui/rustmem
[INFO] running `Command { std: "git" "-c" "credential.helper=" "-c" "credential.helper=/workspace/cargo-home/bin/git-credential-null" "clone" "--bare" "https://github.com/dayemsiddiqui/rustmem" "/workspace/cache/git-repos/https%3A%2F%2Fgithub.com%2Fdayemsiddiqui%2Frustmem", kill_on_drop: false }`
[INFO] [stderr] Cloning into bare repository '/workspace/cache/git-repos/https%3A%2F%2Fgithub.com%2Fdayemsiddiqui%2Frustmem'...
[INFO] running `Command { std: "git" "rev-parse" "HEAD", kill_on_drop: false }`
[INFO] [stdout] 6439bc20c5a556097389b00991c50403f1c8e42d
[INFO] testing dayemsiddiqui/rustmem/6439bc20c5a556097389b00991c50403f1c8e42d against nightly-2024-10-28 for randomize-layout
[INFO] running `Command { std: "git" "clone" "/workspace/cache/git-repos/https%3A%2F%2Fgithub.com%2Fdayemsiddiqui%2Frustmem" "/workspace/builds/worker-2-tc1/source", kill_on_drop: false }`
[INFO] [stderr] Cloning into '/workspace/builds/worker-2-tc1/source'...
[INFO] [stderr] done.
[INFO] validating manifest of git repo https://github.com/dayemsiddiqui/rustmem on toolchain nightly-2024-10-28
[INFO] running `Command { std: CARGO_HOME="/workspace/cargo-home" RUSTUP_HOME="/workspace/rustup-home" "/workspace/cargo-home/bin/cargo" "+nightly-2024-10-28" "metadata" "--manifest-path" "Cargo.toml" "--no-deps", kill_on_drop: false }`
[INFO] started tweaking git repo https://github.com/dayemsiddiqui/rustmem
[INFO] finished tweaking git repo https://github.com/dayemsiddiqui/rustmem
[INFO] tweaked toml for git repo https://github.com/dayemsiddiqui/rustmem written to /workspace/builds/worker-2-tc1/source/Cargo.toml
[INFO] crate git repo https://github.com/dayemsiddiqui/rustmem already has a lockfile, it will not be regenerated
[INFO] running `Command { std: CARGO_HOME="/workspace/cargo-home" RUSTUP_HOME="/workspace/rustup-home" "/workspace/cargo-home/bin/cargo" "+nightly-2024-10-28" "fetch" "--manifest-path" "Cargo.toml", kill_on_drop: false }`
[INFO] [stderr]     Updating crates.io index
[INFO] [stderr]  Downloading crates ...
[INFO] [stderr]   Downloaded serial_test_derive v3.1.1
[INFO] [stderr]   Downloaded sdd v0.2.0
[INFO] [stderr]   Downloaded scc v2.1.1
[INFO] [stderr]   Downloaded serial_test v3.1.1
[INFO] running `Command { std: "docker" "create" "-v" "/var/lib/crater-agent-workspace/builds/worker-2-tc1/target:/opt/rustwide/target:rw,Z" "-v" "/var/lib/crater-agent-workspace/builds/worker-2-tc1/source:/opt/rustwide/workdir:ro,Z" "-v" "/var/lib/crater-agent-workspace/cargo-home:/opt/rustwide/cargo-home:ro,Z" "-v" "/var/lib/crater-agent-workspace/rustup-home:/opt/rustwide/rustup-home:ro,Z" "-e" "SOURCE_DIR=/opt/rustwide/workdir" "-e" "CARGO_TARGET_DIR=/opt/rustwide/target" "-e" "CARGO_HOME=/opt/rustwide/cargo-home" "-e" "RUSTUP_HOME=/opt/rustwide/rustup-home" "-w" "/opt/rustwide/workdir" "-m" "1610612736" "--user" "0:0" "--network" "none" "ghcr.io/rust-lang/crates-build-env/linux@sha256:4a844ea9eb2546a2d2c7022eacef16ef2e8229c7fbb2c7d4d55a9ceca922f72d" "/opt/rustwide/cargo-home/bin/cargo" "+nightly-2024-10-28" "metadata" "--no-deps" "--format-version=1", kill_on_drop: false }`
[INFO] [stdout] 2975afbedcf34cab3c57045663ebb6dcca5b4455dc0b68a3614a1947e4073644
[INFO] running `Command { std: "docker" "start" "-a" "2975afbedcf34cab3c57045663ebb6dcca5b4455dc0b68a3614a1947e4073644", kill_on_drop: false }`
[INFO] running `Command { std: "docker" "inspect" "2975afbedcf34cab3c57045663ebb6dcca5b4455dc0b68a3614a1947e4073644", kill_on_drop: false }`
[INFO] running `Command { std: "docker" "rm" "-f" "2975afbedcf34cab3c57045663ebb6dcca5b4455dc0b68a3614a1947e4073644", kill_on_drop: false }`
[INFO] [stdout] 2975afbedcf34cab3c57045663ebb6dcca5b4455dc0b68a3614a1947e4073644
[INFO] running `Command { std: "docker" "create" "-v" "/var/lib/crater-agent-workspace/builds/worker-2-tc1/target:/opt/rustwide/target:rw,Z" "-v" "/var/lib/crater-agent-workspace/builds/worker-2-tc1/source:/opt/rustwide/workdir:ro,Z" "-v" "/var/lib/crater-agent-workspace/cargo-home:/opt/rustwide/cargo-home:ro,Z" "-v" "/var/lib/crater-agent-workspace/rustup-home:/opt/rustwide/rustup-home:ro,Z" "-e" "SOURCE_DIR=/opt/rustwide/workdir" "-e" "CARGO_TARGET_DIR=/opt/rustwide/target" "-e" "CARGO_INCREMENTAL=0" "-e" "RUST_BACKTRACE=full" "-e" "RUSTFLAGS=--cap-lints=forbid" "-e" "RUSTDOCFLAGS=--cap-lints=forbid" "-e" "CARGO_HOME=/opt/rustwide/cargo-home" "-e" "RUSTUP_HOME=/opt/rustwide/rustup-home" "-w" "/opt/rustwide/workdir" "-m" "1610612736" "--user" "0:0" "--network" "none" "ghcr.io/rust-lang/crates-build-env/linux@sha256:4a844ea9eb2546a2d2c7022eacef16ef2e8229c7fbb2c7d4d55a9ceca922f72d" "/opt/rustwide/cargo-home/bin/cargo" "+nightly-2024-10-28" "build" "--frozen" "--message-format=json", kill_on_drop: false }`
[INFO] [stdout] 89e0c0accb87a75bb9acd86d633b3935bca02b5094c8e44f89b45723657a6bf5
[INFO] running `Command { std: "docker" "start" "-a" "89e0c0accb87a75bb9acd86d633b3935bca02b5094c8e44f89b45723657a6bf5", kill_on_drop: false }`
[INFO] [stderr]    Compiling autocfg v1.3.0
[INFO] [stderr]    Compiling libc v0.2.154
[INFO] [stderr]    Compiling proc-macro2 v1.0.82
[INFO] [stderr]    Compiling unicode-ident v1.0.12
[INFO] [stderr]    Compiling pin-project-lite v0.2.14
[INFO] [stderr]    Compiling parking_lot_core v0.9.9
[INFO] [stderr]    Compiling futures-core v0.3.30
[INFO] [stderr]    Compiling futures-sink v0.3.30
[INFO] [stderr]    Compiling memchr v2.7.2
[INFO] [stderr]    Compiling futures-task v0.3.30
[INFO] [stderr]    Compiling futures-channel v0.3.30
[INFO] [stderr]    Compiling futures-io v0.3.30
[INFO] [stderr]    Compiling rustix v0.38.34
[INFO] [stderr]    Compiling linux-raw-sys v0.4.13
[INFO] [stderr]    Compiling bitflags v2.5.0
[INFO] [stderr]    Compiling tracing-core v0.1.32
[INFO] [stderr]    Compiling slab v0.4.9
[INFO] [stderr]    Compiling lock_api v0.4.11
[INFO] [stderr]    Compiling sdd v0.2.0
[INFO] [stderr]    Compiling futures-util v0.3.30
[INFO] [stderr]    Compiling scc v2.1.1
[INFO] [stderr]    Compiling quote v1.0.36
[INFO] [stderr]    Compiling tracing v0.1.40
[INFO] [stderr]    Compiling syn v2.0.63
[INFO] [stderr]    Compiling mio v0.8.11
[INFO] [stderr]    Compiling socket2 v0.5.7
[INFO] [stderr]    Compiling num_cpus v1.16.0
[INFO] [stderr]    Compiling parking_lot v0.12.1
[INFO] [stderr]    Compiling signal-hook-registry v1.4.1
[INFO] [stderr]    Compiling log v0.4.21
[INFO] [stderr]    Compiling bytes v1.6.0
[INFO] [stderr]    Compiling once_cell v1.19.0
[INFO] [stderr]    Compiling futures-executor v0.3.30
[INFO] [stderr]    Compiling futures v0.3.30
[INFO] [stderr]    Compiling polling v3.7.0
[INFO] [stderr]    Compiling tokio-macros v2.2.0
[INFO] [stderr]    Compiling serial_test_derive v3.1.1
[INFO] [stderr]    Compiling serial_test v3.1.1
[INFO] [stderr]    Compiling tokio v1.37.0
[INFO] [stderr]    Compiling rustmem v0.1.0 (/opt/rustwide/workdir)
[INFO] [stdout] warning: creating a mutable reference to mutable static is discouraged
[INFO] [stdout]   --> src/resp_parser.rs:48:14
[INFO] [stdout]    |
[INFO] [stdout] 48 |     unsafe { KV_STORE.get_or_insert_with(|| HashMap::new()) }
[INFO] [stdout]    |              ^^^^^^^^^^^^^^^^^^^^^^^^^^^^^^^^^^^^^^^^^^^^^^ mutable reference to mutable static
[INFO] [stdout]    |
[INFO] [stdout]    = note: for more information, see <https://doc.rust-lang.org/nightly/edition-guide/rust-2024/static-mut-references.html>
[INFO] [stdout]    = note: mutable references to mutable statics are dangerous; it's undefined behavior if any other pointer to the static is used or if any other reference is created for the static while the mutable reference lives
[INFO] [stdout]    = note: `#[warn(static_mut_refs)]` on by default
[INFO] [stdout] 
[INFO] [stdout] 
[INFO] [stderr]     Finished `dev` profile [unoptimized + debuginfo] target(s) in 7.14s
[INFO] running `Command { std: "docker" "inspect" "89e0c0accb87a75bb9acd86d633b3935bca02b5094c8e44f89b45723657a6bf5", kill_on_drop: false }`
[INFO] running `Command { std: "docker" "rm" "-f" "89e0c0accb87a75bb9acd86d633b3935bca02b5094c8e44f89b45723657a6bf5", kill_on_drop: false }`
[INFO] [stdout] 89e0c0accb87a75bb9acd86d633b3935bca02b5094c8e44f89b45723657a6bf5
[INFO] running `Command { std: "docker" "create" "-v" "/var/lib/crater-agent-workspace/builds/worker-2-tc1/target:/opt/rustwide/target:rw,Z" "-v" "/var/lib/crater-agent-workspace/builds/worker-2-tc1/source:/opt/rustwide/workdir:ro,Z" "-v" "/var/lib/crater-agent-workspace/cargo-home:/opt/rustwide/cargo-home:ro,Z" "-v" "/var/lib/crater-agent-workspace/rustup-home:/opt/rustwide/rustup-home:ro,Z" "-e" "SOURCE_DIR=/opt/rustwide/workdir" "-e" "CARGO_TARGET_DIR=/opt/rustwide/target" "-e" "CARGO_INCREMENTAL=0" "-e" "RUST_BACKTRACE=full" "-e" "RUSTFLAGS=--cap-lints=forbid" "-e" "RUSTDOCFLAGS=--cap-lints=forbid" "-e" "CARGO_HOME=/opt/rustwide/cargo-home" "-e" "RUSTUP_HOME=/opt/rustwide/rustup-home" "-w" "/opt/rustwide/workdir" "-m" "1610612736" "--user" "0:0" "--network" "none" "ghcr.io/rust-lang/crates-build-env/linux@sha256:4a844ea9eb2546a2d2c7022eacef16ef2e8229c7fbb2c7d4d55a9ceca922f72d" "/opt/rustwide/cargo-home/bin/cargo" "+nightly-2024-10-28" "test" "--frozen" "--no-run" "--message-format=json", kill_on_drop: false }`
[INFO] [stdout] 70f8de95bdc1c5a9e56abe13095c3ec3801ff73d9490041116970658a7b7c748
[INFO] running `Command { std: "docker" "start" "-a" "70f8de95bdc1c5a9e56abe13095c3ec3801ff73d9490041116970658a7b7c748", kill_on_drop: false }`
[INFO] [stderr]    Compiling rustmem v0.1.0 (/opt/rustwide/workdir)
[INFO] [stdout] warning: creating a mutable reference to mutable static is discouraged
[INFO] [stdout]   --> src/resp_parser.rs:48:14
[INFO] [stdout]    |
[INFO] [stdout] 48 |     unsafe { KV_STORE.get_or_insert_with(|| HashMap::new()) }
[INFO] [stdout]    |              ^^^^^^^^^^^^^^^^^^^^^^^^^^^^^^^^^^^^^^^^^^^^^^ mutable reference to mutable static
[INFO] [stdout]    |
[INFO] [stdout]    = note: for more information, see <https://doc.rust-lang.org/nightly/edition-guide/rust-2024/static-mut-references.html>
[INFO] [stdout]    = note: mutable references to mutable statics are dangerous; it's undefined behavior if any other pointer to the static is used or if any other reference is created for the static while the mutable reference lives
[INFO] [stdout]    = note: `#[warn(static_mut_refs)]` on by default
[INFO] [stdout] 
[INFO] [stdout] 
[INFO] [stderr]     Finished `test` profile [unoptimized + debuginfo] target(s) in 0.26s
[INFO] running `Command { std: "docker" "inspect" "70f8de95bdc1c5a9e56abe13095c3ec3801ff73d9490041116970658a7b7c748", kill_on_drop: false }`
[INFO] running `Command { std: "docker" "rm" "-f" "70f8de95bdc1c5a9e56abe13095c3ec3801ff73d9490041116970658a7b7c748", kill_on_drop: false }`
[INFO] [stdout] 70f8de95bdc1c5a9e56abe13095c3ec3801ff73d9490041116970658a7b7c748
[INFO] running `Command { std: "docker" "create" "-v" "/var/lib/crater-agent-workspace/builds/worker-2-tc1/target:/opt/rustwide/target:rw,Z" "-v" "/var/lib/crater-agent-workspace/builds/worker-2-tc1/source:/opt/rustwide/workdir:ro,Z" "-v" "/var/lib/crater-agent-workspace/cargo-home:/opt/rustwide/cargo-home:ro,Z" "-v" "/var/lib/crater-agent-workspace/rustup-home:/opt/rustwide/rustup-home:ro,Z" "-e" "SOURCE_DIR=/opt/rustwide/workdir" "-e" "CARGO_TARGET_DIR=/opt/rustwide/target" "-e" "CARGO_INCREMENTAL=0" "-e" "RUST_BACKTRACE=full" "-e" "RUSTFLAGS=--cap-lints=forbid" "-e" "RUSTDOCFLAGS=--cap-lints=forbid" "-e" "CARGO_HOME=/opt/rustwide/cargo-home" "-e" "RUSTUP_HOME=/opt/rustwide/rustup-home" "-w" "/opt/rustwide/workdir" "-m" "1610612736" "--user" "0:0" "--network" "none" "ghcr.io/rust-lang/crates-build-env/linux@sha256:4a844ea9eb2546a2d2c7022eacef16ef2e8229c7fbb2c7d4d55a9ceca922f72d" "/opt/rustwide/cargo-home/bin/cargo" "+nightly-2024-10-28" "test" "--frozen", kill_on_drop: false }`
[INFO] [stdout] 01c3f9e470664c343f440cfb0ab5fb71d73124b6a992024e2a1874cec4365c83
[INFO] running `Command { std: "docker" "start" "-a" "01c3f9e470664c343f440cfb0ab5fb71d73124b6a992024e2a1874cec4365c83", kill_on_drop: false }`
[INFO] [stderr] warning: creating a mutable reference to mutable static is discouraged
[INFO] [stderr]   --> src/resp_parser.rs:48:14
[INFO] [stderr]    |
[INFO] [stderr] 48 |     unsafe { KV_STORE.get_or_insert_with(|| HashMap::new()) }
[INFO] [stderr]    |              ^^^^^^^^^^^^^^^^^^^^^^^^^^^^^^^^^^^^^^^^^^^^^^ mutable reference to mutable static
[INFO] [stderr]    |
[INFO] [stderr]    = note: for more information, see <https://doc.rust-lang.org/nightly/edition-guide/rust-2024/static-mut-references.html>
[INFO] [stderr]    = note: mutable references to mutable statics are dangerous; it's undefined behavior if any other pointer to the static is used or if any other reference is created for the static while the mutable reference lives
[INFO] [stderr]    = note: `#[warn(static_mut_refs)]` on by default
[INFO] [stderr] 
[INFO] [stderr] warning: `rustmem` (bin "rustmem" test) generated 1 warning
[INFO] [stderr]     Finished `test` profile [unoptimized + debuginfo] target(s) in 0.03s
[INFO] [stderr]      Running unittests src/main.rs (/opt/rustwide/target/debug/deps/rustmem-b69dacf65e37bba0)
[INFO] [stdout] 
[INFO] [stdout] running 5 tests
[INFO] [stdout] test resp_parser::tests::test_del_command ... FAILED
[INFO] [stdout] test resp_parser::tests::test_exists_command ... ok
[INFO] [stdout] test resp_parser::tests::test_get_command ... ok
[INFO] [stdout] test resp_parser::tests::test_quit_command ... ok
[INFO] [stdout] test resp_parser::tests::test_set_command ... ok
[INFO] [stdout] 
[INFO] [stdout] failures:
[INFO] [stdout] 
[INFO] [stdout] ---- resp_parser::tests::test_del_command stdout ----
[INFO] [stdout] Processing request...
[INFO] [stdout] Processing request...
[INFO] [stdout] Executing DEL command...
[INFO] [stdout] thread 'resp_parser::tests::test_del_command' panicked at src/resp_parser.rs:159:9:
[INFO] [stdout] assertion `left == right` failed
[INFO] [stdout]   left: ":1\r\n"
[INFO] [stdout]  right: "+OK\r\n"
[INFO] [stdout] stack backtrace:
[INFO] [stdout]    0:     0x5aaddbda3f8a - std::backtrace_rs::backtrace::libunwind::trace::h207520d6e9873551
[INFO] [stdout]                                at /rustc/df4ca44d3fbc9301ee17f30f4d474e6ae4b05252/library/std/src/../../backtrace/src/backtrace/libunwind.rs:116:5
[INFO] [stdout]    1:     0x5aaddbda3f8a - std::backtrace_rs::backtrace::trace_unsynchronized::h2ed7433f370e3eca
[INFO] [stdout]                                at /rustc/df4ca44d3fbc9301ee17f30f4d474e6ae4b05252/library/std/src/../../backtrace/src/backtrace/mod.rs:66:5
[INFO] [stdout]    2:     0x5aaddbda3f8a - std::sys::backtrace::_print_fmt::h916fac51166b18d7
[INFO] [stdout]                                at /rustc/df4ca44d3fbc9301ee17f30f4d474e6ae4b05252/library/std/src/sys/backtrace.rs:66:9
[INFO] [stdout]    3:     0x5aaddbda3f8a - <std::sys::backtrace::BacktraceLock::print::DisplayBacktrace as core::fmt::Display>::fmt::ha0a4c9b8ce3802e6
[INFO] [stdout]                                at /rustc/df4ca44d3fbc9301ee17f30f4d474e6ae4b05252/library/std/src/sys/backtrace.rs:39:26
[INFO] [stdout]    4:     0x5aaddbdcae53 - core::fmt::rt::Argument::fmt::h4cfc8587d52b3eb5
[INFO] [stdout]                                at /rustc/df4ca44d3fbc9301ee17f30f4d474e6ae4b05252/library/core/src/fmt/rt.rs:177:76
[INFO] [stdout]    5:     0x5aaddbdcae53 - core::fmt::write::h522cc39e5b36ae9f
[INFO] [stdout]                                at /rustc/df4ca44d3fbc9301ee17f30f4d474e6ae4b05252/library/core/src/fmt/mod.rs:1190:21
[INFO] [stdout]    6:     0x5aaddbda0bc3 - std::io::Write::write_fmt::h7d3c26752da97734
[INFO] [stdout]                                at /rustc/df4ca44d3fbc9301ee17f30f4d474e6ae4b05252/library/std/src/io/mod.rs:1839:15
[INFO] [stdout]    7:     0x5aaddbda3dd2 - std::sys::backtrace::BacktraceLock::print::h4b9e00b29e9c0942
[INFO] [stdout]                                at /rustc/df4ca44d3fbc9301ee17f30f4d474e6ae4b05252/library/std/src/sys/backtrace.rs:42:9
[INFO] [stdout]    8:     0x5aaddbda541a - std::panicking::default_hook::{{closure}}::hb59b88280d0324d9
[INFO] [stdout]                                at /rustc/df4ca44d3fbc9301ee17f30f4d474e6ae4b05252/library/std/src/panicking.rs:268:22
[INFO] [stdout]    9:     0x5aaddbda5224 - std::panicking::default_hook::he1dd496665be4a29
[INFO] [stdout]                                at /rustc/df4ca44d3fbc9301ee17f30f4d474e6ae4b05252/library/std/src/panicking.rs:292:9
[INFO] [stdout]   10:     0x5aaddbd31859 - <alloc::boxed::Box<F,A> as core::ops::function::Fn<Args>>::call::h4ff71de18744e1dc
[INFO] [stdout]                                at /rustc/df4ca44d3fbc9301ee17f30f4d474e6ae4b05252/library/alloc/src/boxed.rs:2468:9
[INFO] [stdout]   11:     0x5aaddbd31859 - test::test_main::{{closure}}::hcf7c055ce117aa81
[INFO] [stdout]                                at /rustc/df4ca44d3fbc9301ee17f30f4d474e6ae4b05252/library/test/src/lib.rs:133:21
[INFO] [stdout]   12:     0x5aaddbda5b18 - <alloc::boxed::Box<F,A> as core::ops::function::Fn<Args>>::call::h1d66c6bbd60c9692
[INFO] [stdout]                                at /rustc/df4ca44d3fbc9301ee17f30f4d474e6ae4b05252/library/alloc/src/boxed.rs:2468:9
[INFO] [stdout]   13:     0x5aaddbda5b18 - std::panicking::rust_panic_with_hook::h2ff17fe8f26dfcf8
[INFO] [stdout]                                at /rustc/df4ca44d3fbc9301ee17f30f4d474e6ae4b05252/library/std/src/panicking.rs:809:13
[INFO] [stdout]   14:     0x5aaddbda58da - std::panicking::begin_panic_handler::{{closure}}::h4fad77951c07e101
[INFO] [stdout]                                at /rustc/df4ca44d3fbc9301ee17f30f4d474e6ae4b05252/library/std/src/panicking.rs:674:13
[INFO] [stdout]   15:     0x5aaddbda4469 - std::sys::backtrace::__rust_end_short_backtrace::hb1a25b3da5d0ea08
[INFO] [stdout]                                at /rustc/df4ca44d3fbc9301ee17f30f4d474e6ae4b05252/library/std/src/sys/backtrace.rs:170:18
[INFO] [stdout]   16:     0x5aaddbda556c - rust_begin_unwind
[INFO] [stdout]                                at /rustc/df4ca44d3fbc9301ee17f30f4d474e6ae4b05252/library/std/src/panicking.rs:665:5
[INFO] [stdout]   17:     0x5aaddbdc9850 - core::panicking::panic_fmt::ha9db07b529f9b256
[INFO] [stdout]                                at /rustc/df4ca44d3fbc9301ee17f30f4d474e6ae4b05252/library/core/src/panicking.rs:75:14
[INFO] [stdout]   18:     0x5aaddbdc9c1b - core::panicking::assert_failed_inner::h04f38944d74a80a8
[INFO] [stdout]   19:     0x5aaddbcf452f - core::panicking::assert_failed::h0f3af312f93e48d7
[INFO] [stdout]                                at /rustc/df4ca44d3fbc9301ee17f30f4d474e6ae4b05252/library/core/src/panicking.rs:377:5
[INFO] [stdout]   20:     0x5aaddbcf7591 - rustmem::resp_parser::tests::test_del_command::{{closure}}::h332e8481dafb6540
[INFO] [stdout]                                at /opt/rustwide/workdir/src/resp_parser.rs:159:9
[INFO] [stdout]   21:     0x5aaddbcf2bde - core::ops::function::FnOnce::call_once::hbcd1f39931059507
[INFO] [stdout]                                at /rustc/df4ca44d3fbc9301ee17f30f4d474e6ae4b05252/library/core/src/ops/function.rs:250:5
[INFO] [stdout]   22:     0x5aaddbd53a33 - serial_test::serial_code_lock::local_serial_core::h6fb25a45ca98e280
[INFO] [stdout]                                at /opt/rustwide/cargo-home/registry/src/index.crates.io-6f17d22bba15001f/serial_test-3.1.1/src/serial_code_lock.rs:36:5
[INFO] [stdout]   23:     0x5aaddbcf74ab - rustmem::resp_parser::tests::test_del_command::h02a471d3dfa4c472
[INFO] [stdout]                                at /opt/rustwide/workdir/src/resp_parser.rs:151:5
[INFO] [stdout]   24:     0x5aaddbcf7427 - rustmem::resp_parser::tests::test_del_command::{{closure}}::h8938722d4f6f7ca5
[INFO] [stdout]                                at /opt/rustwide/workdir/src/resp_parser.rs:152:26
[INFO] [stdout]   25:     0x5aaddbcf2af6 - core::ops::function::FnOnce::call_once::h93a8917756c7c9f2
[INFO] [stdout]                                at /rustc/df4ca44d3fbc9301ee17f30f4d474e6ae4b05252/library/core/src/ops/function.rs:250:5
[INFO] [stdout]   26:     0x5aaddbd3612b - core::ops::function::FnOnce::call_once::h22c3ba5715e93f05
[INFO] [stdout]                                at /rustc/df4ca44d3fbc9301ee17f30f4d474e6ae4b05252/library/core/src/ops/function.rs:250:5
[INFO] [stdout]   27:     0x5aaddbd3612b - test::__rust_begin_short_backtrace::h8e82d8113d0da17f
[INFO] [stdout]                                at /rustc/df4ca44d3fbc9301ee17f30f4d474e6ae4b05252/library/test/src/lib.rs:621:18
[INFO] [stdout]   28:     0x5aaddbd35aa7 - test::run_test_in_process::{{closure}}::h33235f4f20b7b7c7
[INFO] [stdout]                                at /rustc/df4ca44d3fbc9301ee17f30f4d474e6ae4b05252/library/test/src/lib.rs:644:60
[INFO] [stdout]   29:     0x5aaddbd35aa7 - <core::panic::unwind_safe::AssertUnwindSafe<F> as core::ops::function::FnOnce<()>>::call_once::hb5043206310c586f
[INFO] [stdout]                                at /rustc/df4ca44d3fbc9301ee17f30f4d474e6ae4b05252/library/core/src/panic/unwind_safe.rs:272:9
[INFO] [stdout]   30:     0x5aaddbd35aa7 - std::panicking::try::do_call::h9ad4731a60ab23e2
[INFO] [stdout]                                at /rustc/df4ca44d3fbc9301ee17f30f4d474e6ae4b05252/library/std/src/panicking.rs:557:40
[INFO] [stdout]   31:     0x5aaddbd35aa7 - std::panicking::try::h3824d23db772a716
[INFO] [stdout]                                at /rustc/df4ca44d3fbc9301ee17f30f4d474e6ae4b05252/library/std/src/panicking.rs:520:19
[INFO] [stdout]   32:     0x5aaddbd35aa7 - std::panic::catch_unwind::h5afd514605fde46b
[INFO] [stdout]                                at /rustc/df4ca44d3fbc9301ee17f30f4d474e6ae4b05252/library/std/src/panic.rs:358:14
[INFO] [stdout]   33:     0x5aaddbd35aa7 - test::run_test_in_process::h0d5cbfa7067d1720
[INFO] [stdout]                                at /rustc/df4ca44d3fbc9301ee17f30f4d474e6ae4b05252/library/test/src/lib.rs:644:27
[INFO] [stdout]   34:     0x5aaddbd35aa7 - test::run_test::{{closure}}::h708eb8872708115d
[INFO] [stdout]                                at /rustc/df4ca44d3fbc9301ee17f30f4d474e6ae4b05252/library/test/src/lib.rs:565:43
[INFO] [stdout]   35:     0x5aaddbcf91c4 - test::run_test::{{closure}}::h392c51cee94713ab
[INFO] [stdout]                                at /rustc/df4ca44d3fbc9301ee17f30f4d474e6ae4b05252/library/test/src/lib.rs:595:41
[INFO] [stdout]   36:     0x5aaddbcf91c4 - std::sys::backtrace::__rust_begin_short_backtrace::h2f40290710935a8b
[INFO] [stdout]                                at /rustc/df4ca44d3fbc9301ee17f30f4d474e6ae4b05252/library/std/src/sys/backtrace.rs:154:18
[INFO] [stdout]   37:     0x5aaddbcfc96e - std::thread::Builder::spawn_unchecked_::{{closure}}::{{closure}}::h3fd968d89053a903
[INFO] [stdout]                                at /rustc/df4ca44d3fbc9301ee17f30f4d474e6ae4b05252/library/std/src/thread/mod.rs:541:17
[INFO] [stdout]   38:     0x5aaddbcfc96e - <core::panic::unwind_safe::AssertUnwindSafe<F> as core::ops::function::FnOnce<()>>::call_once::h743f637ba4229880
[INFO] [stdout]                                at /rustc/df4ca44d3fbc9301ee17f30f4d474e6ae4b05252/library/core/src/panic/unwind_safe.rs:272:9
[INFO] [stdout]   39:     0x5aaddbcfc96e - std::panicking::try::do_call::h07440897322525a6
[INFO] [stdout]                                at /rustc/df4ca44d3fbc9301ee17f30f4d474e6ae4b05252/library/std/src/panicking.rs:557:40
[INFO] [stdout]   40:     0x5aaddbcfc96e - std::panicking::try::he5a2e00188156637
[INFO] [stdout]                                at /rustc/df4ca44d3fbc9301ee17f30f4d474e6ae4b05252/library/std/src/panicking.rs:520:19
[INFO] [stdout]   41:     0x5aaddbcfc96e - std::panic::catch_unwind::hbaf3cae49b3c6433
[INFO] [stdout]                                at /rustc/df4ca44d3fbc9301ee17f30f4d474e6ae4b05252/library/std/src/panic.rs:358:14
[INFO] [stdout]   42:     0x5aaddbcfc96e - std::thread::Builder::spawn_unchecked_::{{closure}}::h8e141ea224820bce
[INFO] [stdout]                                at /rustc/df4ca44d3fbc9301ee17f30f4d474e6ae4b05252/library/std/src/thread/mod.rs:540:30
[INFO] [stdout]   43:     0x5aaddbcfc96e - core::ops::function::FnOnce::call_once{{vtable.shim}}::h90d312fedd7b8ea8
[INFO] [stdout]                                at /rustc/df4ca44d3fbc9301ee17f30f4d474e6ae4b05252/library/core/src/ops/function.rs:250:5
[INFO] [stdout]   44:     0x5aaddbda990b - <alloc::boxed::Box<F,A> as core::ops::function::FnOnce<Args>>::call_once::h69aa08ddb6adb8b6
[INFO] [stdout]                                at /rustc/df4ca44d3fbc9301ee17f30f4d474e6ae4b05252/library/alloc/src/boxed.rs:2454:9
[INFO] [stdout]   45:     0x5aaddbda990b - <alloc::boxed::Box<F,A> as core::ops::function::FnOnce<Args>>::call_once::h5aa36efdb79c806f
[INFO] [stdout]                                at /rustc/df4ca44d3fbc9301ee17f30f4d474e6ae4b05252/library/alloc/src/boxed.rs:2454:9
[INFO] [stdout]   46:     0x5aaddbda990b - std::sys::pal::unix::thread::Thread::new::thread_start::h6cd80a1b4be5158d
[INFO] [stdout]                                at /rustc/df4ca44d3fbc9301ee17f30f4d474e6ae4b05252/library/std/src/sys/pal/unix/thread.rs:105:17
[INFO] [stdout]   47:     0x79900989aac3 - <unknown>
[INFO] [stdout]   48:     0x79900992ba04 - clone
[INFO] [stdout]   49:                0x0 - <unknown>
[INFO] [stdout] 
[INFO] [stdout] 
[INFO] [stdout] failures:
[INFO] [stdout]     resp_parser::tests::test_del_command
[INFO] [stdout] 
[INFO] [stdout] test result: FAILED. 4 passed; 1 failed; 0 ignored; 0 measured; 0 filtered out; finished in 0.02s
[INFO] [stdout] 
[INFO] [stderr] error: test failed, to rerun pass `--bin rustmem`
[INFO] running `Command { std: "docker" "inspect" "01c3f9e470664c343f440cfb0ab5fb71d73124b6a992024e2a1874cec4365c83", kill_on_drop: false }`
[INFO] running `Command { std: "docker" "rm" "-f" "01c3f9e470664c343f440cfb0ab5fb71d73124b6a992024e2a1874cec4365c83", kill_on_drop: false }`
[INFO] [stdout] 01c3f9e470664c343f440cfb0ab5fb71d73124b6a992024e2a1874cec4365c83
