[INFO] cloning repository https://github.com/daiagi/spv-bridge-assignment
[INFO] running `Command { std: "git" "-c" "credential.helper=" "-c" "credential.helper=/workspace/cargo-home/bin/git-credential-null" "clone" "--bare" "https://github.com/daiagi/spv-bridge-assignment" "/workspace/cache/git-repos/https%3A%2F%2Fgithub.com%2Fdaiagi%2Fspv-bridge-assignment", kill_on_drop: false }`
[INFO] [stderr] Cloning into bare repository '/workspace/cache/git-repos/https%3A%2F%2Fgithub.com%2Fdaiagi%2Fspv-bridge-assignment'...
[INFO] running `Command { std: "git" "rev-parse" "HEAD", kill_on_drop: false }`
[INFO] [stdout] 342232786d80445b781f93d26867b94ab88d666d
[INFO] testing daiagi/spv-bridge-assignment/342232786d80445b781f93d26867b94ab88d666d against nightly-2024-10-28 for randomize-layout
[INFO] running `Command { std: "git" "clone" "/workspace/cache/git-repos/https%3A%2F%2Fgithub.com%2Fdaiagi%2Fspv-bridge-assignment" "/workspace/builds/worker-0-tc1/source", kill_on_drop: false }`
[INFO] [stderr] Cloning into '/workspace/builds/worker-0-tc1/source'...
[INFO] [stderr] done.
[INFO] validating manifest of git repo https://github.com/daiagi/spv-bridge-assignment on toolchain nightly-2024-10-28
[INFO] running `Command { std: CARGO_HOME="/workspace/cargo-home" RUSTUP_HOME="/workspace/rustup-home" "/workspace/cargo-home/bin/cargo" "+nightly-2024-10-28" "metadata" "--manifest-path" "Cargo.toml" "--no-deps", kill_on_drop: false }`
[INFO] started tweaking git repo https://github.com/daiagi/spv-bridge-assignment
[INFO] finished tweaking git repo https://github.com/daiagi/spv-bridge-assignment
[INFO] tweaked toml for git repo https://github.com/daiagi/spv-bridge-assignment written to /workspace/builds/worker-0-tc1/source/Cargo.toml
[INFO] crate git repo https://github.com/daiagi/spv-bridge-assignment already has a lockfile, it will not be regenerated
[INFO] running `Command { std: CARGO_HOME="/workspace/cargo-home" RUSTUP_HOME="/workspace/rustup-home" "/workspace/cargo-home/bin/cargo" "+nightly-2024-10-28" "fetch" "--manifest-path" "Cargo.toml", kill_on_drop: false }`
[INFO] [stderr]     Updating crates.io index
[INFO] [stderr]  Downloading crates ...
[INFO] [stderr]   Downloaded ink v4.3.0
[INFO] [stderr]   Downloaded scale-encode-derive v0.5.0
[INFO] [stderr]   Downloaded scale-decode-derive v0.9.0
[INFO] [stderr]   Downloaded ink_storage_traits v4.3.0
[INFO] [stderr]   Downloaded ink_storage v4.3.0
[INFO] [stderr]   Downloaded scale-encode v0.5.0
[INFO] [stderr]   Downloaded ink_prelude v4.3.0
[INFO] [stderr]   Downloaded ink_primitives v4.3.0
[INFO] [stderr]   Downloaded scale-decode v0.9.0
[INFO] [stderr]   Downloaded synstructure v0.13.0
[INFO] [stderr]   Downloaded ink_engine v4.3.0
[INFO] [stderr]   Downloaded ink_metadata v4.3.0
[INFO] [stderr]   Downloaded ink_allocator v4.3.0
[INFO] [stderr]   Downloaded ink_macro v4.3.0
[INFO] [stderr]   Downloaded ink_env v4.3.0
[INFO] [stderr]   Downloaded ink_codegen v4.3.0
[INFO] [stderr]   Downloaded ink_ir v4.3.0
[INFO] [stderr]   Downloaded secp256k1 v0.27.0
[INFO] [stderr]   Downloaded scale-bits v0.4.0
[INFO] [stderr]   Downloaded secp256k1-sys v0.8.1
[INFO] running `Command { std: "docker" "create" "-v" "/var/lib/crater-agent-workspace/builds/worker-0-tc1/target:/opt/rustwide/target:rw,Z" "-v" "/var/lib/crater-agent-workspace/builds/worker-0-tc1/source:/opt/rustwide/workdir:ro,Z" "-v" "/var/lib/crater-agent-workspace/cargo-home:/opt/rustwide/cargo-home:ro,Z" "-v" "/var/lib/crater-agent-workspace/rustup-home:/opt/rustwide/rustup-home:ro,Z" "-e" "SOURCE_DIR=/opt/rustwide/workdir" "-e" "CARGO_TARGET_DIR=/opt/rustwide/target" "-e" "CARGO_HOME=/opt/rustwide/cargo-home" "-e" "RUSTUP_HOME=/opt/rustwide/rustup-home" "-w" "/opt/rustwide/workdir" "-m" "1610612736" "--user" "0:0" "--network" "none" "ghcr.io/rust-lang/crates-build-env/linux@sha256:4a844ea9eb2546a2d2c7022eacef16ef2e8229c7fbb2c7d4d55a9ceca922f72d" "/opt/rustwide/cargo-home/bin/cargo" "+nightly-2024-10-28" "metadata" "--no-deps" "--format-version=1", kill_on_drop: false }`
[INFO] [stdout] 09dada39b941b0ecc8e4f21dd779197f9673d158e7effa5f58925b6b86c75e28
[INFO] running `Command { std: "docker" "start" "-a" "09dada39b941b0ecc8e4f21dd779197f9673d158e7effa5f58925b6b86c75e28", kill_on_drop: false }`
[INFO] running `Command { std: "docker" "inspect" "09dada39b941b0ecc8e4f21dd779197f9673d158e7effa5f58925b6b86c75e28", kill_on_drop: false }`
[INFO] running `Command { std: "docker" "rm" "-f" "09dada39b941b0ecc8e4f21dd779197f9673d158e7effa5f58925b6b86c75e28", kill_on_drop: false }`
[INFO] [stdout] 09dada39b941b0ecc8e4f21dd779197f9673d158e7effa5f58925b6b86c75e28
[INFO] running `Command { std: "docker" "create" "-v" "/var/lib/crater-agent-workspace/builds/worker-0-tc1/target:/opt/rustwide/target:rw,Z" "-v" "/var/lib/crater-agent-workspace/builds/worker-0-tc1/source:/opt/rustwide/workdir:ro,Z" "-v" "/var/lib/crater-agent-workspace/cargo-home:/opt/rustwide/cargo-home:ro,Z" "-v" "/var/lib/crater-agent-workspace/rustup-home:/opt/rustwide/rustup-home:ro,Z" "-e" "SOURCE_DIR=/opt/rustwide/workdir" "-e" "CARGO_TARGET_DIR=/opt/rustwide/target" "-e" "CARGO_INCREMENTAL=0" "-e" "RUST_BACKTRACE=full" "-e" "RUSTFLAGS=--cap-lints=forbid" "-e" "RUSTDOCFLAGS=--cap-lints=forbid" "-e" "CARGO_HOME=/opt/rustwide/cargo-home" "-e" "RUSTUP_HOME=/opt/rustwide/rustup-home" "-w" "/opt/rustwide/workdir" "-m" "1610612736" "--user" "0:0" "--network" "none" "ghcr.io/rust-lang/crates-build-env/linux@sha256:4a844ea9eb2546a2d2c7022eacef16ef2e8229c7fbb2c7d4d55a9ceca922f72d" "/opt/rustwide/cargo-home/bin/cargo" "+nightly-2024-10-28" "build" "--frozen" "--message-format=json", kill_on_drop: false }`
[INFO] [stdout] b703509a68c0f6af10a20e0ef099572d5820c6afc39ba5d42dfc79b0fd992c37
[INFO] running `Command { std: "docker" "start" "-a" "b703509a68c0f6af10a20e0ef099572d5820c6afc39ba5d42dfc79b0fd992c37", kill_on_drop: false }`
[INFO] [stderr]    Compiling proc-macro2 v1.0.67
[INFO] [stderr]    Compiling syn v1.0.109
[INFO] [stderr]    Compiling hashbrown v0.14.0
[INFO] [stderr]    Compiling winnow v0.5.15
[INFO] [stderr]    Compiling toml_datetime v0.6.3
[INFO] [stderr]    Compiling serde v1.0.188
[INFO] [stderr]    Compiling radium v0.7.0
[INFO] [stderr]    Compiling byte-slice-cast v1.2.2
[INFO] [stderr]    Compiling tap v1.0.1
[INFO] [stderr]    Compiling fnv v1.0.7
[INFO] [stderr]    Compiling strsim v0.10.0
[INFO] [stderr]    Compiling funty v2.0.0
[INFO] [stderr]    Compiling wyz v0.5.1
[INFO] [stderr]    Compiling ident_case v1.0.1
[INFO] [stderr]    Compiling libc v0.2.148
[INFO] [stderr]    Compiling digest v0.10.7
[INFO] [stderr]    Compiling ink_prelude v4.3.0
[INFO] [stderr]    Compiling xxhash-rust v0.8.7
[INFO] [stderr]    Compiling memchr v2.6.3
[INFO] [stderr]    Compiling rustix v0.38.14
[INFO] [stderr]    Compiling indexmap v2.0.0
[INFO] [stderr]    Compiling blake2 v0.10.6
[INFO] [stderr]    Compiling quote v1.0.33
[INFO] [stderr]    Compiling syn v2.0.37
[INFO] [stderr]    Compiling bitvec v1.0.1
[INFO] [stderr]    Compiling aho-corasick v1.1.1
[INFO] [stderr]    Compiling linux-raw-sys v0.4.7
[INFO] [stderr]    Compiling regex-syntax v0.7.5
[INFO] [stderr]    Compiling cc v1.0.83
[INFO] [stderr]    Compiling bitflags v2.4.0
[INFO] [stderr]    Compiling toml_edit v0.19.15
[INFO] [stderr]    Compiling regex-automata v0.3.8
[INFO] [stderr]    Compiling secp256k1-sys v0.8.1
[INFO] [stderr]    Compiling num-traits v0.2.16
[INFO] [stderr]    Compiling serde_json v1.0.107
[INFO] [stderr]    Compiling either v1.9.0
[INFO] [stderr]    Compiling paste v1.0.14
[INFO] [stderr]    Compiling proc-macro-crate v1.3.1
[INFO] [stderr]    Compiling keccak v0.1.4
[INFO] [stderr]    Compiling sha2 v0.10.7
[INFO] [stderr]    Compiling sha3 v0.10.8
[INFO] [stderr]    Compiling itertools v0.10.5
[INFO] [stderr]    Compiling is-terminal v0.4.9
[INFO] [stderr]    Compiling log v0.4.20
[INFO] [stderr]    Compiling humantime v2.1.0
[INFO] [stderr]    Compiling itoa v1.0.9
[INFO] [stderr]    Compiling termcolor v1.3.0
[INFO] [stderr]    Compiling ryu v1.0.15
[INFO] [stderr]    Compiling darling_core v0.14.4
[INFO] [stderr]    Compiling regex v1.9.5
[INFO] [stderr]    Compiling ink_ir v4.3.0
[INFO] [stderr]    Compiling ink_allocator v4.3.0
[INFO] [stderr]    Compiling env_logger v0.10.0
[INFO] [stderr]    Compiling unicode-xid v0.2.4
[INFO] [stderr]    Compiling heck v0.4.1
[INFO] [stderr]    Compiling synstructure v0.13.0
[INFO] [stderr]    Compiling secp256k1 v0.27.0
[INFO] [stderr]    Compiling array-init v2.1.0
[INFO] [stderr]    Compiling serde_derive v1.0.188
[INFO] [stderr]    Compiling parity-scale-codec-derive v3.6.5
[INFO] [stderr]    Compiling impl-trait-for-tuples v0.2.2
[INFO] [stderr]    Compiling derive_more v0.99.17
[INFO] [stderr]    Compiling scale-info-derive v2.9.0
[INFO] [stderr]    Compiling darling_macro v0.14.4
[INFO] [stderr]    Compiling darling v0.14.4
[INFO] [stderr]    Compiling scale-encode-derive v0.5.0
[INFO] [stderr]    Compiling scale-decode-derive v0.9.0
[INFO] [stderr]    Compiling parity-scale-codec v3.6.5
[INFO] [stderr]    Compiling impl-serde v0.4.0
[INFO] [stderr]    Compiling scale-info v2.9.0
[INFO] [stderr]    Compiling scale-bits v0.4.0
[INFO] [stderr]    Compiling scale-encode v0.5.0
[INFO] [stderr]    Compiling scale-decode v0.9.0
[INFO] [stderr]    Compiling ink_primitives v4.3.0
[INFO] [stderr]    Compiling ink_codegen v4.3.0
[INFO] [stderr]    Compiling ink_metadata v4.3.0
[INFO] [stderr]    Compiling ink_engine v4.3.0
[INFO] [stderr]    Compiling ink_storage_traits v4.3.0
[INFO] [stderr]    Compiling ink_env v4.3.0
[INFO] [stderr]    Compiling ink_storage v4.3.0
[INFO] [stderr]    Compiling ink_macro v4.3.0
[INFO] [stderr]    Compiling ink v4.3.0
[INFO] [stderr]    Compiling spv_bridge v0.1.0 (/opt/rustwide/workdir/ink/spv_bridge)
[INFO] [stdout] warning: unexpected `cfg` condition value: `__ink_dylint_Storage`
[INFO] [stdout]   --> ink/spv_bridge/lib.rs:70:2
[INFO] [stdout]    |
[INFO] [stdout] 70 | /     pub struct SpvBridge {
[INFO] [stdout] 71 | |         /// The main source chain header database.
[INFO] [stdout] 72 | |         /// Maps header hashes to complete headers.
[INFO] [stdout] 73 | |         headers: Mapping<HashValue, Header>,
[INFO] [stdout] ...  |
[INFO] [stdout] 96 | |         verify_fee: Balance,
[INFO] [stdout] 97 | |     }
[INFO] [stdout]    | |_____^
[INFO] [stdout]    |
[INFO] [stdout]    = note: expected values for `feature` are: `default`, `e2e-tests`, `ink-as-dependency`, `scale-info`, and `std`
[INFO] [stdout]    = help: consider adding `__ink_dylint_Storage` as a feature in `Cargo.toml`
[INFO] [stdout]    = note: see <https://doc.rust-lang.org/nightly/rustc/check-cfg/cargo-specifics.html> for more information about checking conditional configuration
[INFO] [stdout]    = note: `#[warn(unexpected_cfgs)]` on by default
[INFO] [stdout] 
[INFO] [stdout] 
[INFO] [stdout] warning: unexpected `cfg` condition value: `__ink_dylint_Constructor`
[INFO] [stdout]    --> ink/spv_bridge/lib.rs:137:3
[INFO] [stdout]     |
[INFO] [stdout] 137 | /         /// Initialize the on-chain light client with a "checkpoint" header.
[INFO] [stdout] 138 | |         ///
[INFO] [stdout] 139 | |         /// In many cases, the source chain is older than the target chain, and may have a long
[INFO] [stdout] 140 | |         /// history. We allow starting from a recent point in the source chain and verifying
[INFO] [stdout] ...   |
[INFO] [stdout] 181 | |             }
[INFO] [stdout] 182 | |         }
[INFO] [stdout]     | |_________^
[INFO] [stdout]     |
[INFO] [stdout]     = note: expected values for `feature` are: `default`, `e2e-tests`, `ink-as-dependency`, `scale-info`, and `std`
[INFO] [stdout]     = help: consider adding `__ink_dylint_Constructor` as a feature in `Cargo.toml`
[INFO] [stdout]     = note: see <https://doc.rust-lang.org/nightly/rustc/check-cfg/cargo-specifics.html> for more information about checking conditional configuration
[INFO] [stdout] 
[INFO] [stdout] 
[INFO] [stdout] warning: unused variable: `header`
[INFO] [stdout]    --> ink/spv_bridge/lib.rs:197:39
[INFO] [stdout]     |
[INFO] [stdout] 197 |         pub fn submit_new_header(&mut self, header: Header) -> Result<()> {
[INFO] [stdout]     |                                             ^^^^^^ help: if this is intentional, prefix it with an underscore: `_header`
[INFO] [stdout]     |
[INFO] [stdout]     = note: `#[warn(unused_variables)]` on by default
[INFO] [stdout] 
[INFO] [stdout] 
[INFO] [stdout] warning: unused variable: `tx_hash`
[INFO] [stdout]    --> ink/spv_bridge/lib.rs:215:4
[INFO] [stdout]     |
[INFO] [stdout] 215 |             tx_hash: HashValue,
[INFO] [stdout]     |             ^^^^^^^ help: if this is intentional, prefix it with an underscore: `_tx_hash`
[INFO] [stdout] 
[INFO] [stdout] 
[INFO] [stdout] warning: unused variable: `header_hash`
[INFO] [stdout]    --> ink/spv_bridge/lib.rs:216:4
[INFO] [stdout]     |
[INFO] [stdout] 216 |             header_hash: HashValue,
[INFO] [stdout]     |             ^^^^^^^^^^^ help: if this is intentional, prefix it with an underscore: `_header_hash`
[INFO] [stdout] 
[INFO] [stdout] 
[INFO] [stdout] warning: unused variable: `min_depth`
[INFO] [stdout]    --> ink/spv_bridge/lib.rs:217:4
[INFO] [stdout]     |
[INFO] [stdout] 217 |             min_depth: u64,
[INFO] [stdout]     |             ^^^^^^^^^ help: if this is intentional, prefix it with an underscore: `_min_depth`
[INFO] [stdout] 
[INFO] [stdout] 
[INFO] [stdout] warning: unused variable: `p`
[INFO] [stdout]    --> ink/spv_bridge/lib.rs:218:4
[INFO] [stdout]     |
[INFO] [stdout] 218 |             p: MerkleProof,
[INFO] [stdout]     |             ^ help: if this is intentional, prefix it with an underscore: `_p`
[INFO] [stdout] 
[INFO] [stdout] 
[INFO] [stdout] warning: unused variable: `block_hash`
[INFO] [stdout]    --> ink/spv_bridge/lib.rs:231:4
[INFO] [stdout]     |
[INFO] [stdout] 231 |             block_hash: HashValue,
[INFO] [stdout]     |             ^^^^^^^^^^ help: if this is intentional, prefix it with an underscore: `_block_hash`
[INFO] [stdout] 
[INFO] [stdout] 
[INFO] [stdout] warning: unused variable: `min_depth`
[INFO] [stdout]    --> ink/spv_bridge/lib.rs:232:4
[INFO] [stdout]     |
[INFO] [stdout] 232 |             min_depth: u64,
[INFO] [stdout]     |             ^^^^^^^^^ help: if this is intentional, prefix it with an underscore: `_min_depth`
[INFO] [stdout] 
[INFO] [stdout] 
[INFO] [stdout] warning: unused variable: `p`
[INFO] [stdout]    --> ink/spv_bridge/lib.rs:233:4
[INFO] [stdout]     |
[INFO] [stdout] 233 |             p: MerkleProof,
[INFO] [stdout]     |             ^ help: if this is intentional, prefix it with an underscore: `_p`
[INFO] [stdout] 
[INFO] [stdout] 
[INFO] [stdout] warning: unused variable: `header_hash`
[INFO] [stdout]    --> ink/spv_bridge/lib.rs:251:33
[INFO] [stdout]     |
[INFO] [stdout] 251 |         pub fn header_is_known(&self, header_hash: HashValue) -> bool {
[INFO] [stdout]     |                                       ^^^^^^^^^^^ help: if this is intentional, prefix it with an underscore: `_header_hash`
[INFO] [stdout] 
[INFO] [stdout] 
[INFO] [stdout] warning: unused variable: `header_hash`
[INFO] [stdout]    --> ink/spv_bridge/lib.rs:256:33
[INFO] [stdout]     |
[INFO] [stdout] 256 |         pub fn header_is_canon(&self, header_hash: HashValue) -> bool {
[INFO] [stdout]     |                                       ^^^^^^^^^^^ help: if this is intentional, prefix it with an underscore: `_header_hash`
[INFO] [stdout] 
[INFO] [stdout] 
[INFO] [stdout] warning: non-local `impl` definition, `impl` blocks should be written at the same level as their item
[INFO] [stdout]   --> ink/spv_bridge/lib.rs:70:2
[INFO] [stdout]    |
[INFO] [stdout] 3  |   #[ink::contract]
[INFO] [stdout]    |   ---------------- `CallBuilder` is not local
[INFO] [stdout] ...
[INFO] [stdout] 70 |       pub struct SpvBridge {
[INFO] [stdout]    |  _____^
[INFO] [stdout] 71 | |         /// The main source chain header database.
[INFO] [stdout] 72 | |         /// Maps header hashes to complete headers.
[INFO] [stdout] 73 | |         headers: Mapping<HashValue, Header>,
[INFO] [stdout] ...  |
[INFO] [stdout] 96 | |         verify_fee: Balance,
[INFO] [stdout] 97 | |     }
[INFO] [stdout]    | |     -
[INFO] [stdout]    | |     |
[INFO] [stdout]    | |_____`Encode` is not local
[INFO] [stdout]    |       move the `impl` block outside of this constant `_` and up 2 bodies
[INFO] [stdout]    |
[INFO] [stdout]    = note: the derive macro `::scale::Encode` defines the non-local `impl`, and may need to be changed
[INFO] [stdout]    = note: the derive macro `::scale::Encode` may come from an old version of the `parity_scale_codec_derive` crate, try updating your dependency with `cargo update -p parity_scale_codec_derive`
[INFO] [stdout]    = note: an `impl` is never scoped, even when it is nested inside an item, as it may impact type checking outside of that item, which can be the case if neither the trait or the self type are at the same nesting level as the `impl`
[INFO] [stdout]    = note: items in an anonymous const item (`const _: () = { ... }`) are treated as in the same scope as the anonymous const's declaration for the purpose of this lint
[INFO] [stdout]    = note: `#[warn(non_local_definitions)]` on by default
[INFO] [stdout]    = note: this warning originates in the derive macro `::scale::Encode` (in Nightly builds, run with -Z macro-backtrace for more info)
[INFO] [stdout] 
[INFO] [stdout] 
[INFO] [stdout] warning: non-local `impl` definition, `impl` blocks should be written at the same level as their item
[INFO] [stdout]   --> ink/spv_bridge/lib.rs:70:2
[INFO] [stdout]    |
[INFO] [stdout] 3  |   #[ink::contract]
[INFO] [stdout]    |   ---------------- `CallBuilder` is not local
[INFO] [stdout] ...
[INFO] [stdout] 70 |       pub struct SpvBridge {
[INFO] [stdout]    |  _____^
[INFO] [stdout] 71 | |         /// The main source chain header database.
[INFO] [stdout] 72 | |         /// Maps header hashes to complete headers.
[INFO] [stdout] 73 | |         headers: Mapping<HashValue, Header>,
[INFO] [stdout] ...  |
[INFO] [stdout] 96 | |         verify_fee: Balance,
[INFO] [stdout] 97 | |     }
[INFO] [stdout]    | |     -
[INFO] [stdout]    | |     |
[INFO] [stdout]    | |_____`EncodeLike` is not local
[INFO] [stdout]    |       move the `impl` block outside of this constant `_` and up 2 bodies
[INFO] [stdout]    |
[INFO] [stdout]    = note: the derive macro `::scale::Encode` defines the non-local `impl`, and may need to be changed
[INFO] [stdout]    = note: the derive macro `::scale::Encode` may come from an old version of the `parity_scale_codec_derive` crate, try updating your dependency with `cargo update -p parity_scale_codec_derive`
[INFO] [stdout]    = note: an `impl` is never scoped, even when it is nested inside an item, as it may impact type checking outside of that item, which can be the case if neither the trait or the self type are at the same nesting level as the `impl`
[INFO] [stdout]    = note: items in an anonymous const item (`const _: () = { ... }`) are treated as in the same scope as the anonymous const's declaration for the purpose of this lint
[INFO] [stdout]    = note: this warning originates in the derive macro `::scale::Encode` (in Nightly builds, run with -Z macro-backtrace for more info)
[INFO] [stdout] 
[INFO] [stdout] 
[INFO] [stdout] warning: non-local `impl` definition, `impl` blocks should be written at the same level as their item
[INFO] [stdout]   --> ink/spv_bridge/lib.rs:70:2
[INFO] [stdout]    |
[INFO] [stdout] 3  |   #[ink::contract]
[INFO] [stdout]    |   ---------------- `CallBuilder` is not local
[INFO] [stdout] ...
[INFO] [stdout] 70 |       pub struct SpvBridge {
[INFO] [stdout]    |  _____^
[INFO] [stdout] 71 | |         /// The main source chain header database.
[INFO] [stdout] 72 | |         /// Maps header hashes to complete headers.
[INFO] [stdout] 73 | |         headers: Mapping<HashValue, Header>,
[INFO] [stdout] ...  |
[INFO] [stdout] 96 | |         verify_fee: Balance,
[INFO] [stdout] 97 | |     }
[INFO] [stdout]    | |     -
[INFO] [stdout]    | |     |
[INFO] [stdout]    | |_____`Decode` is not local
[INFO] [stdout]    |       move the `impl` block outside of this constant `_` and up 2 bodies
[INFO] [stdout]    |
[INFO] [stdout]    = note: the derive macro `::scale::Decode` defines the non-local `impl`, and may need to be changed
[INFO] [stdout]    = note: the derive macro `::scale::Decode` may come from an old version of the `parity_scale_codec_derive` crate, try updating your dependency with `cargo update -p parity_scale_codec_derive`
[INFO] [stdout]    = note: an `impl` is never scoped, even when it is nested inside an item, as it may impact type checking outside of that item, which can be the case if neither the trait or the self type are at the same nesting level as the `impl`
[INFO] [stdout]    = note: items in an anonymous const item (`const _: () = { ... }`) are treated as in the same scope as the anonymous const's declaration for the purpose of this lint
[INFO] [stdout]    = note: this warning originates in the derive macro `::scale::Decode` (in Nightly builds, run with -Z macro-backtrace for more info)
[INFO] [stdout] 
[INFO] [stdout] 
[INFO] [stdout] warning: non-local `impl` definition, `impl` blocks should be written at the same level as their item
[INFO] [stdout]   --> ink/spv_bridge/lib.rs:70:2
[INFO] [stdout]    |
[INFO] [stdout] 3  |   #[ink::contract]
[INFO] [stdout]    |   ---------------- `CallBuilder` is not local
[INFO] [stdout] ...
[INFO] [stdout] 70 |       pub struct SpvBridge {
[INFO] [stdout]    |  _____^
[INFO] [stdout] 71 | |         /// The main source chain header database.
[INFO] [stdout] 72 | |         /// Maps header hashes to complete headers.
[INFO] [stdout] 73 | |         headers: Mapping<HashValue, Header>,
[INFO] [stdout] ...  |
[INFO] [stdout] 96 | |         verify_fee: Balance,
[INFO] [stdout] 97 | |     }
[INFO] [stdout]    | |     -
[INFO] [stdout]    | |     |
[INFO] [stdout]    | |_____`TypeInfo` is not local
[INFO] [stdout]    |       move the `impl` block outside of this constant `_` and up 2 bodies
[INFO] [stdout]    |
[INFO] [stdout]    = note: the derive macro `::scale_info::TypeInfo` defines the non-local `impl`, and may need to be changed
[INFO] [stdout]    = note: the derive macro `::scale_info::TypeInfo` may come from an old version of the `scale_info_derive` crate, try updating your dependency with `cargo update -p scale_info_derive`
[INFO] [stdout]    = note: an `impl` is never scoped, even when it is nested inside an item, as it may impact type checking outside of that item, which can be the case if neither the trait or the self type are at the same nesting level as the `impl`
[INFO] [stdout]    = note: items in an anonymous const item (`const _: () = { ... }`) are treated as in the same scope as the anonymous const's declaration for the purpose of this lint
[INFO] [stdout]    = note: this warning originates in the derive macro `::scale_info::TypeInfo` (in Nightly builds, run with -Z macro-backtrace for more info)
[INFO] [stdout] 
[INFO] [stdout] 
[INFO] [stdout] warning: non-local `impl` definition, `impl` blocks should be written at the same level as their item
[INFO] [stdout]   --> ink/spv_bridge/lib.rs:70:2
[INFO] [stdout]    |
[INFO] [stdout] 3  |   #[ink::contract]
[INFO] [stdout]    |   ---------------- `CallBuilder` is not local
[INFO] [stdout] ...
[INFO] [stdout] 70 |       pub struct SpvBridge {
[INFO] [stdout]    |  _____^
[INFO] [stdout] 71 | |         /// The main source chain header database.
[INFO] [stdout] 72 | |         /// Maps header hashes to complete headers.
[INFO] [stdout] 73 | |         headers: Mapping<HashValue, Header>,
[INFO] [stdout] ...  |
[INFO] [stdout] 96 | |         verify_fee: Balance,
[INFO] [stdout] 97 | |     }
[INFO] [stdout]    | |     -
[INFO] [stdout]    | |     |
[INFO] [stdout]    | |_____`StorageLayout` is not local
[INFO] [stdout]    |       move the `impl` block outside of this constant `_` and up 2 bodies
[INFO] [stdout]    |
[INFO] [stdout]    = note: the derive macro `::ink::storage::traits::StorageLayout` defines the non-local `impl`, and may need to be changed
[INFO] [stdout]    = note: the derive macro `::ink::storage::traits::StorageLayout` may come from an old version of the `ink_macro` crate, try updating your dependency with `cargo update -p ink_macro`
[INFO] [stdout]    = note: an `impl` is never scoped, even when it is nested inside an item, as it may impact type checking outside of that item, which can be the case if neither the trait or the self type are at the same nesting level as the `impl`
[INFO] [stdout]    = note: items in an anonymous const item (`const _: () = { ... }`) are treated as in the same scope as the anonymous const's declaration for the purpose of this lint
[INFO] [stdout]    = note: this warning originates in the derive macro `::ink::storage::traits::StorageLayout` (in Nightly builds, run with -Z macro-backtrace for more info)
[INFO] [stdout] 
[INFO] [stdout] 
[INFO] [stdout] warning: non-local `impl` definition, `impl` blocks should be written at the same level as their item
[INFO] [stdout]   --> ink/spv_bridge/lib.rs:70:2
[INFO] [stdout]    |
[INFO] [stdout] 70 |       pub struct SpvBridge {
[INFO] [stdout]    |       -^^^^^^^^^^---------
[INFO] [stdout]    |       |          |
[INFO] [stdout]    |  _____|          `SpvBridge` is not local
[INFO] [stdout]    | |
[INFO] [stdout] 71 | |         /// The main source chain header database.
[INFO] [stdout] 72 | |         /// Maps header hashes to complete headers.
[INFO] [stdout] 73 | |         headers: Mapping<HashValue, Header>,
[INFO] [stdout] ...  |
[INFO] [stdout] 96 | |         verify_fee: Balance,
[INFO] [stdout] 97 | |     }
[INFO] [stdout]    | |     -
[INFO] [stdout]    | |     |
[INFO] [stdout]    | |_____`ContractCallBuilder` is not local
[INFO] [stdout]    |       move the `impl` block outside of this constant `_` and up 2 bodies
[INFO] [stdout]    |
[INFO] [stdout]    = note: an `impl` is never scoped, even when it is nested inside an item, as it may impact type checking outside of that item, which can be the case if neither the trait or the self type are at the same nesting level as the `impl`
[INFO] [stdout]    = note: items in an anonymous const item (`const _: () = { ... }`) are treated as in the same scope as the anonymous const's declaration for the purpose of this lint
[INFO] [stdout] 
[INFO] [stdout] 
[INFO] [stdout] warning: non-local `impl` definition, `impl` blocks should be written at the same level as their item
[INFO] [stdout]   --> ink/spv_bridge/lib.rs:3:1
[INFO] [stdout]    |
[INFO] [stdout] 3  |   #[ink::contract]
[INFO] [stdout]    |   ^^^^^^^^^^^^^^^^ `CallBuilder` is not local
[INFO] [stdout] ...
[INFO] [stdout] 70 | /     pub struct SpvBridge {
[INFO] [stdout] 71 | |         /// The main source chain header database.
[INFO] [stdout] 72 | |         /// Maps header hashes to complete headers.
[INFO] [stdout] 73 | |         headers: Mapping<HashValue, Header>,
[INFO] [stdout] ...  |
[INFO] [stdout] 96 | |         verify_fee: Balance,
[INFO] [stdout] 97 | |     }
[INFO] [stdout]    | |     -
[INFO] [stdout]    | |     |
[INFO] [stdout]    | |_____`ContractEnv` is not local
[INFO] [stdout]    |       move the `impl` block outside of this constant `_` and up 2 bodies
[INFO] [stdout]    |
[INFO] [stdout]    = note: an `impl` is never scoped, even when it is nested inside an item, as it may impact type checking outside of that item, which can be the case if neither the trait or the self type are at the same nesting level as the `impl`
[INFO] [stdout]    = note: items in an anonymous const item (`const _: () = { ... }`) are treated as in the same scope as the anonymous const's declaration for the purpose of this lint
[INFO] [stdout]    = note: this warning originates in the attribute macro `ink::contract` (in Nightly builds, run with -Z macro-backtrace for more info)
[INFO] [stdout] 
[INFO] [stdout] 
[INFO] [stderr]     Finished `dev` profile [unoptimized + debuginfo] target(s) in 14.29s
[INFO] running `Command { std: "docker" "inspect" "b703509a68c0f6af10a20e0ef099572d5820c6afc39ba5d42dfc79b0fd992c37", kill_on_drop: false }`
[INFO] running `Command { std: "docker" "rm" "-f" "b703509a68c0f6af10a20e0ef099572d5820c6afc39ba5d42dfc79b0fd992c37", kill_on_drop: false }`
[INFO] [stdout] b703509a68c0f6af10a20e0ef099572d5820c6afc39ba5d42dfc79b0fd992c37
[INFO] running `Command { std: "docker" "create" "-v" "/var/lib/crater-agent-workspace/builds/worker-0-tc1/target:/opt/rustwide/target:rw,Z" "-v" "/var/lib/crater-agent-workspace/builds/worker-0-tc1/source:/opt/rustwide/workdir:ro,Z" "-v" "/var/lib/crater-agent-workspace/cargo-home:/opt/rustwide/cargo-home:ro,Z" "-v" "/var/lib/crater-agent-workspace/rustup-home:/opt/rustwide/rustup-home:ro,Z" "-e" "SOURCE_DIR=/opt/rustwide/workdir" "-e" "CARGO_TARGET_DIR=/opt/rustwide/target" "-e" "CARGO_INCREMENTAL=0" "-e" "RUST_BACKTRACE=full" "-e" "RUSTFLAGS=--cap-lints=forbid" "-e" "RUSTDOCFLAGS=--cap-lints=forbid" "-e" "CARGO_HOME=/opt/rustwide/cargo-home" "-e" "RUSTUP_HOME=/opt/rustwide/rustup-home" "-w" "/opt/rustwide/workdir" "-m" "1610612736" "--user" "0:0" "--network" "none" "ghcr.io/rust-lang/crates-build-env/linux@sha256:4a844ea9eb2546a2d2c7022eacef16ef2e8229c7fbb2c7d4d55a9ceca922f72d" "/opt/rustwide/cargo-home/bin/cargo" "+nightly-2024-10-28" "test" "--frozen" "--no-run" "--message-format=json", kill_on_drop: false }`
[INFO] [stdout] e8989f66dbcb4a948edb675e44e0e97d86f7689c68826b57af1e3c2a03581c15
[INFO] running `Command { std: "docker" "start" "-a" "e8989f66dbcb4a948edb675e44e0e97d86f7689c68826b57af1e3c2a03581c15", kill_on_drop: false }`
[INFO] [stdout] warning: unexpected `cfg` condition value: `__ink_dylint_Storage`
[INFO] [stdout]   --> ink/spv_bridge/lib.rs:70:2
[INFO] [stdout]    |
[INFO] [stdout] 70 | /     pub struct SpvBridge {
[INFO] [stdout] 71 | |         /// The main source chain header database.
[INFO] [stdout] 72 | |         /// Maps header hashes to complete headers.
[INFO] [stdout] 73 | |         headers: Mapping<HashValue, Header>,
[INFO] [stdout] ...  |
[INFO] [stdout] 96 | |         verify_fee: Balance,
[INFO] [stdout] 97 | |     }
[INFO] [stdout]    | |_____^
[INFO] [stdout]    |
[INFO] [stdout]    = note: expected values for `feature` are: `default`, `e2e-tests`, `ink-as-dependency`, `scale-info`, and `std`
[INFO] [stdout]    = help: consider adding `__ink_dylint_Storage` as a feature in `Cargo.toml`
[INFO] [stdout]    = note: see <https://doc.rust-lang.org/nightly/rustc/check-cfg/cargo-specifics.html> for more information about checking conditional configuration
[INFO] [stdout]    = note: `#[warn(unexpected_cfgs)]` on by default
[INFO] [stdout] 
[INFO] [stdout] 
[INFO] [stdout] warning: unexpected `cfg` condition value: `__ink_dylint_Constructor`
[INFO] [stdout]    --> ink/spv_bridge/lib.rs:137:3
[INFO] [stdout]     |
[INFO] [stdout] 137 | /         /// Initialize the on-chain light client with a "checkpoint" header.
[INFO] [stdout] 138 | |         ///
[INFO] [stdout] 139 | |         /// In many cases, the source chain is older than the target chain, and may have a long
[INFO] [stdout] 140 | |         /// history. We allow starting from a recent point in the source chain and verifying
[INFO] [stdout] ...   |
[INFO] [stdout] 181 | |             }
[INFO] [stdout] 182 | |         }
[INFO] [stdout]     | |_________^
[INFO] [stdout]     |
[INFO] [stdout]     = note: expected values for `feature` are: `default`, `e2e-tests`, `ink-as-dependency`, `scale-info`, and `std`
[INFO] [stdout]     = help: consider adding `__ink_dylint_Constructor` as a feature in `Cargo.toml`
[INFO] [stdout]     = note: see <https://doc.rust-lang.org/nightly/rustc/check-cfg/cargo-specifics.html> for more information about checking conditional configuration
[INFO] [stdout] 
[INFO] [stdout] 
[INFO] [stdout] warning: unused variable: `header`
[INFO] [stdout]    --> ink/spv_bridge/lib.rs:197:39
[INFO] [stdout]     |
[INFO] [stdout] 197 |         pub fn submit_new_header(&mut self, header: Header) -> Result<()> {
[INFO] [stdout]     |                                             ^^^^^^ help: if this is intentional, prefix it with an underscore: `_header`
[INFO] [stdout]     |
[INFO] [stdout]     = note: `#[warn(unused_variables)]` on by default
[INFO] [stdout] 
[INFO] [stdout] 
[INFO] [stdout] warning: unused variable: `tx_hash`
[INFO] [stdout]    --> ink/spv_bridge/lib.rs:215:4
[INFO] [stdout]     |
[INFO] [stdout] 215 |             tx_hash: HashValue,
[INFO] [stdout]     |             ^^^^^^^ help: if this is intentional, prefix it with an underscore: `_tx_hash`
[INFO] [stdout] 
[INFO] [stdout] 
[INFO] [stdout] warning: unused variable: `header_hash`
[INFO] [stdout]    --> ink/spv_bridge/lib.rs:216:4
[INFO] [stdout]     |
[INFO] [stdout] 216 |             header_hash: HashValue,
[INFO] [stdout]     |             ^^^^^^^^^^^ help: if this is intentional, prefix it with an underscore: `_header_hash`
[INFO] [stdout] 
[INFO] [stdout] 
[INFO] [stdout] warning: unused variable: `min_depth`
[INFO] [stdout]    --> ink/spv_bridge/lib.rs:217:4
[INFO] [stdout]     |
[INFO] [stdout] 217 |             min_depth: u64,
[INFO] [stdout]     |             ^^^^^^^^^ help: if this is intentional, prefix it with an underscore: `_min_depth`
[INFO] [stdout] 
[INFO] [stdout] 
[INFO] [stdout] warning: unused variable: `p`
[INFO] [stdout]    --> ink/spv_bridge/lib.rs:218:4
[INFO] [stdout]     |
[INFO] [stdout] 218 |             p: MerkleProof,
[INFO] [stdout]     |             ^ help: if this is intentional, prefix it with an underscore: `_p`
[INFO] [stdout] 
[INFO] [stdout] 
[INFO] [stdout] warning: unused variable: `block_hash`
[INFO] [stdout]    --> ink/spv_bridge/lib.rs:231:4
[INFO] [stdout]     |
[INFO] [stdout] 231 |             block_hash: HashValue,
[INFO] [stdout]     |             ^^^^^^^^^^ help: if this is intentional, prefix it with an underscore: `_block_hash`
[INFO] [stdout] 
[INFO] [stdout] 
[INFO] [stdout] warning: unused variable: `min_depth`
[INFO] [stdout]    --> ink/spv_bridge/lib.rs:232:4
[INFO] [stdout]     |
[INFO] [stdout] 232 |             min_depth: u64,
[INFO] [stdout]     |             ^^^^^^^^^ help: if this is intentional, prefix it with an underscore: `_min_depth`
[INFO] [stdout] 
[INFO] [stdout] 
[INFO] [stdout] warning: unused variable: `p`
[INFO] [stdout]    --> ink/spv_bridge/lib.rs:233:4
[INFO] [stdout]     |
[INFO] [stdout] 233 |             p: MerkleProof,
[INFO] [stdout]     |             ^ help: if this is intentional, prefix it with an underscore: `_p`
[INFO] [stdout] 
[INFO] [stdout] 
[INFO] [stdout] warning: unused variable: `header_hash`
[INFO] [stdout]    --> ink/spv_bridge/lib.rs:251:33
[INFO] [stdout]     |
[INFO] [stdout] 251 |         pub fn header_is_known(&self, header_hash: HashValue) -> bool {
[INFO] [stdout]     |                                       ^^^^^^^^^^^ help: if this is intentional, prefix it with an underscore: `_header_hash`
[INFO] [stdout] 
[INFO] [stdout] 
[INFO] [stdout] warning: unused variable: `header_hash`
[INFO] [stdout]    --> ink/spv_bridge/lib.rs:256:33
[INFO] [stdout]     |
[INFO] [stdout] 256 |         pub fn header_is_canon(&self, header_hash: HashValue) -> bool {
[INFO] [stdout]     |                                       ^^^^^^^^^^^ help: if this is intentional, prefix it with an underscore: `_header_hash`
[INFO] [stdout] 
[INFO] [stdout] 
[INFO] [stdout] warning: non-local `impl` definition, `impl` blocks should be written at the same level as their item
[INFO] [stdout]   --> ink/spv_bridge/lib.rs:70:2
[INFO] [stdout]    |
[INFO] [stdout] 3  |   #[ink::contract]
[INFO] [stdout]    |   ---------------- `CallBuilder` is not local
[INFO] [stdout] ...
[INFO] [stdout] 70 |       pub struct SpvBridge {
[INFO] [stdout]    |  _____^
[INFO] [stdout] 71 | |         /// The main source chain header database.
[INFO] [stdout] 72 | |         /// Maps header hashes to complete headers.
[INFO] [stdout] 73 | |         headers: Mapping<HashValue, Header>,
[INFO] [stdout] ...  |
[INFO] [stdout] 96 | |         verify_fee: Balance,
[INFO] [stdout] 97 | |     }
[INFO] [stdout]    | |     -
[INFO] [stdout]    | |     |
[INFO] [stdout]    | |_____`Encode` is not local
[INFO] [stdout]    |       move the `impl` block outside of this constant `_` and up 2 bodies
[INFO] [stdout]    |
[INFO] [stdout]    = note: the derive macro `::scale::Encode` defines the non-local `impl`, and may need to be changed
[INFO] [stdout]    = note: the derive macro `::scale::Encode` may come from an old version of the `parity_scale_codec_derive` crate, try updating your dependency with `cargo update -p parity_scale_codec_derive`
[INFO] [stdout]    = note: an `impl` is never scoped, even when it is nested inside an item, as it may impact type checking outside of that item, which can be the case if neither the trait or the self type are at the same nesting level as the `impl`
[INFO] [stdout]    = note: items in an anonymous const item (`const _: () = { ... }`) are treated as in the same scope as the anonymous const's declaration for the purpose of this lint
[INFO] [stdout]    = note: `#[warn(non_local_definitions)]` on by default
[INFO] [stdout]    = note: this warning originates in the derive macro `::scale::Encode` (in Nightly builds, run with -Z macro-backtrace for more info)
[INFO] [stdout] 
[INFO] [stdout] 
[INFO] [stdout] warning: non-local `impl` definition, `impl` blocks should be written at the same level as their item
[INFO] [stdout]   --> ink/spv_bridge/lib.rs:70:2
[INFO] [stdout]    |
[INFO] [stdout] 3  |   #[ink::contract]
[INFO] [stdout]    |   ---------------- `CallBuilder` is not local
[INFO] [stdout] ...
[INFO] [stdout] 70 |       pub struct SpvBridge {
[INFO] [stdout]    |  _____^
[INFO] [stdout] 71 | |         /// The main source chain header database.
[INFO] [stdout] 72 | |         /// Maps header hashes to complete headers.
[INFO] [stdout] 73 | |         headers: Mapping<HashValue, Header>,
[INFO] [stdout] ...  |
[INFO] [stdout] 96 | |         verify_fee: Balance,
[INFO] [stdout] 97 | |     }
[INFO] [stdout]    | |     -
[INFO] [stdout]    | |     |
[INFO] [stdout]    | |_____`EncodeLike` is not local
[INFO] [stdout]    |       move the `impl` block outside of this constant `_` and up 2 bodies
[INFO] [stdout]    |
[INFO] [stdout]    = note: the derive macro `::scale::Encode` defines the non-local `impl`, and may need to be changed
[INFO] [stdout]    = note: the derive macro `::scale::Encode` may come from an old version of the `parity_scale_codec_derive` crate, try updating your dependency with `cargo update -p parity_scale_codec_derive`
[INFO] [stdout]    = note: an `impl` is never scoped, even when it is nested inside an item, as it may impact type checking outside of that item, which can be the case if neither the trait or the self type are at the same nesting level as the `impl`
[INFO] [stdout]    = note: items in an anonymous const item (`const _: () = { ... }`) are treated as in the same scope as the anonymous const's declaration for the purpose of this lint
[INFO] [stdout]    = note: this warning originates in the derive macro `::scale::Encode` (in Nightly builds, run with -Z macro-backtrace for more info)
[INFO] [stdout] 
[INFO] [stdout] 
[INFO] [stdout] warning: non-local `impl` definition, `impl` blocks should be written at the same level as their item
[INFO] [stdout]   --> ink/spv_bridge/lib.rs:70:2
[INFO] [stdout]    |
[INFO] [stdout] 3  |   #[ink::contract]
[INFO] [stdout]    |   ---------------- `CallBuilder` is not local
[INFO] [stdout] ...
[INFO] [stdout] 70 |       pub struct SpvBridge {
[INFO] [stdout]    |  _____^
[INFO] [stdout] 71 | |         /// The main source chain header database.
[INFO] [stdout] 72 | |         /// Maps header hashes to complete headers.
[INFO] [stdout] 73 | |         headers: Mapping<HashValue, Header>,
[INFO] [stdout] ...  |
[INFO] [stdout] 96 | |         verify_fee: Balance,
[INFO] [stdout] 97 | |     }
[INFO] [stdout]    | |     -
[INFO] [stdout]    | |     |
[INFO] [stdout]    | |_____`Decode` is not local
[INFO] [stdout]    |       move the `impl` block outside of this constant `_` and up 2 bodies
[INFO] [stdout]    |
[INFO] [stdout]    = note: the derive macro `::scale::Decode` defines the non-local `impl`, and may need to be changed
[INFO] [stdout]    = note: the derive macro `::scale::Decode` may come from an old version of the `parity_scale_codec_derive` crate, try updating your dependency with `cargo update -p parity_scale_codec_derive`
[INFO] [stdout]    = note: an `impl` is never scoped, even when it is nested inside an item, as it may impact type checking outside of that item, which can be the case if neither the trait or the self type are at the same nesting level as the `impl`
[INFO] [stdout]    = note: items in an anonymous const item (`const _: () = { ... }`) are treated as in the same scope as the anonymous const's declaration for the purpose of this lint
[INFO] [stdout]    = note: this warning originates in the derive macro `::scale::Decode` (in Nightly builds, run with -Z macro-backtrace for more info)
[INFO] [stdout] 
[INFO] [stdout] 
[INFO] [stdout] warning: non-local `impl` definition, `impl` blocks should be written at the same level as their item
[INFO] [stdout]   --> ink/spv_bridge/lib.rs:70:2
[INFO] [stdout]    |
[INFO] [stdout] 3  |   #[ink::contract]
[INFO] [stdout]    |   ---------------- `CallBuilder` is not local
[INFO] [stdout] ...
[INFO] [stdout] 70 |       pub struct SpvBridge {
[INFO] [stdout]    |  _____^
[INFO] [stdout] 71 | |         /// The main source chain header database.
[INFO] [stdout] 72 | |         /// Maps header hashes to complete headers.
[INFO] [stdout] 73 | |         headers: Mapping<HashValue, Header>,
[INFO] [stdout] ...  |
[INFO] [stdout] 96 | |         verify_fee: Balance,
[INFO] [stdout] 97 | |     }
[INFO] [stdout]    | |     -
[INFO] [stdout]    | |     |
[INFO] [stdout]    | |_____`TypeInfo` is not local
[INFO] [stdout]    |       move the `impl` block outside of this constant `_` and up 2 bodies
[INFO] [stdout]    |
[INFO] [stdout]    = note: the derive macro `::scale_info::TypeInfo` defines the non-local `impl`, and may need to be changed
[INFO] [stdout]    = note: the derive macro `::scale_info::TypeInfo` may come from an old version of the `scale_info_derive` crate, try updating your dependency with `cargo update -p scale_info_derive`
[INFO] [stdout]    = note: an `impl` is never scoped, even when it is nested inside an item, as it may impact type checking outside of that item, which can be the case if neither the trait or the self type are at the same nesting level as the `impl`
[INFO] [stdout]    = note: items in an anonymous const item (`const _: () = { ... }`) are treated as in the same scope as the anonymous const's declaration for the purpose of this lint
[INFO] [stdout]    = note: this warning originates in the derive macro `::scale_info::TypeInfo` (in Nightly builds, run with -Z macro-backtrace for more info)
[INFO] [stdout] 
[INFO] [stdout] 
[INFO] [stdout] warning: non-local `impl` definition, `impl` blocks should be written at the same level as their item
[INFO] [stdout]   --> ink/spv_bridge/lib.rs:70:2
[INFO] [stdout]    |
[INFO] [stdout] 3  |   #[ink::contract]
[INFO] [stdout]    |   ---------------- `CallBuilder` is not local
[INFO] [stdout] ...
[INFO] [stdout] 70 |       pub struct SpvBridge {
[INFO] [stdout]    |  _____^
[INFO] [stdout] 71 | |         /// The main source chain header database.
[INFO] [stdout] 72 | |         /// Maps header hashes to complete headers.
[INFO] [stdout] 73 | |         headers: Mapping<HashValue, Header>,
[INFO] [stdout] ...  |
[INFO] [stdout] 96 | |         verify_fee: Balance,
[INFO] [stdout] 97 | |     }
[INFO] [stdout]    | |     -
[INFO] [stdout]    | |     |
[INFO] [stdout]    | |_____`StorageLayout` is not local
[INFO] [stdout]    |       move the `impl` block outside of this constant `_` and up 2 bodies
[INFO] [stdout]    |
[INFO] [stdout]    = note: the derive macro `::ink::storage::traits::StorageLayout` defines the non-local `impl`, and may need to be changed
[INFO] [stdout]    = note: the derive macro `::ink::storage::traits::StorageLayout` may come from an old version of the `ink_macro` crate, try updating your dependency with `cargo update -p ink_macro`
[INFO] [stdout]    = note: an `impl` is never scoped, even when it is nested inside an item, as it may impact type checking outside of that item, which can be the case if neither the trait or the self type are at the same nesting level as the `impl`
[INFO] [stdout]    = note: items in an anonymous const item (`const _: () = { ... }`) are treated as in the same scope as the anonymous const's declaration for the purpose of this lint
[INFO] [stdout]    = note: this warning originates in the derive macro `::ink::storage::traits::StorageLayout` (in Nightly builds, run with -Z macro-backtrace for more info)
[INFO] [stdout] 
[INFO] [stdout] 
[INFO] [stdout] warning: non-local `impl` definition, `impl` blocks should be written at the same level as their item
[INFO] [stdout]   --> ink/spv_bridge/lib.rs:70:2
[INFO] [stdout]    |
[INFO] [stdout] 70 |       pub struct SpvBridge {
[INFO] [stdout]    |       -^^^^^^^^^^---------
[INFO] [stdout]    |       |          |
[INFO] [stdout]    |  _____|          `SpvBridge` is not local
[INFO] [stdout]    | |
[INFO] [stdout] 71 | |         /// The main source chain header database.
[INFO] [stdout] 72 | |         /// Maps header hashes to complete headers.
[INFO] [stdout] 73 | |         headers: Mapping<HashValue, Header>,
[INFO] [stdout] ...  |
[INFO] [stdout] 96 | |         verify_fee: Balance,
[INFO] [stdout] 97 | |     }
[INFO] [stdout]    | |     -
[INFO] [stdout]    | |     |
[INFO] [stdout]    | |_____`ContractCallBuilder` is not local
[INFO] [stdout]    |       move the `impl` block outside of this constant `_` and up 2 bodies
[INFO] [stdout]    |
[INFO] [stdout]    = note: an `impl` is never scoped, even when it is nested inside an item, as it may impact type checking outside of that item, which can be the case if neither the trait or the self type are at the same nesting level as the `impl`
[INFO] [stdout]    = note: items in an anonymous const item (`const _: () = { ... }`) are treated as in the same scope as the anonymous const's declaration for the purpose of this lint
[INFO] [stdout] 
[INFO] [stdout] 
[INFO] [stdout] warning: non-local `impl` definition, `impl` blocks should be written at the same level as their item
[INFO] [stdout]   --> ink/spv_bridge/lib.rs:3:1
[INFO] [stdout]    |
[INFO] [stdout] 3  |   #[ink::contract]
[INFO] [stdout]    |   ^^^^^^^^^^^^^^^^ `CallBuilder` is not local
[INFO] [stdout] ...
[INFO] [stdout] 70 | /     pub struct SpvBridge {
[INFO] [stdout] 71 | |         /// The main source chain header database.
[INFO] [stdout] 72 | |         /// Maps header hashes to complete headers.
[INFO] [stdout] 73 | |         headers: Mapping<HashValue, Header>,
[INFO] [stdout] ...  |
[INFO] [stdout] 96 | |         verify_fee: Balance,
[INFO] [stdout] 97 | |     }
[INFO] [stdout]    | |     -
[INFO] [stdout]    | |     |
[INFO] [stdout]    | |_____`ContractEnv` is not local
[INFO] [stdout]    |       move the `impl` block outside of this constant `_` and up 2 bodies
[INFO] [stdout]    |
[INFO] [stdout]    = note: an `impl` is never scoped, even when it is nested inside an item, as it may impact type checking outside of that item, which can be the case if neither the trait or the self type are at the same nesting level as the `impl`
[INFO] [stdout]    = note: items in an anonymous const item (`const _: () = { ... }`) are treated as in the same scope as the anonymous const's declaration for the purpose of this lint
[INFO] [stdout]    = note: this warning originates in the attribute macro `ink::contract` (in Nightly builds, run with -Z macro-backtrace for more info)
[INFO] [stdout] 
[INFO] [stdout] 
[INFO] [stderr]    Compiling spv_bridge v0.1.0 (/opt/rustwide/workdir/ink/spv_bridge)
[INFO] [stdout] warning: unexpected `cfg` condition value: `__ink_dylint_Storage`
[INFO] [stdout]   --> ink/spv_bridge/lib.rs:70:2
[INFO] [stdout]    |
[INFO] [stdout] 70 | /     pub struct SpvBridge {
[INFO] [stdout] 71 | |         /// The main source chain header database.
[INFO] [stdout] 72 | |         /// Maps header hashes to complete headers.
[INFO] [stdout] 73 | |         headers: Mapping<HashValue, Header>,
[INFO] [stdout] ...  |
[INFO] [stdout] 96 | |         verify_fee: Balance,
[INFO] [stdout] 97 | |     }
[INFO] [stdout]    | |_____^
[INFO] [stdout]    |
[INFO] [stdout]    = note: expected values for `feature` are: `default`, `e2e-tests`, `ink-as-dependency`, `scale-info`, and `std`
[INFO] [stdout]    = help: consider adding `__ink_dylint_Storage` as a feature in `Cargo.toml`
[INFO] [stdout]    = note: see <https://doc.rust-lang.org/nightly/rustc/check-cfg/cargo-specifics.html> for more information about checking conditional configuration
[INFO] [stdout]    = note: `#[warn(unexpected_cfgs)]` on by default
[INFO] [stdout] 
[INFO] [stdout] 
[INFO] [stdout] warning: unexpected `cfg` condition value: `__ink_dylint_Constructor`
[INFO] [stdout]    --> ink/spv_bridge/lib.rs:137:3
[INFO] [stdout]     |
[INFO] [stdout] 137 | /         /// Initialize the on-chain light client with a "checkpoint" header.
[INFO] [stdout] 138 | |         ///
[INFO] [stdout] 139 | |         /// In many cases, the source chain is older than the target chain, and may have a long
[INFO] [stdout] 140 | |         /// history. We allow starting from a recent point in the source chain and verifying
[INFO] [stdout] ...   |
[INFO] [stdout] 181 | |             }
[INFO] [stdout] 182 | |         }
[INFO] [stdout]     | |_________^
[INFO] [stdout]     |
[INFO] [stdout]     = note: expected values for `feature` are: `default`, `e2e-tests`, `ink-as-dependency`, `scale-info`, and `std`
[INFO] [stdout]     = help: consider adding `__ink_dylint_Constructor` as a feature in `Cargo.toml`
[INFO] [stdout]     = note: see <https://doc.rust-lang.org/nightly/rustc/check-cfg/cargo-specifics.html> for more information about checking conditional configuration
[INFO] [stdout] 
[INFO] [stdout] 
[INFO] [stdout] warning: unused variable: `header`
[INFO] [stdout]    --> ink/spv_bridge/lib.rs:197:39
[INFO] [stdout]     |
[INFO] [stdout] 197 |         pub fn submit_new_header(&mut self, header: Header) -> Result<()> {
[INFO] [stdout]     |                                             ^^^^^^ help: if this is intentional, prefix it with an underscore: `_header`
[INFO] [stdout]     |
[INFO] [stdout]     = note: `#[warn(unused_variables)]` on by default
[INFO] [stdout] 
[INFO] [stdout] 
[INFO] [stdout] warning: unused variable: `tx_hash`
[INFO] [stdout]    --> ink/spv_bridge/lib.rs:215:4
[INFO] [stdout]     |
[INFO] [stdout] 215 |             tx_hash: HashValue,
[INFO] [stdout]     |             ^^^^^^^ help: if this is intentional, prefix it with an underscore: `_tx_hash`
[INFO] [stdout] 
[INFO] [stdout] 
[INFO] [stdout] warning: unused variable: `header_hash`
[INFO] [stdout]    --> ink/spv_bridge/lib.rs:216:4
[INFO] [stdout]     |
[INFO] [stdout] 216 |             header_hash: HashValue,
[INFO] [stdout]     |             ^^^^^^^^^^^ help: if this is intentional, prefix it with an underscore: `_header_hash`
[INFO] [stdout] 
[INFO] [stdout] 
[INFO] [stdout] warning: unused variable: `min_depth`
[INFO] [stdout]    --> ink/spv_bridge/lib.rs:217:4
[INFO] [stdout]     |
[INFO] [stdout] 217 |             min_depth: u64,
[INFO] [stdout]     |             ^^^^^^^^^ help: if this is intentional, prefix it with an underscore: `_min_depth`
[INFO] [stdout] 
[INFO] [stdout] 
[INFO] [stdout] warning: unused variable: `p`
[INFO] [stdout]    --> ink/spv_bridge/lib.rs:218:4
[INFO] [stdout]     |
[INFO] [stdout] 218 |             p: MerkleProof,
[INFO] [stdout]     |             ^ help: if this is intentional, prefix it with an underscore: `_p`
[INFO] [stdout] 
[INFO] [stdout] 
[INFO] [stdout] warning: unused variable: `block_hash`
[INFO] [stdout]    --> ink/spv_bridge/lib.rs:231:4
[INFO] [stdout]     |
[INFO] [stdout] 231 |             block_hash: HashValue,
[INFO] [stdout]     |             ^^^^^^^^^^ help: if this is intentional, prefix it with an underscore: `_block_hash`
[INFO] [stdout] 
[INFO] [stdout] 
[INFO] [stdout] warning: unused variable: `min_depth`
[INFO] [stdout]    --> ink/spv_bridge/lib.rs:232:4
[INFO] [stdout]     |
[INFO] [stdout] 232 |             min_depth: u64,
[INFO] [stdout]     |             ^^^^^^^^^ help: if this is intentional, prefix it with an underscore: `_min_depth`
[INFO] [stdout] 
[INFO] [stdout] 
[INFO] [stdout] warning: unused variable: `p`
[INFO] [stdout]    --> ink/spv_bridge/lib.rs:233:4
[INFO] [stdout]     |
[INFO] [stdout] 233 |             p: MerkleProof,
[INFO] [stdout]     |             ^ help: if this is intentional, prefix it with an underscore: `_p`
[INFO] [stdout] 
[INFO] [stdout] 
[INFO] [stdout] warning: unused variable: `header_hash`
[INFO] [stdout]    --> ink/spv_bridge/lib.rs:251:33
[INFO] [stdout]     |
[INFO] [stdout] 251 |         pub fn header_is_known(&self, header_hash: HashValue) -> bool {
[INFO] [stdout]     |                                       ^^^^^^^^^^^ help: if this is intentional, prefix it with an underscore: `_header_hash`
[INFO] [stdout] 
[INFO] [stdout] 
[INFO] [stdout] warning: unused variable: `header_hash`
[INFO] [stdout]    --> ink/spv_bridge/lib.rs:256:33
[INFO] [stdout]     |
[INFO] [stdout] 256 |         pub fn header_is_canon(&self, header_hash: HashValue) -> bool {
[INFO] [stdout]     |                                       ^^^^^^^^^^^ help: if this is intentional, prefix it with an underscore: `_header_hash`
[INFO] [stdout] 
[INFO] [stdout] 
[INFO] [stdout] warning: non-local `impl` definition, `impl` blocks should be written at the same level as their item
[INFO] [stdout]   --> ink/spv_bridge/lib.rs:70:2
[INFO] [stdout]    |
[INFO] [stdout] 3  |   #[ink::contract]
[INFO] [stdout]    |   ---------------- `CallBuilder` is not local
[INFO] [stdout] ...
[INFO] [stdout] 70 |       pub struct SpvBridge {
[INFO] [stdout]    |  _____^
[INFO] [stdout] 71 | |         /// The main source chain header database.
[INFO] [stdout] 72 | |         /// Maps header hashes to complete headers.
[INFO] [stdout] 73 | |         headers: Mapping<HashValue, Header>,
[INFO] [stdout] ...  |
[INFO] [stdout] 96 | |         verify_fee: Balance,
[INFO] [stdout] 97 | |     }
[INFO] [stdout]    | |     -
[INFO] [stdout]    | |     |
[INFO] [stdout]    | |_____`Encode` is not local
[INFO] [stdout]    |       move the `impl` block outside of this constant `_` and up 2 bodies
[INFO] [stdout]    |
[INFO] [stdout]    = note: the derive macro `::scale::Encode` defines the non-local `impl`, and may need to be changed
[INFO] [stdout]    = note: the derive macro `::scale::Encode` may come from an old version of the `parity_scale_codec_derive` crate, try updating your dependency with `cargo update -p parity_scale_codec_derive`
[INFO] [stdout]    = note: an `impl` is never scoped, even when it is nested inside an item, as it may impact type checking outside of that item, which can be the case if neither the trait or the self type are at the same nesting level as the `impl`
[INFO] [stdout]    = note: items in an anonymous const item (`const _: () = { ... }`) are treated as in the same scope as the anonymous const's declaration for the purpose of this lint
[INFO] [stdout]    = note: `#[warn(non_local_definitions)]` on by default
[INFO] [stdout]    = note: this warning originates in the derive macro `::scale::Encode` (in Nightly builds, run with -Z macro-backtrace for more info)
[INFO] [stdout] 
[INFO] [stdout] 
[INFO] [stdout] warning: non-local `impl` definition, `impl` blocks should be written at the same level as their item
[INFO] [stdout]   --> ink/spv_bridge/lib.rs:70:2
[INFO] [stdout]    |
[INFO] [stdout] 3  |   #[ink::contract]
[INFO] [stdout]    |   ---------------- `CallBuilder` is not local
[INFO] [stdout] ...
[INFO] [stdout] 70 |       pub struct SpvBridge {
[INFO] [stdout]    |  _____^
[INFO] [stdout] 71 | |         /// The main source chain header database.
[INFO] [stdout] 72 | |         /// Maps header hashes to complete headers.
[INFO] [stdout] 73 | |         headers: Mapping<HashValue, Header>,
[INFO] [stdout] ...  |
[INFO] [stdout] 96 | |         verify_fee: Balance,
[INFO] [stdout] 97 | |     }
[INFO] [stdout]    | |     -
[INFO] [stdout]    | |     |
[INFO] [stdout]    | |_____`EncodeLike` is not local
[INFO] [stdout]    |       move the `impl` block outside of this constant `_` and up 2 bodies
[INFO] [stdout]    |
[INFO] [stdout]    = note: the derive macro `::scale::Encode` defines the non-local `impl`, and may need to be changed
[INFO] [stdout]    = note: the derive macro `::scale::Encode` may come from an old version of the `parity_scale_codec_derive` crate, try updating your dependency with `cargo update -p parity_scale_codec_derive`
[INFO] [stdout]    = note: an `impl` is never scoped, even when it is nested inside an item, as it may impact type checking outside of that item, which can be the case if neither the trait or the self type are at the same nesting level as the `impl`
[INFO] [stdout]    = note: items in an anonymous const item (`const _: () = { ... }`) are treated as in the same scope as the anonymous const's declaration for the purpose of this lint
[INFO] [stdout]    = note: this warning originates in the derive macro `::scale::Encode` (in Nightly builds, run with -Z macro-backtrace for more info)
[INFO] [stdout] 
[INFO] [stdout] 
[INFO] [stdout] warning: non-local `impl` definition, `impl` blocks should be written at the same level as their item
[INFO] [stdout]   --> ink/spv_bridge/lib.rs:70:2
[INFO] [stdout]    |
[INFO] [stdout] 3  |   #[ink::contract]
[INFO] [stdout]    |   ---------------- `CallBuilder` is not local
[INFO] [stdout] ...
[INFO] [stdout] 70 |       pub struct SpvBridge {
[INFO] [stdout]    |  _____^
[INFO] [stdout] 71 | |         /// The main source chain header database.
[INFO] [stdout] 72 | |         /// Maps header hashes to complete headers.
[INFO] [stdout] 73 | |         headers: Mapping<HashValue, Header>,
[INFO] [stdout] ...  |
[INFO] [stdout] 96 | |         verify_fee: Balance,
[INFO] [stdout] 97 | |     }
[INFO] [stdout]    | |     -
[INFO] [stdout]    | |     |
[INFO] [stdout]    | |_____`Decode` is not local
[INFO] [stdout]    |       move the `impl` block outside of this constant `_` and up 2 bodies
[INFO] [stdout]    |
[INFO] [stdout]    = note: the derive macro `::scale::Decode` defines the non-local `impl`, and may need to be changed
[INFO] [stdout]    = note: the derive macro `::scale::Decode` may come from an old version of the `parity_scale_codec_derive` crate, try updating your dependency with `cargo update -p parity_scale_codec_derive`
[INFO] [stdout]    = note: an `impl` is never scoped, even when it is nested inside an item, as it may impact type checking outside of that item, which can be the case if neither the trait or the self type are at the same nesting level as the `impl`
[INFO] [stdout]    = note: items in an anonymous const item (`const _: () = { ... }`) are treated as in the same scope as the anonymous const's declaration for the purpose of this lint
[INFO] [stdout]    = note: this warning originates in the derive macro `::scale::Decode` (in Nightly builds, run with -Z macro-backtrace for more info)
[INFO] [stdout] 
[INFO] [stdout] 
[INFO] [stdout] warning: non-local `impl` definition, `impl` blocks should be written at the same level as their item
[INFO] [stdout]   --> ink/spv_bridge/lib.rs:70:2
[INFO] [stdout]    |
[INFO] [stdout] 3  |   #[ink::contract]
[INFO] [stdout]    |   ---------------- `CallBuilder` is not local
[INFO] [stdout] ...
[INFO] [stdout] 70 |       pub struct SpvBridge {
[INFO] [stdout]    |  _____^
[INFO] [stdout] 71 | |         /// The main source chain header database.
[INFO] [stdout] 72 | |         /// Maps header hashes to complete headers.
[INFO] [stdout] 73 | |         headers: Mapping<HashValue, Header>,
[INFO] [stdout] ...  |
[INFO] [stdout] 96 | |         verify_fee: Balance,
[INFO] [stdout] 97 | |     }
[INFO] [stdout]    | |     -
[INFO] [stdout]    | |     |
[INFO] [stdout]    | |_____`TypeInfo` is not local
[INFO] [stdout]    |       move the `impl` block outside of this constant `_` and up 2 bodies
[INFO] [stdout]    |
[INFO] [stdout]    = note: the derive macro `::scale_info::TypeInfo` defines the non-local `impl`, and may need to be changed
[INFO] [stdout]    = note: the derive macro `::scale_info::TypeInfo` may come from an old version of the `scale_info_derive` crate, try updating your dependency with `cargo update -p scale_info_derive`
[INFO] [stdout]    = note: an `impl` is never scoped, even when it is nested inside an item, as it may impact type checking outside of that item, which can be the case if neither the trait or the self type are at the same nesting level as the `impl`
[INFO] [stdout]    = note: items in an anonymous const item (`const _: () = { ... }`) are treated as in the same scope as the anonymous const's declaration for the purpose of this lint
[INFO] [stdout]    = note: this warning originates in the derive macro `::scale_info::TypeInfo` (in Nightly builds, run with -Z macro-backtrace for more info)
[INFO] [stdout] 
[INFO] [stdout] 
[INFO] [stdout] warning: non-local `impl` definition, `impl` blocks should be written at the same level as their item
[INFO] [stdout]   --> ink/spv_bridge/lib.rs:70:2
[INFO] [stdout]    |
[INFO] [stdout] 3  |   #[ink::contract]
[INFO] [stdout]    |   ---------------- `CallBuilder` is not local
[INFO] [stdout] ...
[INFO] [stdout] 70 |       pub struct SpvBridge {
[INFO] [stdout]    |  _____^
[INFO] [stdout] 71 | |         /// The main source chain header database.
[INFO] [stdout] 72 | |         /// Maps header hashes to complete headers.
[INFO] [stdout] 73 | |         headers: Mapping<HashValue, Header>,
[INFO] [stdout] ...  |
[INFO] [stdout] 96 | |         verify_fee: Balance,
[INFO] [stdout] 97 | |     }
[INFO] [stdout]    | |     -
[INFO] [stdout]    | |     |
[INFO] [stdout]    | |_____`StorageLayout` is not local
[INFO] [stdout]    |       move the `impl` block outside of this constant `_` and up 2 bodies
[INFO] [stdout]    |
[INFO] [stdout]    = note: the derive macro `::ink::storage::traits::StorageLayout` defines the non-local `impl`, and may need to be changed
[INFO] [stdout]    = note: the derive macro `::ink::storage::traits::StorageLayout` may come from an old version of the `ink_macro` crate, try updating your dependency with `cargo update -p ink_macro`
[INFO] [stdout]    = note: an `impl` is never scoped, even when it is nested inside an item, as it may impact type checking outside of that item, which can be the case if neither the trait or the self type are at the same nesting level as the `impl`
[INFO] [stdout]    = note: items in an anonymous const item (`const _: () = { ... }`) are treated as in the same scope as the anonymous const's declaration for the purpose of this lint
[INFO] [stdout]    = note: this warning originates in the derive macro `::ink::storage::traits::StorageLayout` (in Nightly builds, run with -Z macro-backtrace for more info)
[INFO] [stdout] 
[INFO] [stdout] 
[INFO] [stdout] warning: non-local `impl` definition, `impl` blocks should be written at the same level as their item
[INFO] [stdout]   --> ink/spv_bridge/lib.rs:70:2
[INFO] [stdout]    |
[INFO] [stdout] 70 |       pub struct SpvBridge {
[INFO] [stdout]    |       -^^^^^^^^^^---------
[INFO] [stdout]    |       |          |
[INFO] [stdout]    |  _____|          `SpvBridge` is not local
[INFO] [stdout]    | |
[INFO] [stdout] 71 | |         /// The main source chain header database.
[INFO] [stdout] 72 | |         /// Maps header hashes to complete headers.
[INFO] [stdout] 73 | |         headers: Mapping<HashValue, Header>,
[INFO] [stdout] ...  |
[INFO] [stdout] 96 | |         verify_fee: Balance,
[INFO] [stdout] 97 | |     }
[INFO] [stdout]    | |     -
[INFO] [stdout]    | |     |
[INFO] [stdout]    | |_____`ContractCallBuilder` is not local
[INFO] [stdout]    |       move the `impl` block outside of this constant `_` and up 2 bodies
[INFO] [stdout]    |
[INFO] [stdout]    = note: an `impl` is never scoped, even when it is nested inside an item, as it may impact type checking outside of that item, which can be the case if neither the trait or the self type are at the same nesting level as the `impl`
[INFO] [stdout]    = note: items in an anonymous const item (`const _: () = { ... }`) are treated as in the same scope as the anonymous const's declaration for the purpose of this lint
[INFO] [stdout] 
[INFO] [stdout] 
[INFO] [stdout] warning: non-local `impl` definition, `impl` blocks should be written at the same level as their item
[INFO] [stdout]   --> ink/spv_bridge/lib.rs:3:1
[INFO] [stdout]    |
[INFO] [stdout] 3  |   #[ink::contract]
[INFO] [stdout]    |   ^^^^^^^^^^^^^^^^ `CallBuilder` is not local
[INFO] [stdout] ...
[INFO] [stdout] 70 | /     pub struct SpvBridge {
[INFO] [stdout] 71 | |         /// The main source chain header database.
[INFO] [stdout] 72 | |         /// Maps header hashes to complete headers.
[INFO] [stdout] 73 | |         headers: Mapping<HashValue, Header>,
[INFO] [stdout] ...  |
[INFO] [stdout] 96 | |         verify_fee: Balance,
[INFO] [stdout] 97 | |     }
[INFO] [stdout]    | |     -
[INFO] [stdout]    | |     |
[INFO] [stdout]    | |_____`ContractEnv` is not local
[INFO] [stdout]    |       move the `impl` block outside of this constant `_` and up 2 bodies
[INFO] [stdout]    |
[INFO] [stdout]    = note: an `impl` is never scoped, even when it is nested inside an item, as it may impact type checking outside of that item, which can be the case if neither the trait or the self type are at the same nesting level as the `impl`
[INFO] [stdout]    = note: items in an anonymous const item (`const _: () = { ... }`) are treated as in the same scope as the anonymous const's declaration for the purpose of this lint
[INFO] [stdout]    = note: this warning originates in the attribute macro `ink::contract` (in Nightly builds, run with -Z macro-backtrace for more info)
[INFO] [stdout] 
[INFO] [stdout] 
[INFO] [stderr]     Finished `test` profile [unoptimized + debuginfo] target(s) in 0.53s
[INFO] running `Command { std: "docker" "inspect" "e8989f66dbcb4a948edb675e44e0e97d86f7689c68826b57af1e3c2a03581c15", kill_on_drop: false }`
[INFO] running `Command { std: "docker" "rm" "-f" "e8989f66dbcb4a948edb675e44e0e97d86f7689c68826b57af1e3c2a03581c15", kill_on_drop: false }`
[INFO] [stdout] e8989f66dbcb4a948edb675e44e0e97d86f7689c68826b57af1e3c2a03581c15
[INFO] running `Command { std: "docker" "create" "-v" "/var/lib/crater-agent-workspace/builds/worker-0-tc1/target:/opt/rustwide/target:rw,Z" "-v" "/var/lib/crater-agent-workspace/builds/worker-0-tc1/source:/opt/rustwide/workdir:ro,Z" "-v" "/var/lib/crater-agent-workspace/cargo-home:/opt/rustwide/cargo-home:ro,Z" "-v" "/var/lib/crater-agent-workspace/rustup-home:/opt/rustwide/rustup-home:ro,Z" "-e" "SOURCE_DIR=/opt/rustwide/workdir" "-e" "CARGO_TARGET_DIR=/opt/rustwide/target" "-e" "CARGO_INCREMENTAL=0" "-e" "RUST_BACKTRACE=full" "-e" "RUSTFLAGS=--cap-lints=forbid" "-e" "RUSTDOCFLAGS=--cap-lints=forbid" "-e" "CARGO_HOME=/opt/rustwide/cargo-home" "-e" "RUSTUP_HOME=/opt/rustwide/rustup-home" "-w" "/opt/rustwide/workdir" "-m" "1610612736" "--user" "0:0" "--network" "none" "ghcr.io/rust-lang/crates-build-env/linux@sha256:4a844ea9eb2546a2d2c7022eacef16ef2e8229c7fbb2c7d4d55a9ceca922f72d" "/opt/rustwide/cargo-home/bin/cargo" "+nightly-2024-10-28" "test" "--frozen", kill_on_drop: false }`
[INFO] [stdout] 46ce963a05ef918b0f1a973f1139093c8db4d8b62ba27ce43cb436b3dfa31e96
[INFO] running `Command { std: "docker" "start" "-a" "46ce963a05ef918b0f1a973f1139093c8db4d8b62ba27ce43cb436b3dfa31e96", kill_on_drop: false }`
[INFO] [stderr] warning: unexpected `cfg` condition value: `__ink_dylint_Storage`
[INFO] [stderr]   --> ink/spv_bridge/lib.rs:70:2
[INFO] [stderr]    |
[INFO] [stderr] 70 | /     pub struct SpvBridge {
[INFO] [stderr] 71 | |         /// The main source chain header database.
[INFO] [stderr] 72 | |         /// Maps header hashes to complete headers.
[INFO] [stderr] 73 | |         headers: Mapping<HashValue, Header>,
[INFO] [stderr] ...  |
[INFO] [stderr] 96 | |         verify_fee: Balance,
[INFO] [stderr] 97 | |     }
[INFO] [stderr]    | |_____^
[INFO] [stderr]    |
[INFO] [stderr]    = note: expected values for `feature` are: `default`, `e2e-tests`, `ink-as-dependency`, `scale-info`, and `std`
[INFO] [stderr]    = help: consider adding `__ink_dylint_Storage` as a feature in `Cargo.toml`
[INFO] [stderr]    = note: see <https://doc.rust-lang.org/nightly/rustc/check-cfg/cargo-specifics.html> for more information about checking conditional configuration
[INFO] [stderr]    = note: `#[warn(unexpected_cfgs)]` on by default
[INFO] [stderr] 
[INFO] [stderr] warning: unexpected `cfg` condition value: `__ink_dylint_Constructor`
[INFO] [stderr]    --> ink/spv_bridge/lib.rs:137:3
[INFO] [stderr]     |
[INFO] [stderr] 137 | /         /// Initialize the on-chain light client with a "checkpoint" header.
[INFO] [stderr] 138 | |         ///
[INFO] [stderr] 139 | |         /// In many cases, the source chain is older than the target chain, and may have a long
[INFO] [stderr] 140 | |         /// history. We allow starting from a recent point in the source chain and verifying
[INFO] [stderr] ...   |
[INFO] [stderr] 181 | |             }
[INFO] [stderr] 182 | |         }
[INFO] [stderr]     | |_________^
[INFO] [stderr]     |
[INFO] [stderr]     = note: expected values for `feature` are: `default`, `e2e-tests`, `ink-as-dependency`, `scale-info`, and `std`
[INFO] [stderr]     = help: consider adding `__ink_dylint_Constructor` as a feature in `Cargo.toml`
[INFO] [stderr]     = note: see <https://doc.rust-lang.org/nightly/rustc/check-cfg/cargo-specifics.html> for more information about checking conditional configuration
[INFO] [stderr] 
[INFO] [stderr] warning: unused variable: `header`
[INFO] [stderr]    --> ink/spv_bridge/lib.rs:197:39
[INFO] [stderr]     |
[INFO] [stderr] 197 |         pub fn submit_new_header(&mut self, header: Header) -> Result<()> {
[INFO] [stderr]     |                                             ^^^^^^ help: if this is intentional, prefix it with an underscore: `_header`
[INFO] [stderr]     |
[INFO] [stderr]     = note: `#[warn(unused_variables)]` on by default
[INFO] [stderr] 
[INFO] [stderr] warning: unused variable: `tx_hash`
[INFO] [stderr]    --> ink/spv_bridge/lib.rs:215:4
[INFO] [stderr]     |
[INFO] [stderr] 215 |             tx_hash: HashValue,
[INFO] [stderr]     |             ^^^^^^^ help: if this is intentional, prefix it with an underscore: `_tx_hash`
[INFO] [stderr] 
[INFO] [stderr] warning: unused variable: `header_hash`
[INFO] [stderr]    --> ink/spv_bridge/lib.rs:216:4
[INFO] [stderr]     |
[INFO] [stderr] 216 |             header_hash: HashValue,
[INFO] [stderr]     |             ^^^^^^^^^^^ help: if this is intentional, prefix it with an underscore: `_header_hash`
[INFO] [stderr] 
[INFO] [stderr] warning: unused variable: `min_depth`
[INFO] [stderr]    --> ink/spv_bridge/lib.rs:217:4
[INFO] [stderr]     |
[INFO] [stderr] 217 |             min_depth: u64,
[INFO] [stderr]     |             ^^^^^^^^^ help: if this is intentional, prefix it with an underscore: `_min_depth`
[INFO] [stderr] 
[INFO] [stderr] warning: unused variable: `p`
[INFO] [stderr]    --> ink/spv_bridge/lib.rs:218:4
[INFO] [stderr]     |
[INFO] [stderr] 218 |             p: MerkleProof,
[INFO] [stderr]     |             ^ help: if this is intentional, prefix it with an underscore: `_p`
[INFO] [stderr] 
[INFO] [stderr] warning: unused variable: `block_hash`
[INFO] [stderr]    --> ink/spv_bridge/lib.rs:231:4
[INFO] [stderr]     |
[INFO] [stderr] 231 |             block_hash: HashValue,
[INFO] [stderr]     |             ^^^^^^^^^^ help: if this is intentional, prefix it with an underscore: `_block_hash`
[INFO] [stderr] 
[INFO] [stderr] warning: unused variable: `min_depth`
[INFO] [stderr]    --> ink/spv_bridge/lib.rs:232:4
[INFO] [stderr]     |
[INFO] [stderr] 232 |             min_depth: u64,
[INFO] [stderr]     |             ^^^^^^^^^ help: if this is intentional, prefix it with an underscore: `_min_depth`
[INFO] [stderr] 
[INFO] [stderr] warning: unused variable: `p`
[INFO] [stderr]    --> ink/spv_bridge/lib.rs:233:4
[INFO] [stderr]     |
[INFO] [stderr] 233 |             p: MerkleProof,
[INFO] [stderr]     |             ^ help: if this is intentional, prefix it with an underscore: `_p`
[INFO] [stderr] 
[INFO] [stderr] warning: unused variable: `header_hash`
[INFO] [stderr]    --> ink/spv_bridge/lib.rs:251:33
[INFO] [stderr]     |
[INFO] [stderr] 251 |         pub fn header_is_known(&self, header_hash: HashValue) -> bool {
[INFO] [stderr]     |                                       ^^^^^^^^^^^ help: if this is intentional, prefix it with an underscore: `_header_hash`
[INFO] [stderr] 
[INFO] [stderr] warning: unused variable: `header_hash`
[INFO] [stderr]    --> ink/spv_bridge/lib.rs:256:33
[INFO] [stderr]     |
[INFO] [stderr] 256 |         pub fn header_is_canon(&self, header_hash: HashValue) -> bool {
[INFO] [stderr]     |                                       ^^^^^^^^^^^ help: if this is intentional, prefix it with an underscore: `_header_hash`
[INFO] [stderr] 
[INFO] [stderr] warning: non-local `impl` definition, `impl` blocks should be written at the same level as their item
[INFO] [stderr]   --> ink/spv_bridge/lib.rs:70:2
[INFO] [stderr]    |
[INFO] [stderr] 3  |   #[ink::contract]
[INFO] [stderr]    |   ---------------- `CallBuilder` is not local
[INFO] [stderr] ...
[INFO] [stderr] 70 |       pub struct SpvBridge {
[INFO] [stderr]    |  _____^
[INFO] [stderr] 71 | |         /// The main source chain header database.
[INFO] [stderr] 72 | |         /// Maps header hashes to complete headers.
[INFO] [stderr] 73 | |         headers: Mapping<HashValue, Header>,
[INFO] [stderr] ...  |
[INFO] [stderr] 96 | |         verify_fee: Balance,
[INFO] [stderr] 97 | |     }
[INFO] [stderr]    | |     -
[INFO] [stderr]    | |     |
[INFO] [stderr]    | |_____`Encode` is not local
[INFO] [stderr]    |       move the `impl` block outside of this constant `_` and up 2 bodies
[INFO] [stderr]    |
[INFO] [stderr]    = note: the derive macro `::scale::Encode` defines the non-local `impl`, and may need to be changed
[INFO] [stderr]    = note: the derive macro `::scale::Encode` may come from an old version of the `parity_scale_codec_derive` crate, try updating your dependency with `cargo update -p parity_scale_codec_derive`
[INFO] [stderr]    = note: an `impl` is never scoped, even when it is nested inside an item, as it may impact type checking outside of that item, which can be the case if neither the trait or the self type are at the same nesting level as the `impl`
[INFO] [stderr]    = note: items in an anonymous const item (`const _: () = { ... }`) are treated as in the same scope as the anonymous const's declaration for the purpose of this lint
[INFO] [stderr]    = note: `#[warn(non_local_definitions)]` on by default
[INFO] [stderr]    = note: this warning originates in the derive macro `::scale::Encode` (in Nightly builds, run with -Z macro-backtrace for more info)
[INFO] [stderr] 
[INFO] [stderr] warning: non-local `impl` definition, `impl` blocks should be written at the same level as their item
[INFO] [stderr]   --> ink/spv_bridge/lib.rs:70:2
[INFO] [stderr]    |
[INFO] [stderr] 3  |   #[ink::contract]
[INFO] [stderr]    |   ---------------- `CallBuilder` is not local
[INFO] [stderr] ...
[INFO] [stderr] 70 |       pub struct SpvBridge {
[INFO] [stderr]    |  _____^
[INFO] [stderr] 71 | |         /// The main source chain header database.
[INFO] [stderr] 72 | |         /// Maps header hashes to complete headers.
[INFO] [stderr] 73 | |         headers: Mapping<HashValue, Header>,
[INFO] [stderr] ...  |
[INFO] [stderr] 96 | |         verify_fee: Balance,
[INFO] [stderr] 97 | |     }
[INFO] [stderr]    | |     -
[INFO] [stderr]    | |     |
[INFO] [stderr]    | |_____`EncodeLike` is not local
[INFO] [stderr]    |       move the `impl` block outside of this constant `_` and up 2 bodies
[INFO] [stderr]    |
[INFO] [stderr]    = note: the derive macro `::scale::Encode` defines the non-local `impl`, and may need to be changed
[INFO] [stderr]    = note: the derive macro `::scale::Encode` may come from an old version of the `parity_scale_codec_derive` crate, try updating your dependency with `cargo update -p parity_scale_codec_derive`
[INFO] [stderr]    = note: an `impl` is never scoped, even when it is nested inside an item, as it may impact type checking outside of that item, which can be the case if neither the trait or the self type are at the same nesting level as the `impl`
[INFO] [stderr]    = note: items in an anonymous const item (`const _: () = { ... }`) are treated as in the same scope as the anonymous const's declaration for the purpose of this lint
[INFO] [stderr]    = note: this warning originates in the derive macro `::scale::Encode` (in Nightly builds, run with -Z macro-backtrace for more info)
[INFO] [stderr] 
[INFO] [stderr] warning: non-local `impl` definition, `impl` blocks should be written at the same level as their item
[INFO] [stderr]   --> ink/spv_bridge/lib.rs:70:2
[INFO] [stderr]    |
[INFO] [stderr] 3  |   #[ink::contract]
[INFO] [stderr]    |   ---------------- `CallBuilder` is not local
[INFO] [stderr] ...
[INFO] [stderr] 70 |       pub struct SpvBridge {
[INFO] [stderr]    |  _____^
[INFO] [stderr] 71 | |         /// The main source chain header database.
[INFO] [stderr] 72 | |         /// Maps header hashes to complete headers.
[INFO] [stderr] 73 | |         headers: Mapping<HashValue, Header>,
[INFO] [stderr] ...  |
[INFO] [stderr] 96 | |         verify_fee: Balance,
[INFO] [stderr] 97 | |     }
[INFO] [stderr]    | |     -
[INFO] [stderr]    | |     |
[INFO] [stderr]    | |_____`Decode` is not local
[INFO] [stderr]    |       move the `impl` block outside of this constant `_` and up 2 bodies
[INFO] [stderr]    |
[INFO] [stderr]    = note: the derive macro `::scale::Decode` defines the non-local `impl`, and may need to be changed
[INFO] [stderr]    = note: the derive macro `::scale::Decode` may come from an old version of the `parity_scale_codec_derive` crate, try updating your dependency with `cargo update -p parity_scale_codec_derive`
[INFO] [stderr]    = note: an `impl` is never scoped, even when it is nested inside an item, as it may impact type checking outside of that item, which can be the case if neither the trait or the self type are at the same nesting level as the `impl`
[INFO] [stderr]    = note: items in an anonymous const item (`const _: () = { ... }`) are treated as in the same scope as the anonymous const's declaration for the purpose of this lint
[INFO] [stderr]    = note: this warning originates in the derive macro `::scale::Decode` (in Nightly builds, run with -Z macro-backtrace for more info)
[INFO] [stderr] 
[INFO] [stderr] warning: non-local `impl` definition, `impl` blocks should be written at the same level as their item
[INFO] [stderr]   --> ink/spv_bridge/lib.rs:70:2
[INFO] [stderr]    |
[INFO] [stderr] 3  |   #[ink::contract]
[INFO] [stderr]    |   ---------------- `CallBuilder` is not local
[INFO] [stderr] ...
[INFO] [stderr] 70 |       pub struct SpvBridge {
[INFO] [stderr]    |  _____^
[INFO] [stderr] 71 | |         /// The main source chain header database.
[INFO] [stderr] 72 | |         /// Maps header hashes to complete headers.
[INFO] [stderr] 73 | |         headers: Mapping<HashValue, Header>,
[INFO] [stderr] ...  |
[INFO] [stderr] 96 | |         verify_fee: Balance,
[INFO] [stderr] 97 | |     }
[INFO] [stderr]    | |     -
[INFO] [stderr]    | |     |
[INFO] [stderr]    | |_____`TypeInfo` is not local
[INFO] [stderr]    |       move the `impl` block outside of this constant `_` and up 2 bodies
[INFO] [stderr]    |
[INFO] [stderr]    = note: the derive macro `::scale_info::TypeInfo` defines the non-local `impl`, and may need to be changed
[INFO] [stderr]    = note: the derive macro `::scale_info::TypeInfo` may come from an old version of the `scale_info_derive` crate, try updating your dependency with `cargo update -p scale_info_derive`
[INFO] [stderr]    = note: an `impl` is never scoped, even when it is nested inside an item, as it may impact type checking outside of that item, which can be the case if neither the trait or the self type are at the same nesting level as the `impl`
[INFO] [stderr]    = note: items in an anonymous const item (`const _: () = { ... }`) are treated as in the same scope as the anonymous const's declaration for the purpose of this lint
[INFO] [stderr]    = note: this warning originates in the derive macro `::scale_info::TypeInfo` (in Nightly builds, run with -Z macro-backtrace for more info)
[INFO] [stderr] 
[INFO] [stderr] warning: non-local `impl` definition, `impl` blocks should be written at the same level as their item
[INFO] [stderr]   --> ink/spv_bridge/lib.rs:70:2
[INFO] [stderr]    |
[INFO] [stderr] 3  |   #[ink::contract]
[INFO] [stderr]    |   ---------------- `CallBuilder` is not local
[INFO] [stderr] ...
[INFO] [stderr] 70 |       pub struct SpvBridge {
[INFO] [stderr]    |  _____^
[INFO] [stderr] 71 | |         /// The main source chain header database.
[INFO] [stderr] 72 | |         /// Maps header hashes to complete headers.
[INFO] [stderr] 73 | |         headers: Mapping<HashValue, Header>,
[INFO] [stderr] ...  |
[INFO] [stderr] 96 | |         verify_fee: Balance,
[INFO] [stderr] 97 | |     }
[INFO] [stderr]    | |     -
[INFO] [stderr]    | |     |
[INFO] [stderr]    | |_____`StorageLayout` is not local
[INFO] [stderr]    |       move the `impl` block outside of this constant `_` and up 2 bodies
[INFO] [stderr]    |
[INFO] [stderr]    = note: the derive macro `::ink::storage::traits::StorageLayout` defines the non-local `impl`, and may need to be changed
[INFO] [stderr]    = note: the derive macro `::ink::storage::traits::StorageLayout` may come from an old version of the `ink_macro` crate, try updating your dependency with `cargo update -p ink_macro`
[INFO] [stderr]    = note: an `impl` is never scoped, even when it is nested inside an item, as it may impact type checking outside of that item, which can be the case if neither the trait or the self type are at the same nesting level as the `impl`
[INFO] [stderr]    = note: items in an anonymous const item (`const _: () = { ... }`) are treated as in the same scope as the anonymous const's declaration for the purpose of this lint
[INFO] [stderr]    = note: this warning originates in the derive macro `::ink::storage::traits::StorageLayout` (in Nightly builds, run with -Z macro-backtrace for more info)
[INFO] [stderr] 
[INFO] [stderr] warning: non-local `impl` definition, `impl` blocks should be written at the same level as their item
[INFO] [stderr]   --> ink/spv_bridge/lib.rs:70:2
[INFO] [stderr]    |
[INFO] [stderr] 70 |       pub struct SpvBridge {
[INFO] [stderr]    |       -^^^^^^^^^^---------
[INFO] [stderr]    |       |          |
[INFO] [stderr]    |  _____|          `SpvBridge` is not local
[INFO] [stderr]    | |
[INFO] [stderr] 71 | |         /// The main source chain header database.
[INFO] [stderr] 72 | |         /// Maps header hashes to complete headers.
[INFO] [stderr] 73 | |         headers: Mapping<HashValue, Header>,
[INFO] [stderr] ...  |
[INFO] [stderr] 96 | |         verify_fee: Balance,
[INFO] [stderr] 97 | |     }
[INFO] [stderr]    | |     -
[INFO] [stderr]    | |     |
[INFO] [stderr]    | |_____`ContractCallBuilder` is not local
[INFO] [stderr]    |       move the `impl` block outside of this constant `_` and up 2 bodies
[INFO] [stderr]    |
[INFO] [stderr]    = note: an `impl` is never scoped, even when it is nested inside an item, as it may impact type checking outside of that item, which can be the case if neither the trait or the self type are at the same nesting level as the `impl`
[INFO] [stderr]    = note: items in an anonymous const item (`const _: () = { ... }`) are treated as in the same scope as the anonymous const's declaration for the purpose of this lint
[INFO] [stderr] 
[INFO] [stderr] warning: non-local `impl` definition, `impl` blocks should be written at the same level as their item
[INFO] [stderr]   --> ink/spv_bridge/lib.rs:3:1
[INFO] [stderr]    |
[INFO] [stderr] 3  |   #[ink::contract]
[INFO] [stderr]    |   ^^^^^^^^^^^^^^^^ `CallBuilder` is not local
[INFO] [stderr] ...
[INFO] [stderr] 70 | /     pub struct SpvBridge {
[INFO] [stderr] 71 | |         /// The main source chain header database.
[INFO] [stderr] 72 | |         /// Maps header hashes to complete headers.
[INFO] [stderr] 73 | |         headers: Mapping<HashValue, Header>,
[INFO] [stderr] ...  |
[INFO] [stderr] 96 | |         verify_fee: Balance,
[INFO] [stderr] 97 | |     }
[INFO] [stderr]    | |     -
[INFO] [stderr]    | |     |
[INFO] [stderr]    | |_____`ContractEnv` is not local
[INFO] [stderr]    |       move the `impl` block outside of this constant `_` and up 2 bodies
[INFO] [stderr]    |
[INFO] [stderr]    = note: an `impl` is never scoped, even when it is nested inside an item, as it may impact type checking outside of that item, which can be the case if neither the trait or the self type are at the same nesting level as the `impl`
[INFO] [stderr]    = note: items in an anonymous const item (`const _: () = { ... }`) are treated as in the same scope as the anonymous const's declaration for the purpose of this lint
[INFO] [stderr]    = note: this warning originates in the attribute macro `ink::contract` (in Nightly builds, run with -Z macro-backtrace for more info)
[INFO] [stderr] 
[INFO] [stderr] warning: `spv_bridge` (lib) generated 19 warnings
[INFO] [stderr] warning: `spv_bridge` (lib test) generated 19 warnings (19 duplicates)
[INFO] [stderr]     Finished `test` profile [unoptimized + debuginfo] target(s) in 0.06s
[INFO] [stderr]      Running unittests lib.rs (/opt/rustwide/target/debug/deps/spv_bridge-ad229550ad78ee6f)
[INFO] [stdout] 
[INFO] [stdout] running 8 tests
[INFO] [stdout] test spv_bridge::tests::test_constructor_works ... ok
[INFO] [stdout] test spv_bridge::tests::test_state_verification_failure ... FAILED
[INFO] [stdout] test spv_bridge::tests::test_state_verification_success ... FAILED
[INFO] [stdout] test spv_bridge::tests::test_submit_reorg_chain ... FAILED
[INFO] [stdout] test spv_bridge::tests::test_submit_extend_longest_chain ... FAILED
[INFO] [stdout] test spv_bridge::tests::test_tx_verification_failure ... FAILED
[INFO] [stdout] test spv_bridge::tests::test_submit_side_chain ... FAILED
[INFO] [stdout] test spv_bridge::tests::test_tx_verification_success ... FAILED
[INFO] [stdout] 
[INFO] [stdout] failures:
[INFO] [stdout] 
[INFO] [stdout] ---- spv_bridge::tests::test_state_verification_failure stdout ----
[INFO] [stdout] thread 'spv_bridge::tests::test_state_verification_failure' panicked at ink/spv_bridge/lib.rs:198:13:
[INFO] [stdout] not yet implemented
[INFO] [stdout] stack backtrace:
[INFO] [stdout]    0:     0x555f62ab876a - std::backtrace_rs::backtrace::libunwind::trace::h207520d6e9873551
[INFO] [stdout]                                at /rustc/df4ca44d3fbc9301ee17f30f4d474e6ae4b05252/library/std/src/../../backtrace/src/backtrace/libunwind.rs:116:5
[INFO] [stdout]    1:     0x555f62ab876a - std::backtrace_rs::backtrace::trace_unsynchronized::h2ed7433f370e3eca
[INFO] [stdout]                                at /rustc/df4ca44d3fbc9301ee17f30f4d474e6ae4b05252/library/std/src/../../backtrace/src/backtrace/mod.rs:66:5
[INFO] [stdout]    2:     0x555f62ab876a - std::sys::backtrace::_print_fmt::h916fac51166b18d7
[INFO] [stdout]                                at /rustc/df4ca44d3fbc9301ee17f30f4d474e6ae4b05252/library/std/src/sys/backtrace.rs:66:9
[INFO] [stdout]    3:     0x555f62ab876a - <std::sys::backtrace::BacktraceLock::print::DisplayBacktrace as core::fmt::Display>::fmt::ha0a4c9b8ce3802e6
[INFO] [stdout]                                at /rustc/df4ca44d3fbc9301ee17f30f4d474e6ae4b05252/library/std/src/sys/backtrace.rs:39:26
[INFO] [stdout]    4:     0x555f62adec73 - core::fmt::rt::Argument::fmt::h4cfc8587d52b3eb5
[INFO] [stdout]                                at /rustc/df4ca44d3fbc9301ee17f30f4d474e6ae4b05252/library/core/src/fmt/rt.rs:177:76
[INFO] [stdout]    5:     0x555f62adec73 - core::fmt::write::h522cc39e5b36ae9f
[INFO] [stdout]                                at /rustc/df4ca44d3fbc9301ee17f30f4d474e6ae4b05252/library/core/src/fmt/mod.rs:1190:21
[INFO] [stdout]    6:     0x555f62ab53d3 - std::io::Write::write_fmt::h7d3c26752da97734
[INFO] [stdout]                                at /rustc/df4ca44d3fbc9301ee17f30f4d474e6ae4b05252/library/std/src/io/mod.rs:1839:15
[INFO] [stdout]    7:     0x555f62ab85b2 - std::sys::backtrace::BacktraceLock::print::h4b9e00b29e9c0942
[INFO] [stdout]                                at /rustc/df4ca44d3fbc9301ee17f30f4d474e6ae4b05252/library/std/src/sys/backtrace.rs:42:9
[INFO] [stdout]    8:     0x555f62ab9bfa - std::panicking::default_hook::{{closure}}::hb59b88280d0324d9
[INFO] [stdout]                                at /rustc/df4ca44d3fbc9301ee17f30f4d474e6ae4b05252/library/std/src/panicking.rs:268:22
[INFO] [stdout]    9:     0x555f62ab9a04 - std::panicking::default_hook::he1dd496665be4a29
[INFO] [stdout]                                at /rustc/df4ca44d3fbc9301ee17f30f4d474e6ae4b05252/library/std/src/panicking.rs:292:9
[INFO] [stdout]   10:     0x555f62a263b9 - <alloc::boxed::Box<F,A> as core::ops::function::Fn<Args>>::call::h4ff71de18744e1dc
[INFO] [stdout]                                at /rustc/df4ca44d3fbc9301ee17f30f4d474e6ae4b05252/library/alloc/src/boxed.rs:2468:9
[INFO] [stdout]   11:     0x555f62a263b9 - test::test_main::{{closure}}::hcf7c055ce117aa81
[INFO] [stdout]                                at /rustc/df4ca44d3fbc9301ee17f30f4d474e6ae4b05252/library/test/src/lib.rs:133:21
[INFO] [stdout]   12:     0x555f62aba2f8 - <alloc::boxed::Box<F,A> as core::ops::function::Fn<Args>>::call::h1d66c6bbd60c9692
[INFO] [stdout]                                at /rustc/df4ca44d3fbc9301ee17f30f4d474e6ae4b05252/library/alloc/src/boxed.rs:2468:9
[INFO] [stdout]   13:     0x555f62aba2f8 - std::panicking::rust_panic_with_hook::h2ff17fe8f26dfcf8
[INFO] [stdout]                                at /rustc/df4ca44d3fbc9301ee17f30f4d474e6ae4b05252/library/std/src/panicking.rs:809:13
[INFO] [stdout]   14:     0x555f62aba086 - std::panicking::begin_panic_handler::{{closure}}::h4fad77951c07e101
[INFO] [stdout]                                at /rustc/df4ca44d3fbc9301ee17f30f4d474e6ae4b05252/library/std/src/panicking.rs:667:13
[INFO] [stdout]   15:     0x555f62ab8c49 - std::sys::backtrace::__rust_end_short_backtrace::hb1a25b3da5d0ea08
[INFO] [stdout]                                at /rustc/df4ca44d3fbc9301ee17f30f4d474e6ae4b05252/library/std/src/sys/backtrace.rs:170:18
[INFO] [stdout]   16:     0x555f62ab9d4c - rust_begin_unwind
[INFO] [stdout]                                at /rustc/df4ca44d3fbc9301ee17f30f4d474e6ae4b05252/library/std/src/panicking.rs:665:5
[INFO] [stdout]   17:     0x555f62add710 - core::panicking::panic_fmt::ha9db07b529f9b256
[INFO] [stdout]                                at /rustc/df4ca44d3fbc9301ee17f30f4d474e6ae4b05252/library/core/src/panicking.rs:75:14
[INFO] [stdout]   18:     0x555f62add79c - core::panicking::panic::h993086813d94accc
[INFO] [stdout]                                at /rustc/df4ca44d3fbc9301ee17f30f4d474e6ae4b05252/library/core/src/panicking.rs:152:5
[INFO] [stdout]   19:     0x555f629dd9c1 - spv_bridge::spv_bridge::_::<impl spv_bridge::spv_bridge::SpvBridge>::submit_new_header::h951bd613073fb9d0
[INFO] [stdout]                                at /opt/rustwide/workdir/ink/spv_bridge/lib.rs:198:4
[INFO] [stdout]   20:     0x555f629e7247 - spv_bridge::spv_bridge::tests::test_state_verification_failure::{{closure}}::h2b1bdce3b90bce6e
[INFO] [stdout]                                at /opt/rustwide/workdir/ink/spv_bridge/lib.rs:555:5
[INFO] [stdout]   21:     0x555f629e097a - ink_env::engine::off_chain::test_api::run_test::ha8d8011b9b90a7f2
[INFO] [stdout]                                at /opt/rustwide/cargo-home/registry/src/index.crates.io-6f17d22bba15001f/ink_env-4.3.0/src/engine/off_chain/test_api.rs:318:5
[INFO] [stdout]   22:     0x555f629e70bc - spv_bridge::spv_bridge::tests::test_state_verification_failure::h15cc6bc5143fcd11
[INFO] [stdout]                                at /opt/rustwide/workdir/ink/spv_bridge/lib.rs:543:3
[INFO] [stdout]   23:     0x555f629e7097 - spv_bridge::spv_bridge::tests::test_state_verification_failure::{{closure}}::ha110751eec6b85bb
[INFO] [stdout]                                at /opt/rustwide/workdir/ink/spv_bridge/lib.rs:543:15
[INFO] [stdout]   24:     0x555f629e8146 - core::ops::function::FnOnce::call_once::h4352b801e8f94ef7
[INFO] [stdout]                                at /rustc/df4ca44d3fbc9301ee17f30f4d474e6ae4b05252/library/core/src/ops/function.rs:250:5
[INFO] [stdout]   25:     0x555f62a2ac8b - core::ops::function::FnOnce::call_once::h22c3ba5715e93f05
[INFO] [stdout]                                at /rustc/df4ca44d3fbc9301ee17f30f4d474e6ae4b05252/library/core/src/ops/function.rs:250:5
[INFO] [stdout]   26:     0x555f62a2ac8b - test::__rust_begin_short_backtrace::h8e82d8113d0da17f
[INFO] [stdout]                                at /rustc/df4ca44d3fbc9301ee17f30f4d474e6ae4b05252/library/test/src/lib.rs:621:18
[INFO] [stdout]   27:     0x555f62a2a607 - test::run_test_in_process::{{closure}}::h33235f4f20b7b7c7
[INFO] [stdout]                                at /rustc/df4ca44d3fbc9301ee17f30f4d474e6ae4b05252/library/test/src/lib.rs:644:60
[INFO] [stdout]   28:     0x555f62a2a607 - <core::panic::unwind_safe::AssertUnwindSafe<F> as core::ops::function::FnOnce<()>>::call_once::hb5043206310c586f
[INFO] [stdout]                                at /rustc/df4ca44d3fbc9301ee17f30f4d474e6ae4b05252/library/core/src/panic/unwind_safe.rs:272:9
[INFO] [stdout]   29:     0x555f62a2a607 - std::panicking::try::do_call::h9ad4731a60ab23e2
[INFO] [stdout]                                at /rustc/df4ca44d3fbc9301ee17f30f4d474e6ae4b05252/library/std/src/panicking.rs:557:40
[INFO] [stdout]   30:     0x555f62a2a607 - std::panicking::try::h3824d23db772a716
[INFO] [stdout]                                at /rustc/df4ca44d3fbc9301ee17f30f4d474e6ae4b05252/library/std/src/panicking.rs:520:19
[INFO] [stdout]   31:     0x555f62a2a607 - std::panic::catch_unwind::h5afd514605fde46b
[INFO] [stdout]                                at /rustc/df4ca44d3fbc9301ee17f30f4d474e6ae4b05252/library/std/src/panic.rs:358:14
[INFO] [stdout]   32:     0x555f62a2a607 - test::run_test_in_process::h0d5cbfa7067d1720
[INFO] [stdout]                                at /rustc/df4ca44d3fbc9301ee17f30f4d474e6ae4b05252/library/test/src/lib.rs:644:27
[INFO] [stdout]   33:     0x555f62a2a607 - test::run_test::{{closure}}::h708eb8872708115d
[INFO] [stdout]                                at /rustc/df4ca44d3fbc9301ee17f30f4d474e6ae4b05252/library/test/src/lib.rs:565:43
[INFO] [stdout]   34:     0x555f629edd24 - test::run_test::{{closure}}::h392c51cee94713ab
[INFO] [stdout]                                at /rustc/df4ca44d3fbc9301ee17f30f4d474e6ae4b05252/library/test/src/lib.rs:595:41
[INFO] [stdout]   35:     0x555f629edd24 - std::sys::backtrace::__rust_begin_short_backtrace::h2f40290710935a8b
[INFO] [stdout]                                at /rustc/df4ca44d3fbc9301ee17f30f4d474e6ae4b05252/library/std/src/sys/backtrace.rs:154:18
[INFO] [stdout]   36:     0x555f629f14ce - std::thread::Builder::spawn_unchecked_::{{closure}}::{{closure}}::h3fd968d89053a903
[INFO] [stdout]                                at /rustc/df4ca44d3fbc9301ee17f30f4d474e6ae4b05252/library/std/src/thread/mod.rs:541:17
[INFO] [stdout]   37:     0x555f629f14ce - <core::panic::unwind_safe::AssertUnwindSafe<F> as core::ops::function::FnOnce<()>>::call_once::h743f637ba4229880
[INFO] [stdout]                                at /rustc/df4ca44d3fbc9301ee17f30f4d474e6ae4b05252/library/core/src/panic/unwind_safe.rs:272:9
[INFO] [stdout]   38:     0x555f629f14ce - std::panicking::try::do_call::h07440897322525a6
[INFO] [stdout]                                at /rustc/df4ca44d3fbc9301ee17f30f4d474e6ae4b05252/library/std/src/panicking.rs:557:40
[INFO] [stdout]   39:     0x555f629f14ce - std::panicking::try::he5a2e00188156637
[INFO] [stdout]                                at /rustc/df4ca44d3fbc9301ee17f30f4d474e6ae4b05252/library/std/src/panicking.rs:520:19
[INFO] [stdout]   40:     0x555f629f14ce - std::panic::catch_unwind::hbaf3cae49b3c6433
[INFO] [stdout]                                at /rustc/df4ca44d3fbc9301ee17f30f4d474e6ae4b05252/library/std/src/panic.rs:358:14
[INFO] [stdout]   41:     0x555f629f14ce - std::thread::Builder::spawn_unchecked_::{{closure}}::h8e141ea224820bce
[INFO] [stdout]                                at /rustc/df4ca44d3fbc9301ee17f30f4d474e6ae4b05252/library/std/src/thread/mod.rs:540:30
[INFO] [stdout]   42:     0x555f629f14ce - core::ops::function::FnOnce::call_once{{vtable.shim}}::h90d312fedd7b8ea8
[INFO] [stdout]                                at /rustc/df4ca44d3fbc9301ee17f30f4d474e6ae4b05252/library/core/src/ops/function.rs:250:5
[INFO] [stdout]   43:     0x555f62abe0eb - <alloc::boxed::Box<F,A> as core::ops::function::FnOnce<Args>>::call_once::h69aa08ddb6adb8b6
[INFO] [stdout]                                at /rustc/df4ca44d3fbc9301ee17f30f4d474e6ae4b05252/library/alloc/src/boxed.rs:2454:9
[INFO] [stdout]   44:     0x555f62abe0eb - <alloc::boxed::Box<F,A> as core::ops::function::FnOnce<Args>>::call_once::h5aa36efdb79c806f
[INFO] [stdout]                                at /rustc/df4ca44d3fbc9301ee17f30f4d474e6ae4b05252/library/alloc/src/boxed.rs:2454:9
[INFO] [stdout]   45:     0x555f62abe0eb - std::sys::pal::unix::thread::Thread::new::thread_start::h6cd80a1b4be5158d
[INFO] [stdout]                                at /rustc/df4ca44d3fbc9301ee17f30f4d474e6ae4b05252/library/std/src/sys/pal/unix/thread.rs:105:17
[INFO] [stdout]   46:     0x79d2a7dd8ac3 - <unknown>
[INFO] [stdout]   47:     0x79d2a7e69a04 - clone
[INFO] [stdout]   48:                0x0 - <unknown>
[INFO] [stdout] 
[INFO] [stdout] ---- spv_bridge::tests::test_state_verification_success stdout ----
[INFO] [stdout] thread 'spv_bridge::tests::test_state_verification_success' panicked at ink/spv_bridge/lib.rs:198:13:
[INFO] [stdout] not yet implemented
[INFO] [stdout] stack backtrace:
[INFO] [stdout]    0:     0x555f62ab876a - std::backtrace_rs::backtrace::libunwind::trace::h207520d6e9873551
[INFO] [stdout]                                at /rustc/df4ca44d3fbc9301ee17f30f4d474e6ae4b05252/library/std/src/../../backtrace/src/backtrace/libunwind.rs:116:5
[INFO] [stdout]    1:     0x555f62ab876a - std::backtrace_rs::backtrace::trace_unsynchronized::h2ed7433f370e3eca
[INFO] [stdout]                                at /rustc/df4ca44d3fbc9301ee17f30f4d474e6ae4b05252/library/std/src/../../backtrace/src/backtrace/mod.rs:66:5
[INFO] [stdout]    2:     0x555f62ab876a - std::sys::backtrace::_print_fmt::h916fac51166b18d7
[INFO] [stdout]                                at /rustc/df4ca44d3fbc9301ee17f30f4d474e6ae4b05252/library/std/src/sys/backtrace.rs:66:9
[INFO] [stdout]    3:     0x555f62ab876a - <std::sys::backtrace::BacktraceLock::print::DisplayBacktrace as core::fmt::Display>::fmt::ha0a4c9b8ce3802e6
[INFO] [stdout]                                at /rustc/df4ca44d3fbc9301ee17f30f4d474e6ae4b05252/library/std/src/sys/backtrace.rs:39:26
[INFO] [stdout]    4:     0x555f62adec73 - core::fmt::rt::Argument::fmt::h4cfc8587d52b3eb5
[INFO] [stdout]                                at /rustc/df4ca44d3fbc9301ee17f30f4d474e6ae4b05252/library/core/src/fmt/rt.rs:177:76
[INFO] [stdout]    5:     0x555f62adec73 - core::fmt::write::h522cc39e5b36ae9f
[INFO] [stdout]                                at /rustc/df4ca44d3fbc9301ee17f30f4d474e6ae4b05252/library/core/src/fmt/mod.rs:1190:21
[INFO] [stdout]    6:     0x555f62ab53d3 - std::io::Write::write_fmt::h7d3c26752da97734
[INFO] [stdout]                                at /rustc/df4ca44d3fbc9301ee17f30f4d474e6ae4b05252/library/std/src/io/mod.rs:1839:15
[INFO] [stdout]    7:     0x555f62ab85b2 - std::sys::backtrace::BacktraceLock::print::h4b9e00b29e9c0942
[INFO] [stdout]                                at /rustc/df4ca44d3fbc9301ee17f30f4d474e6ae4b05252/library/std/src/sys/backtrace.rs:42:9
[INFO] [stdout]    8:     0x555f62ab9bfa - std::panicking::default_hook::{{closure}}::hb59b88280d0324d9
[INFO] [stdout]                                at /rustc/df4ca44d3fbc9301ee17f30f4d474e6ae4b05252/library/std/src/panicking.rs:268:22
[INFO] [stdout]    9:     0x555f62ab9a04 - std::panicking::default_hook::he1dd496665be4a29
[INFO] [stdout]                                at /rustc/df4ca44d3fbc9301ee17f30f4d474e6ae4b05252/library/std/src/panicking.rs:292:9
[INFO] [stdout]   10:     0x555f62a263b9 - <alloc::boxed::Box<F,A> as core::ops::function::Fn<Args>>::call::h4ff71de18744e1dc
[INFO] [stdout]                                at /rustc/df4ca44d3fbc9301ee17f30f4d474e6ae4b05252/library/alloc/src/boxed.rs:2468:9
[INFO] [stdout]   11:     0x555f62a263b9 - test::test_main::{{closure}}::hcf7c055ce117aa81
[INFO] [stdout]                                at /rustc/df4ca44d3fbc9301ee17f30f4d474e6ae4b05252/library/test/src/lib.rs:133:21
[INFO] [stdout]   12:     0x555f62aba2f8 - <alloc::boxed::Box<F,A> as core::ops::function::Fn<Args>>::call::h1d66c6bbd60c9692
[INFO] [stdout]                                at /rustc/df4ca44d3fbc9301ee17f30f4d474e6ae4b05252/library/alloc/src/boxed.rs:2468:9
[INFO] [stdout]   13:     0x555f62aba2f8 - std::panicking::rust_panic_with_hook::h2ff17fe8f26dfcf8
[INFO] [stdout]                                at /rustc/df4ca44d3fbc9301ee17f30f4d474e6ae4b05252/library/std/src/panicking.rs:809:13
[INFO] [stdout]   14:     0x555f62aba086 - std::panicking::begin_panic_handler::{{closure}}::h4fad77951c07e101
[INFO] [stdout]                                at /rustc/df4ca44d3fbc9301ee17f30f4d474e6ae4b05252/library/std/src/panicking.rs:667:13
[INFO] [stdout]   15:     0x555f62ab8c49 - std::sys::backtrace::__rust_end_short_backtrace::hb1a25b3da5d0ea08
[INFO] [stdout]                                at /rustc/df4ca44d3fbc9301ee17f30f4d474e6ae4b05252/library/std/src/sys/backtrace.rs:170:18
[INFO] [stdout]   16:     0x555f62ab9d4c - rust_begin_unwind
[INFO] [stdout]                                at /rustc/df4ca44d3fbc9301ee17f30f4d474e6ae4b05252/library/std/src/panicking.rs:665:5
[INFO] [stdout]   17:     0x555f62add710 - core::panicking::panic_fmt::ha9db07b529f9b256
[INFO] [stdout]                                at /rustc/df4ca44d3fbc9301ee17f30f4d474e6ae4b05252/library/core/src/panicking.rs:75:14
[INFO] [stdout]   18:     0x555f62add79c - core::panicking::panic::h993086813d94accc
[INFO] [stdout]                                at /rustc/df4ca44d3fbc9301ee17f30f4d474e6ae4b05252/library/core/src/panicking.rs:152:5
[INFO] [stdout]   19:     0x555f629dd9c1 - spv_bridge::spv_bridge::_::<impl spv_bridge::spv_bridge::SpvBridge>::submit_new_header::h951bd613073fb9d0
[INFO] [stdout]                                at /opt/rustwide/workdir/ink/spv_bridge/lib.rs:198:4
[INFO] [stdout]   20:     0x555f629e6e07 - spv_bridge::spv_bridge::tests::test_state_verification_success::{{closure}}::h741e3997bbc470d3
[INFO] [stdout]                                at /opt/rustwide/workdir/ink/spv_bridge/lib.rs:529:5
[INFO] [stdout]   21:     0x555f629e0b0a - ink_env::engine::off_chain::test_api::run_test::hab967be04fce94ad
[INFO] [stdout]                                at /opt/rustwide/cargo-home/registry/src/index.crates.io-6f17d22bba15001f/ink_env-4.3.0/src/engine/off_chain/test_api.rs:318:5
[INFO] [stdout]   22:     0x555f629e6c7c - spv_bridge::spv_bridge::tests::test_state_verification_success::h60e1de81123ebc55
[INFO] [stdout]                                at /opt/rustwide/workdir/ink/spv_bridge/lib.rs:517:3
[INFO] [stdout]   23:     0x555f629e6c57 - spv_bridge::spv_bridge::tests::test_state_verification_success::{{closure}}::h4c538942502dc610
[INFO] [stdout]                                at /opt/rustwide/workdir/ink/spv_bridge/lib.rs:517:15
[INFO] [stdout]   24:     0x555f629e81d6 - core::ops::function::FnOnce::call_once::h643976ee5a336ef8
[INFO] [stdout]                                at /rustc/df4ca44d3fbc9301ee17f30f4d474e6ae4b05252/library/core/src/ops/function.rs:250:5
[INFO] [stdout]   25:     0x555f62a2ac8b - core::ops::function::FnOnce::call_once::h22c3ba5715e93f05
[INFO] [stdout]                                at /rustc/df4ca44d3fbc9301ee17f30f4d474e6ae4b05252/library/core/src/ops/function.rs:250:5
[INFO] [stdout]   26:     0x555f62a2ac8b - test::__rust_begin_short_backtrace::h8e82d8113d0da17f
[INFO] [stdout]                                at /rustc/df4ca44d3fbc9301ee17f30f4d474e6ae4b05252/library/test/src/lib.rs:621:18
[INFO] [stdout]   27:     0x555f62a2a607 - test::run_test_in_process::{{closure}}::h33235f4f20b7b7c7
[INFO] [stdout]                                at /rustc/df4ca44d3fbc9301ee17f30f4d474e6ae4b05252/library/test/src/lib.rs:644:60
[INFO] [stdout]   28:     0x555f62a2a607 - <core::panic::unwind_safe::AssertUnwindSafe<F> as core::ops::function::FnOnce<()>>::call_once::hb5043206310c586f
[INFO] [stdout]                                at /rustc/df4ca44d3fbc9301ee17f30f4d474e6ae4b05252/library/core/src/panic/unwind_safe.rs:272:9
[INFO] [stdout]   29:     0x555f62a2a607 - std::panicking::try::do_call::h9ad4731a60ab23e2
[INFO] [stdout]                                at /rustc/df4ca44d3fbc9301ee17f30f4d474e6ae4b05252/library/std/src/panicking.rs:557:40
[INFO] [stdout]   30:     0x555f62a2a607 - std::panicking::try::h3824d23db772a716
[INFO] [stdout]                                at /rustc/df4ca44d3fbc9301ee17f30f4d474e6ae4b05252/library/std/src/panicking.rs:520:19
[INFO] [stdout]   31:     0x555f62a2a607 - std::panic::catch_unwind::h5afd514605fde46b
[INFO] [stdout]                                at /rustc/df4ca44d3fbc9301ee17f30f4d474e6ae4b05252/library/std/src/panic.rs:358:14
[INFO] [stdout]   32:     0x555f62a2a607 - test::run_test_in_process::h0d5cbfa7067d1720
[INFO] [stdout]                                at /rustc/df4ca44d3fbc9301ee17f30f4d474e6ae4b05252/library/test/src/lib.rs:644:27
[INFO] [stdout]   33:     0x555f62a2a607 - test::run_test::{{closure}}::h708eb8872708115d
[INFO] [stdout]                                at /rustc/df4ca44d3fbc9301ee17f30f4d474e6ae4b05252/library/test/src/lib.rs:565:43
[INFO] [stdout]   34:     0x555f629edd24 - test::run_test::{{closure}}::h392c51cee94713ab
[INFO] [stdout]                                at /rustc/df4ca44d3fbc9301ee17f30f4d474e6ae4b05252/library/test/src/lib.rs:595:41
[INFO] [stdout]   35:     0x555f629edd24 - std::sys::backtrace::__rust_begin_short_backtrace::h2f40290710935a8b
[INFO] [stdout]                                at /rustc/df4ca44d3fbc9301ee17f30f4d474e6ae4b05252/library/std/src/sys/backtrace.rs:154:18
[INFO] [stdout]   36:     0x555f629f14ce - std::thread::Builder::spawn_unchecked_::{{closure}}::{{closure}}::h3fd968d89053a903
[INFO] [stdout]                                at /rustc/df4ca44d3fbc9301ee17f30f4d474e6ae4b05252/library/std/src/thread/mod.rs:541:17
[INFO] [stdout]   37:     0x555f629f14ce - <core::panic::unwind_safe::AssertUnwindSafe<F> as core::ops::function::FnOnce<()>>::call_once::h743f637ba4229880
[INFO] [stdout]                                at /rustc/df4ca44d3fbc9301ee17f30f4d474e6ae4b05252/library/core/src/panic/unwind_safe.rs:272:9
[INFO] [stdout]   38:     0x555f629f14ce - std::panicking::try::do_call::h07440897322525a6
[INFO] [stdout]                                at /rustc/df4ca44d3fbc9301ee17f30f4d474e6ae4b05252/library/std/src/panicking.rs:557:40
[INFO] [stdout]   39:     0x555f629f14ce - std::panicking::try::he5a2e00188156637
[INFO] [stdout]                                at /rustc/df4ca44d3fbc9301ee17f30f4d474e6ae4b05252/library/std/src/panicking.rs:520:19
[INFO] [stdout]   40:     0x555f629f14ce - std::panic::catch_unwind::hbaf3cae49b3c6433
[INFO] [stdout]                                at /rustc/df4ca44d3fbc9301ee17f30f4d474e6ae4b05252/library/std/src/panic.rs:358:14
[INFO] [stdout]   41:     0x555f629f14ce - std::thread::Builder::spawn_unchecked_::{{closure}}::h8e141ea224820bce
[INFO] [stdout]                                at /rustc/df4ca44d3fbc9301ee17f30f4d474e6ae4b05252/library/std/src/thread/mod.rs:540:30
[INFO] [stdout]   42:     0x555f629f14ce - core::ops::function::FnOnce::call_once{{vtable.shim}}::h90d312fedd7b8ea8
[INFO] [stdout]                                at /rustc/df4ca44d3fbc9301ee17f30f4d474e6ae4b05252/library/core/src/ops/function.rs:250:5
[INFO] [stdout]   43:     0x555f62abe0eb - <alloc::boxed::Box<F,A> as core::ops::function::FnOnce<Args>>::call_once::h69aa08ddb6adb8b6
[INFO] [stdout]                                at /rustc/df4ca44d3fbc9301ee17f30f4d474e6ae4b05252/library/alloc/src/boxed.rs:2454:9
[INFO] [stdout]   44:     0x555f62abe0eb - <alloc::boxed::Box<F,A> as core::ops::function::FnOnce<Args>>::call_once::h5aa36efdb79c806f
[INFO] [stdout]                                at /rustc/df4ca44d3fbc9301ee17f30f4d474e6ae4b05252/library/alloc/src/boxed.rs:2454:9
[INFO] [stdout]   45:     0x555f62abe0eb - std::sys::pal::unix::thread::Thread::new::thread_start::h6cd80a1b4be5158d
[INFO] [stdout]                                at /rustc/df4ca44d3fbc9301ee17f30f4d474e6ae4b05252/library/std/src/sys/pal/unix/thread.rs:105:17
[INFO] [stdout]   46:     0x79d2a7dd8ac3 - <unknown>
[INFO] [stdout]   47:     0x79d2a7e69a04 - clone
[INFO] [stdout]   48:                0x0 - <unknown>
[INFO] [stdout] 
[INFO] [stdout] ---- spv_bridge::tests::test_submit_reorg_chain stdout ----
[INFO] [stdout] thread 'spv_bridge::tests::test_submit_reorg_chain' panicked at ink/spv_bridge/lib.rs:198:13:
[INFO] [stdout] not yet implemented
[INFO] [stdout] stack backtrace:
[INFO] [stdout]    0:     0x555f62ab876a - std::backtrace_rs::backtrace::libunwind::trace::h207520d6e9873551
[INFO] [stdout]                                at /rustc/df4ca44d3fbc9301ee17f30f4d474e6ae4b05252/library/std/src/../../backtrace/src/backtrace/libunwind.rs:116:5
[INFO] [stdout]    1:     0x555f62ab876a - std::backtrace_rs::backtrace::trace_unsynchronized::h2ed7433f370e3eca
[INFO] [stdout]                                at /rustc/df4ca44d3fbc9301ee17f30f4d474e6ae4b05252/library/std/src/../../backtrace/src/backtrace/mod.rs:66:5
[INFO] [stdout]    2:     0x555f62ab876a - std::sys::backtrace::_print_fmt::h916fac51166b18d7
[INFO] [stdout]                                at /rustc/df4ca44d3fbc9301ee17f30f4d474e6ae4b05252/library/std/src/sys/backtrace.rs:66:9
[INFO] [stdout]    3:     0x555f62ab876a - <std::sys::backtrace::BacktraceLock::print::DisplayBacktrace as core::fmt::Display>::fmt::ha0a4c9b8ce3802e6
[INFO] [stdout]                                at /rustc/df4ca44d3fbc9301ee17f30f4d474e6ae4b05252/library/std/src/sys/backtrace.rs:39:26
[INFO] [stdout]    4:     0x555f62adec73 - core::fmt::rt::Argument::fmt::h4cfc8587d52b3eb5
[INFO] [stdout]                                at /rustc/df4ca44d3fbc9301ee17f30f4d474e6ae4b05252/library/core/src/fmt/rt.rs:177:76
[INFO] [stdout]    5:     0x555f62adec73 - core::fmt::write::h522cc39e5b36ae9f
[INFO] [stdout]                                at /rustc/df4ca44d3fbc9301ee17f30f4d474e6ae4b05252/library/core/src/fmt/mod.rs:1190:21
[INFO] [stdout]    6:     0x555f62ab53d3 - std::io::Write::write_fmt::h7d3c26752da97734
[INFO] [stdout]                                at /rustc/df4ca44d3fbc9301ee17f30f4d474e6ae4b05252/library/std/src/io/mod.rs:1839:15
[INFO] [stdout]    7:     0x555f62ab85b2 - std::sys::backtrace::BacktraceLock::print::h4b9e00b29e9c0942
[INFO] [stdout]                                at /rustc/df4ca44d3fbc9301ee17f30f4d474e6ae4b05252/library/std/src/sys/backtrace.rs:42:9
[INFO] [stdout]    8:     0x555f62ab9bfa - std::panicking::default_hook::{{closure}}::hb59b88280d0324d9
[INFO] [stdout]                                at /rustc/df4ca44d3fbc9301ee17f30f4d474e6ae4b05252/library/std/src/panicking.rs:268:22
[INFO] [stdout]    9:     0x555f62ab9a04 - std::panicking::default_hook::he1dd496665be4a29
[INFO] [stdout]                                at /rustc/df4ca44d3fbc9301ee17f30f4d474e6ae4b05252/library/std/src/panicking.rs:292:9
[INFO] [stdout]   10:     0x555f62a263b9 - <alloc::boxed::Box<F,A> as core::ops::function::Fn<Args>>::call::h4ff71de18744e1dc
[INFO] [stdout]                                at /rustc/df4ca44d3fbc9301ee17f30f4d474e6ae4b05252/library/alloc/src/boxed.rs:2468:9
[INFO] [stdout]   11:     0x555f62a263b9 - test::test_main::{{closure}}::hcf7c055ce117aa81
[INFO] [stdout]                                at /rustc/df4ca44d3fbc9301ee17f30f4d474e6ae4b05252/library/test/src/lib.rs:133:21
[INFO] [stdout]   12:     0x555f62aba2f8 - <alloc::boxed::Box<F,A> as core::ops::function::Fn<Args>>::call::h1d66c6bbd60c9692
[INFO] [stdout]                                at /rustc/df4ca44d3fbc9301ee17f30f4d474e6ae4b05252/library/alloc/src/boxed.rs:2468:9
[INFO] [stdout]   13:     0x555f62aba2f8 - std::panicking::rust_panic_with_hook::h2ff17fe8f26dfcf8
[INFO] [stdout]                                at /rustc/df4ca44d3fbc9301ee17f30f4d474e6ae4b05252/library/std/src/panicking.rs:809:13
[INFO] [stdout]   14:     0x555f62aba086 - std::panicking::begin_panic_handler::{{closure}}::h4fad77951c07e101
[INFO] [stdout]                                at /rustc/df4ca44d3fbc9301ee17f30f4d474e6ae4b05252/library/std/src/panicking.rs:667:13
[INFO] [stdout]   15:     0x555f62ab8c49 - std::sys::backtrace::__rust_end_short_backtrace::hb1a25b3da5d0ea08
[INFO] [stdout]                                at /rustc/df4ca44d3fbc9301ee17f30f4d474e6ae4b05252/library/std/src/sys/backtrace.rs:170:18
[INFO] [stdout]   16:     0x555f62ab9d4c - rust_begin_unwind
[INFO] [stdout]                                at /rustc/df4ca44d3fbc9301ee17f30f4d474e6ae4b05252/library/std/src/panicking.rs:665:5
[INFO] [stdout]   17:     0x555f62add710 - core::panicking::panic_fmt::ha9db07b529f9b256
[INFO] [stdout]                                at /rustc/df4ca44d3fbc9301ee17f30f4d474e6ae4b05252/library/core/src/panicking.rs:75:14
[INFO] [stdout]   18:     0x555f62add79c - core::panicking::panic::h993086813d94accc
[INFO] [stdout]                                at /rustc/df4ca44d3fbc9301ee17f30f4d474e6ae4b05252/library/core/src/panicking.rs:152:5
[INFO] [stdout]   19:     0x555f629dd9c1 - spv_bridge::spv_bridge::_::<impl spv_bridge::spv_bridge::SpvBridge>::submit_new_header::h951bd613073fb9d0
[INFO] [stdout]                                at /opt/rustwide/workdir/ink/spv_bridge/lib.rs:198:4
[INFO] [stdout]   20:     0x555f629e5826 - spv_bridge::spv_bridge::tests::test_submit_reorg_chain::{{closure}}::h720e4e3c05d39b09
[INFO] [stdout]                                at /opt/rustwide/workdir/ink/spv_bridge/lib.rs:423:5
[INFO] [stdout]   21:     0x555f629e0c9a - ink_env::engine::off_chain::test_api::run_test::hdcbe64ae6b1ec1fa
[INFO] [stdout]                                at /opt/rustwide/cargo-home/registry/src/index.crates.io-6f17d22bba15001f/ink_env-4.3.0/src/engine/off_chain/test_api.rs:318:5
[INFO] [stdout]   22:     0x555f629e566c - spv_bridge::spv_bridge::tests::test_submit_reorg_chain::h7fa6824ba4a44239
[INFO] [stdout]                                at /opt/rustwide/workdir/ink/spv_bridge/lib.rs:410:3
[INFO] [stdout]   23:     0x555f629e5647 - spv_bridge::spv_bridge::tests::test_submit_reorg_chain::{{closure}}::hf945905ff51741ef
[INFO] [stdout]                                at /opt/rustwide/workdir/ink/spv_bridge/lib.rs:410:15
[INFO] [stdout]   24:     0x555f629e8326 - core::ops::function::FnOnce::call_once::hd704b7035f3622b4
[INFO] [stdout]                                at /rustc/df4ca44d3fbc9301ee17f30f4d474e6ae4b05252/library/core/src/ops/function.rs:250:5
[INFO] [stdout]   25:     0x555f62a2ac8b - core::ops::function::FnOnce::call_once::h22c3ba5715e93f05
[INFO] [stdout]                                at /rustc/df4ca44d3fbc9301ee17f30f4d474e6ae4b05252/library/core/src/ops/function.rs:250:5
[INFO] [stdout]   26:     0x555f62a2ac8b - test::__rust_begin_short_backtrace::h8e82d8113d0da17f
[INFO] [stdout]                                at /rustc/df4ca44d3fbc9301ee17f30f4d474e6ae4b05252/library/test/src/lib.rs:621:18
[INFO] [stdout]   27:     0x555f62a2a607 - test::run_test_in_process::{{closure}}::h33235f4f20b7b7c7
[INFO] [stdout]                                at /rustc/df4ca44d3fbc9301ee17f30f4d474e6ae4b05252/library/test/src/lib.rs:644:60
[INFO] [stdout]   28:     0x555f62a2a607 - <core::panic::unwind_safe::AssertUnwindSafe<F> as core::ops::function::FnOnce<()>>::call_once::hb5043206310c586f
[INFO] [stdout]                                at /rustc/df4ca44d3fbc9301ee17f30f4d474e6ae4b05252/library/core/src/panic/unwind_safe.rs:272:9
[INFO] [stdout]   29:     0x555f62a2a607 - std::panicking::try::do_call::h9ad4731a60ab23e2
[INFO] [stdout]                                at /rustc/df4ca44d3fbc9301ee17f30f4d474e6ae4b05252/library/std/src/panicking.rs:557:40
[INFO] [stdout]   30:     0x555f62a2a607 - std::panicking::try::h3824d23db772a716
[INFO] [stdout]                                at /rustc/df4ca44d3fbc9301ee17f30f4d474e6ae4b05252/library/std/src/panicking.rs:520:19
[INFO] [stdout]   31:     0x555f62a2a607 - std::panic::catch_unwind::h5afd514605fde46b
[INFO] [stdout]                                at /rustc/df4ca44d3fbc9301ee17f30f4d474e6ae4b05252/library/std/src/panic.rs:358:14
[INFO] [stdout]   32:     0x555f62a2a607 - test::run_test_in_process::h0d5cbfa7067d1720
[INFO] [stdout]                                at /rustc/df4ca44d3fbc9301ee17f30f4d474e6ae4b05252/library/test/src/lib.rs:644:27
[INFO] [stdout]   33:     0x555f62a2a607 - test::run_test::{{closure}}::h708eb8872708115d
[INFO] [stdout]                                at /rustc/df4ca44d3fbc9301ee17f30f4d474e6ae4b05252/library/test/src/lib.rs:565:43
[INFO] [stdout]   34:     0x555f629edd24 - test::run_test::{{closure}}::h392c51cee94713ab
[INFO] [stdout]                                at /rustc/df4ca44d3fbc9301ee17f30f4d474e6ae4b05252/library/test/src/lib.rs:595:41
[INFO] [stdout]   35:     0x555f629edd24 - std::sys::backtrace::__rust_begin_short_backtrace::h2f40290710935a8b
[INFO] [stdout]                                at /rustc/df4ca44d3fbc9301ee17f30f4d474e6ae4b05252/library/std/src/sys/backtrace.rs:154:18
[INFO] [stdout]   36:     0x555f629f14ce - std::thread::Builder::spawn_unchecked_::{{closure}}::{{closure}}::h3fd968d89053a903
[INFO] [stdout]                                at /rustc/df4ca44d3fbc9301ee17f30f4d474e6ae4b05252/library/std/src/thread/mod.rs:541:17
[INFO] [stdout]   37:     0x555f629f14ce - <core::panic::unwind_safe::AssertUnwindSafe<F> as core::ops::function::FnOnce<()>>::call_once::h743f637ba4229880
[INFO] [stdout]                                at /rustc/df4ca44d3fbc9301ee17f30f4d474e6ae4b05252/library/core/src/panic/unwind_safe.rs:272:9
[INFO] [stdout]   38:     0x555f629f14ce - std::panicking::try::do_call::h07440897322525a6
[INFO] [stdout]                                at /rustc/df4ca44d3fbc9301ee17f30f4d474e6ae4b05252/library/std/src/panicking.rs:557:40
[INFO] [stdout]   39:     0x555f629f14ce - std::panicking::try::he5a2e00188156637
[INFO] [stdout]                                at /rustc/df4ca44d3fbc9301ee17f30f4d474e6ae4b05252/library/std/src/panicking.rs:520:19
[INFO] [stdout]   40:     0x555f629f14ce - std::panic::catch_unwind::hbaf3cae49b3c6433
[INFO] [stdout]                                at /rustc/df4ca44d3fbc9301ee17f30f4d474e6ae4b05252/library/std/src/panic.rs:358:14
[INFO] [stdout]   41:     0x555f629f14ce - std::thread::Builder::spawn_unchecked_::{{closure}}::h8e141ea224820bce
[INFO] [stdout]                                at /rustc/df4ca44d3fbc9301ee17f30f4d474e6ae4b05252/library/std/src/thread/mod.rs:540:30
[INFO] [stdout]   42:     0x555f629f14ce - core::ops::function::FnOnce::call_once{{vtable.shim}}::h90d312fedd7b8ea8
[INFO] [stdout]                                at /rustc/df4ca44d3fbc9301ee17f30f4d474e6ae4b05252/library/core/src/ops/function.rs:250:5
[INFO] [stdout]   43:     0x555f62abe0eb - <alloc::boxed::Box<F,A> as core::ops::function::FnOnce<Args>>::call_once::h69aa08ddb6adb8b6
[INFO] [stdout]                                at /rustc/df4ca44d3fbc9301ee17f30f4d474e6ae4b05252/library/alloc/src/boxed.rs:2454:9
[INFO] [stdout]   44:     0x555f62abe0eb - <alloc::boxed::Box<F,A> as core::ops::function::FnOnce<Args>>::call_once::h5aa36efdb79c806f
[INFO] [stdout]                                at /rustc/df4ca44d3fbc9301ee17f30f4d474e6ae4b05252/library/alloc/src/boxed.rs:2454:9
[INFO] [stdout]   45:     0x555f62abe0eb - std::sys::pal::unix::thread::Thread::new::thread_start::h6cd80a1b4be5158d
[INFO] [stdout]                                at /rustc/df4ca44d3fbc9301ee17f30f4d474e6ae4b05252/library/std/src/sys/pal/unix/thread.rs:105:17
[INFO] [stdout]   46:     0x79d2a7dd8ac3 - <unknown>
[INFO] [stdout]   47:     0x79d2a7e69a04 - clone
[INFO] [stdout]   48:                0x0 - <unknown>
[INFO] [stdout] 
[INFO] [stdout] ---- spv_bridge::tests::test_submit_extend_longest_chain stdout ----
[INFO] [stdout] thread 'spv_bridge::tests::test_submit_extend_longest_chain' panicked at ink/spv_bridge/lib.rs:198:13:
[INFO] [stdout] not yet implemented
[INFO] [stdout] stack backtrace:
[INFO] [stdout]    0:     0x555f62ab876a - std::backtrace_rs::backtrace::libunwind::trace::h207520d6e9873551
[INFO] [stdout]                                at /rustc/df4ca44d3fbc9301ee17f30f4d474e6ae4b05252/library/std/src/../../backtrace/src/backtrace/libunwind.rs:116:5
[INFO] [stdout]    1:     0x555f62ab876a - std::backtrace_rs::backtrace::trace_unsynchronized::h2ed7433f370e3eca
[INFO] [stdout]                                at /rustc/df4ca44d3fbc9301ee17f30f4d474e6ae4b05252/library/std/src/../../backtrace/src/backtrace/mod.rs:66:5
[INFO] [stdout]    2:     0x555f62ab876a - std::sys::backtrace::_print_fmt::h916fac51166b18d7
[INFO] [stdout]                                at /rustc/df4ca44d3fbc9301ee17f30f4d474e6ae4b05252/library/std/src/sys/backtrace.rs:66:9
[INFO] [stdout]    3:     0x555f62ab876a - <std::sys::backtrace::BacktraceLock::print::DisplayBacktrace as core::fmt::Display>::fmt::ha0a4c9b8ce3802e6
[INFO] [stdout]                                at /rustc/df4ca44d3fbc9301ee17f30f4d474e6ae4b05252/library/std/src/sys/backtrace.rs:39:26
[INFO] [stdout]    4:     0x555f62adec73 - core::fmt::rt::Argument::fmt::h4cfc8587d52b3eb5
[INFO] [stdout]                                at /rustc/df4ca44d3fbc9301ee17f30f4d474e6ae4b05252/library/core/src/fmt/rt.rs:177:76
[INFO] [stdout]    5:     0x555f62adec73 - core::fmt::write::h522cc39e5b36ae9f
[INFO] [stdout]                                at /rustc/df4ca44d3fbc9301ee17f30f4d474e6ae4b05252/library/core/src/fmt/mod.rs:1190:21
[INFO] [stdout]    6:     0x555f62ab53d3 - std::io::Write::write_fmt::h7d3c26752da97734
[INFO] [stdout]                                at /rustc/df4ca44d3fbc9301ee17f30f4d474e6ae4b05252/library/std/src/io/mod.rs:1839:15
[INFO] [stdout]    7:     0x555f62ab85b2 - std::sys::backtrace::BacktraceLock::print::h4b9e00b29e9c0942
[INFO] [stdout]                                at /rustc/df4ca44d3fbc9301ee17f30f4d474e6ae4b05252/library/std/src/sys/backtrace.rs:42:9
[INFO] [stdout]    8:     0x555f62ab9bfa - std::panicking::default_hook::{{closure}}::hb59b88280d0324d9
[INFO] [stdout]                                at /rustc/df4ca44d3fbc9301ee17f30f4d474e6ae4b05252/library/std/src/panicking.rs:268:22
[INFO] [stdout]    9:     0x555f62ab9a04 - std::panicking::default_hook::he1dd496665be4a29
[INFO] [stdout]                                at /rustc/df4ca44d3fbc9301ee17f30f4d474e6ae4b05252/library/std/src/panicking.rs:292:9
[INFO] [stdout]   10:     0x555f62a263b9 - <alloc::boxed::Box<F,A> as core::ops::function::Fn<Args>>::call::h4ff71de18744e1dc
[INFO] [stdout]                                at /rustc/df4ca44d3fbc9301ee17f30f4d474e6ae4b05252/library/alloc/src/boxed.rs:2468:9
[INFO] [stdout]   11:     0x555f62a263b9 - test::test_main::{{closure}}::hcf7c055ce117aa81
[INFO] [stdout]                                at /rustc/df4ca44d3fbc9301ee17f30f4d474e6ae4b05252/library/test/src/lib.rs:133:21
[INFO] [stdout]   12:     0x555f62aba2f8 - <alloc::boxed::Box<F,A> as core::ops::function::Fn<Args>>::call::h1d66c6bbd60c9692
[INFO] [stdout]                                at /rustc/df4ca44d3fbc9301ee17f30f4d474e6ae4b05252/library/alloc/src/boxed.rs:2468:9
[INFO] [stdout]   13:     0x555f62aba2f8 - std::panicking::rust_panic_with_hook::h2ff17fe8f26dfcf8
[INFO] [stdout]                                at /rustc/df4ca44d3fbc9301ee17f30f4d474e6ae4b05252/library/std/src/panicking.rs:809:13
[INFO] [stdout]   14:     0x555f62aba086 - std::panicking::begin_panic_handler::{{closure}}::h4fad77951c07e101
[INFO] [stdout]                                at /rustc/df4ca44d3fbc9301ee17f30f4d474e6ae4b05252/library/std/src/panicking.rs:667:13
[INFO] [stdout]   15:     0x555f62ab8c49 - std::sys::backtrace::__rust_end_short_backtrace::hb1a25b3da5d0ea08
[INFO] [stdout]                                at /rustc/df4ca44d3fbc9301ee17f30f4d474e6ae4b05252/library/std/src/sys/backtrace.rs:170:18
[INFO] [stdout]   16:     0x555f62ab9d4c - rust_begin_unwind
[INFO] [stdout]                                at /rustc/df4ca44d3fbc9301ee17f30f4d474e6ae4b05252/library/std/src/panicking.rs:665:5
[INFO] [stdout]   17:     0x555f62add710 - core::panicking::panic_fmt::ha9db07b529f9b256
[INFO] [stdout]                                at /rustc/df4ca44d3fbc9301ee17f30f4d474e6ae4b05252/library/core/src/panicking.rs:75:14
[INFO] [stdout]   18:     0x555f62add79c - core::panicking::panic::h993086813d94accc
[INFO] [stdout]                                at /rustc/df4ca44d3fbc9301ee17f30f4d474e6ae4b05252/library/core/src/panicking.rs:152:5
[INFO] [stdout]   19:     0x555f629dd9c1 - spv_bridge::spv_bridge::_::<impl spv_bridge::spv_bridge::SpvBridge>::submit_new_header::h951bd613073fb9d0
[INFO] [stdout]                                at /opt/rustwide/workdir/ink/spv_bridge/lib.rs:198:4
[INFO] [stdout]   20:     0x555f629e42c6 - spv_bridge::spv_bridge::tests::test_submit_extend_longest_chain::{{closure}}::h80c488b517f2d295
[INFO] [stdout]                                at /opt/rustwide/workdir/ink/spv_bridge/lib.rs:354:5
[INFO] [stdout]   21:     0x555f629e07ea - ink_env::engine::off_chain::test_api::run_test::h430d121ad168578c
[INFO] [stdout]                                at /opt/rustwide/cargo-home/registry/src/index.crates.io-6f17d22bba15001f/ink_env-4.3.0/src/engine/off_chain/test_api.rs:318:5
[INFO] [stdout]   22:     0x555f629e410c - spv_bridge::spv_bridge::tests::test_submit_extend_longest_chain::hb5f36ebc4c8f0139
[INFO] [stdout]                                at /opt/rustwide/workdir/ink/spv_bridge/lib.rs:343:3
[INFO] [stdout]   23:     0x555f629e40e7 - spv_bridge::spv_bridge::tests::test_submit_extend_longest_chain::{{closure}}::ha72f93b3a993cfb6
[INFO] [stdout]                                at /opt/rustwide/workdir/ink/spv_bridge/lib.rs:343:15
[INFO] [stdout]   24:     0x555f629e8216 - core::ops::function::FnOnce::call_once::h71fa6477dd734416
[INFO] [stdout]                                at /rustc/df4ca44d3fbc9301ee17f30f4d474e6ae4b05252/library/core/src/ops/function.rs:250:5
[INFO] [stdout]   25:     0x555f62a2ac8b - core::ops::function::FnOnce::call_once::h22c3ba5715e93f05
[INFO] [stdout]                                at /rustc/df4ca44d3fbc9301ee17f30f4d474e6ae4b05252/library/core/src/ops/function.rs:250:5
[INFO] [stdout]   26:     0x555f62a2ac8b - test::__rust_begin_short_backtrace::h8e82d8113d0da17f
[INFO] [stdout]                                at /rustc/df4ca44d3fbc9301ee17f30f4d474e6ae4b05252/library/test/src/lib.rs:621:18
[INFO] [stdout]   27:     0x555f62a2a607 - test::run_test_in_process::{{closure}}::h33235f4f20b7b7c7
[INFO] [stdout]                                at /rustc/df4ca44d3fbc9301ee17f30f4d474e6ae4b05252/library/test/src/lib.rs:644:60
[INFO] [stdout]   28:     0x555f62a2a607 - <core::panic::unwind_safe::AssertUnwindSafe<F> as core::ops::function::FnOnce<()>>::call_once::hb5043206310c586f
[INFO] [stdout]                                at /rustc/df4ca44d3fbc9301ee17f30f4d474e6ae4b05252/library/core/src/panic/unwind_safe.rs:272:9
[INFO] [stdout]   29:     0x555f62a2a607 - std::panicking::try::do_call::h9ad4731a60ab23e2
[INFO] [stdout]                                at /rustc/df4ca44d3fbc9301ee17f30f4d474e6ae4b05252/library/std/src/panicking.rs:557:40
[INFO] [stdout]   30:     0x555f62a2a607 - std::panicking::try::h3824d23db772a716
[INFO] [stdout]                                at /rustc/df4ca44d3fbc9301ee17f30f4d474e6ae4b05252/library/std/src/panicking.rs:520:19
[INFO] [stdout]   31:     0x555f62a2a607 - std::panic::catch_unwind::h5afd514605fde46b
[INFO] [stdout]                                at /rustc/df4ca44d3fbc9301ee17f30f4d474e6ae4b05252/library/std/src/panic.rs:358:14
[INFO] [stdout]   32:     0x555f62a2a607 - test::run_test_in_process::h0d5cbfa7067d1720
[INFO] [stdout]                                at /rustc/df4ca44d3fbc9301ee17f30f4d474e6ae4b05252/library/test/src/lib.rs:644:27
[INFO] [stdout]   33:     0x555f62a2a607 - test::run_test::{{closure}}::h708eb8872708115d
[INFO] [stdout]                                at /rustc/df4ca44d3fbc9301ee17f30f4d474e6ae4b05252/library/test/src/lib.rs:565:43
[INFO] [stdout]   34:     0x555f629edd24 - test::run_test::{{closure}}::h392c51cee94713ab
[INFO] [stdout]                                at /rustc/df4ca44d3fbc9301ee17f30f4d474e6ae4b05252/library/test/src/lib.rs:595:41
[INFO] [stdout]   35:     0x555f629edd24 - std::sys::backtrace::__rust_begin_short_backtrace::h2f40290710935a8b
[INFO] [stdout]                                at /rustc/df4ca44d3fbc9301ee17f30f4d474e6ae4b05252/library/std/src/sys/backtrace.rs:154:18
[INFO] [stdout]   36:     0x555f629f14ce - std::thread::Builder::spawn_unchecked_::{{closure}}::{{closure}}::h3fd968d89053a903
[INFO] [stdout]                                at /rustc/df4ca44d3fbc9301ee17f30f4d474e6ae4b05252/library/std/src/thread/mod.rs:541:17
[INFO] [stdout]   37:     0x555f629f14ce - <core::panic::unwind_safe::AssertUnwindSafe<F> as core::ops::function::FnOnce<()>>::call_once::h743f637ba4229880
[INFO] [stdout]                                at /rustc/df4ca44d3fbc9301ee17f30f4d474e6ae4b05252/library/core/src/panic/unwind_safe.rs:272:9
[INFO] [stdout]   38:     0x555f629f14ce - std::panicking::try::do_call::h07440897322525a6
[INFO] [stdout]                                at /rustc/df4ca44d3fbc9301ee17f30f4d474e6ae4b05252/library/std/src/panicking.rs:557:40
[INFO] [stdout]   39:     0x555f629f14ce - std::panicking::try::he5a2e00188156637
[INFO] [stdout]                                at /rustc/df4ca44d3fbc9301ee17f30f4d474e6ae4b05252/library/std/src/panicking.rs:520:19
[INFO] [stdout]   40:     0x555f629f14ce - std::panic::catch_unwind::hbaf3cae49b3c6433
[INFO] [stdout]                                at /rustc/df4ca44d3fbc9301ee17f30f4d474e6ae4b05252/library/std/src/panic.rs:358:14
[INFO] [stdout]   41:     0x555f629f14ce - std::thread::Builder::spawn_unchecked_::{{closure}}::h8e141ea224820bce
[INFO] [stdout]                                at /rustc/df4ca44d3fbc9301ee17f30f4d474e6ae4b05252/library/std/src/thread/mod.rs:540:30
[INFO] [stdout]   42:     0x555f629f14ce - core::ops::function::FnOnce::call_once{{vtable.shim}}::h90d312fedd7b8ea8
[INFO] [stdout]                                at /rustc/df4ca44d3fbc9301ee17f30f4d474e6ae4b05252/library/core/src/ops/function.rs:250:5
[INFO] [stdout]   43:     0x555f62abe0eb - <alloc::boxed::Box<F,A> as core::ops::function::FnOnce<Args>>::call_once::h69aa08ddb6adb8b6
[INFO] [stdout]                                at /rustc/df4ca44d3fbc9301ee17f30f4d474e6ae4b05252/library/alloc/src/boxed.rs:2454:9
[INFO] [stdout]   44:     0x555f62abe0eb - <alloc::boxed::Box<F,A> as core::ops::function::FnOnce<Args>>::call_once::h5aa36efdb79c806f
[INFO] [stdout]                                at /rustc/df4ca44d3fbc9301ee17f30f4d474e6ae4b05252/library/alloc/src/boxed.rs:2454:9
[INFO] [stdout]   45:     0x555f62abe0eb - std::sys::pal::unix::thread::Thread::new::thread_start::h6cd80a1b4be5158d
[INFO] [stdout]                                at /rustc/df4ca44d3fbc9301ee17f30f4d474e6ae4b05252/library/std/src/sys/pal/unix/thread.rs:105:17
[INFO] [stdout]   46:     0x79d2a7dd8ac3 - <unknown>
[INFO] [stdout]   47:     0x79d2a7e69a04 - clone
[INFO] [stdout]   48:                0x0 - <unknown>
[INFO] [stdout] 
[INFO] [stdout] ---- spv_bridge::tests::test_tx_verification_failure stdout ----
[INFO] [stdout] thread 'spv_bridge::tests::test_tx_verification_failure' panicked at ink/spv_bridge/lib.rs:198:13:
[INFO] [stdout] not yet implemented
[INFO] [stdout] stack backtrace:
[INFO] [stdout]    0:     0x555f62ab876a - std::backtrace_rs::backtrace::libunwind::trace::h207520d6e9873551
[INFO] [stdout]                                at /rustc/df4ca44d3fbc9301ee17f30f4d474e6ae4b05252/library/std/src/../../backtrace/src/backtrace/libunwind.rs:116:5
[INFO] [stdout]    1:     0x555f62ab876a - std::backtrace_rs::backtrace::trace_unsynchronized::h2ed7433f370e3eca
[INFO] [stdout]                                at /rustc/df4ca44d3fbc9301ee17f30f4d474e6ae4b05252/library/std/src/../../backtrace/src/backtrace/mod.rs:66:5
[INFO] [stdout]    2:     0x555f62ab876a - std::sys::backtrace::_print_fmt::h916fac51166b18d7
[INFO] [stdout]                                at /rustc/df4ca44d3fbc9301ee17f30f4d474e6ae4b05252/library/std/src/sys/backtrace.rs:66:9
[INFO] [stdout]    3:     0x555f62ab876a - <std::sys::backtrace::BacktraceLock::print::DisplayBacktrace as core::fmt::Display>::fmt::ha0a4c9b8ce3802e6
[INFO] [stdout]                                at /rustc/df4ca44d3fbc9301ee17f30f4d474e6ae4b05252/library/std/src/sys/backtrace.rs:39:26
[INFO] [stdout]    4:     0x555f62adec73 - core::fmt::rt::Argument::fmt::h4cfc8587d52b3eb5
[INFO] [stdout]                                at /rustc/df4ca44d3fbc9301ee17f30f4d474e6ae4b05252/library/core/src/fmt/rt.rs:177:76
[INFO] [stdout]    5:     0x555f62adec73 - core::fmt::write::h522cc39e5b36ae9f
[INFO] [stdout]                                at /rustc/df4ca44d3fbc9301ee17f30f4d474e6ae4b05252/library/core/src/fmt/mod.rs:1190:21
[INFO] [stdout]    6:     0x555f62ab53d3 - std::io::Write::write_fmt::h7d3c26752da97734
[INFO] [stdout]                                at /rustc/df4ca44d3fbc9301ee17f30f4d474e6ae4b05252/library/std/src/io/mod.rs:1839:15
[INFO] [stdout]    7:     0x555f62ab85b2 - std::sys::backtrace::BacktraceLock::print::h4b9e00b29e9c0942
[INFO] [stdout]                                at /rustc/df4ca44d3fbc9301ee17f30f4d474e6ae4b05252/library/std/src/sys/backtrace.rs:42:9
[INFO] [stdout]    8:     0x555f62ab9bfa - std::panicking::default_hook::{{closure}}::hb59b88280d0324d9
[INFO] [stdout]                                at /rustc/df4ca44d3fbc9301ee17f30f4d474e6ae4b05252/library/std/src/panicking.rs:268:22
[INFO] [stdout]    9:     0x555f62ab9a04 - std::panicking::default_hook::he1dd496665be4a29
[INFO] [stdout]                                at /rustc/df4ca44d3fbc9301ee17f30f4d474e6ae4b05252/library/std/src/panicking.rs:292:9
[INFO] [stdout]   10:     0x555f62a263b9 - <alloc::boxed::Box<F,A> as core::ops::function::Fn<Args>>::call::h4ff71de18744e1dc
[INFO] [stdout]                                at /rustc/df4ca44d3fbc9301ee17f30f4d474e6ae4b05252/library/alloc/src/boxed.rs:2468:9
[INFO] [stdout]   11:     0x555f62a263b9 - test::test_main::{{closure}}::hcf7c055ce117aa81
[INFO] [stdout]                                at /rustc/df4ca44d3fbc9301ee17f30f4d474e6ae4b05252/library/test/src/lib.rs:133:21
[INFO] [stdout]   12:     0x555f62aba2f8 - <alloc::boxed::Box<F,A> as core::ops::function::Fn<Args>>::call::h1d66c6bbd60c9692
[INFO] [stdout]                                at /rustc/df4ca44d3fbc9301ee17f30f4d474e6ae4b05252/library/alloc/src/boxed.rs:2468:9
[INFO] [stdout]   13:     0x555f62aba2f8 - std::panicking::rust_panic_with_hook::h2ff17fe8f26dfcf8
[INFO] [stdout]                                at /rustc/df4ca44d3fbc9301ee17f30f4d474e6ae4b05252/library/std/src/panicking.rs:809:13
[INFO] [stdout]   14:     0x555f62aba086 - std::panicking::begin_panic_handler::{{closure}}::h4fad77951c07e101
[INFO] [stdout]                                at /rustc/df4ca44d3fbc9301ee17f30f4d474e6ae4b05252/library/std/src/panicking.rs:667:13
[INFO] [stdout]   15:     0x555f62ab8c49 - std::sys::backtrace::__rust_end_short_backtrace::hb1a25b3da5d0ea08
[INFO] [stdout]                                at /rustc/df4ca44d3fbc9301ee17f30f4d474e6ae4b05252/library/std/src/sys/backtrace.rs:170:18
[INFO] [stdout]   16:     0x555f62ab9d4c - rust_begin_unwind
[INFO] [stdout]                                at /rustc/df4ca44d3fbc9301ee17f30f4d474e6ae4b05252/library/std/src/panicking.rs:665:5
[INFO] [stdout]   17:     0x555f62add710 - core::panicking::panic_fmt::ha9db07b529f9b256
[INFO] [stdout]                                at /rustc/df4ca44d3fbc9301ee17f30f4d474e6ae4b05252/library/core/src/panicking.rs:75:14
[INFO] [stdout]   18:     0x555f62add79c - core::panicking::panic::h993086813d94accc
[INFO] [stdout]                                at /rustc/df4ca44d3fbc9301ee17f30f4d474e6ae4b05252/library/core/src/panicking.rs:152:5
[INFO] [stdout]   19:     0x555f629dd9c1 - spv_bridge::spv_bridge::_::<impl spv_bridge::spv_bridge::SpvBridge>::submit_new_header::h951bd613073fb9d0
[INFO] [stdout]                                at /opt/rustwide/workdir/ink/spv_bridge/lib.rs:198:4
[INFO] [stdout]   20:     0x555f629e69c7 - spv_bridge::spv_bridge::tests::test_tx_verification_failure::{{closure}}::hd52be3bd146268ae
[INFO] [stdout]                                at /opt/rustwide/workdir/ink/spv_bridge/lib.rs:495:5
[INFO] [stdout]   21:     0x555f629e065a - ink_env::engine::off_chain::test_api::run_test::h3d0e183ab78be7e8
[INFO] [stdout]                                at /opt/rustwide/cargo-home/registry/src/index.crates.io-6f17d22bba15001f/ink_env-4.3.0/src/engine/off_chain/test_api.rs:318:5
[INFO] [stdout]   22:     0x555f629e683c - spv_bridge::spv_bridge::tests::test_tx_verification_failure::h05e4c890f438d092
[INFO] [stdout]                                at /opt/rustwide/workdir/ink/spv_bridge/lib.rs:483:3
[INFO] [stdout]   23:     0x555f629e6817 - spv_bridge::spv_bridge::tests::test_tx_verification_failure::{{closure}}::h2e3de0469277fc33
[INFO] [stdout]                                at /opt/rustwide/workdir/ink/spv_bridge/lib.rs:483:15
[INFO] [stdout]   24:     0x555f629e8296 - core::ops::function::FnOnce::call_once::h8940ec05fcfb3d2e
[INFO] [stdout]                                at /rustc/df4ca44d3fbc9301ee17f30f4d474e6ae4b05252/library/core/src/ops/function.rs:250:5
[INFO] [stdout]   25:     0x555f62a2ac8b - core::ops::function::FnOnce::call_once::h22c3ba5715e93f05
[INFO] [stdout]                                at /rustc/df4ca44d3fbc9301ee17f30f4d474e6ae4b05252/library/core/src/ops/function.rs:250:5
[INFO] [stdout]   26:     0x555f62a2ac8b - test::__rust_begin_short_backtrace::h8e82d8113d0da17f
[INFO] [stdout]                                at /rustc/df4ca44d3fbc9301ee17f30f4d474e6ae4b05252/library/test/src/lib.rs:621:18
[INFO] [stdout]   27:     0x555f62a2a607 - test::run_test_in_process::{{closure}}::h33235f4f20b7b7c7
[INFO] [stdout]                                at /rustc/df4ca44d3fbc9301ee17f30f4d474e6ae4b05252/library/test/src/lib.rs:644:60
[INFO] [stdout]   28:     0x555f62a2a607 - <core::panic::unwind_safe::AssertUnwindSafe<F> as core::ops::function::FnOnce<()>>::call_once::hb5043206310c586f
[INFO] [stdout]                                at /rustc/df4ca44d3fbc9301ee17f30f4d474e6ae4b05252/library/core/src/panic/unwind_safe.rs:272:9
[INFO] [stdout]   29:     0x555f62a2a607 - std::panicking::try::do_call::h9ad4731a60ab23e2
[INFO] [stdout]                                at /rustc/df4ca44d3fbc9301ee17f30f4d474e6ae4b05252/library/std/src/panicking.rs:557:40
[INFO] [stdout]   30:     0x555f62a2a607 - std::panicking::try::h3824d23db772a716
[INFO] [stdout]                                at /rustc/df4ca44d3fbc9301ee17f30f4d474e6ae4b05252/library/std/src/panicking.rs:520:19
[INFO] [stdout]   31:     0x555f62a2a607 - std::panic::catch_unwind::h5afd514605fde46b
[INFO] [stdout]                                at /rustc/df4ca44d3fbc9301ee17f30f4d474e6ae4b05252/library/std/src/panic.rs:358:14
[INFO] [stdout]   32:     0x555f62a2a607 - test::run_test_in_process::h0d5cbfa7067d1720
[INFO] [stdout]                                at /rustc/df4ca44d3fbc9301ee17f30f4d474e6ae4b05252/library/test/src/lib.rs:644:27
[INFO] [stdout]   33:     0x555f62a2a607 - test::run_test::{{closure}}::h708eb8872708115d
[INFO] [stdout]                                at /rustc/df4ca44d3fbc9301ee17f30f4d474e6ae4b05252/library/test/src/lib.rs:565:43
[INFO] [stdout]   34:     0x555f629edd24 - test::run_test::{{closure}}::h392c51cee94713ab
[INFO] [stdout]                                at /rustc/df4ca44d3fbc9301ee17f30f4d474e6ae4b05252/library/test/src/lib.rs:595:41
[INFO] [stdout]   35:     0x555f629edd24 - std::sys::backtrace::__rust_begin_short_backtrace::h2f40290710935a8b
[INFO] [stdout]                                at /rustc/df4ca44d3fbc9301ee17f30f4d474e6ae4b05252/library/std/src/sys/backtrace.rs:154:18
[INFO] [stdout]   36:     0x555f629f14ce - std::thread::Builder::spawn_unchecked_::{{closure}}::{{closure}}::h3fd968d89053a903
[INFO] [stdout]                                at /rustc/df4ca44d3fbc9301ee17f30f4d474e6ae4b05252/library/std/src/thread/mod.rs:541:17
[INFO] [stdout]   37:     0x555f629f14ce - <core::panic::unwind_safe::AssertUnwindSafe<F> as core::ops::function::FnOnce<()>>::call_once::h743f637ba4229880
[INFO] [stdout]                                at /rustc/df4ca44d3fbc9301ee17f30f4d474e6ae4b05252/library/core/src/panic/unwind_safe.rs:272:9
[INFO] [stdout]   38:     0x555f629f14ce - std::panicking::try::do_call::h07440897322525a6
[INFO] [stdout]                                at /rustc/df4ca44d3fbc9301ee17f30f4d474e6ae4b05252/library/std/src/panicking.rs:557:40
[INFO] [stdout]   39:     0x555f629f14ce - std::panicking::try::he5a2e00188156637
[INFO] [stdout]                                at /rustc/df4ca44d3fbc9301ee17f30f4d474e6ae4b05252/library/std/src/panicking.rs:520:19
[INFO] [stdout]   40:     0x555f629f14ce - std::panic::catch_unwind::hbaf3cae49b3c6433
[INFO] [stdout]                                at /rustc/df4ca44d3fbc9301ee17f30f4d474e6ae4b05252/library/std/src/panic.rs:358:14
[INFO] [stdout]   41:     0x555f629f14ce - std::thread::Builder::spawn_unchecked_::{{closure}}::h8e141ea224820bce
[INFO] [stdout]                                at /rustc/df4ca44d3fbc9301ee17f30f4d474e6ae4b05252/library/std/src/thread/mod.rs:540:30
[INFO] [stdout]   42:     0x555f629f14ce - core::ops::function::FnOnce::call_once{{vtable.shim}}::h90d312fedd7b8ea8
[INFO] [stdout]                                at /rustc/df4ca44d3fbc9301ee17f30f4d474e6ae4b05252/library/core/src/ops/function.rs:250:5
[INFO] [stdout]   43:     0x555f62abe0eb - <alloc::boxed::Box<F,A> as core::ops::function::FnOnce<Args>>::call_once::h69aa08ddb6adb8b6
[INFO] [stdout]                                at /rustc/df4ca44d3fbc9301ee17f30f4d474e6ae4b05252/library/alloc/src/boxed.rs:2454:9
[INFO] [stdout]   44:     0x555f62abe0eb - <alloc::boxed::Box<F,A> as core::ops::function::FnOnce<Args>>::call_once::h5aa36efdb79c806f
[INFO] [stdout]                                at /rustc/df4ca44d3fbc9301ee17f30f4d474e6ae4b05252/library/alloc/src/boxed.rs:2454:9
[INFO] [stdout]   45:     0x555f62abe0eb - std::sys::pal::unix::thread::Thread::new::thread_start::h6cd80a1b4be5158d
[INFO] [stdout]                                at /rustc/df4ca44d3fbc9301ee17f30f4d474e6ae4b05252/library/std/src/sys/pal/unix/thread.rs:105:17
[INFO] [stdout]   46:     0x79d2a7dd8ac3 - <unknown>
[INFO] [stdout]   47:     0x79d2a7e69a04 - clone
[INFO] [stdout]   48:                0x0 - <unknown>
[INFO] [stdout] 
[INFO] [stdout] ---- spv_bridge::tests::test_submit_side_chain stdout ----
[INFO] [stdout] thread 'spv_bridge::tests::test_submit_side_chain' panicked at ink/spv_bridge/lib.rs:198:13:
[INFO] [stdout] not yet implemented
[INFO] [stdout] stack backtrace:
[INFO] [stdout]    0:     0x555f62ab876a - std::backtrace_rs::backtrace::libunwind::trace::h207520d6e9873551
[INFO] [stdout]                                at /rustc/df4ca44d3fbc9301ee17f30f4d474e6ae4b05252/library/std/src/../../backtrace/src/backtrace/libunwind.rs:116:5
[INFO] [stdout]    1:     0x555f62ab876a - std::backtrace_rs::backtrace::trace_unsynchronized::h2ed7433f370e3eca
[INFO] [stdout]                                at /rustc/df4ca44d3fbc9301ee17f30f4d474e6ae4b05252/library/std/src/../../backtrace/src/backtrace/mod.rs:66:5
[INFO] [stdout]    2:     0x555f62ab876a - std::sys::backtrace::_print_fmt::h916fac51166b18d7
[INFO] [stdout]                                at /rustc/df4ca44d3fbc9301ee17f30f4d474e6ae4b05252/library/std/src/sys/backtrace.rs:66:9
[INFO] [stdout]    3:     0x555f62ab876a - <std::sys::backtrace::BacktraceLock::print::DisplayBacktrace as core::fmt::Display>::fmt::ha0a4c9b8ce3802e6
[INFO] [stdout]                                at /rustc/df4ca44d3fbc9301ee17f30f4d474e6ae4b05252/library/std/src/sys/backtrace.rs:39:26
[INFO] [stdout]    4:     0x555f62adec73 - core::fmt::rt::Argument::fmt::h4cfc8587d52b3eb5
[INFO] [stdout]                                at /rustc/df4ca44d3fbc9301ee17f30f4d474e6ae4b05252/library/core/src/fmt/rt.rs:177:76
[INFO] [stdout]    5:     0x555f62adec73 - core::fmt::write::h522cc39e5b36ae9f
[INFO] [stdout]                                at /rustc/df4ca44d3fbc9301ee17f30f4d474e6ae4b05252/library/core/src/fmt/mod.rs:1190:21
[INFO] [stdout]    6:     0x555f62ab53d3 - std::io::Write::write_fmt::h7d3c26752da97734
[INFO] [stdout]                                at /rustc/df4ca44d3fbc9301ee17f30f4d474e6ae4b05252/library/std/src/io/mod.rs:1839:15
[INFO] [stdout]    7:     0x555f62ab85b2 - std::sys::backtrace::BacktraceLock::print::h4b9e00b29e9c0942
[INFO] [stdout]                                at /rustc/df4ca44d3fbc9301ee17f30f4d474e6ae4b05252/library/std/src/sys/backtrace.rs:42:9
[INFO] [stdout]    8:     0x555f62ab9bfa - std::panicking::default_hook::{{closure}}::hb59b88280d0324d9
[INFO] [stdout]                                at /rustc/df4ca44d3fbc9301ee17f30f4d474e6ae4b05252/library/std/src/panicking.rs:268:22
[INFO] [stdout]    9:     0x555f62ab9a04 - std::panicking::default_hook::he1dd496665be4a29
[INFO] [stdout]                                at /rustc/df4ca44d3fbc9301ee17f30f4d474e6ae4b05252/library/std/src/panicking.rs:292:9
[INFO] [stdout]   10:     0x555f62a263b9 - <alloc::boxed::Box<F,A> as core::ops::function::Fn<Args>>::call::h4ff71de18744e1dc
[INFO] [stdout]                                at /rustc/df4ca44d3fbc9301ee17f30f4d474e6ae4b05252/library/alloc/src/boxed.rs:2468:9
[INFO] [stdout]   11:     0x555f62a263b9 - test::test_main::{{closure}}::hcf7c055ce117aa81
[INFO] [stdout]                                at /rustc/df4ca44d3fbc9301ee17f30f4d474e6ae4b05252/library/test/src/lib.rs:133:21
[INFO] [stdout]   12:     0x555f62aba2f8 - <alloc::boxed::Box<F,A> as core::ops::function::Fn<Args>>::call::h1d66c6bbd60c9692
[INFO] [stdout]                                at /rustc/df4ca44d3fbc9301ee17f30f4d474e6ae4b05252/library/alloc/src/boxed.rs:2468:9
[INFO] [stdout]   13:     0x555f62aba2f8 - std::panicking::rust_panic_with_hook::h2ff17fe8f26dfcf8
[INFO] [stdout]                                at /rustc/df4ca44d3fbc9301ee17f30f4d474e6ae4b05252/library/std/src/panicking.rs:809:13
[INFO] [stdout]   14:     0x555f62aba086 - std::panicking::begin_panic_handler::{{closure}}::h4fad77951c07e101
[INFO] [stdout]                                at /rustc/df4ca44d3fbc9301ee17f30f4d474e6ae4b05252/library/std/src/panicking.rs:667:13
[INFO] [stdout]   15:     0x555f62ab8c49 - std::sys::backtrace::__rust_end_short_backtrace::hb1a25b3da5d0ea08
[INFO] [stdout]                                at /rustc/df4ca44d3fbc9301ee17f30f4d474e6ae4b05252/library/std/src/sys/backtrace.rs:170:18
[INFO] [stdout]   16:     0x555f62ab9d4c - rust_begin_unwind
[INFO] [stdout]                                at /rustc/df4ca44d3fbc9301ee17f30f4d474e6ae4b05252/library/std/src/panicking.rs:665:5
[INFO] [stdout]   17:     0x555f62add710 - core::panicking::panic_fmt::ha9db07b529f9b256
[INFO] [stdout]                                at /rustc/df4ca44d3fbc9301ee17f30f4d474e6ae4b05252/library/core/src/panicking.rs:75:14
[INFO] [stdout]   18:     0x555f62add79c - core::panicking::panic::h993086813d94accc
[INFO] [stdout]                                at /rustc/df4ca44d3fbc9301ee17f30f4d474e6ae4b05252/library/core/src/panicking.rs:152:5
[INFO] [stdout]   19:     0x555f629dd9c1 - spv_bridge::spv_bridge::_::<impl spv_bridge::spv_bridge::SpvBridge>::submit_new_header::h951bd613073fb9d0
[INFO] [stdout]                                at /opt/rustwide/workdir/ink/spv_bridge/lib.rs:198:4
[INFO] [stdout]   20:     0x555f629e4af4 - spv_bridge::spv_bridge::tests::test_submit_side_chain::{{closure}}::hd5f1af895d21aab8
[INFO] [stdout]                                at /opt/rustwide/workdir/ink/spv_bridge/lib.rs:380:5
[INFO] [stdout]   21:     0x555f629e01aa - ink_env::engine::off_chain::test_api::run_test::h15db95f63e1b026b
[INFO] [stdout]                                at /opt/rustwide/cargo-home/registry/src/index.crates.io-6f17d22bba15001f/ink_env-4.3.0/src/engine/off_chain/test_api.rs:318:5
[INFO] [stdout]   22:     0x555f629e48dc - spv_bridge::spv_bridge::tests::test_submit_side_chain::hba0fcec0dbc03a38
[INFO] [stdout]                                at /opt/rustwide/workdir/ink/spv_bridge/lib.rs:365:3
[INFO] [stdout]   23:     0x555f629e48b7 - spv_bridge::spv_bridge::tests::test_submit_side_chain::{{closure}}::h67282f30ab608dd4
[INFO] [stdout]                                at /opt/rustwide/workdir/ink/spv_bridge/lib.rs:365:15
[INFO] [stdout]   24:     0x555f629e8256 - core::ops::function::FnOnce::call_once::h89077ad85fddcc01
[INFO] [stdout]                                at /rustc/df4ca44d3fbc9301ee17f30f4d474e6ae4b05252/library/core/src/ops/function.rs:250:5
[INFO] [stdout]   25:     0x555f62a2ac8b - core::ops::function::FnOnce::call_once::h22c3ba5715e93f05
[INFO] [stdout]                                at /rustc/df4ca44d3fbc9301ee17f30f4d474e6ae4b05252/library/core/src/ops/function.rs:250:5
[INFO] [stdout]   26:     0x555f62a2ac8b - test::__rust_begin_short_backtrace::h8e82d8113d0da17f
[INFO] [stdout]                                at /rustc/df4ca44d3fbc9301ee17f30f4d474e6ae4b05252/library/test/src/lib.rs:621:18
[INFO] [stdout]   27:     0x555f62a2a607 - test::run_test_in_process::{{closure}}::h33235f4f20b7b7c7
[INFO] [stdout]                                at /rustc/df4ca44d3fbc9301ee17f30f4d474e6ae4b05252/library/test/src/lib.rs:644:60
[INFO] [stdout]   28:     0x555f62a2a607 - <core::panic::unwind_safe::AssertUnwindSafe<F> as core::ops::function::FnOnce<()>>::call_once::hb5043206310c586f
[INFO] [stdout]                                at /rustc/df4ca44d3fbc9301ee17f30f4d474e6ae4b05252/library/core/src/panic/unwind_safe.rs:272:9
[INFO] [stdout]   29:     0x555f62a2a607 - std::panicking::try::do_call::h9ad4731a60ab23e2
[INFO] [stdout]                                at /rustc/df4ca44d3fbc9301ee17f30f4d474e6ae4b05252/library/std/src/panicking.rs:557:40
[INFO] [stdout]   30:     0x555f62a2a607 - std::panicking::try::h3824d23db772a716
[INFO] [stdout]                                at /rustc/df4ca44d3fbc9301ee17f30f4d474e6ae4b05252/library/std/src/panicking.rs:520:19
[INFO] [stdout]   31:     0x555f62a2a607 - std::panic::catch_unwind::h5afd514605fde46b
[INFO] [stdout]                                at /rustc/df4ca44d3fbc9301ee17f30f4d474e6ae4b05252/library/std/src/panic.rs:358:14
[INFO] [stdout]   32:     0x555f62a2a607 - test::run_test_in_process::h0d5cbfa7067d1720
[INFO] [stdout]                                at /rustc/df4ca44d3fbc9301ee17f30f4d474e6ae4b05252/library/test/src/lib.rs:644:27
[INFO] [stdout]   33:     0x555f62a2a607 - test::run_test::{{closure}}::h708eb8872708115d
[INFO] [stdout]                                at /rustc/df4ca44d3fbc9301ee17f30f4d474e6ae4b05252/library/test/src/lib.rs:565:43
[INFO] [stdout]   34:     0x555f629edd24 - test::run_test::{{closure}}::h392c51cee94713ab
[INFO] [stdout]                                at /rustc/df4ca44d3fbc9301ee17f30f4d474e6ae4b05252/library/test/src/lib.rs:595:41
[INFO] [stdout]   35:     0x555f629edd24 - std::sys::backtrace::__rust_begin_short_backtrace::h2f40290710935a8b
[INFO] [stdout]                                at /rustc/df4ca44d3fbc9301ee17f30f4d474e6ae4b05252/library/std/src/sys/backtrace.rs:154:18
[INFO] [stdout]   36:     0x555f629f14ce - std::thread::Builder::spawn_unchecked_::{{closure}}::{{closure}}::h3fd968d89053a903
[INFO] [stdout]                                at /rustc/df4ca44d3fbc9301ee17f30f4d474e6ae4b05252/library/std/src/thread/mod.rs:541:17
[INFO] [stdout]   37:     0x555f629f14ce - <core::panic::unwind_safe::AssertUnwindSafe<F> as core::ops::function::FnOnce<()>>::call_once::h743f637ba4229880
[INFO] [stdout]                                at /rustc/df4ca44d3fbc9301ee17f30f4d474e6ae4b05252/library/core/src/panic/unwind_safe.rs:272:9
[INFO] [stdout]   38:     0x555f629f14ce - std::panicking::try::do_call::h07440897322525a6
[INFO] [stdout]                                at /rustc/df4ca44d3fbc9301ee17f30f4d474e6ae4b05252/library/std/src/panicking.rs:557:40
[INFO] [stdout]   39:     0x555f629f14ce - std::panicking::try::he5a2e00188156637
[INFO] [stdout]                                at /rustc/df4ca44d3fbc9301ee17f30f4d474e6ae4b05252/library/std/src/panicking.rs:520:19
[INFO] [stdout]   40:     0x555f629f14ce - std::panic::catch_unwind::hbaf3cae49b3c6433
[INFO] [stdout]                                at /rustc/df4ca44d3fbc9301ee17f30f4d474e6ae4b05252/library/std/src/panic.rs:358:14
[INFO] [stdout]   41:     0x555f629f14ce - std::thread::Builder::spawn_unchecked_::{{closure}}::h8e141ea224820bce
[INFO] [stdout]                                at /rustc/df4ca44d3fbc9301ee17f30f4d474e6ae4b05252/library/std/src/thread/mod.rs:540:30
[INFO] [stdout]   42:     0x555f629f14ce - core::ops::function::FnOnce::call_once{{vtable.shim}}::h90d312fedd7b8ea8
[INFO] [stdout]                                at /rustc/df4ca44d3fbc9301ee17f30f4d474e6ae4b05252/library/core/src/ops/function.rs:250:5
[INFO] [stdout]   43:     0x555f62abe0eb - <alloc::boxed::Box<F,A> as core::ops::function::FnOnce<Args>>::call_once::h69aa08ddb6adb8b6
[INFO] [stdout]                                at /rustc/df4ca44d3fbc9301ee17f30f4d474e6ae4b05252/library/alloc/src/boxed.rs:2454:9
[INFO] [stdout]   44:     0x555f62abe0eb - <alloc::boxed::Box<F,A> as core::ops::function::FnOnce<Args>>::call_once::h5aa36efdb79c806f
[INFO] [stdout]                                at /rustc/df4ca44d3fbc9301ee17f30f4d474e6ae4b05252/library/alloc/src/boxed.rs:2454:9
[INFO] [stdout]   45:     0x555f62abe0eb - std::sys::pal::unix::thread::Thread::new::thread_start::h6cd80a1b4be5158d
[INFO] [stdout]                                at /rustc/df4ca44d3fbc9301ee17f30f4d474e6ae4b05252/library/std/src/sys/pal/unix/thread.rs:105:17
[INFO] [stdout]   46:     0x79d2a7dd8ac3 - <unknown>
[INFO] [stdout]   47:     0x79d2a7e69a04 - clone
[INFO] [stdout]   48:                0x0 - <unknown>
[INFO] [stdout] 
[INFO] [stdout] ---- spv_bridge::tests::test_tx_verification_success stdout ----
[INFO] [stdout] thread 'spv_bridge::tests::test_tx_verification_success' panicked at ink/spv_bridge/lib.rs:198:13:
[INFO] [stdout] not yet implemented
[INFO] [stdout] stack backtrace:
[INFO] [stdout]    0:     0x555f62ab876a - std::backtrace_rs::backtrace::libunwind::trace::h207520d6e9873551
[INFO] [stdout]                                at /rustc/df4ca44d3fbc9301ee17f30f4d474e6ae4b05252/library/std/src/../../backtrace/src/backtrace/libunwind.rs:116:5
[INFO] [stdout]    1:     0x555f62ab876a - std::backtrace_rs::backtrace::trace_unsynchronized::h2ed7433f370e3eca
[INFO] [stdout]                                at /rustc/df4ca44d3fbc9301ee17f30f4d474e6ae4b05252/library/std/src/../../backtrace/src/backtrace/mod.rs:66:5
[INFO] [stdout]    2:     0x555f62ab876a - std::sys::backtrace::_print_fmt::h916fac51166b18d7
[INFO] [stdout]                                at /rustc/df4ca44d3fbc9301ee17f30f4d474e6ae4b05252/library/std/src/sys/backtrace.rs:66:9
[INFO] [stdout]    3:     0x555f62ab876a - <std::sys::backtrace::BacktraceLock::print::DisplayBacktrace as core::fmt::Display>::fmt::ha0a4c9b8ce3802e6
[INFO] [stdout]                                at /rustc/df4ca44d3fbc9301ee17f30f4d474e6ae4b05252/library/std/src/sys/backtrace.rs:39:26
[INFO] [stdout]    4:     0x555f62adec73 - core::fmt::rt::Argument::fmt::h4cfc8587d52b3eb5
[INFO] [stdout]                                at /rustc/df4ca44d3fbc9301ee17f30f4d474e6ae4b05252/library/core/src/fmt/rt.rs:177:76
[INFO] [stdout]    5:     0x555f62adec73 - core::fmt::write::h522cc39e5b36ae9f
[INFO] [stdout]                                at /rustc/df4ca44d3fbc9301ee17f30f4d474e6ae4b05252/library/core/src/fmt/mod.rs:1190:21
[INFO] [stdout]    6:     0x555f62ab53d3 - std::io::Write::write_fmt::h7d3c26752da97734
[INFO] [stdout]                                at /rustc/df4ca44d3fbc9301ee17f30f4d474e6ae4b05252/library/std/src/io/mod.rs:1839:15
[INFO] [stdout]    7:     0x555f62ab85b2 - std::sys::backtrace::BacktraceLock::print::h4b9e00b29e9c0942
[INFO] [stdout]                                at /rustc/df4ca44d3fbc9301ee17f30f4d474e6ae4b05252/library/std/src/sys/backtrace.rs:42:9
[INFO] [stdout]    8:     0x555f62ab9bfa - std::panicking::default_hook::{{closure}}::hb59b88280d0324d9
[INFO] [stdout]                                at /rustc/df4ca44d3fbc9301ee17f30f4d474e6ae4b05252/library/std/src/panicking.rs:268:22
[INFO] [stdout]    9:     0x555f62ab9a04 - std::panicking::default_hook::he1dd496665be4a29
[INFO] [stdout]                                at /rustc/df4ca44d3fbc9301ee17f30f4d474e6ae4b05252/library/std/src/panicking.rs:292:9
[INFO] [stdout]   10:     0x555f62a263b9 - <alloc::boxed::Box<F,A> as core::ops::function::Fn<Args>>::call::h4ff71de18744e1dc
[INFO] [stdout]                                at /rustc/df4ca44d3fbc9301ee17f30f4d474e6ae4b05252/library/alloc/src/boxed.rs:2468:9
[INFO] [stdout]   11:     0x555f62a263b9 - test::test_main::{{closure}}::hcf7c055ce117aa81
[INFO] [stdout]                                at /rustc/df4ca44d3fbc9301ee17f30f4d474e6ae4b05252/library/test/src/lib.rs:133:21
[INFO] [stdout]   12:     0x555f62aba2f8 - <alloc::boxed::Box<F,A> as core::ops::function::Fn<Args>>::call::h1d66c6bbd60c9692
[INFO] [stdout]                                at /rustc/df4ca44d3fbc9301ee17f30f4d474e6ae4b05252/library/alloc/src/boxed.rs:2468:9
[INFO] [stdout]   13:     0x555f62aba2f8 - std::panicking::rust_panic_with_hook::h2ff17fe8f26dfcf8
[INFO] [stdout]                                at /rustc/df4ca44d3fbc9301ee17f30f4d474e6ae4b05252/library/std/src/panicking.rs:809:13
[INFO] [stdout]   14:     0x555f62aba086 - std::panicking::begin_panic_handler::{{closure}}::h4fad77951c07e101
[INFO] [stdout]                                at /rustc/df4ca44d3fbc9301ee17f30f4d474e6ae4b05252/library/std/src/panicking.rs:667:13
[INFO] [stdout]   15:     0x555f62ab8c49 - std::sys::backtrace::__rust_end_short_backtrace::hb1a25b3da5d0ea08
[INFO] [stdout]                                at /rustc/df4ca44d3fbc9301ee17f30f4d474e6ae4b05252/library/std/src/sys/backtrace.rs:170:18
[INFO] [stdout]   16:     0x555f62ab9d4c - rust_begin_unwind
[INFO] [stdout]                                at /rustc/df4ca44d3fbc9301ee17f30f4d474e6ae4b05252/library/std/src/panicking.rs:665:5
[INFO] [stdout]   17:     0x555f62add710 - core::panicking::panic_fmt::ha9db07b529f9b256
[INFO] [stdout]                                at /rustc/df4ca44d3fbc9301ee17f30f4d474e6ae4b05252/library/core/src/panicking.rs:75:14
[INFO] [stdout]   18:     0x555f62add79c - core::panicking::panic::h993086813d94accc
[INFO] [stdout]                                at /rustc/df4ca44d3fbc9301ee17f30f4d474e6ae4b05252/library/core/src/panicking.rs:152:5
[INFO] [stdout]   19:     0x555f629dd9c1 - spv_bridge::spv_bridge::_::<impl spv_bridge::spv_bridge::SpvBridge>::submit_new_header::h951bd613073fb9d0
[INFO] [stdout]                                at /opt/rustwide/workdir/ink/spv_bridge/lib.rs:198:4
[INFO] [stdout]   20:     0x555f629e6587 - spv_bridge::spv_bridge::tests::test_tx_verification_success::{{closure}}::h5f2e62dea6383165
[INFO] [stdout]                                at /opt/rustwide/workdir/ink/spv_bridge/lib.rs:466:5
[INFO] [stdout]   21:     0x555f629e033a - ink_env::engine::off_chain::test_api::run_test::h2d5a72a399d5353a
[INFO] [stdout]                                at /opt/rustwide/cargo-home/registry/src/index.crates.io-6f17d22bba15001f/ink_env-4.3.0/src/engine/off_chain/test_api.rs:318:5
[INFO] [stdout]   22:     0x555f629e63fc - spv_bridge::spv_bridge::tests::test_tx_verification_success::hd4e3f08f31245a3f
[INFO] [stdout]                                at /opt/rustwide/workdir/ink/spv_bridge/lib.rs:454:3
[INFO] [stdout]   23:     0x555f629e63d7 - spv_bridge::spv_bridge::tests::test_tx_verification_success::{{closure}}::h51652de485746c99
[INFO] [stdout]                                at /opt/rustwide/workdir/ink/spv_bridge/lib.rs:454:15
[INFO] [stdout]   24:     0x555f629e82e6 - core::ops::function::FnOnce::call_once::hd111edcca6ca14c5
[INFO] [stdout]                                at /rustc/df4ca44d3fbc9301ee17f30f4d474e6ae4b05252/library/core/src/ops/function.rs:250:5
[INFO] [stdout]   25:     0x555f62a2ac8b - core::ops::function::FnOnce::call_once::h22c3ba5715e93f05
[INFO] [stdout]                                at /rustc/df4ca44d3fbc9301ee17f30f4d474e6ae4b05252/library/core/src/ops/function.rs:250:5
[INFO] [stdout]   26:     0x555f62a2ac8b - test::__rust_begin_short_backtrace::h8e82d8113d0da17f
[INFO] [stdout]                                at /rustc/df4ca44d3fbc9301ee17f30f4d474e6ae4b05252/library/test/src/lib.rs:621:18
[INFO] [stdout]   27:     0x555f62a2a607 - test::run_test_in_process::{{closure}}::h33235f4f20b7b7c7
[INFO] [stderr] error: test failed, to rerun pass `--lib`
[INFO] [stdout]                                at /rustc/df4ca44d3fbc9301ee17f30f4d474e6ae4b05252/library/test/src/lib.rs:644:60
[INFO] [stdout]   28:     0x555f62a2a607 - <core::panic::unwind_safe::AssertUnwindSafe<F> as core::ops::function::FnOnce<()>>::call_once::hb5043206310c586f
[INFO] [stdout]                                at /rustc/df4ca44d3fbc9301ee17f30f4d474e6ae4b05252/library/core/src/panic/unwind_safe.rs:272:9
[INFO] [stdout]   29:     0x555f62a2a607 - std::panicking::try::do_call::h9ad4731a60ab23e2
[INFO] [stdout]                                at /rustc/df4ca44d3fbc9301ee17f30f4d474e6ae4b05252/library/std/src/panicking.rs:557:40
[INFO] [stdout]   30:     0x555f62a2a607 - std::panicking::try::h3824d23db772a716
[INFO] [stdout]                                at /rustc/df4ca44d3fbc9301ee17f30f4d474e6ae4b05252/library/std/src/panicking.rs:520:19
[INFO] [stdout]   31:     0x555f62a2a607 - std::panic::catch_unwind::h5afd514605fde46b
[INFO] [stdout]                                at /rustc/df4ca44d3fbc9301ee17f30f4d474e6ae4b05252/library/std/src/panic.rs:358:14
[INFO] [stdout]   32:     0x555f62a2a607 - test::run_test_in_process::h0d5cbfa7067d1720
[INFO] [stdout]                                at /rustc/df4ca44d3fbc9301ee17f30f4d474e6ae4b05252/library/test/src/lib.rs:644:27
[INFO] [stdout]   33:     0x555f62a2a607 - test::run_test::{{closure}}::h708eb8872708115d
[INFO] [stdout]                                at /rustc/df4ca44d3fbc9301ee17f30f4d474e6ae4b05252/library/test/src/lib.rs:565:43
[INFO] [stdout]   34:     0x555f629edd24 - test::run_test::{{closure}}::h392c51cee94713ab
[INFO] [stdout]                                at /rustc/df4ca44d3fbc9301ee17f30f4d474e6ae4b05252/library/test/src/lib.rs:595:41
[INFO] [stdout]   35:     0x555f629edd24 - std::sys::backtrace::__rust_begin_short_backtrace::h2f40290710935a8b
[INFO] [stdout]                                at /rustc/df4ca44d3fbc9301ee17f30f4d474e6ae4b05252/library/std/src/sys/backtrace.rs:154:18
[INFO] [stdout]   36:     0x555f629f14ce - std::thread::Builder::spawn_unchecked_::{{closure}}::{{closure}}::h3fd968d89053a903
[INFO] [stdout]                                at /rustc/df4ca44d3fbc9301ee17f30f4d474e6ae4b05252/library/std/src/thread/mod.rs:541:17
[INFO] [stdout]   37:     0x555f629f14ce - <core::panic::unwind_safe::AssertUnwindSafe<F> as core::ops::function::FnOnce<()>>::call_once::h743f637ba4229880
[INFO] [stdout]                                at /rustc/df4ca44d3fbc9301ee17f30f4d474e6ae4b05252/library/core/src/panic/unwind_safe.rs:272:9
[INFO] [stdout]   38:     0x555f629f14ce - std::panicking::try::do_call::h07440897322525a6
[INFO] [stdout]                                at /rustc/df4ca44d3fbc9301ee17f30f4d474e6ae4b05252/library/std/src/panicking.rs:557:40
[INFO] [stdout]   39:     0x555f629f14ce - std::panicking::try::he5a2e00188156637
[INFO] [stdout]                                at /rustc/df4ca44d3fbc9301ee17f30f4d474e6ae4b05252/library/std/src/panicking.rs:520:19
[INFO] [stdout]   40:     0x555f629f14ce - std::panic::catch_unwind::hbaf3cae49b3c6433
[INFO] [stdout]                                at /rustc/df4ca44d3fbc9301ee17f30f4d474e6ae4b05252/library/std/src/panic.rs:358:14
[INFO] [stdout]   41:     0x555f629f14ce - std::thread::Builder::spawn_unchecked_::{{closure}}::h8e141ea224820bce
[INFO] [stdout]                                at /rustc/df4ca44d3fbc9301ee17f30f4d474e6ae4b05252/library/std/src/thread/mod.rs:540:30
[INFO] [stdout]   42:     0x555f629f14ce - core::ops::function::FnOnce::call_once{{vtable.shim}}::h90d312fedd7b8ea8
[INFO] [stdout]                                at /rustc/df4ca44d3fbc9301ee17f30f4d474e6ae4b05252/library/core/src/ops/function.rs:250:5
[INFO] [stdout]   43:     0x555f62abe0eb - <alloc::boxed::Box<F,A> as core::ops::function::FnOnce<Args>>::call_once::h69aa08ddb6adb8b6
[INFO] [stdout]                                at /rustc/df4ca44d3fbc9301ee17f30f4d474e6ae4b05252/library/alloc/src/boxed.rs:2454:9
[INFO] [stdout]   44:     0x555f62abe0eb - <alloc::boxed::Box<F,A> as core::ops::function::FnOnce<Args>>::call_once::h5aa36efdb79c806f
[INFO] [stdout]                                at /rustc/df4ca44d3fbc9301ee17f30f4d474e6ae4b05252/library/alloc/src/boxed.rs:2454:9
[INFO] [stdout]   45:     0x555f62abe0eb - std::sys::pal::unix::thread::Thread::new::thread_start::h6cd80a1b4be5158d
[INFO] [stdout]                                at /rustc/df4ca44d3fbc9301ee17f30f4d474e6ae4b05252/library/std/src/sys/pal/unix/thread.rs:105:17
[INFO] [stdout]   46:     0x79d2a7dd8ac3 - <unknown>
[INFO] [stdout]   47:     0x79d2a7e69a04 - clone
[INFO] [stdout]   48:                0x0 - <unknown>
[INFO] [stdout] 
[INFO] [stdout] 
[INFO] [stdout] failures:
[INFO] [stdout]     spv_bridge::tests::test_state_verification_failure
[INFO] [stdout]     spv_bridge::tests::test_state_verification_success
[INFO] [stdout]     spv_bridge::tests::test_submit_extend_longest_chain
[INFO] [stdout]     spv_bridge::tests::test_submit_reorg_chain
[INFO] [stdout]     spv_bridge::tests::test_submit_side_chain
[INFO] [stdout]     spv_bridge::tests::test_tx_verification_failure
[INFO] [stdout]     spv_bridge::tests::test_tx_verification_success
[INFO] [stdout] 
[INFO] [stdout] test result: FAILED. 1 passed; 7 failed; 0 ignored; 0 measured; 0 filtered out; finished in 0.02s
[INFO] [stdout] 
[INFO] running `Command { std: "docker" "inspect" "46ce963a05ef918b0f1a973f1139093c8db4d8b62ba27ce43cb436b3dfa31e96", kill_on_drop: false }`
[INFO] running `Command { std: "docker" "rm" "-f" "46ce963a05ef918b0f1a973f1139093c8db4d8b62ba27ce43cb436b3dfa31e96", kill_on_drop: false }`
[INFO] [stdout] 46ce963a05ef918b0f1a973f1139093c8db4d8b62ba27ce43cb436b3dfa31e96
