[INFO] cloning repository https://github.com/daedalusrex/rustikub
[INFO] running `Command { std: "git" "-c" "credential.helper=" "-c" "credential.helper=/workspace/cargo-home/bin/git-credential-null" "clone" "--bare" "https://github.com/daedalusrex/rustikub" "/workspace/cache/git-repos/https%3A%2F%2Fgithub.com%2Fdaedalusrex%2Frustikub", kill_on_drop: false }`
[INFO] [stderr] Cloning into bare repository '/workspace/cache/git-repos/https%3A%2F%2Fgithub.com%2Fdaedalusrex%2Frustikub'...
[INFO] running `Command { std: "git" "rev-parse" "HEAD", kill_on_drop: false }`
[INFO] [stdout] d8db1d1b0671c1d0a191707ab6bcee21373d8e2f
[INFO] testing daedalusrex/rustikub/d8db1d1b0671c1d0a191707ab6bcee21373d8e2f against nightly-2024-10-28+rustflags=-Zrandomize-layout for randomize-layout
[INFO] running `Command { std: "git" "clone" "/workspace/cache/git-repos/https%3A%2F%2Fgithub.com%2Fdaedalusrex%2Frustikub" "/workspace/builds/worker-0-tc2/source", kill_on_drop: false }`
[INFO] [stderr] Cloning into '/workspace/builds/worker-0-tc2/source'...
[INFO] [stderr] done.
[INFO] validating manifest of git repo https://github.com/daedalusrex/rustikub on toolchain nightly-2024-10-28
[INFO] running `Command { std: CARGO_HOME="/workspace/cargo-home" RUSTUP_HOME="/workspace/rustup-home" "/workspace/cargo-home/bin/cargo" "+nightly-2024-10-28" "metadata" "--manifest-path" "Cargo.toml" "--no-deps", kill_on_drop: false }`
[INFO] started tweaking git repo https://github.com/daedalusrex/rustikub
[INFO] finished tweaking git repo https://github.com/daedalusrex/rustikub
[INFO] tweaked toml for git repo https://github.com/daedalusrex/rustikub written to /workspace/builds/worker-0-tc2/source/Cargo.toml
[INFO] crate git repo https://github.com/daedalusrex/rustikub already has a lockfile, it will not be regenerated
[INFO] running `Command { std: CARGO_HOME="/workspace/cargo-home" RUSTUP_HOME="/workspace/rustup-home" "/workspace/cargo-home/bin/cargo" "+nightly-2024-10-28" "fetch" "--manifest-path" "Cargo.toml", kill_on_drop: false }`
[INFO] running `Command { std: "docker" "create" "-v" "/var/lib/crater-agent-workspace/builds/worker-0-tc2/target:/opt/rustwide/target:rw,Z" "-v" "/var/lib/crater-agent-workspace/builds/worker-0-tc2/source:/opt/rustwide/workdir:ro,Z" "-v" "/var/lib/crater-agent-workspace/cargo-home:/opt/rustwide/cargo-home:ro,Z" "-v" "/var/lib/crater-agent-workspace/rustup-home:/opt/rustwide/rustup-home:ro,Z" "-e" "SOURCE_DIR=/opt/rustwide/workdir" "-e" "CARGO_TARGET_DIR=/opt/rustwide/target" "-e" "CARGO_HOME=/opt/rustwide/cargo-home" "-e" "RUSTUP_HOME=/opt/rustwide/rustup-home" "-w" "/opt/rustwide/workdir" "-m" "1610612736" "--user" "0:0" "--network" "none" "ghcr.io/rust-lang/crates-build-env/linux@sha256:4a844ea9eb2546a2d2c7022eacef16ef2e8229c7fbb2c7d4d55a9ceca922f72d" "/opt/rustwide/cargo-home/bin/cargo" "+nightly-2024-10-28" "metadata" "--no-deps" "--format-version=1", kill_on_drop: false }`
[INFO] [stdout] 2e40a8164902d9e55070e56b7f04da450c6546784e0dbfaa07263d96b1b4e1e8
[INFO] running `Command { std: "docker" "start" "-a" "2e40a8164902d9e55070e56b7f04da450c6546784e0dbfaa07263d96b1b4e1e8", kill_on_drop: false }`
[INFO] running `Command { std: "docker" "inspect" "2e40a8164902d9e55070e56b7f04da450c6546784e0dbfaa07263d96b1b4e1e8", kill_on_drop: false }`
[INFO] running `Command { std: "docker" "rm" "-f" "2e40a8164902d9e55070e56b7f04da450c6546784e0dbfaa07263d96b1b4e1e8", kill_on_drop: false }`
[INFO] [stdout] 2e40a8164902d9e55070e56b7f04da450c6546784e0dbfaa07263d96b1b4e1e8
[INFO] running `Command { std: "docker" "create" "-v" "/var/lib/crater-agent-workspace/builds/worker-0-tc2/target:/opt/rustwide/target:rw,Z" "-v" "/var/lib/crater-agent-workspace/builds/worker-0-tc2/source:/opt/rustwide/workdir:ro,Z" "-v" "/var/lib/crater-agent-workspace/cargo-home:/opt/rustwide/cargo-home:ro,Z" "-v" "/var/lib/crater-agent-workspace/rustup-home:/opt/rustwide/rustup-home:ro,Z" "-e" "SOURCE_DIR=/opt/rustwide/workdir" "-e" "CARGO_TARGET_DIR=/opt/rustwide/target" "-e" "CARGO_INCREMENTAL=0" "-e" "RUST_BACKTRACE=full" "-e" "RUSTFLAGS=--cap-lints=forbid -Zrandomize-layout" "-e" "RUSTDOCFLAGS=--cap-lints=forbid" "-e" "CARGO_HOME=/opt/rustwide/cargo-home" "-e" "RUSTUP_HOME=/opt/rustwide/rustup-home" "-w" "/opt/rustwide/workdir" "-m" "1610612736" "--user" "0:0" "--network" "none" "ghcr.io/rust-lang/crates-build-env/linux@sha256:4a844ea9eb2546a2d2c7022eacef16ef2e8229c7fbb2c7d4d55a9ceca922f72d" "/opt/rustwide/cargo-home/bin/cargo" "+nightly-2024-10-28" "build" "--frozen" "--message-format=json", kill_on_drop: false }`
[INFO] [stdout] a1972acd79c3f4bdaa8d8d49d5e5c437b3aadf51722847707da1ee73c822f4cf
[INFO] running `Command { std: "docker" "start" "-a" "a1972acd79c3f4bdaa8d8d49d5e5c437b3aadf51722847707da1ee73c822f4cf", kill_on_drop: false }`
[INFO] [stderr]    Compiling serde v1.0.210
[INFO] [stderr]    Compiling libc v0.2.159
[INFO] [stderr]    Compiling subtle v2.6.1
[INFO] [stderr]    Compiling byteorder v1.5.0
[INFO] [stderr]    Compiling ahash v0.8.11
[INFO] [stderr]    Compiling unicode-normalization v0.1.24
[INFO] [stderr]    Compiling crypto-common v0.1.6
[INFO] [stderr]    Compiling num-traits v0.2.19
[INFO] [stderr]    Compiling unicode-bidi v0.3.17
[INFO] [stderr]    Compiling digest v0.10.7
[INFO] [stderr]    Compiling minimal-lexical v0.2.1
[INFO] [stderr]    Compiling zerocopy v0.7.35
[INFO] [stderr]    Compiling futures-sink v0.3.31
[INFO] [stderr]    Compiling paste v1.0.15
[INFO] [stderr]    Compiling nom v7.1.3
[INFO] [stderr]    Compiling concurrent-queue v2.5.0
[INFO] [stderr]    Compiling idna v0.5.0
[INFO] [stderr]    Compiling socket2 v0.5.7
[INFO] [stderr]    Compiling mio v1.0.2
[INFO] [stderr]    Compiling getrandom v0.2.15
[INFO] [stderr]    Compiling rand_core v0.6.4
[INFO] [stderr]    Compiling hashbrown v0.14.5
[INFO] [stderr]    Compiling ppv-lite86 v0.2.20
[INFO] [stderr]    Compiling tracing-core v0.1.32
[INFO] [stderr]    Compiling log v0.4.22
[INFO] [stderr]    Compiling parking v2.2.1
[INFO] [stderr]    Compiling unicode_categories v0.1.1
[INFO] [stderr]    Compiling crc-catalog v2.4.0
[INFO] [stderr]    Compiling futures-io v0.3.31
[INFO] [stderr]    Compiling hashbrown v0.15.0
[INFO] [stderr]    Compiling rand_chacha v0.3.1
[INFO] [stderr]    Compiling crc v3.2.1
[INFO] [stderr]    Compiling tracing v0.1.40
[INFO] [stderr]    Compiling hashlink v0.9.1
[INFO] [stderr]    Compiling futures-util v0.3.31
[INFO] [stderr]    Compiling event-listener v5.3.1
[INFO] [stderr]    Compiling url v2.5.2
[INFO] [stderr]    Compiling atoi v2.0.0
[INFO] [stderr]    Compiling indexmap v2.6.0
[INFO] [stderr]    Compiling futures-channel v0.3.31
[INFO] [stderr]    Compiling crossbeam-queue v0.3.11
[INFO] [stderr]    Compiling sqlformat v0.2.6
[INFO] [stderr]    Compiling hex v0.4.3
[INFO] [stderr]    Compiling tokio v1.40.0
[INFO] [stderr]    Compiling bitflags v2.6.0
[INFO] [stderr]    Compiling unicode-properties v0.1.3
[INFO] [stderr]    Compiling rustix v0.38.37
[INFO] [stderr]    Compiling stringprep v0.1.5
[INFO] [stderr]    Compiling signal-hook-registry v1.4.2
[INFO] [stderr]    Compiling sha2 v0.10.8
[INFO] [stderr]    Compiling hmac v0.12.1
[INFO] [stderr]    Compiling linux-raw-sys v0.4.14
[INFO] [stderr]    Compiling whoami v1.5.2
[INFO] [stderr]    Compiling smallvec v1.13.2
[INFO] [stderr]    Compiling serde_json v1.0.128
[INFO] [stderr]    Compiling parking_lot_core v0.9.10
[INFO] [stderr]    Compiling either v1.13.0
[INFO] [stderr]    Compiling dotenvy v0.15.7
[INFO] [stderr]    Compiling parking_lot v0.12.3
[INFO] [stderr]    Compiling home v0.5.9
[INFO] [stderr]    Compiling base64 v0.22.1
[INFO] [stderr]    Compiling futures-intrusive v0.5.0
[INFO] [stderr]    Compiling hkdf v0.12.4
[INFO] [stderr]    Compiling rand v0.8.5
[INFO] [stderr]    Compiling md-5 v0.10.6
[INFO] [stderr]    Compiling heck v0.5.0
[INFO] [stderr]    Compiling fastrand v2.1.1
[INFO] [stderr]    Compiling syn v1.0.109
[INFO] [stderr]    Compiling rustversion v1.0.17
[INFO] [stderr]    Compiling colored v2.1.0
[INFO] [stderr]    Compiling tempfile v3.13.0
[INFO] [stderr]    Compiling strum_macros v0.26.4
[INFO] [stderr]    Compiling strum v0.26.3
[INFO] [stderr]    Compiling tokio-stream v0.1.16
[INFO] [stderr]    Compiling sqlx-core v0.8.2
[INFO] [stderr]    Compiling tokio-macros v0.2.6
[INFO] [stderr]    Compiling sqlx-postgres v0.8.2
[INFO] [stderr]    Compiling sqlx-macros-core v0.8.2
[INFO] [stderr]    Compiling sqlx-macros v0.8.2
[INFO] [stderr]    Compiling sqlx v0.8.2
[INFO] [stderr]    Compiling rustikub v0.1.0 (/opt/rustwide/workdir)
[INFO] [stdout] warning: elided lifetime has a name
[INFO] [stdout]    --> src/domain/sets/run.rs:524:30
[INFO] [stdout]     |
[INFO] [stdout] 523 | impl<'a> Run {
[INFO] [stdout]     |      -- lifetime `'a` declared here
[INFO] [stdout] 524 |     pub fn iter(&'a self) -> RunIterator {
[INFO] [stdout]     |                              ^^^^^^^^^^^ this elided lifetime gets resolved as `'a`
[INFO] [stdout]     |
[INFO] [stdout]     = note: `#[warn(elided_named_lifetimes)]` on by default
[INFO] [stdout] 
[INFO] [stdout] 
[INFO] [stdout] warning: elided lifetime has a name
[INFO] [stdout]    --> src/domain/sets/run.rs:534:37
[INFO] [stdout]     |
[INFO] [stdout] 523 | impl<'a> Run {
[INFO] [stdout]     |      -- lifetime `'a` declared here
[INFO] [stdout] ...
[INFO] [stdout] 534 |     pub fn number_iter(&'a self) -> RunNumberIterator {
[INFO] [stdout]     |                                     ^^^^^^^^^^^^^^^^^ this elided lifetime gets resolved as `'a`
[INFO] [stdout] 
[INFO] [stdout] 
[INFO] [stdout] warning: use of deprecated method `domain::sets::run::Run::add_tile`
[INFO] [stdout]    --> src/domain/table/face_up.rs:131:54
[INFO] [stdout]     |
[INFO] [stdout] 131 |                         if let Some(updated_run) = r.add_tile(candidate, None) {
[INFO] [stdout]     |                                                      ^^^^^^^^
[INFO] [stdout]     |
[INFO] [stdout]     = note: `#[warn(deprecated)]` on by default
[INFO] [stdout] 
[INFO] [stdout] 
[INFO] [stdout] warning: use of deprecated method `domain::table::face_up::FaceUpTiles::simple_add_tile`
[INFO] [stdout]   --> src/domain/table/manipulation.rs:96:50
[INFO] [stdout]    |
[INFO] [stdout] 96 |         if let Some(place_success) = mut_face_up.simple_add_tile(&attempt) {
[INFO] [stdout]    |                                                  ^^^^^^^^^^^^^^^
[INFO] [stdout] 
[INFO] [stdout] 
[INFO] [stderr]     Finished `dev` profile [unoptimized + debuginfo] target(s) in 14.73s
[INFO] running `Command { std: "docker" "inspect" "a1972acd79c3f4bdaa8d8d49d5e5c437b3aadf51722847707da1ee73c822f4cf", kill_on_drop: false }`
[INFO] running `Command { std: "docker" "rm" "-f" "a1972acd79c3f4bdaa8d8d49d5e5c437b3aadf51722847707da1ee73c822f4cf", kill_on_drop: false }`
[INFO] [stdout] a1972acd79c3f4bdaa8d8d49d5e5c437b3aadf51722847707da1ee73c822f4cf
[INFO] running `Command { std: "docker" "create" "-v" "/var/lib/crater-agent-workspace/builds/worker-0-tc2/target:/opt/rustwide/target:rw,Z" "-v" "/var/lib/crater-agent-workspace/builds/worker-0-tc2/source:/opt/rustwide/workdir:ro,Z" "-v" "/var/lib/crater-agent-workspace/cargo-home:/opt/rustwide/cargo-home:ro,Z" "-v" "/var/lib/crater-agent-workspace/rustup-home:/opt/rustwide/rustup-home:ro,Z" "-e" "SOURCE_DIR=/opt/rustwide/workdir" "-e" "CARGO_TARGET_DIR=/opt/rustwide/target" "-e" "CARGO_INCREMENTAL=0" "-e" "RUST_BACKTRACE=full" "-e" "RUSTFLAGS=--cap-lints=forbid -Zrandomize-layout" "-e" "RUSTDOCFLAGS=--cap-lints=forbid" "-e" "CARGO_HOME=/opt/rustwide/cargo-home" "-e" "RUSTUP_HOME=/opt/rustwide/rustup-home" "-w" "/opt/rustwide/workdir" "-m" "1610612736" "--user" "0:0" "--network" "none" "ghcr.io/rust-lang/crates-build-env/linux@sha256:4a844ea9eb2546a2d2c7022eacef16ef2e8229c7fbb2c7d4d55a9ceca922f72d" "/opt/rustwide/cargo-home/bin/cargo" "+nightly-2024-10-28" "test" "--frozen" "--no-run" "--message-format=json", kill_on_drop: false }`
[INFO] [stdout] c359b6e3eb257c99d68bac6bf70b4de9a4ecd3ae390e970b1a1b270198f16f5f
[INFO] running `Command { std: "docker" "start" "-a" "c359b6e3eb257c99d68bac6bf70b4de9a4ecd3ae390e970b1a1b270198f16f5f", kill_on_drop: false }`
[INFO] [stderr]    Compiling rustikub v0.1.0 (/opt/rustwide/workdir)
[INFO] [stdout] warning: elided lifetime has a name
[INFO] [stdout]    --> src/domain/sets/run.rs:524:30
[INFO] [stdout]     |
[INFO] [stdout] 523 | impl<'a> Run {
[INFO] [stdout]     |      -- lifetime `'a` declared here
[INFO] [stdout] 524 |     pub fn iter(&'a self) -> RunIterator {
[INFO] [stdout]     |                              ^^^^^^^^^^^ this elided lifetime gets resolved as `'a`
[INFO] [stdout]     |
[INFO] [stdout]     = note: `#[warn(elided_named_lifetimes)]` on by default
[INFO] [stdout] 
[INFO] [stdout] 
[INFO] [stdout] warning: elided lifetime has a name
[INFO] [stdout]    --> src/domain/sets/run.rs:534:37
[INFO] [stdout]     |
[INFO] [stdout] 523 | impl<'a> Run {
[INFO] [stdout]     |      -- lifetime `'a` declared here
[INFO] [stdout] ...
[INFO] [stdout] 534 |     pub fn number_iter(&'a self) -> RunNumberIterator {
[INFO] [stdout]     |                                     ^^^^^^^^^^^^^^^^^ this elided lifetime gets resolved as `'a`
[INFO] [stdout] 
[INFO] [stdout] 
[INFO] [stdout] warning: use of deprecated method `domain::sets::run::Run::add_tile`
[INFO] [stdout]    --> src/domain/table/face_up.rs:131:54
[INFO] [stdout]     |
[INFO] [stdout] 131 |                         if let Some(updated_run) = r.add_tile(candidate, None) {
[INFO] [stdout]     |                                                      ^^^^^^^^
[INFO] [stdout]     |
[INFO] [stdout]     = note: `#[warn(deprecated)]` on by default
[INFO] [stdout] 
[INFO] [stdout] 
[INFO] [stdout] warning: use of deprecated method `domain::table::face_up::FaceUpTiles::simple_add_tile`
[INFO] [stdout]   --> src/domain/table/manipulation.rs:96:50
[INFO] [stdout]    |
[INFO] [stdout] 96 |         if let Some(place_success) = mut_face_up.simple_add_tile(&attempt) {
[INFO] [stdout]    |                                                  ^^^^^^^^^^^^^^^
[INFO] [stdout] 
[INFO] [stdout] 
[INFO] [stdout] warning: elided lifetime has a name
[INFO] [stdout]    --> src/domain/sets/run.rs:524:30
[INFO] [stdout]     |
[INFO] [stdout] 523 | impl<'a> Run {
[INFO] [stdout]     |      -- lifetime `'a` declared here
[INFO] [stdout] 524 |     pub fn iter(&'a self) -> RunIterator {
[INFO] [stdout]     |                              ^^^^^^^^^^^ this elided lifetime gets resolved as `'a`
[INFO] [stdout]     |
[INFO] [stdout]     = note: `#[warn(elided_named_lifetimes)]` on by default
[INFO] [stdout] 
[INFO] [stdout] 
[INFO] [stdout] warning: elided lifetime has a name
[INFO] [stdout]    --> src/domain/sets/run.rs:534:37
[INFO] [stdout]     |
[INFO] [stdout] 523 | impl<'a> Run {
[INFO] [stdout]     |      -- lifetime `'a` declared here
[INFO] [stdout] ...
[INFO] [stdout] 534 |     pub fn number_iter(&'a self) -> RunNumberIterator {
[INFO] [stdout]     |                                     ^^^^^^^^^^^^^^^^^ this elided lifetime gets resolved as `'a`
[INFO] [stdout] 
[INFO] [stdout] 
[INFO] [stdout] warning: use of deprecated method `domain::sets::run::Run::add_tile`
[INFO] [stdout]    --> src/domain/sets/run.rs:871:30
[INFO] [stdout]     |
[INFO] [stdout] 871 |             let result = run.add_tile(&new_tile, None);
[INFO] [stdout]     |                              ^^^^^^^^
[INFO] [stdout]     |
[INFO] [stdout]     = note: `#[warn(deprecated)]` on by default
[INFO] [stdout] 
[INFO] [stdout] 
[INFO] [stdout] warning: use of deprecated method `domain::sets::run::Run::add_tile`
[INFO] [stdout]    --> src/domain/sets/run.rs:877:37
[INFO] [stdout]     |
[INFO] [stdout] 877 |             let run_plus_joke = run.add_tile(&JokersWild, None);
[INFO] [stdout]     |                                     ^^^^^^^^
[INFO] [stdout] 
[INFO] [stdout] 
[INFO] [stdout] warning: use of deprecated method `domain::sets::run::Run::add_tile`
[INFO] [stdout]    --> src/domain/table/face_up.rs:131:54
[INFO] [stdout]     |
[INFO] [stdout] 131 |                         if let Some(updated_run) = r.add_tile(candidate, None) {
[INFO] [stdout]     |                                                      ^^^^^^^^
[INFO] [stdout] 
[INFO] [stdout] 
[INFO] [stdout] warning: use of deprecated method `domain::table::face_up::FaceUpTiles::simple_add_tile`
[INFO] [stdout]   --> src/domain/table/manipulation.rs:96:50
[INFO] [stdout]    |
[INFO] [stdout] 96 |         if let Some(place_success) = mut_face_up.simple_add_tile(&attempt) {
[INFO] [stdout]    |                                                  ^^^^^^^^^^^^^^^
[INFO] [stdout] 
[INFO] [stdout] 
[INFO] [stderr]     Finished `test` profile [unoptimized + debuginfo] target(s) in 1.40s
[INFO] running `Command { std: "docker" "inspect" "c359b6e3eb257c99d68bac6bf70b4de9a4ecd3ae390e970b1a1b270198f16f5f", kill_on_drop: false }`
[INFO] running `Command { std: "docker" "rm" "-f" "c359b6e3eb257c99d68bac6bf70b4de9a4ecd3ae390e970b1a1b270198f16f5f", kill_on_drop: false }`
[INFO] [stdout] c359b6e3eb257c99d68bac6bf70b4de9a4ecd3ae390e970b1a1b270198f16f5f
[INFO] running `Command { std: "docker" "create" "-v" "/var/lib/crater-agent-workspace/builds/worker-0-tc2/target:/opt/rustwide/target:rw,Z" "-v" "/var/lib/crater-agent-workspace/builds/worker-0-tc2/source:/opt/rustwide/workdir:ro,Z" "-v" "/var/lib/crater-agent-workspace/cargo-home:/opt/rustwide/cargo-home:ro,Z" "-v" "/var/lib/crater-agent-workspace/rustup-home:/opt/rustwide/rustup-home:ro,Z" "-e" "SOURCE_DIR=/opt/rustwide/workdir" "-e" "CARGO_TARGET_DIR=/opt/rustwide/target" "-e" "CARGO_INCREMENTAL=0" "-e" "RUST_BACKTRACE=full" "-e" "RUSTFLAGS=--cap-lints=forbid -Zrandomize-layout" "-e" "RUSTDOCFLAGS=--cap-lints=forbid" "-e" "CARGO_HOME=/opt/rustwide/cargo-home" "-e" "RUSTUP_HOME=/opt/rustwide/rustup-home" "-w" "/opt/rustwide/workdir" "-m" "1610612736" "--user" "0:0" "--network" "none" "ghcr.io/rust-lang/crates-build-env/linux@sha256:4a844ea9eb2546a2d2c7022eacef16ef2e8229c7fbb2c7d4d55a9ceca922f72d" "/opt/rustwide/cargo-home/bin/cargo" "+nightly-2024-10-28" "test" "--frozen", kill_on_drop: false }`
[INFO] [stdout] b3211e5763d7daebd27ecbf9d83a3f5bc3a1c68f0bf507ebb22328671d165fd0
[INFO] running `Command { std: "docker" "start" "-a" "b3211e5763d7daebd27ecbf9d83a3f5bc3a1c68f0bf507ebb22328671d165fd0", kill_on_drop: false }`
[INFO] [stderr] warning: elided lifetime has a name
[INFO] [stderr]    --> src/domain/sets/run.rs:524:30
[INFO] [stderr]     |
[INFO] [stderr] 523 | impl<'a> Run {
[INFO] [stderr]     |      -- lifetime `'a` declared here
[INFO] [stderr] 524 |     pub fn iter(&'a self) -> RunIterator {
[INFO] [stderr]     |                              ^^^^^^^^^^^ this elided lifetime gets resolved as `'a`
[INFO] [stderr]     |
[INFO] [stderr]     = note: `#[warn(elided_named_lifetimes)]` on by default
[INFO] [stderr] 
[INFO] [stderr] warning: elided lifetime has a name
[INFO] [stderr]    --> src/domain/sets/run.rs:534:37
[INFO] [stderr]     |
[INFO] [stderr] 523 | impl<'a> Run {
[INFO] [stderr]     |      -- lifetime `'a` declared here
[INFO] [stderr] ...
[INFO] [stderr] 534 |     pub fn number_iter(&'a self) -> RunNumberIterator {
[INFO] [stderr]     |                                     ^^^^^^^^^^^^^^^^^ this elided lifetime gets resolved as `'a`
[INFO] [stderr] 
[INFO] [stderr] warning: use of deprecated method `domain::sets::run::Run::add_tile`
[INFO] [stderr]    --> src/domain/table/face_up.rs:131:54
[INFO] [stderr]     |
[INFO] [stderr] 131 |                         if let Some(updated_run) = r.add_tile(candidate, None) {
[INFO] [stderr]     |                                                      ^^^^^^^^
[INFO] [stderr]     |
[INFO] [stderr]     = note: `#[warn(deprecated)]` on by default
[INFO] [stderr] 
[INFO] [stderr] warning: use of deprecated method `domain::table::face_up::FaceUpTiles::simple_add_tile`
[INFO] [stderr]   --> src/domain/table/manipulation.rs:96:50
[INFO] [stderr]    |
[INFO] [stderr] 96 |         if let Some(place_success) = mut_face_up.simple_add_tile(&attempt) {
[INFO] [stderr]    |                                                  ^^^^^^^^^^^^^^^
[INFO] [stderr] 
[INFO] [stderr] warning: use of deprecated method `domain::sets::run::Run::add_tile`
[INFO] [stderr]    --> src/domain/sets/run.rs:871:30
[INFO] [stderr]     |
[INFO] [stderr] 871 |             let result = run.add_tile(&new_tile, None);
[INFO] [stderr]     |                              ^^^^^^^^
[INFO] [stderr]     |
[INFO] [stderr]     = note: `#[warn(deprecated)]` on by default
[INFO] [stderr] 
[INFO] [stderr] warning: use of deprecated method `domain::sets::run::Run::add_tile`
[INFO] [stderr]    --> src/domain/sets/run.rs:877:37
[INFO] [stderr]     |
[INFO] [stderr] 877 |             let run_plus_joke = run.add_tile(&JokersWild, None);
[INFO] [stderr]     |                                     ^^^^^^^^
[INFO] [stderr] 
[INFO] [stderr] warning: use of deprecated method `domain::sets::run::Run::add_tile`
[INFO] [stderr]    --> src/domain/table/face_up.rs:131:54
[INFO] [stderr]     |
[INFO] [stderr] 131 |                         if let Some(updated_run) = r.add_tile(candidate, None) {
[INFO] [stderr]     |                                                      ^^^^^^^^
[INFO] [stderr] 
[INFO] [stderr] warning: `rustikub` (bin "rustikub") generated 4 warnings
[INFO] [stderr] warning: `rustikub` (bin "rustikub" test) generated 6 warnings (3 duplicates)
[INFO] [stderr]     Finished `test` profile [unoptimized + debuginfo] target(s) in 0.09s
[INFO] [stderr]      Running unittests src/main.rs (/opt/rustwide/target/debug/deps/rustikub-f47b3212ed995db7)
[INFO] [stdout] 
[INFO] [stdout] running 87 tests
[INFO] [stdout] test domain::domain_test::count_properties_confirmation ... ok
[INFO] [stdout] test domain::domain_test::count_must_not_be_to_big ... ok
[INFO] [stdout] test domain::player::rack::basic_tests::correct_detection_of_groups_simple ... ok
[INFO] [stdout] test domain::player::rack::basic_tests::correct_detection_of_runs_simple ... ok
[INFO] [stdout] test domain::score_value::quicktests::quick_test_of_score_syntactic_sugar ... ok
[INFO] [stdout] test domain::player::rack::basic_tests::init_rack_and_give_back_boneyard ... ok
[INFO] [stdout] test domain::player::rack::basic_tests::largest_run_on_rack ... ok
[INFO] [stdout] test domain::player::rack::basic_tests::removal_of_different_items ... ok
[INFO] [stdout] test domain::player::rack::basic_tests::detection_run_and_group ... ok
[INFO] [stdout] test domain::score_value::quicktests::score_adding ... ok
[INFO] [stdout] test domain::sets::group::group_tests::add_tile_happy ... ok
[INFO] [stdout] test domain::sets::group::group_tests::test_jokers_parsing ... ok
[INFO] [stdout] test domain::sets::group::group_tests::test_parsing_reject_bad ... ok
[INFO] [stdout] test domain::sets::group::group_tests::test_spares ... ok
[INFO] [stdout] test domain::sets::group::group_tests::test_parsing_good ... ok
[INFO] [stdout] test domain::sets::run::other_tests_of_runs::add_tile_happy_path ... ok
[INFO] [stdout] test domain::player::rack::basic_tests::total_value_on_rack ... ok
[INFO] [stdout] test domain::sets::group::group_tests::composites_match ... ok
[INFO] [stdout] test domain::sets::group::group_tests::scoring_vals ... ok
[INFO] [stdout] test domain::sets::run::other_tests_of_runs::contains_correct ... ok
[INFO] [stdout] test domain::sets::run::other_tests_of_runs::of_cardinality ... ok
[INFO] [stdout] test domain::sets::run::other_tests_of_runs::decomposition_matches ... ok
[INFO] [stdout] test domain::sets::run::other_tests_of_runs::run_scoring ... ok
[INFO] [stdout] test domain::sets::run::other_tests_of_runs::test_all_possible_tile_slots ... ok
[INFO] [stdout] test domain::sets::run::other_tests_of_runs::test_all_possible_wedge_tiles ... ok
[INFO] [stdout] test domain::sets::run::other_tests_of_runs::test_decompose_with_indexes ... ok
[INFO] [stdout] test domain::sets::run::other_tests_of_runs::test_get_position ... ok
[INFO] [stdout] test domain::sets::run::other_tests_of_runs::test_all_possible_natural_splits ... ok
[INFO] [stdout] test domain::sets::run::other_tests_of_runs::test_insert_failing_wedge_case ... ok
[INFO] [stdout] test domain::sets::run::other_tests_of_runs::test_insert_tile_on_edge ... ok
[INFO] [stdout] test domain::sets::run::other_tests_of_runs::test_into_iterator_for_run ... ok
[INFO] [stdout] test domain::sets::run::other_tests_of_runs::test_insert_wedge_and_split ... ok
[INFO] [stdout] test domain::sets::run::other_tests_of_runs::test_left_right_open_slots ... ok
[INFO] [stdout] test domain::sets::run::other_tests_of_runs::test_iter_for_run_with_lifetimes ... ok
[INFO] [stdout] test domain::sets::run::other_tests_of_runs::test_number_iterator_for_run ... ok
[INFO] [stdout] test domain::sets::run::other_tests_of_runs::test_left_side_spares ... ok
[INFO] [stdout] test domain::sets::run::other_tests_of_runs::test_right_side_spares ... ok
[INFO] [stdout] test domain::sets::run::other_tests_of_runs::test_open_slots ... ok
[INFO] [stdout] test domain::sets::run::run_parsing::parse_one_distinct_color ... ok
[INFO] [stdout] test domain::sets::run::run_parsing::proper_joker_handling ... ok
[INFO] [stdout] test domain::sets::run::run_parsing::reject_bad_joker_edges_of_run ... ok
[INFO] [stdout] test domain::sets::run::run_parsing::parse_failure_cases_quantity ... ok
[INFO] [stdout] test domain::sets::run::run_parsing::rejects_1_after_13 ... ok
[INFO] [stdout] test domain::sets::run::run_parsing::parse_happy_path ... ok
[INFO] [stdout] test domain::sets::run::run_parsing::rejects_reversed_ordering ... ok
[INFO] [stdout] test domain::sets::run::run_parsing::rejects_duplicate_number ... ok
[INFO] [stdout] test domain::sets::run::run_parsing::score_value_is_correct ... ok
[INFO] [stdout] test domain::sets::run::run_parsing::too_many_jokers_at_the_end ... ok
[INFO] [stdout] test domain::sets::run::run_parsing::rejects_out_of_order_random_numbers ... ok
[INFO] [stdout] test domain::table::face_up::basic_face_up_tests::test_runs_groups_filter ... ok
[INFO] [stdout] test domain::table::face_up::basic_face_up_tests::decompose_works ... ok
[INFO] [stdout] test domain::table::boneyard::test_boneyard::draw_one_gives_new_yard ... ok
[INFO] [stdout] test domain::table::manipulation::example_clearing_joker_from_rulebook::can_manipulate_table_without_tile_from_rack_and_implicitly_free_joker ... ignored
[INFO] [stdout] test domain::table::manipulation::example_clearing_joker_from_rulebook::can_replace_joker_with_black_or_yellow_three ... ignored
[INFO] [stdout] test domain::table::manipulation::example_clearing_joker_from_rulebook::can_simply_replace_joker_with_blue_five ... ignored
[INFO] [stdout] test domain::table::manipulation::example_clearing_joker_from_rulebook::can_split_run_and_implicitly_extract_joker ... ignored
[INFO] [stdout] test domain::table::face_up::basic_face_up_tests::test_valid_rearrangement ... ok
[INFO] [stdout] test domain::table::boneyard::test_boneyard::verify_initial_state ... ok
[INFO] [stdout] test domain::table::manipulation::example_manipulation_tests_from_rulebook::add_tile_to_make_new_set ... ok
[INFO] [stdout] test domain::tiles::color::color_tests::correct_cardinality ... ok
[INFO] [stdout] test domain::tiles::number::number_tests::correct_cardinality ... ok
[INFO] [stdout] test domain::tiles::number::number_tests::number_ordering ... ok
[INFO] [stdout] test domain::tiles::tile_sequence::sequence_tests::all_contiguous_subsequences_from_generic_vec_hard ... ok
[INFO] [stdout] test domain::tiles::tile_sequence::sequence_tests::all_contiguous_subsequences_from_generic_vec_simple ... ok
[INFO] [stdout] test domain::tiles::tile_sequence::sequence_tests::rank_collections_correctly ... ok
[INFO] [stdout] test domain::tiles::tile_sequence::sequence_tests::test_filters_of_tile_sequence ... ok
[INFO] [stdout] test domain::tiles::tile_sequence::sequence_tests::test_remove_from_tile_sequence ... ok
[INFO] [stdout] test domain::tiles::tile_sequence::sequence_tests::test_largest_group ... ok
[INFO] [stdout] test domain::tiles::tile_sequence::sequence_tests::test_scoring_tile_sequence ... ok
[INFO] [stdout] test domain::tiles::tile_tests::all_unique ... ok
[INFO] [stdout] test domain::tiles::tile_tests::color_equality ... ok
[INFO] [stdout] test domain::tiles::tile_tests::colored_number_comparisons ... ok
[INFO] [stdout] test domain::tiles::tile_tests::display_pretty_print ... ok
[INFO] [stdout] test domain::tiles::tile_tests::property_confirmation ... ok
[INFO] [stdout] test domain::tiles::tile_tests::random_tiles ... ok
[INFO] [stdout] test domain::tiles::tile_tests::scratch_sorting_vectors_against_vectors ... ok
[INFO] [stdout] test domain::tiles::tile_tests::test_unique_colors_happy_path ... ok
[INFO] [stdout] test domain::tiles::tile_tests::test_unique_colors_jokers ... ok
[INFO] [stdout] test domain::sets::run::other_tests_of_runs::known_infinite_loop_edge_case ... ok
[INFO] [stdout] test end_to_end_run_game_for_debugging::run_game ... ok
[INFO] [stdout] test domain::table::manipulation::example_manipulation_tests_from_rulebook::add_fourth_and_remove_tile_to_create_new_set ... FAILED
[INFO] [stdout] test domain::table::manipulation::example_manipulation_tests_from_rulebook::combined_split ... FAILED
[INFO] [stdout] test domain::table::manipulation::example_manipulation_tests_from_rulebook::multiple_split ... FAILED
[INFO] [stdout] test domain::table::manipulation::example_manipulation_tests_from_rulebook::splitting_a_run ... FAILED
[INFO] [stdout] test domain::table::manipulation::example_manipulation_tests_from_rulebook::remove_and_use_fourth_to_create_new_set ... FAILED
[INFO] [stdout] test domain::tiles::tile_sequence::sequence_tests::test_scoring_tile_sequence_fail_ontable - should panic ... ok
[INFO] [stdout] test persistence::dto_adapters::basic_postgres_tests::connect_and_write ... FAILED
[INFO] [stdout] 
[INFO] [stdout] failures:
[INFO] [stdout] 
[INFO] [stdout] ---- domain::table::manipulation::example_manipulation_tests_from_rulebook::add_fourth_and_remove_tile_to_create_new_set stdout ----
[INFO] [stdout] thread 'domain::table::manipulation::example_manipulation_tests_from_rulebook::add_fourth_and_remove_tile_to_create_new_set' panicked at src/domain/table/manipulation.rs:269:9:
[INFO] [stdout] assertion failed: actual_rack.is_empty()
[INFO] [stdout] stack backtrace:
[INFO] [stdout]    0:     0x60ac31b95daa - std::backtrace_rs::backtrace::libunwind::trace::h207520d6e9873551
[INFO] [stdout]                                at /rustc/df4ca44d3fbc9301ee17f30f4d474e6ae4b05252/library/std/src/../../backtrace/src/backtrace/libunwind.rs:116:5
[INFO] [stdout]    1:     0x60ac31b95daa - std::backtrace_rs::backtrace::trace_unsynchronized::h2ed7433f370e3eca
[INFO] [stdout]                                at /rustc/df4ca44d3fbc9301ee17f30f4d474e6ae4b05252/library/std/src/../../backtrace/src/backtrace/mod.rs:66:5
[INFO] [stdout]    2:     0x60ac31b95daa - std::sys::backtrace::_print_fmt::h916fac51166b18d7
[INFO] [stdout]                                at /rustc/df4ca44d3fbc9301ee17f30f4d474e6ae4b05252/library/std/src/sys/backtrace.rs:66:9
[INFO] [stdout]    3:     0x60ac31b95daa - <std::sys::backtrace::BacktraceLock::print::DisplayBacktrace as core::fmt::Display>::fmt::ha0a4c9b8ce3802e6
[INFO] [stdout]                                at /rustc/df4ca44d3fbc9301ee17f30f4d474e6ae4b05252/library/std/src/sys/backtrace.rs:39:26
[INFO] [stdout]    4:     0x60ac31bc03b3 - core::fmt::rt::Argument::fmt::h4cfc8587d52b3eb5
[INFO] [stdout]                                at /rustc/df4ca44d3fbc9301ee17f30f4d474e6ae4b05252/library/core/src/fmt/rt.rs:177:76
[INFO] [stdout]    5:     0x60ac31bc03b3 - core::fmt::write::h522cc39e5b36ae9f
[INFO] [stdout]                                at /rustc/df4ca44d3fbc9301ee17f30f4d474e6ae4b05252/library/core/src/fmt/mod.rs:1190:21
[INFO] [stdout]    6:     0x60ac31b91bf3 - std::io::Write::write_fmt::h7d3c26752da97734
[INFO] [stdout]                                at /rustc/df4ca44d3fbc9301ee17f30f4d474e6ae4b05252/library/std/src/io/mod.rs:1839:15
[INFO] [stdout]    7:     0x60ac31b95bf2 - std::sys::backtrace::BacktraceLock::print::h4b9e00b29e9c0942
[INFO] [stdout]                                at /rustc/df4ca44d3fbc9301ee17f30f4d474e6ae4b05252/library/std/src/sys/backtrace.rs:42:9
[INFO] [stdout]    8:     0x60ac31b9723a - std::panicking::default_hook::{{closure}}::hb59b88280d0324d9
[INFO] [stdout]                                at /rustc/df4ca44d3fbc9301ee17f30f4d474e6ae4b05252/library/std/src/panicking.rs:268:22
[INFO] [stdout]    9:     0x60ac31b97044 - std::panicking::default_hook::he1dd496665be4a29
[INFO] [stdout]                                at /rustc/df4ca44d3fbc9301ee17f30f4d474e6ae4b05252/library/std/src/panicking.rs:292:9
[INFO] [stdout]   10:     0x60ac31815009 - <alloc::boxed::Box<F,A> as core::ops::function::Fn<Args>>::call::h4ff71de18744e1dc
[INFO] [stdout]                                at /rustc/df4ca44d3fbc9301ee17f30f4d474e6ae4b05252/library/alloc/src/boxed.rs:2468:9
[INFO] [stdout]   11:     0x60ac31815009 - test::test_main::{{closure}}::hcf7c055ce117aa81
[INFO] [stdout]                                at /rustc/df4ca44d3fbc9301ee17f30f4d474e6ae4b05252/library/test/src/lib.rs:133:21
[INFO] [stdout]   12:     0x60ac31b97938 - <alloc::boxed::Box<F,A> as core::ops::function::Fn<Args>>::call::h1d66c6bbd60c9692
[INFO] [stdout]                                at /rustc/df4ca44d3fbc9301ee17f30f4d474e6ae4b05252/library/alloc/src/boxed.rs:2468:9
[INFO] [stdout]   13:     0x60ac31b97938 - std::panicking::rust_panic_with_hook::h2ff17fe8f26dfcf8
[INFO] [stdout]                                at /rustc/df4ca44d3fbc9301ee17f30f4d474e6ae4b05252/library/std/src/panicking.rs:809:13
[INFO] [stdout]   14:     0x60ac31b976c6 - std::panicking::begin_panic_handler::{{closure}}::h4fad77951c07e101
[INFO] [stdout]                                at /rustc/df4ca44d3fbc9301ee17f30f4d474e6ae4b05252/library/std/src/panicking.rs:667:13
[INFO] [stdout]   15:     0x60ac31b96289 - std::sys::backtrace::__rust_end_short_backtrace::hb1a25b3da5d0ea08
[INFO] [stdout]                                at /rustc/df4ca44d3fbc9301ee17f30f4d474e6ae4b05252/library/std/src/sys/backtrace.rs:170:18
[INFO] [stdout]   16:     0x60ac31b9738c - rust_begin_unwind
[INFO] [stdout]                                at /rustc/df4ca44d3fbc9301ee17f30f4d474e6ae4b05252/library/std/src/panicking.rs:665:5
[INFO] [stdout]   17:     0x60ac31bbe060 - core::panicking::panic_fmt::ha9db07b529f9b256
[INFO] [stdout]                                at /rustc/df4ca44d3fbc9301ee17f30f4d474e6ae4b05252/library/core/src/panicking.rs:75:14
[INFO] [stdout]   18:     0x60ac31bbe0ec - core::panicking::panic::h993086813d94accc
[INFO] [stdout]                                at /rustc/df4ca44d3fbc9301ee17f30f4d474e6ae4b05252/library/core/src/panicking.rs:152:5
[INFO] [stdout]   19:     0x60ac317d11aa - rustikub::domain::table::manipulation::example_manipulation_tests_from_rulebook::add_fourth_and_remove_tile_to_create_new_set::h1171ade8bfefe22b
[INFO] [stdout]                                at /opt/rustwide/workdir/src/domain/table/manipulation.rs:269:9
[INFO] [stdout]   20:     0x60ac317d0917 - rustikub::domain::table::manipulation::example_manipulation_tests_from_rulebook::add_fourth_and_remove_tile_to_create_new_set::{{closure}}::h5f767f37e0b7ec6e
[INFO] [stdout]                                at /opt/rustwide/workdir/src/domain/table/manipulation.rs:244:58
[INFO] [stdout]   21:     0x60ac317826d6 - core::ops::function::FnOnce::call_once::h09ebf2f9a4ff23aa
[INFO] [stdout]                                at /rustc/df4ca44d3fbc9301ee17f30f4d474e6ae4b05252/library/core/src/ops/function.rs:250:5
[INFO] [stdout]   22:     0x60ac318198db - core::ops::function::FnOnce::call_once::h22c3ba5715e93f05
[INFO] [stdout]                                at /rustc/df4ca44d3fbc9301ee17f30f4d474e6ae4b05252/library/core/src/ops/function.rs:250:5
[INFO] [stdout]   23:     0x60ac318198db - test::__rust_begin_short_backtrace::h8e82d8113d0da17f
[INFO] [stdout]                                at /rustc/df4ca44d3fbc9301ee17f30f4d474e6ae4b05252/library/test/src/lib.rs:621:18
[INFO] [stdout]   24:     0x60ac31819257 - test::run_test_in_process::{{closure}}::h33235f4f20b7b7c7
[INFO] [stdout]                                at /rustc/df4ca44d3fbc9301ee17f30f4d474e6ae4b05252/library/test/src/lib.rs:644:60
[INFO] [stdout]   25:     0x60ac31819257 - <core::panic::unwind_safe::AssertUnwindSafe<F> as core::ops::function::FnOnce<()>>::call_once::hb5043206310c586f
[INFO] [stdout]                                at /rustc/df4ca44d3fbc9301ee17f30f4d474e6ae4b05252/library/core/src/panic/unwind_safe.rs:272:9
[INFO] [stdout]   26:     0x60ac31819257 - std::panicking::try::do_call::h9ad4731a60ab23e2
[INFO] [stdout]                                at /rustc/df4ca44d3fbc9301ee17f30f4d474e6ae4b05252/library/std/src/panicking.rs:557:40
[INFO] [stdout]   27:     0x60ac31819257 - std::panicking::try::h3824d23db772a716
[INFO] [stdout]                                at /rustc/df4ca44d3fbc9301ee17f30f4d474e6ae4b05252/library/std/src/panicking.rs:520:19
[INFO] [stdout]   28:     0x60ac31819257 - std::panic::catch_unwind::h5afd514605fde46b
[INFO] [stdout]                                at /rustc/df4ca44d3fbc9301ee17f30f4d474e6ae4b05252/library/std/src/panic.rs:358:14
[INFO] [stdout]   29:     0x60ac31819257 - test::run_test_in_process::h0d5cbfa7067d1720
[INFO] [stdout]                                at /rustc/df4ca44d3fbc9301ee17f30f4d474e6ae4b05252/library/test/src/lib.rs:644:27
[INFO] [stdout]   30:     0x60ac31819257 - test::run_test::{{closure}}::h708eb8872708115d
[INFO] [stdout]                                at /rustc/df4ca44d3fbc9301ee17f30f4d474e6ae4b05252/library/test/src/lib.rs:565:43
[INFO] [stdout]   31:     0x60ac317dc974 - test::run_test::{{closure}}::h392c51cee94713ab
[INFO] [stdout]                                at /rustc/df4ca44d3fbc9301ee17f30f4d474e6ae4b05252/library/test/src/lib.rs:595:41
[INFO] [stdout]   32:     0x60ac317dc974 - std::sys::backtrace::__rust_begin_short_backtrace::h2f40290710935a8b
[INFO] [stdout]                                at /rustc/df4ca44d3fbc9301ee17f30f4d474e6ae4b05252/library/std/src/sys/backtrace.rs:154:18
[INFO] [stdout]   33:     0x60ac317e011e - std::thread::Builder::spawn_unchecked_::{{closure}}::{{closure}}::h3fd968d89053a903
[INFO] [stdout]                                at /rustc/df4ca44d3fbc9301ee17f30f4d474e6ae4b05252/library/std/src/thread/mod.rs:541:17
[INFO] [stdout]   34:     0x60ac317e011e - <core::panic::unwind_safe::AssertUnwindSafe<F> as core::ops::function::FnOnce<()>>::call_once::h743f637ba4229880
[INFO] [stdout]                                at /rustc/df4ca44d3fbc9301ee17f30f4d474e6ae4b05252/library/core/src/panic/unwind_safe.rs:272:9
[INFO] [stdout]   35:     0x60ac317e011e - std::panicking::try::do_call::h07440897322525a6
[INFO] [stdout]                                at /rustc/df4ca44d3fbc9301ee17f30f4d474e6ae4b05252/library/std/src/panicking.rs:557:40
[INFO] [stdout]   36:     0x60ac317e011e - std::panicking::try::he5a2e00188156637
[INFO] [stdout]                                at /rustc/df4ca44d3fbc9301ee17f30f4d474e6ae4b05252/library/std/src/panicking.rs:520:19
[INFO] [stdout]   37:     0x60ac317e011e - std::panic::catch_unwind::hbaf3cae49b3c6433
[INFO] [stdout]                                at /rustc/df4ca44d3fbc9301ee17f30f4d474e6ae4b05252/library/std/src/panic.rs:358:14
[INFO] [stdout]   38:     0x60ac317e011e - std::thread::Builder::spawn_unchecked_::{{closure}}::h8e141ea224820bce
[INFO] [stdout]                                at /rustc/df4ca44d3fbc9301ee17f30f4d474e6ae4b05252/library/std/src/thread/mod.rs:540:30
[INFO] [stdout]   39:     0x60ac317e011e - core::ops::function::FnOnce::call_once{{vtable.shim}}::h90d312fedd7b8ea8
[INFO] [stdout]                                at /rustc/df4ca44d3fbc9301ee17f30f4d474e6ae4b05252/library/core/src/ops/function.rs:250:5
[INFO] [stdout]   40:     0x60ac31b9ba4b - <alloc::boxed::Box<F,A> as core::ops::function::FnOnce<Args>>::call_once::h69aa08ddb6adb8b6
[INFO] [stdout]                                at /rustc/df4ca44d3fbc9301ee17f30f4d474e6ae4b05252/library/alloc/src/boxed.rs:2454:9
[INFO] [stdout]   41:     0x60ac31b9ba4b - <alloc::boxed::Box<F,A> as core::ops::function::FnOnce<Args>>::call_once::h5aa36efdb79c806f
[INFO] [stdout]                                at /rustc/df4ca44d3fbc9301ee17f30f4d474e6ae4b05252/library/alloc/src/boxed.rs:2454:9
[INFO] [stdout]   42:     0x60ac31b9ba4b - std::sys::pal::unix::thread::Thread::new::thread_start::h6cd80a1b4be5158d
[INFO] [stdout]                                at /rustc/df4ca44d3fbc9301ee17f30f4d474e6ae4b05252/library/std/src/sys/pal/unix/thread.rs:105:17
[INFO] [stdout]   43:     0x7b1198f55ac3 - <unknown>
[INFO] [stdout]   44:     0x7b1198fe6a04 - clone
[INFO] [stdout]   45:                0x0 - <unknown>
[INFO] [stdout] 
[INFO] [stdout] ---- domain::table::manipulation::example_manipulation_tests_from_rulebook::combined_split stdout ----
[INFO] [stdout] thread 'domain::table::manipulation::example_manipulation_tests_from_rulebook::combined_split' panicked at src/domain/table/manipulation.rs:311:9:
[INFO] [stdout] assertion failed: actual.is_some()
[INFO] [stdout] stack backtrace:
[INFO] [stdout]    0:     0x60ac31b95daa - std::backtrace_rs::backtrace::libunwind::trace::h207520d6e9873551
[INFO] [stdout]                                at /rustc/df4ca44d3fbc9301ee17f30f4d474e6ae4b05252/library/std/src/../../backtrace/src/backtrace/libunwind.rs:116:5
[INFO] [stdout]    1:     0x60ac31b95daa - std::backtrace_rs::backtrace::trace_unsynchronized::h2ed7433f370e3eca
[INFO] [stdout]                                at /rustc/df4ca44d3fbc9301ee17f30f4d474e6ae4b05252/library/std/src/../../backtrace/src/backtrace/mod.rs:66:5
[INFO] [stdout]    2:     0x60ac31b95daa - std::sys::backtrace::_print_fmt::h916fac51166b18d7
[INFO] [stdout]                                at /rustc/df4ca44d3fbc9301ee17f30f4d474e6ae4b05252/library/std/src/sys/backtrace.rs:66:9
[INFO] [stdout]    3:     0x60ac31b95daa - <std::sys::backtrace::BacktraceLock::print::DisplayBacktrace as core::fmt::Display>::fmt::ha0a4c9b8ce3802e6
[INFO] [stdout]                                at /rustc/df4ca44d3fbc9301ee17f30f4d474e6ae4b05252/library/std/src/sys/backtrace.rs:39:26
[INFO] [stdout]    4:     0x60ac31bc03b3 - core::fmt::rt::Argument::fmt::h4cfc8587d52b3eb5
[INFO] [stdout]                                at /rustc/df4ca44d3fbc9301ee17f30f4d474e6ae4b05252/library/core/src/fmt/rt.rs:177:76
[INFO] [stdout]    5:     0x60ac31bc03b3 - core::fmt::write::h522cc39e5b36ae9f
[INFO] [stdout]                                at /rustc/df4ca44d3fbc9301ee17f30f4d474e6ae4b05252/library/core/src/fmt/mod.rs:1190:21
[INFO] [stdout]    6:     0x60ac31b91bf3 - std::io::Write::write_fmt::h7d3c26752da97734
[INFO] [stdout]                                at /rustc/df4ca44d3fbc9301ee17f30f4d474e6ae4b05252/library/std/src/io/mod.rs:1839:15
[INFO] [stdout]    7:     0x60ac31b95bf2 - std::sys::backtrace::BacktraceLock::print::h4b9e00b29e9c0942
[INFO] [stdout]                                at /rustc/df4ca44d3fbc9301ee17f30f4d474e6ae4b05252/library/std/src/sys/backtrace.rs:42:9
[INFO] [stdout]    8:     0x60ac31b9723a - std::panicking::default_hook::{{closure}}::hb59b88280d0324d9
[INFO] [stdout]                                at /rustc/df4ca44d3fbc9301ee17f30f4d474e6ae4b05252/library/std/src/panicking.rs:268:22
[INFO] [stdout]    9:     0x60ac31b97044 - std::panicking::default_hook::he1dd496665be4a29
[INFO] [stdout]                                at /rustc/df4ca44d3fbc9301ee17f30f4d474e6ae4b05252/library/std/src/panicking.rs:292:9
[INFO] [stdout]   10:     0x60ac31815009 - <alloc::boxed::Box<F,A> as core::ops::function::Fn<Args>>::call::h4ff71de18744e1dc
[INFO] [stdout]                                at /rustc/df4ca44d3fbc9301ee17f30f4d474e6ae4b05252/library/alloc/src/boxed.rs:2468:9
[INFO] [stdout]   11:     0x60ac31815009 - test::test_main::{{closure}}::hcf7c055ce117aa81
[INFO] [stdout]                                at /rustc/df4ca44d3fbc9301ee17f30f4d474e6ae4b05252/library/test/src/lib.rs:133:21
[INFO] [stdout]   12:     0x60ac31b97938 - <alloc::boxed::Box<F,A> as core::ops::function::Fn<Args>>::call::h1d66c6bbd60c9692
[INFO] [stdout]                                at /rustc/df4ca44d3fbc9301ee17f30f4d474e6ae4b05252/library/alloc/src/boxed.rs:2468:9
[INFO] [stdout]   13:     0x60ac31b97938 - std::panicking::rust_panic_with_hook::h2ff17fe8f26dfcf8
[INFO] [stdout]                                at /rustc/df4ca44d3fbc9301ee17f30f4d474e6ae4b05252/library/std/src/panicking.rs:809:13
[INFO] [stdout]   14:     0x60ac31b976c6 - std::panicking::begin_panic_handler::{{closure}}::h4fad77951c07e101
[INFO] [stdout]                                at /rustc/df4ca44d3fbc9301ee17f30f4d474e6ae4b05252/library/std/src/panicking.rs:667:13
[INFO] [stdout]   15:     0x60ac31b96289 - std::sys::backtrace::__rust_end_short_backtrace::hb1a25b3da5d0ea08
[INFO] [stdout]                                at /rustc/df4ca44d3fbc9301ee17f30f4d474e6ae4b05252/library/std/src/sys/backtrace.rs:170:18
[INFO] [stdout]   16:     0x60ac31b9738c - rust_begin_unwind
[INFO] [stdout]                                at /rustc/df4ca44d3fbc9301ee17f30f4d474e6ae4b05252/library/std/src/panicking.rs:665:5
[INFO] [stdout]   17:     0x60ac31bbe060 - core::panicking::panic_fmt::ha9db07b529f9b256
[INFO] [stdout]                                at /rustc/df4ca44d3fbc9301ee17f30f4d474e6ae4b05252/library/core/src/panicking.rs:75:14
[INFO] [stdout]   18:     0x60ac31bbe0ec - core::panicking::panic::h993086813d94accc
[INFO] [stdout]                                at /rustc/df4ca44d3fbc9301ee17f30f4d474e6ae4b05252/library/core/src/panicking.rs:152:5
[INFO] [stdout]   19:     0x60ac317d20ff - rustikub::domain::table::manipulation::example_manipulation_tests_from_rulebook::combined_split::hfd952b9665841cfd
[INFO] [stdout]                                at /opt/rustwide/workdir/src/domain/table/manipulation.rs:311:9
[INFO] [stdout]   20:     0x60ac317d1b87 - rustikub::domain::table::manipulation::example_manipulation_tests_from_rulebook::combined_split::{{closure}}::hfff618a809e968fd
[INFO] [stdout]                                at /opt/rustwide/workdir/src/domain/table/manipulation.rs:299:28
[INFO] [stdout]   21:     0x60ac31782d76 - core::ops::function::FnOnce::call_once::h48cae17f769debf5
[INFO] [stdout]                                at /rustc/df4ca44d3fbc9301ee17f30f4d474e6ae4b05252/library/core/src/ops/function.rs:250:5
[INFO] [stdout]   22:     0x60ac318198db - core::ops::function::FnOnce::call_once::h22c3ba5715e93f05
[INFO] [stdout]                                at /rustc/df4ca44d3fbc9301ee17f30f4d474e6ae4b05252/library/core/src/ops/function.rs:250:5
[INFO] [stdout]   23:     0x60ac318198db - test::__rust_begin_short_backtrace::h8e82d8113d0da17f
[INFO] [stdout]                                at /rustc/df4ca44d3fbc9301ee17f30f4d474e6ae4b05252/library/test/src/lib.rs:621:18
[INFO] [stdout]   24:     0x60ac31819257 - test::run_test_in_process::{{closure}}::h33235f4f20b7b7c7
[INFO] [stdout]                                at /rustc/df4ca44d3fbc9301ee17f30f4d474e6ae4b05252/library/test/src/lib.rs:644:60
[INFO] [stdout]   25:     0x60ac31819257 - <core::panic::unwind_safe::AssertUnwindSafe<F> as core::ops::function::FnOnce<()>>::call_once::hb5043206310c586f
[INFO] [stdout]                                at /rustc/df4ca44d3fbc9301ee17f30f4d474e6ae4b05252/library/core/src/panic/unwind_safe.rs:272:9
[INFO] [stdout]   26:     0x60ac31819257 - std::panicking::try::do_call::h9ad4731a60ab23e2
[INFO] [stdout]                                at /rustc/df4ca44d3fbc9301ee17f30f4d474e6ae4b05252/library/std/src/panicking.rs:557:40
[INFO] [stdout]   27:     0x60ac31819257 - std::panicking::try::h3824d23db772a716
[INFO] [stdout]                                at /rustc/df4ca44d3fbc9301ee17f30f4d474e6ae4b05252/library/std/src/panicking.rs:520:19
[INFO] [stdout]   28:     0x60ac31819257 - std::panic::catch_unwind::h5afd514605fde46b
[INFO] [stdout]                                at /rustc/df4ca44d3fbc9301ee17f30f4d474e6ae4b05252/library/std/src/panic.rs:358:14
[INFO] [stdout]   29:     0x60ac31819257 - test::run_test_in_process::h0d5cbfa7067d1720
[INFO] [stdout]                                at /rustc/df4ca44d3fbc9301ee17f30f4d474e6ae4b05252/library/test/src/lib.rs:644:27
[INFO] [stdout]   30:     0x60ac31819257 - test::run_test::{{closure}}::h708eb8872708115d
[INFO] [stdout]                                at /rustc/df4ca44d3fbc9301ee17f30f4d474e6ae4b05252/library/test/src/lib.rs:565:43
[INFO] [stdout]   31:     0x60ac317dc974 - test::run_test::{{closure}}::h392c51cee94713ab
[INFO] [stdout]                                at /rustc/df4ca44d3fbc9301ee17f30f4d474e6ae4b05252/library/test/src/lib.rs:595:41
[INFO] [stdout]   32:     0x60ac317dc974 - std::sys::backtrace::__rust_begin_short_backtrace::h2f40290710935a8b
[INFO] [stdout]                                at /rustc/df4ca44d3fbc9301ee17f30f4d474e6ae4b05252/library/std/src/sys/backtrace.rs:154:18
[INFO] [stdout]   33:     0x60ac317e011e - std::thread::Builder::spawn_unchecked_::{{closure}}::{{closure}}::h3fd968d89053a903
[INFO] [stdout]                                at /rustc/df4ca44d3fbc9301ee17f30f4d474e6ae4b05252/library/std/src/thread/mod.rs:541:17
[INFO] [stdout]   34:     0x60ac317e011e - <core::panic::unwind_safe::AssertUnwindSafe<F> as core::ops::function::FnOnce<()>>::call_once::h743f637ba4229880
[INFO] [stdout]                                at /rustc/df4ca44d3fbc9301ee17f30f4d474e6ae4b05252/library/core/src/panic/unwind_safe.rs:272:9
[INFO] [stdout]   35:     0x60ac317e011e - std::panicking::try::do_call::h07440897322525a6
[INFO] [stdout]                                at /rustc/df4ca44d3fbc9301ee17f30f4d474e6ae4b05252/library/std/src/panicking.rs:557:40
[INFO] [stdout]   36:     0x60ac317e011e - std::panicking::try::he5a2e00188156637
[INFO] [stdout]                                at /rustc/df4ca44d3fbc9301ee17f30f4d474e6ae4b05252/library/std/src/panicking.rs:520:19
[INFO] [stdout]   37:     0x60ac317e011e - std::panic::catch_unwind::hbaf3cae49b3c6433
[INFO] [stdout]                                at /rustc/df4ca44d3fbc9301ee17f30f4d474e6ae4b05252/library/std/src/panic.rs:358:14
[INFO] [stdout]   38:     0x60ac317e011e - std::thread::Builder::spawn_unchecked_::{{closure}}::h8e141ea224820bce
[INFO] [stdout]                                at /rustc/df4ca44d3fbc9301ee17f30f4d474e6ae4b05252/library/std/src/thread/mod.rs:540:30
[INFO] [stdout]   39:     0x60ac317e011e - core::ops::function::FnOnce::call_once{{vtable.shim}}::h90d312fedd7b8ea8
[INFO] [stdout]                                at /rustc/df4ca44d3fbc9301ee17f30f4d474e6ae4b05252/library/core/src/ops/function.rs:250:5
[INFO] [stdout]   40:     0x60ac31b9ba4b - <alloc::boxed::Box<F,A> as core::ops::function::FnOnce<Args>>::call_once::h69aa08ddb6adb8b6
[INFO] [stdout]                                at /rustc/df4ca44d3fbc9301ee17f30f4d474e6ae4b05252/library/alloc/src/boxed.rs:2454:9
[INFO] [stdout]   41:     0x60ac31b9ba4b - <alloc::boxed::Box<F,A> as core::ops::function::FnOnce<Args>>::call_once::h5aa36efdb79c806f
[INFO] [stdout]                                at /rustc/df4ca44d3fbc9301ee17f30f4d474e6ae4b05252/library/alloc/src/boxed.rs:2454:9
[INFO] [stdout]   42:     0x60ac31b9ba4b - std::sys::pal::unix::thread::Thread::new::thread_start::h6cd80a1b4be5158d
[INFO] [stdout]                                at /rustc/df4ca44d3fbc9301ee17f30f4d474e6ae4b05252/library/std/src/sys/pal/unix/thread.rs:105:17
[INFO] [stdout]   43:     0x7b1198f55ac3 - <unknown>
[INFO] [stdout]   44:     0x7b1198fe6a04 - clone
[INFO] [stdout]   45:                0x0 - <unknown>
[INFO] [stdout] 
[INFO] [stdout] ---- domain::table::manipulation::example_manipulation_tests_from_rulebook::multiple_split stdout ----
[INFO] [stdout] thread 'domain::table::manipulation::example_manipulation_tests_from_rulebook::multiple_split' panicked at src/domain/table/manipulation.rs:354:9:
[INFO] [stdout] assertion failed: actual_rack.is_empty()
[INFO] [stdout] stack backtrace:
[INFO] [stdout]    0:     0x60ac31b95daa - std::backtrace_rs::backtrace::libunwind::trace::h207520d6e9873551
[INFO] [stdout]                                at /rustc/df4ca44d3fbc9301ee17f30f4d474e6ae4b05252/library/std/src/../../backtrace/src/backtrace/libunwind.rs:116:5
[INFO] [stdout]    1:     0x60ac31b95daa - std::backtrace_rs::backtrace::trace_unsynchronized::h2ed7433f370e3eca
[INFO] [stdout]                                at /rustc/df4ca44d3fbc9301ee17f30f4d474e6ae4b05252/library/std/src/../../backtrace/src/backtrace/mod.rs:66:5
[INFO] [stdout]    2:     0x60ac31b95daa - std::sys::backtrace::_print_fmt::h916fac51166b18d7
[INFO] [stdout]                                at /rustc/df4ca44d3fbc9301ee17f30f4d474e6ae4b05252/library/std/src/sys/backtrace.rs:66:9
[INFO] [stdout]    3:     0x60ac31b95daa - <std::sys::backtrace::BacktraceLock::print::DisplayBacktrace as core::fmt::Display>::fmt::ha0a4c9b8ce3802e6
[INFO] [stdout]                                at /rustc/df4ca44d3fbc9301ee17f30f4d474e6ae4b05252/library/std/src/sys/backtrace.rs:39:26
[INFO] [stdout]    4:     0x60ac31bc03b3 - core::fmt::rt::Argument::fmt::h4cfc8587d52b3eb5
[INFO] [stdout]                                at /rustc/df4ca44d3fbc9301ee17f30f4d474e6ae4b05252/library/core/src/fmt/rt.rs:177:76
[INFO] [stdout]    5:     0x60ac31bc03b3 - core::fmt::write::h522cc39e5b36ae9f
[INFO] [stdout]                                at /rustc/df4ca44d3fbc9301ee17f30f4d474e6ae4b05252/library/core/src/fmt/mod.rs:1190:21
[INFO] [stdout]    6:     0x60ac31b91bf3 - std::io::Write::write_fmt::h7d3c26752da97734
[INFO] [stdout]                                at /rustc/df4ca44d3fbc9301ee17f30f4d474e6ae4b05252/library/std/src/io/mod.rs:1839:15
[INFO] [stdout]    7:     0x60ac31b95bf2 - std::sys::backtrace::BacktraceLock::print::h4b9e00b29e9c0942
[INFO] [stdout]                                at /rustc/df4ca44d3fbc9301ee17f30f4d474e6ae4b05252/library/std/src/sys/backtrace.rs:42:9
[INFO] [stdout]    8:     0x60ac31b9723a - std::panicking::default_hook::{{closure}}::hb59b88280d0324d9
[INFO] [stdout]                                at /rustc/df4ca44d3fbc9301ee17f30f4d474e6ae4b05252/library/std/src/panicking.rs:268:22
[INFO] [stdout]    9:     0x60ac31b97044 - std::panicking::default_hook::he1dd496665be4a29
[INFO] [stdout]                                at /rustc/df4ca44d3fbc9301ee17f30f4d474e6ae4b05252/library/std/src/panicking.rs:292:9
[INFO] [stdout]   10:     0x60ac31815009 - <alloc::boxed::Box<F,A> as core::ops::function::Fn<Args>>::call::h4ff71de18744e1dc
[INFO] [stdout]                                at /rustc/df4ca44d3fbc9301ee17f30f4d474e6ae4b05252/library/alloc/src/boxed.rs:2468:9
[INFO] [stdout]   11:     0x60ac31815009 - test::test_main::{{closure}}::hcf7c055ce117aa81
[INFO] [stdout]                                at /rustc/df4ca44d3fbc9301ee17f30f4d474e6ae4b05252/library/test/src/lib.rs:133:21
[INFO] [stdout]   12:     0x60ac31b97938 - <alloc::boxed::Box<F,A> as core::ops::function::Fn<Args>>::call::h1d66c6bbd60c9692
[INFO] [stdout]                                at /rustc/df4ca44d3fbc9301ee17f30f4d474e6ae4b05252/library/alloc/src/boxed.rs:2468:9
[INFO] [stdout]   13:     0x60ac31b97938 - std::panicking::rust_panic_with_hook::h2ff17fe8f26dfcf8
[INFO] [stdout]                                at /rustc/df4ca44d3fbc9301ee17f30f4d474e6ae4b05252/library/std/src/panicking.rs:809:13
[INFO] [stdout]   14:     0x60ac31b976c6 - std::panicking::begin_panic_handler::{{closure}}::h4fad77951c07e101
[INFO] [stdout]                                at /rustc/df4ca44d3fbc9301ee17f30f4d474e6ae4b05252/library/std/src/panicking.rs:667:13
[INFO] [stdout]   15:     0x60ac31b96289 - std::sys::backtrace::__rust_end_short_backtrace::hb1a25b3da5d0ea08
[INFO] [stdout]                                at /rustc/df4ca44d3fbc9301ee17f30f4d474e6ae4b05252/library/std/src/sys/backtrace.rs:170:18
[INFO] [stdout]   16:     0x60ac31b9738c - rust_begin_unwind
[INFO] [stdout]                                at /rustc/df4ca44d3fbc9301ee17f30f4d474e6ae4b05252/library/std/src/panicking.rs:665:5
[INFO] [stdout]   17:     0x60ac31bbe060 - core::panicking::panic_fmt::ha9db07b529f9b256
[INFO] [stdout]                                at /rustc/df4ca44d3fbc9301ee17f30f4d474e6ae4b05252/library/core/src/panicking.rs:75:14
[INFO] [stdout]   18:     0x60ac31bbe0ec - core::panicking::panic::h993086813d94accc
[INFO] [stdout]                                at /rustc/df4ca44d3fbc9301ee17f30f4d474e6ae4b05252/library/core/src/panicking.rs:152:5
[INFO] [stdout]   19:     0x60ac317d3774 - rustikub::domain::table::manipulation::example_manipulation_tests_from_rulebook::multiple_split::h539dce040a7c0c5d
[INFO] [stdout]                                at /opt/rustwide/workdir/src/domain/table/manipulation.rs:354:9
[INFO] [stdout]   20:     0x60ac317d2927 - rustikub::domain::table::manipulation::example_manipulation_tests_from_rulebook::multiple_split::{{closure}}::h1b77336807a16046
[INFO] [stdout]                                at /opt/rustwide/workdir/src/domain/table/manipulation.rs:327:28
[INFO] [stdout]   21:     0x60ac31783ff6 - core::ops::function::FnOnce::call_once::hff7aa49c8acc20ed
[INFO] [stdout]                                at /rustc/df4ca44d3fbc9301ee17f30f4d474e6ae4b05252/library/core/src/ops/function.rs:250:5
[INFO] [stdout]   22:     0x60ac318198db - core::ops::function::FnOnce::call_once::h22c3ba5715e93f05
[INFO] [stdout]                                at /rustc/df4ca44d3fbc9301ee17f30f4d474e6ae4b05252/library/core/src/ops/function.rs:250:5
[INFO] [stdout]   23:     0x60ac318198db - test::__rust_begin_short_backtrace::h8e82d8113d0da17f
[INFO] [stdout]                                at /rustc/df4ca44d3fbc9301ee17f30f4d474e6ae4b05252/library/test/src/lib.rs:621:18
[INFO] [stdout]   24:     0x60ac31819257 - test::run_test_in_process::{{closure}}::h33235f4f20b7b7c7
[INFO] [stdout]                                at /rustc/df4ca44d3fbc9301ee17f30f4d474e6ae4b05252/library/test/src/lib.rs:644:60
[INFO] [stdout]   25:     0x60ac31819257 - <core::panic::unwind_safe::AssertUnwindSafe<F> as core::ops::function::FnOnce<()>>::call_once::hb5043206310c586f
[INFO] [stdout]                                at /rustc/df4ca44d3fbc9301ee17f30f4d474e6ae4b05252/library/core/src/panic/unwind_safe.rs:272:9
[INFO] [stdout]   26:     0x60ac31819257 - std::panicking::try::do_call::h9ad4731a60ab23e2
[INFO] [stdout]                                at /rustc/df4ca44d3fbc9301ee17f30f4d474e6ae4b05252/library/std/src/panicking.rs:557:40
[INFO] [stdout]   27:     0x60ac31819257 - std::panicking::try::h3824d23db772a716
[INFO] [stdout]                                at /rustc/df4ca44d3fbc9301ee17f30f4d474e6ae4b05252/library/std/src/panicking.rs:520:19
[INFO] [stdout]   28:     0x60ac31819257 - std::panic::catch_unwind::h5afd514605fde46b
[INFO] [stdout]                                at /rustc/df4ca44d3fbc9301ee17f30f4d474e6ae4b05252/library/std/src/panic.rs:358:14
[INFO] [stdout]   29:     0x60ac31819257 - test::run_test_in_process::h0d5cbfa7067d1720
[INFO] [stdout]                                at /rustc/df4ca44d3fbc9301ee17f30f4d474e6ae4b05252/library/test/src/lib.rs:644:27
[INFO] [stdout]   30:     0x60ac31819257 - test::run_test::{{closure}}::h708eb8872708115d
[INFO] [stdout]                                at /rustc/df4ca44d3fbc9301ee17f30f4d474e6ae4b05252/library/test/src/lib.rs:565:43
[INFO] [stdout]   31:     0x60ac317dc974 - test::run_test::{{closure}}::h392c51cee94713ab
[INFO] [stdout]                                at /rustc/df4ca44d3fbc9301ee17f30f4d474e6ae4b05252/library/test/src/lib.rs:595:41
[INFO] [stdout]   32:     0x60ac317dc974 - std::sys::backtrace::__rust_begin_short_backtrace::h2f40290710935a8b
[INFO] [stdout]                                at /rustc/df4ca44d3fbc9301ee17f30f4d474e6ae4b05252/library/std/src/sys/backtrace.rs:154:18
[INFO] [stdout]   33:     0x60ac317e011e - std::thread::Builder::spawn_unchecked_::{{closure}}::{{closure}}::h3fd968d89053a903
[INFO] [stdout]                                at /rustc/df4ca44d3fbc9301ee17f30f4d474e6ae4b05252/library/std/src/thread/mod.rs:541:17
[INFO] [stdout]   34:     0x60ac317e011e - <core::panic::unwind_safe::AssertUnwindSafe<F> as core::ops::function::FnOnce<()>>::call_once::h743f637ba4229880
[INFO] [stdout]                                at /rustc/df4ca44d3fbc9301ee17f30f4d474e6ae4b05252/library/core/src/panic/unwind_safe.rs:272:9
[INFO] [stdout]   35:     0x60ac317e011e - std::panicking::try::do_call::h07440897322525a6
[INFO] [stdout]                                at /rustc/df4ca44d3fbc9301ee17f30f4d474e6ae4b05252/library/std/src/panicking.rs:557:40
[INFO] [stdout]   36:     0x60ac317e011e - std::panicking::try::he5a2e00188156637
[INFO] [stdout]                                at /rustc/df4ca44d3fbc9301ee17f30f4d474e6ae4b05252/library/std/src/panicking.rs:520:19
[INFO] [stdout]   37:     0x60ac317e011e - std::panic::catch_unwind::hbaf3cae49b3c6433
[INFO] [stdout]                                at /rustc/df4ca44d3fbc9301ee17f30f4d474e6ae4b05252/library/std/src/panic.rs:358:14
[INFO] [stdout]   38:     0x60ac317e011e - std::thread::Builder::spawn_unchecked_::{{closure}}::h8e141ea224820bce
[INFO] [stdout]                                at /rustc/df4ca44d3fbc9301ee17f30f4d474e6ae4b05252/library/std/src/thread/mod.rs:540:30
[INFO] [stdout]   39:     0x60ac317e011e - core::ops::function::FnOnce::call_once{{vtable.shim}}::h90d312fedd7b8ea8
[INFO] [stdout]                                at /rustc/df4ca44d3fbc9301ee17f30f4d474e6ae4b05252/library/core/src/ops/function.rs:250:5
[INFO] [stdout]   40:     0x60ac31b9ba4b - <alloc::boxed::Box<F,A> as core::ops::function::FnOnce<Args>>::call_once::h69aa08ddb6adb8b6
[INFO] [stdout]                                at /rustc/df4ca44d3fbc9301ee17f30f4d474e6ae4b05252/library/alloc/src/boxed.rs:2454:9
[INFO] [stdout]   41:     0x60ac31b9ba4b - <alloc::boxed::Box<F,A> as core::ops::function::FnOnce<Args>>::call_once::h5aa36efdb79c806f
[INFO] [stdout]                                at /rustc/df4ca44d3fbc9301ee17f30f4d474e6ae4b05252/library/alloc/src/boxed.rs:2454:9
[INFO] [stdout]   42:     0x60ac31b9ba4b - std::sys::pal::unix::thread::Thread::new::thread_start::h6cd80a1b4be5158d
[INFO] [stdout]                                at /rustc/df4ca44d3fbc9301ee17f30f4d474e6ae4b05252/library/std/src/sys/pal/unix/thread.rs:105:17
[INFO] [stdout]   43:     0x7b1198f55ac3 - <unknown>
[INFO] [stdout]   44:     0x7b1198fe6a04 - clone
[INFO] [stdout]   45:                0x0 - <unknown>
[INFO] [stdout] 
[INFO] [stdout] ---- domain::table::manipulation::example_manipulation_tests_from_rulebook::splitting_a_run stdout ----
[INFO] [stdout] thread 'domain::table::manipulation::example_manipulation_tests_from_rulebook::splitting_a_run' panicked at src/domain/table/manipulation.rs:293:9:
[INFO] [stdout] assertion `left == right` failed
[INFO] [stdout]   left: FaceUpTiles { sets: [Run(Run { start: Four, end: Six, color: Red, jokers: {} }), Run(Run { start: Six, end: Eight, color: Red, jokers: {} })] }
[INFO] [stdout]  right: FaceUpTiles { sets: [Run(Run { start: Six, end: Eight, color: Red, jokers: {} }), Run(Run { start: Four, end: Six, color: Red, jokers: {} })] }
[INFO] [stdout] stack backtrace:
[INFO] [stdout]    0:     0x60ac31b95daa - std::backtrace_rs::backtrace::libunwind::trace::h207520d6e9873551
[INFO] [stdout]                                at /rustc/df4ca44d3fbc9301ee17f30f4d474e6ae4b05252/library/std/src/../../backtrace/src/backtrace/libunwind.rs:116:5
[INFO] [stdout]    1:     0x60ac31b95daa - std::backtrace_rs::backtrace::trace_unsynchronized::h2ed7433f370e3eca
[INFO] [stdout]                                at /rustc/df4ca44d3fbc9301ee17f30f4d474e6ae4b05252/library/std/src/../../backtrace/src/backtrace/mod.rs:66:5
[INFO] [stdout]    2:     0x60ac31b95daa - std::sys::backtrace::_print_fmt::h916fac51166b18d7
[INFO] [stdout]                                at /rustc/df4ca44d3fbc9301ee17f30f4d474e6ae4b05252/library/std/src/sys/backtrace.rs:66:9
[INFO] [stdout]    3:     0x60ac31b95daa - <std::sys::backtrace::BacktraceLock::print::DisplayBacktrace as core::fmt::Display>::fmt::ha0a4c9b8ce3802e6
[INFO] [stdout]                                at /rustc/df4ca44d3fbc9301ee17f30f4d474e6ae4b05252/library/std/src/sys/backtrace.rs:39:26
[INFO] [stdout]    4:     0x60ac31bc03b3 - core::fmt::rt::Argument::fmt::h4cfc8587d52b3eb5
[INFO] [stdout]                                at /rustc/df4ca44d3fbc9301ee17f30f4d474e6ae4b05252/library/core/src/fmt/rt.rs:177:76
[INFO] [stdout]    5:     0x60ac31bc03b3 - core::fmt::write::h522cc39e5b36ae9f
[INFO] [stdout]                                at /rustc/df4ca44d3fbc9301ee17f30f4d474e6ae4b05252/library/core/src/fmt/mod.rs:1190:21
[INFO] [stdout]    6:     0x60ac31b91bf3 - std::io::Write::write_fmt::h7d3c26752da97734
[INFO] [stdout]                                at /rustc/df4ca44d3fbc9301ee17f30f4d474e6ae4b05252/library/std/src/io/mod.rs:1839:15
[INFO] [stdout]    7:     0x60ac31b95bf2 - std::sys::backtrace::BacktraceLock::print::h4b9e00b29e9c0942
[INFO] [stdout]                                at /rustc/df4ca44d3fbc9301ee17f30f4d474e6ae4b05252/library/std/src/sys/backtrace.rs:42:9
[INFO] [stdout]    8:     0x60ac31b9723a - std::panicking::default_hook::{{closure}}::hb59b88280d0324d9
[INFO] [stdout]                                at /rustc/df4ca44d3fbc9301ee17f30f4d474e6ae4b05252/library/std/src/panicking.rs:268:22
[INFO] [stdout]    9:     0x60ac31b97044 - std::panicking::default_hook::he1dd496665be4a29
[INFO] [stdout]                                at /rustc/df4ca44d3fbc9301ee17f30f4d474e6ae4b05252/library/std/src/panicking.rs:292:9
[INFO] [stdout]   10:     0x60ac31815009 - <alloc::boxed::Box<F,A> as core::ops::function::Fn<Args>>::call::h4ff71de18744e1dc
[INFO] [stdout]                                at /rustc/df4ca44d3fbc9301ee17f30f4d474e6ae4b05252/library/alloc/src/boxed.rs:2468:9
[INFO] [stdout]   11:     0x60ac31815009 - test::test_main::{{closure}}::hcf7c055ce117aa81
[INFO] [stdout]                                at /rustc/df4ca44d3fbc9301ee17f30f4d474e6ae4b05252/library/test/src/lib.rs:133:21
[INFO] [stdout]   12:     0x60ac31b97938 - <alloc::boxed::Box<F,A> as core::ops::function::Fn<Args>>::call::h1d66c6bbd60c9692
[INFO] [stdout]                                at /rustc/df4ca44d3fbc9301ee17f30f4d474e6ae4b05252/library/alloc/src/boxed.rs:2468:9
[INFO] [stdout]   13:     0x60ac31b97938 - std::panicking::rust_panic_with_hook::h2ff17fe8f26dfcf8
[INFO] [stdout]                                at /rustc/df4ca44d3fbc9301ee17f30f4d474e6ae4b05252/library/std/src/panicking.rs:809:13
[INFO] [stdout]   14:     0x60ac31b976fa - std::panicking::begin_panic_handler::{{closure}}::h4fad77951c07e101
[INFO] [stdout]                                at /rustc/df4ca44d3fbc9301ee17f30f4d474e6ae4b05252/library/std/src/panicking.rs:674:13
[INFO] [stdout]   15:     0x60ac31b96289 - std::sys::backtrace::__rust_end_short_backtrace::hb1a25b3da5d0ea08
[INFO] [stdout]                                at /rustc/df4ca44d3fbc9301ee17f30f4d474e6ae4b05252/library/std/src/sys/backtrace.rs:170:18
[INFO] [stdout]   16:     0x60ac31b9738c - rust_begin_unwind
[INFO] [stdout]                                at /rustc/df4ca44d3fbc9301ee17f30f4d474e6ae4b05252/library/std/src/panicking.rs:665:5
[INFO] [stdout]   17:     0x60ac31bbe060 - core::panicking::panic_fmt::ha9db07b529f9b256
[INFO] [stdout]                                at /rustc/df4ca44d3fbc9301ee17f30f4d474e6ae4b05252/library/core/src/panicking.rs:75:14
[INFO] [stdout]   18:     0x60ac31bbe48c - core::panicking::assert_failed_inner::h04f38944d74a80a8
[INFO] [stdout]   19:     0x60ac3175b764 - core::panicking::assert_failed::he39e788fae131828
[INFO] [stdout]                                at /rustc/df4ca44d3fbc9301ee17f30f4d474e6ae4b05252/library/core/src/panicking.rs:377:5
[INFO] [stdout]   20:     0x60ac317d1ab5 - rustikub::domain::table::manipulation::example_manipulation_tests_from_rulebook::splitting_a_run::h9e93d85bd78d3d8c
[INFO] [stdout]                                at /opt/rustwide/workdir/src/domain/table/manipulation.rs:293:9
[INFO] [stdout]   21:     0x60ac317d1307 - rustikub::domain::table::manipulation::example_manipulation_tests_from_rulebook::splitting_a_run::{{closure}}::h65773dd1ab34c529
[INFO] [stdout]                                at /opt/rustwide/workdir/src/domain/table/manipulation.rs:275:29
[INFO] [stdout]   22:     0x60ac31783886 - core::ops::function::FnOnce::call_once::hbb8827c777ccf862
[INFO] [stdout]                                at /rustc/df4ca44d3fbc9301ee17f30f4d474e6ae4b05252/library/core/src/ops/function.rs:250:5
[INFO] [stdout]   23:     0x60ac318198db - core::ops::function::FnOnce::call_once::h22c3ba5715e93f05
[INFO] [stdout]                                at /rustc/df4ca44d3fbc9301ee17f30f4d474e6ae4b05252/library/core/src/ops/function.rs:250:5
[INFO] [stdout]   24:     0x60ac318198db - test::__rust_begin_short_backtrace::h8e82d8113d0da17f
[INFO] [stdout]                                at /rustc/df4ca44d3fbc9301ee17f30f4d474e6ae4b05252/library/test/src/lib.rs:621:18
[INFO] [stdout]   25:     0x60ac31819257 - test::run_test_in_process::{{closure}}::h33235f4f20b7b7c7
[INFO] [stdout]                                at /rustc/df4ca44d3fbc9301ee17f30f4d474e6ae4b05252/library/test/src/lib.rs:644:60
[INFO] [stdout]   26:     0x60ac31819257 - <core::panic::unwind_safe::AssertUnwindSafe<F> as core::ops::function::FnOnce<()>>::call_once::hb5043206310c586f
[INFO] [stdout]                                at /rustc/df4ca44d3fbc9301ee17f30f4d474e6ae4b05252/library/core/src/panic/unwind_safe.rs:272:9
[INFO] [stdout]   27:     0x60ac31819257 - std::panicking::try::do_call::h9ad4731a60ab23e2
[INFO] [stdout]                                at /rustc/df4ca44d3fbc9301ee17f30f4d474e6ae4b05252/library/std/src/panicking.rs:557:40
[INFO] [stdout]   28:     0x60ac31819257 - std::panicking::try::h3824d23db772a716
[INFO] [stdout]                                at /rustc/df4ca44d3fbc9301ee17f30f4d474e6ae4b05252/library/std/src/panicking.rs:520:19
[INFO] [stdout]   29:     0x60ac31819257 - std::panic::catch_unwind::h5afd514605fde46b
[INFO] [stdout]                                at /rustc/df4ca44d3fbc9301ee17f30f4d474e6ae4b05252/library/std/src/panic.rs:358:14
[INFO] [stdout]   30:     0x60ac31819257 - test::run_test_in_process::h0d5cbfa7067d1720
[INFO] [stdout]                                at /rustc/df4ca44d3fbc9301ee17f30f4d474e6ae4b05252/library/test/src/lib.rs:644:27
[INFO] [stdout]   31:     0x60ac31819257 - test::run_test::{{closure}}::h708eb8872708115d
[INFO] [stdout]                                at /rustc/df4ca44d3fbc9301ee17f30f4d474e6ae4b05252/library/test/src/lib.rs:565:43
[INFO] [stdout]   32:     0x60ac317dc974 - test::run_test::{{closure}}::h392c51cee94713ab
[INFO] [stdout]                                at /rustc/df4ca44d3fbc9301ee17f30f4d474e6ae4b05252/library/test/src/lib.rs:595:41
[INFO] [stdout]   33:     0x60ac317dc974 - std::sys::backtrace::__rust_begin_short_backtrace::h2f40290710935a8b
[INFO] [stdout]                                at /rustc/df4ca44d3fbc9301ee17f30f4d474e6ae4b05252/library/std/src/sys/backtrace.rs:154:18
[INFO] [stdout]   34:     0x60ac317e011e - std::thread::Builder::spawn_unchecked_::{{closure}}::{{closure}}::h3fd968d89053a903
[INFO] [stdout]                                at /rustc/df4ca44d3fbc9301ee17f30f4d474e6ae4b05252/library/std/src/thread/mod.rs:541:17
[INFO] [stdout]   35:     0x60ac317e011e - <core::panic::unwind_safe::AssertUnwindSafe<F> as core::ops::function::FnOnce<()>>::call_once::h743f637ba4229880
[INFO] [stdout]                                at /rustc/df4ca44d3fbc9301ee17f30f4d474e6ae4b05252/library/core/src/panic/unwind_safe.rs:272:9
[INFO] [stdout]   36:     0x60ac317e011e - std::panicking::try::do_call::h07440897322525a6
[INFO] [stdout]                                at /rustc/df4ca44d3fbc9301ee17f30f4d474e6ae4b05252/library/std/src/panicking.rs:557:40
[INFO] [stdout]   37:     0x60ac317e011e - std::panicking::try::he5a2e00188156637
[INFO] [stdout]                                at /rustc/df4ca44d3fbc9301ee17f30f4d474e6ae4b05252/library/std/src/panicking.rs:520:19
[INFO] [stdout]   38:     0x60ac317e011e - std::panic::catch_unwind::hbaf3cae49b3c6433
[INFO] [stdout]                                at /rustc/df4ca44d3fbc9301ee17f30f4d474e6ae4b05252/library/std/src/panic.rs:358:14
[INFO] [stdout]   39:     0x60ac317e011e - std::thread::Builder::spawn_unchecked_::{{closure}}::h8e141ea224820bce
[INFO] [stdout]                                at /rustc/df4ca44d3fbc9301ee17f30f4d474e6ae4b05252/library/std/src/thread/mod.rs:540:30
[INFO] [stdout]   40:     0x60ac317e011e - core::ops::function::FnOnce::call_once{{vtable.shim}}::h90d312fedd7b8ea8
[INFO] [stdout]                                at /rustc/df4ca44d3fbc9301ee17f30f4d474e6ae4b05252/library/core/src/ops/function.rs:250:5
[INFO] [stdout]   41:     0x60ac31b9ba4b - <alloc::boxed::Box<F,A> as core::ops::function::FnOnce<Args>>::call_once::h69aa08ddb6adb8b6
[INFO] [stdout]                                at /rustc/df4ca44d3fbc9301ee17f30f4d474e6ae4b05252/library/alloc/src/boxed.rs:2454:9
[INFO] [stdout]   42:     0x60ac31b9ba4b - <alloc::boxed::Box<F,A> as core::ops::function::FnOnce<Args>>::call_once::h5aa36efdb79c806f
[INFO] [stdout]                                at /rustc/df4ca44d3fbc9301ee17f30f4d474e6ae4b05252/library/alloc/src/boxed.rs:2454:9
[INFO] [stdout]   43:     0x60ac31b9ba4b - std::sys::pal::unix::thread::Thread::new::thread_start::h6cd80a1b4be5158d
[INFO] [stdout]                                at /rustc/df4ca44d3fbc9301ee17f30f4d474e6ae4b05252/library/std/src/sys/pal/unix/thread.rs:105:17
[INFO] [stdout]   44:     0x7b1198f55ac3 - <unknown>
[INFO] [stdout]   45:     0x7b1198fe6a04 - clone
[INFO] [stdout]   46:                0x0 - <unknown>
[INFO] [stdout] 
[INFO] [stdout] ---- domain::table::manipulation::example_manipulation_tests_from_rulebook::remove_and_use_fourth_to_create_new_set stdout ----
[INFO] [stdout] thread 'domain::table::manipulation::example_manipulation_tests_from_rulebook::remove_and_use_fourth_to_create_new_set' panicked at src/domain/table/manipulation.rs:236:9:
[INFO] [stdout] assertion failed: actual.is_some()
[INFO] [stdout] stack backtrace:
[INFO] [stdout]    0:     0x60ac31b95daa - std::backtrace_rs::backtrace::libunwind::trace::h207520d6e9873551
[INFO] [stdout]                                at /rustc/df4ca44d3fbc9301ee17f30f4d474e6ae4b05252/library/std/src/../../backtrace/src/backtrace/libunwind.rs:116:5
[INFO] [stdout]    1:     0x60ac31b95daa - std::backtrace_rs::backtrace::trace_unsynchronized::h2ed7433f370e3eca
[INFO] [stdout]                                at /rustc/df4ca44d3fbc9301ee17f30f4d474e6ae4b05252/library/std/src/../../backtrace/src/backtrace/mod.rs:66:5
[INFO] [stdout]    2:     0x60ac31b95daa - std::sys::backtrace::_print_fmt::h916fac51166b18d7
[INFO] [stdout]                                at /rustc/df4ca44d3fbc9301ee17f30f4d474e6ae4b05252/library/std/src/sys/backtrace.rs:66:9
[INFO] [stdout]    3:     0x60ac31b95daa - <std::sys::backtrace::BacktraceLock::print::DisplayBacktrace as core::fmt::Display>::fmt::ha0a4c9b8ce3802e6
[INFO] [stdout]                                at /rustc/df4ca44d3fbc9301ee17f30f4d474e6ae4b05252/library/std/src/sys/backtrace.rs:39:26
[INFO] [stdout]    4:     0x60ac31bc03b3 - core::fmt::rt::Argument::fmt::h4cfc8587d52b3eb5
[INFO] [stdout]                                at /rustc/df4ca44d3fbc9301ee17f30f4d474e6ae4b05252/library/core/src/fmt/rt.rs:177:76
[INFO] [stdout]    5:     0x60ac31bc03b3 - core::fmt::write::h522cc39e5b36ae9f
[INFO] [stdout]                                at /rustc/df4ca44d3fbc9301ee17f30f4d474e6ae4b05252/library/core/src/fmt/mod.rs:1190:21
[INFO] [stdout]    6:     0x60ac31b91bf3 - std::io::Write::write_fmt::h7d3c26752da97734
[INFO] [stdout]                                at /rustc/df4ca44d3fbc9301ee17f30f4d474e6ae4b05252/library/std/src/io/mod.rs:1839:15
[INFO] [stdout]    7:     0x60ac31b95bf2 - std::sys::backtrace::BacktraceLock::print::h4b9e00b29e9c0942
[INFO] [stdout]                                at /rustc/df4ca44d3fbc9301ee17f30f4d474e6ae4b05252/library/std/src/sys/backtrace.rs:42:9
[INFO] [stdout]    8:     0x60ac31b9723a - std::panicking::default_hook::{{closure}}::hb59b88280d0324d9
[INFO] [stdout]                                at /rustc/df4ca44d3fbc9301ee17f30f4d474e6ae4b05252/library/std/src/panicking.rs:268:22
[INFO] [stdout]    9:     0x60ac31b97044 - std::panicking::default_hook::he1dd496665be4a29
[INFO] [stdout]                                at /rustc/df4ca44d3fbc9301ee17f30f4d474e6ae4b05252/library/std/src/panicking.rs:292:9
[INFO] [stdout]   10:     0x60ac31815009 - <alloc::boxed::Box<F,A> as core::ops::function::Fn<Args>>::call::h4ff71de18744e1dc
[INFO] [stdout]                                at /rustc/df4ca44d3fbc9301ee17f30f4d474e6ae4b05252/library/alloc/src/boxed.rs:2468:9
[INFO] [stdout]   11:     0x60ac31815009 - test::test_main::{{closure}}::hcf7c055ce117aa81
[INFO] [stdout]                                at /rustc/df4ca44d3fbc9301ee17f30f4d474e6ae4b05252/library/test/src/lib.rs:133:21
[INFO] [stdout]   12:     0x60ac31b97938 - <alloc::boxed::Box<F,A> as core::ops::function::Fn<Args>>::call::h1d66c6bbd60c9692
[INFO] [stdout]                                at /rustc/df4ca44d3fbc9301ee17f30f4d474e6ae4b05252/library/alloc/src/boxed.rs:2468:9
[INFO] [stdout]   13:     0x60ac31b97938 - std::panicking::rust_panic_with_hook::h2ff17fe8f26dfcf8
[INFO] [stdout]                                at /rustc/df4ca44d3fbc9301ee17f30f4d474e6ae4b05252/library/std/src/panicking.rs:809:13
[INFO] [stdout]   14:     0x60ac31b976c6 - std::panicking::begin_panic_handler::{{closure}}::h4fad77951c07e101
[INFO] [stdout]                                at /rustc/df4ca44d3fbc9301ee17f30f4d474e6ae4b05252/library/std/src/panicking.rs:667:13
[INFO] [stdout]   15:     0x60ac31b96289 - std::sys::backtrace::__rust_end_short_backtrace::hb1a25b3da5d0ea08
[INFO] [stdout]                                at /rustc/df4ca44d3fbc9301ee17f30f4d474e6ae4b05252/library/std/src/sys/backtrace.rs:170:18
[INFO] [stdout]   16:     0x60ac31b9738c - rust_begin_unwind
[INFO] [stdout]                                at /rustc/df4ca44d3fbc9301ee17f30f4d474e6ae4b05252/library/std/src/panicking.rs:665:5
[INFO] [stdout]   17:     0x60ac31bbe060 - core::panicking::panic_fmt::ha9db07b529f9b256
[INFO] [stdout]                                at /rustc/df4ca44d3fbc9301ee17f30f4d474e6ae4b05252/library/core/src/panicking.rs:75:14
[INFO] [stdout]   18:     0x60ac31bbe0ec - core::panicking::panic::h993086813d94accc
[INFO] [stdout]                                at /rustc/df4ca44d3fbc9301ee17f30f4d474e6ae4b05252/library/core/src/panicking.rs:152:5
[INFO] [stdout]   19:     0x60ac317d06b0 - rustikub::domain::table::manipulation::example_manipulation_tests_from_rulebook::remove_and_use_fourth_to_create_new_set::ha7ea435f7c32f5be
[INFO] [stdout]                                at /opt/rustwide/workdir/src/domain/table/manipulation.rs:236:9
[INFO] [stdout]   20:     0x60ac317cff37 - rustikub::domain::table::manipulation::example_manipulation_tests_from_rulebook::remove_and_use_fourth_to_create_new_set::{{closure}}::h7e75e707a52e285a
[INFO] [stdout]                                at /opt/rustwide/workdir/src/domain/table/manipulation.rs:212:53
[INFO] [stdout]   21:     0x60ac31782ba6 - core::ops::function::FnOnce::call_once::h38a82feac27f52ae
[INFO] [stdout]                                at /rustc/df4ca44d3fbc9301ee17f30f4d474e6ae4b05252/library/core/src/ops/function.rs:250:5
[INFO] [stdout]   22:     0x60ac318198db - core::ops::function::FnOnce::call_once::h22c3ba5715e93f05
[INFO] [stdout]                                at /rustc/df4ca44d3fbc9301ee17f30f4d474e6ae4b05252/library/core/src/ops/function.rs:250:5
[INFO] [stdout]   23:     0x60ac318198db - test::__rust_begin_short_backtrace::h8e82d8113d0da17f
[INFO] [stdout]                                at /rustc/df4ca44d3fbc9301ee17f30f4d474e6ae4b05252/library/test/src/lib.rs:621:18
[INFO] [stdout]   24:     0x60ac31819257 - test::run_test_in_process::{{closure}}::h33235f4f20b7b7c7
[INFO] [stdout]                                at /rustc/df4ca44d3fbc9301ee17f30f4d474e6ae4b05252/library/test/src/lib.rs:644:60
[INFO] [stdout]   25:     0x60ac31819257 - <core::panic::unwind_safe::AssertUnwindSafe<F> as core::ops::function::FnOnce<()>>::call_once::hb5043206310c586f
[INFO] [stdout]                                at /rustc/df4ca44d3fbc9301ee17f30f4d474e6ae4b05252/library/core/src/panic/unwind_safe.rs:272:9
[INFO] [stdout]   26:     0x60ac31819257 - std::panicking::try::do_call::h9ad4731a60ab23e2
[INFO] [stdout]                                at /rustc/df4ca44d3fbc9301ee17f30f4d474e6ae4b05252/library/std/src/panicking.rs:557:40
[INFO] [stdout]   27:     0x60ac31819257 - std::panicking::try::h3824d23db772a716
[INFO] [stdout]                                at /rustc/df4ca44d3fbc9301ee17f30f4d474e6ae4b05252/library/std/src/panicking.rs:520:19
[INFO] [stdout]   28:     0x60ac31819257 - std::panic::catch_unwind::h5afd514605fde46b
[INFO] [stdout]                                at /rustc/df4ca44d3fbc9301ee17f30f4d474e6ae4b05252/library/std/src/panic.rs:358:14
[INFO] [stdout]   29:     0x60ac31819257 - test::run_test_in_process::h0d5cbfa7067d1720
[INFO] [stdout]                                at /rustc/df4ca44d3fbc9301ee17f30f4d474e6ae4b05252/library/test/src/lib.rs:644:27
[INFO] [stdout]   30:     0x60ac31819257 - test::run_test::{{closure}}::h708eb8872708115d
[INFO] [stdout]                                at /rustc/df4ca44d3fbc9301ee17f30f4d474e6ae4b05252/library/test/src/lib.rs:565:43
[INFO] [stdout]   31:     0x60ac317dc974 - test::run_test::{{closure}}::h392c51cee94713ab
[INFO] [stdout]                                at /rustc/df4ca44d3fbc9301ee17f30f4d474e6ae4b05252/library/test/src/lib.rs:595:41
[INFO] [stdout]   32:     0x60ac317dc974 - std::sys::backtrace::__rust_begin_short_backtrace::h2f40290710935a8b
[INFO] [stdout]                                at /rustc/df4ca44d3fbc9301ee17f30f4d474e6ae4b05252/library/std/src/sys/backtrace.rs:154:18
[INFO] [stdout]   33:     0x60ac317e011e - std::thread::Builder::spawn_unchecked_::{{closure}}::{{closure}}::h3fd968d89053a903
[INFO] [stdout]                                at /rustc/df4ca44d3fbc9301ee17f30f4d474e6ae4b05252/library/std/src/thread/mod.rs:541:17
[INFO] [stdout]   34:     0x60ac317e011e - <core::panic::unwind_safe::AssertUnwindSafe<F> as core::ops::function::FnOnce<()>>::call_once::h743f637ba4229880
[INFO] [stdout]                                at /rustc/df4ca44d3fbc9301ee17f30f4d474e6ae4b05252/library/core/src/panic/unwind_safe.rs:272:9
[INFO] [stdout]   35:     0x60ac317e011e - std::panicking::try::do_call::h07440897322525a6
[INFO] [stdout]                                at /rustc/df4ca44d3fbc9301ee17f30f4d474e6ae4b05252/library/std/src/panicking.rs:557:40
[INFO] [stdout]   36:     0x60ac317e011e - std::panicking::try::he5a2e00188156637
[INFO] [stdout]                                at /rustc/df4ca44d3fbc9301ee17f30f4d474e6ae4b05252/library/std/src/panicking.rs:520:19
[INFO] [stdout]   37:     0x60ac317e011e - std::panic::catch_unwind::hbaf3cae49b3c6433
[INFO] [stdout]                                at /rustc/df4ca44d3fbc9301ee17f30f4d474e6ae4b05252/library/std/src/panic.rs:358:14
[INFO] [stdout]   38:     0x60ac317e011e - std::thread::Builder::spawn_unchecked_::{{closure}}::h8e141ea224820bce
[INFO] [stdout]                                at /rustc/df4ca44d3fbc9301ee17f30f4d474e6ae4b05252/library/std/src/thread/mod.rs:540:30
[INFO] [stdout]   39:     0x60ac317e011e - core::ops::function::FnOnce::call_once{{vtable.shim}}::h90d312fedd7b8ea8
[INFO] [stdout]                                at /rustc/df4ca44d3fbc9301ee17f30f4d474e6ae4b05252/library/core/src/ops/function.rs:250:5
[INFO] [stdout]   40:     0x60ac31b9ba4b - <alloc::boxed::Box<F,A> as core::ops::function::FnOnce<Args>>::call_once::h69aa08ddb6adb8b6
[INFO] [stdout]                                at /rustc/df4ca44d3fbc9301ee17f30f4d474e6ae4b05252/library/alloc/src/boxed.rs:2454:9
[INFO] [stdout]   41:     0x60ac31b9ba4b - <alloc::boxed::Box<F,A> as core::ops::function::FnOnce<Args>>::call_once::h5aa36efdb79c806f
[INFO] [stdout]                                at /rustc/df4ca44d3fbc9301ee17f30f4d474e6ae4b05252/library/alloc/src/boxed.rs:2454:9
[INFO] [stdout]   42:     0x60ac31b9ba4b - std::sys::pal::unix::thread::Thread::new::thread_start::h6cd80a1b4be5158d
[INFO] [stdout]                                at /rustc/df4ca44d3fbc9301ee17f30f4d474e6ae4b05252/library/std/src/sys/pal/unix/thread.rs:105:17
[INFO] [stdout]   43:     0x7b1198f55ac3 - <unknown>
[INFO] [stdout]   44:     0x7b1198fe6a04 - clone
[INFO] [stdout]   45:                0x0 - <unknown>
[INFO] [stdout] 
[INFO] [stdout] ---- persistence::dto_adapters::basic_postgres_tests::connect_and_write stdout ----
[INFO] [stdout] thread 'persistence::dto_adapters::basic_postgres_tests::connect_and_write' panicked at src/persistence/dto_adapters.rs:54:14:
[INFO] [stdout] called `Result::unwrap()` on an `Err` value: Io(Os { code: 99, kind: AddrNotAvailable, message: "Cannot assign requested address" })
[INFO] [stdout] stack backtrace:
[INFO] [stdout]    0:     0x60ac31b95daa - std::backtrace_rs::backtrace::libunwind::trace::h207520d6e9873551
[INFO] [stdout]                                at /rustc/df4ca44d3fbc9301ee17f30f4d474e6ae4b05252/library/std/src/../../backtrace/src/backtrace/libunwind.rs:116:5
[INFO] [stdout]    1:     0x60ac31b95daa - std::backtrace_rs::backtrace::trace_unsynchronized::h2ed7433f370e3eca
[INFO] [stdout]                                at /rustc/df4ca44d3fbc9301ee17f30f4d474e6ae4b05252/library/std/src/../../backtrace/src/backtrace/mod.rs:66:5
[INFO] [stdout]    2:     0x60ac31b95daa - std::sys::backtrace::_print_fmt::h916fac51166b18d7
[INFO] [stdout]                                at /rustc/df4ca44d3fbc9301ee17f30f4d474e6ae4b05252/library/std/src/sys/backtrace.rs:66:9
[INFO] [stdout]    3:     0x60ac31b95daa - <std::sys::backtrace::BacktraceLock::print::DisplayBacktrace as core::fmt::Display>::fmt::ha0a4c9b8ce3802e6
[INFO] [stdout]                                at /rustc/df4ca44d3fbc9301ee17f30f4d474e6ae4b05252/library/std/src/sys/backtrace.rs:39:26
[INFO] [stdout]    4:     0x60ac31bc03b3 - core::fmt::rt::Argument::fmt::h4cfc8587d52b3eb5
[INFO] [stdout]                                at /rustc/df4ca44d3fbc9301ee17f30f4d474e6ae4b05252/library/core/src/fmt/rt.rs:177:76
[INFO] [stdout]    5:     0x60ac31bc03b3 - core::fmt::write::h522cc39e5b36ae9f
[INFO] [stdout]                                at /rustc/df4ca44d3fbc9301ee17f30f4d474e6ae4b05252/library/core/src/fmt/mod.rs:1190:21
[INFO] [stdout]    6:     0x60ac31b91bf3 - std::io::Write::write_fmt::h7d3c26752da97734
[INFO] [stdout]                                at /rustc/df4ca44d3fbc9301ee17f30f4d474e6ae4b05252/library/std/src/io/mod.rs:1839:15
[INFO] [stdout]    7:     0x60ac31b95bf2 - std::sys::backtrace::BacktraceLock::print::h4b9e00b29e9c0942
[INFO] [stdout]                                at /rustc/df4ca44d3fbc9301ee17f30f4d474e6ae4b05252/library/std/src/sys/backtrace.rs:42:9
[INFO] [stdout]    8:     0x60ac31b9723a - std::panicking::default_hook::{{closure}}::hb59b88280d0324d9
[INFO] [stdout]                                at /rustc/df4ca44d3fbc9301ee17f30f4d474e6ae4b05252/library/std/src/panicking.rs:268:22
[INFO] [stdout]    9:     0x60ac31b97044 - std::panicking::default_hook::he1dd496665be4a29
[INFO] [stdout]                                at /rustc/df4ca44d3fbc9301ee17f30f4d474e6ae4b05252/library/std/src/panicking.rs:292:9
[INFO] [stdout]   10:     0x60ac31815009 - <alloc::boxed::Box<F,A> as core::ops::function::Fn<Args>>::call::h4ff71de18744e1dc
[INFO] [stdout]                                at /rustc/df4ca44d3fbc9301ee17f30f4d474e6ae4b05252/library/alloc/src/boxed.rs:2468:9
[INFO] [stdout]   11:     0x60ac31815009 - test::test_main::{{closure}}::hcf7c055ce117aa81
[INFO] [stdout]                                at /rustc/df4ca44d3fbc9301ee17f30f4d474e6ae4b05252/library/test/src/lib.rs:133:21
[INFO] [stdout]   12:     0x60ac31b97938 - <alloc::boxed::Box<F,A> as core::ops::function::Fn<Args>>::call::h1d66c6bbd60c9692
[INFO] [stdout]                                at /rustc/df4ca44d3fbc9301ee17f30f4d474e6ae4b05252/library/alloc/src/boxed.rs:2468:9
[INFO] [stdout]   13:     0x60ac31b97938 - std::panicking::rust_panic_with_hook::h2ff17fe8f26dfcf8
[INFO] [stdout]                                at /rustc/df4ca44d3fbc9301ee17f30f4d474e6ae4b05252/library/std/src/panicking.rs:809:13
[INFO] [stdout]   14:     0x60ac31b976fa - std::panicking::begin_panic_handler::{{closure}}::h4fad77951c07e101
[INFO] [stdout]                                at /rustc/df4ca44d3fbc9301ee17f30f4d474e6ae4b05252/library/std/src/panicking.rs:674:13
[INFO] [stdout]   15:     0x60ac31b96289 - std::sys::backtrace::__rust_end_short_backtrace::hb1a25b3da5d0ea08
[INFO] [stdout]                                at /rustc/df4ca44d3fbc9301ee17f30f4d474e6ae4b05252/library/std/src/sys/backtrace.rs:170:18
[INFO] [stdout]   16:     0x60ac31b9738c - rust_begin_unwind
[INFO] [stdout]                                at /rustc/df4ca44d3fbc9301ee17f30f4d474e6ae4b05252/library/std/src/panicking.rs:665:5
[INFO] [stdout]   17:     0x60ac31bbe060 - core::panicking::panic_fmt::ha9db07b529f9b256
[INFO] [stdout]                                at /rustc/df4ca44d3fbc9301ee17f30f4d474e6ae4b05252/library/core/src/panicking.rs:75:14
[INFO] [stdout]   18:     0x60ac31bbe506 - core::result::unwrap_failed::h5e8218e4d4338b8a
[INFO] [stdout]                                at /rustc/df4ca44d3fbc9301ee17f30f4d474e6ae4b05252/library/core/src/result.rs:1698:5
[INFO] [stdout]   19:     0x60ac317dacf1 - core::result::Result<T,E>::unwrap::h55f91cfa96114944
[INFO] [stdout]                                at /rustc/df4ca44d3fbc9301ee17f30f4d474e6ae4b05252/library/core/src/result.rs:1103:23
[INFO] [stdout]   20:     0x60ac317dacf1 - rustikub::persistence::dto_adapters::basic_postgres_tests::connect_and_write::{{closure}}::ha4b3891a2bc28191
[INFO] [stdout]                                at /opt/rustwide/workdir/src/persistence/dto_adapters.rs:50:20
[INFO] [stdout]   21:     0x60ac317a4612 - <core::pin::Pin<P> as core::future::future::Future>::poll::h17de1bcd44381931
[INFO] [stdout]                                at /rustc/df4ca44d3fbc9301ee17f30f4d474e6ae4b05252/library/core/src/future/future.rs:123:9
[INFO] [stdout]   22:     0x60ac317a464d - <core::pin::Pin<P> as core::future::future::Future>::poll::hb5f9594f0baa316c
[INFO] [stdout]                                at /rustc/df4ca44d3fbc9301ee17f30f4d474e6ae4b05252/library/core/src/future/future.rs:123:9
[INFO] [stdout]   23:     0x60ac3177d29f - tokio::runtime::scheduler::current_thread::CoreGuard::block_on::{{closure}}::{{closure}}::{{closure}}::hc372e27543ed484d
[INFO] [stdout]                                at /opt/rustwide/cargo-home/registry/src/index.crates.io-6f17d22bba15001f/tokio-1.40.0/src/runtime/scheduler/current_thread/mod.rs:696:57
[INFO] [stdout]   24:     0x60ac3177d185 - tokio::runtime::coop::with_budget::h08bbf13d3750f641
[INFO] [stdout]                                at /opt/rustwide/cargo-home/registry/src/index.crates.io-6f17d22bba15001f/tokio-1.40.0/src/runtime/coop.rs:107:5
[INFO] [stdout]   25:     0x60ac3177d185 - tokio::runtime::coop::budget::hd1f7c4530932cb6d
[INFO] [stdout]                                at /opt/rustwide/cargo-home/registry/src/index.crates.io-6f17d22bba15001f/tokio-1.40.0/src/runtime/coop.rs:73:5
[INFO] [stdout]   26:     0x60ac3177d185 - tokio::runtime::scheduler::current_thread::CoreGuard::block_on::{{closure}}::{{closure}}::h99a60fe70ec3d76e
[INFO] [stdout]                                at /opt/rustwide/cargo-home/registry/src/index.crates.io-6f17d22bba15001f/tokio-1.40.0/src/runtime/scheduler/current_thread/mod.rs:696:25
[INFO] [stdout]   27:     0x60ac3177ab7c - tokio::runtime::scheduler::current_thread::Context::enter::h85539a78e94f46a0
[INFO] [stdout]                                at /opt/rustwide/cargo-home/registry/src/index.crates.io-6f17d22bba15001f/tokio-1.40.0/src/runtime/scheduler/current_thread/mod.rs:423:19
[INFO] [stdout]   28:     0x60ac3177c877 - tokio::runtime::scheduler::current_thread::CoreGuard::block_on::{{closure}}::hb5b727e84e42ffe4
[INFO] [stdout]                                at /opt/rustwide/cargo-home/registry/src/index.crates.io-6f17d22bba15001f/tokio-1.40.0/src/runtime/scheduler/current_thread/mod.rs:695:36
[INFO] [stdout]   29:     0x60ac3177bd04 - tokio::runtime::scheduler::current_thread::CoreGuard::enter::{{closure}}::hca049a1e31091fc0
[INFO] [stdout]                                at /opt/rustwide/cargo-home/registry/src/index.crates.io-6f17d22bba15001f/tokio-1.40.0/src/runtime/scheduler/current_thread/mod.rs:774:68
[INFO] [stdout]   30:     0x60ac3177970b - tokio::runtime::context::scoped::Scoped<T>::set::h4e6ab00c34739d71
[INFO] [stdout]                                at /opt/rustwide/cargo-home/registry/src/index.crates.io-6f17d22bba15001f/tokio-1.40.0/src/runtime/context/scoped.rs:40:9
[INFO] [stdout]   31:     0x60ac317a4219 - tokio::runtime::context::set_scheduler::{{closure}}::hd757af8d944c746d
[INFO] [stdout]                                at /opt/rustwide/cargo-home/registry/src/index.crates.io-6f17d22bba15001f/tokio-1.40.0/src/runtime/context.rs:180:26
[INFO] [stdout]   32:     0x60ac317c6dfd - std::thread::local::LocalKey<T>::try_with::h4439d1e50c1c1ab3
[INFO] [stdout]                                at /rustc/df4ca44d3fbc9301ee17f30f4d474e6ae4b05252/library/std/src/thread/local.rs:283:12
[INFO] [stdout]   33:     0x60ac317c69ea - std::thread::local::LocalKey<T>::with::hf30d8ef6cae27a4d
[INFO] [stdout]                                at /rustc/df4ca44d3fbc9301ee17f30f4d474e6ae4b05252/library/std/src/thread/local.rs:260:9
[INFO] [stdout]   34:     0x60ac317a41cd - tokio::runtime::context::set_scheduler::h162345d952d36735
[INFO] [stdout]                                at /opt/rustwide/cargo-home/registry/src/index.crates.io-6f17d22bba15001f/tokio-1.40.0/src/runtime/context.rs:180:9
[INFO] [stdout]   35:     0x60ac3177ba9c - tokio::runtime::scheduler::current_thread::CoreGuard::enter::hfffb1fc8cc116749
[INFO] [stdout]                                at /opt/rustwide/cargo-home/registry/src/index.crates.io-6f17d22bba15001f/tokio-1.40.0/src/runtime/scheduler/current_thread/mod.rs:774:27
[INFO] [stdout]   36:     0x60ac3177bd83 - tokio::runtime::scheduler::current_thread::CoreGuard::block_on::hbf9d6acccdbd0c22
[INFO] [stdout]                                at /opt/rustwide/cargo-home/registry/src/index.crates.io-6f17d22bba15001f/tokio-1.40.0/src/runtime/scheduler/current_thread/mod.rs:683:19
[INFO] [stdout]   37:     0x60ac31779b43 - tokio::runtime::scheduler::current_thread::CurrentThread::block_on::{{closure}}::h876c302b18df16d9
[INFO] [stdout]                                at /opt/rustwide/cargo-home/registry/src/index.crates.io-6f17d22bba15001f/tokio-1.40.0/src/runtime/scheduler/current_thread/mod.rs:191:28
[INFO] [stdout]   38:     0x60ac317aa3c6 - tokio::runtime::context::runtime::enter_runtime::h43527333d5c3ec5b
[INFO] [stdout]                                at /opt/rustwide/cargo-home/registry/src/index.crates.io-6f17d22bba15001f/tokio-1.40.0/src/runtime/context/runtime.rs:65:16
[INFO] [stdout]   39:     0x60ac31779831 - tokio::runtime::scheduler::current_thread::CurrentThread::block_on::h215960612da58b52
[INFO] [stdout]                                at /opt/rustwide/cargo-home/registry/src/index.crates.io-6f17d22bba15001f/tokio-1.40.0/src/runtime/scheduler/current_thread/mod.rs:179:9
[INFO] [stdout]   40:     0x60ac31788512 - tokio::runtime::runtime::Runtime::block_on_inner::ha62f951e58b1ea06
[INFO] [stdout]                                at /opt/rustwide/cargo-home/registry/src/index.crates.io-6f17d22bba15001f/tokio-1.40.0/src/runtime/runtime.rs:361:47
[INFO] [stdout]   41:     0x60ac31788635 - tokio::runtime::runtime::Runtime::block_on::hbaeda73308c2df75
[INFO] [stdout]                                at /opt/rustwide/cargo-home/registry/src/index.crates.io-6f17d22bba15001f/tokio-1.40.0/src/runtime/runtime.rs:335:13
[INFO] [stdout]   42:     0x60ac317da98d - rustikub::persistence::dto_adapters::basic_postgres_tests::connect_and_write::h235431521db49ba8
[INFO] [stdout]                                at /opt/rustwide/workdir/src/persistence/dto_adapters.rs:59:9
[INFO] [stdout]   43:     0x60ac317da807 - rustikub::persistence::dto_adapters::basic_postgres_tests::connect_and_write::{{closure}}::hff7dd90f16f6360c
[INFO] [stdout]                                at /opt/rustwide/workdir/src/persistence/dto_adapters.rs:48:33
[INFO] [stdout]   44:     0x60ac31782716 - core::ops::function::FnOnce::call_once::h0d08777adaaacc9d
[INFO] [stdout]                                at /rustc/df4ca44d3fbc9301ee17f30f4d474e6ae4b05252/library/core/src/ops/function.rs:250:5
[INFO] [stdout]   45:     0x60ac318198db - core::ops::function::FnOnce::call_once::h22c3ba5715e93f05
[INFO] [stdout]                                at /rustc/df4ca44d3fbc9301ee17f30f4d474e6ae4b05252/library/core/src/ops/function.rs:250:5
[INFO] [stdout]   46:     0x60ac318198db - test::__rust_begin_short_backtrace::h8e82d8113d0da17f
[INFO] [stdout]                                at /rustc/df4ca44d3fbc9301ee17f30f4d474e6ae4b05252/library/test/src/lib.rs:621:18
[INFO] [stdout]   47:     0x60ac31819257 - test::run_test_in_process::{{closure}}::h33235f4f20b7b7c7
[INFO] [stdout]                                at /rustc/df4ca44d3fbc9301ee17f30f4d474e6ae4b05252/library/test/src/lib.rs:644:60
[INFO] [stdout]   48:     0x60ac31819257 - <core::panic::unwind_safe::AssertUnwindSafe<F> as core::ops::function::FnOnce<()>>::call_once::hb5043206310c586f
[INFO] [stdout]                                at /rustc/df4ca44d3fbc9301ee17f30f4d474e6ae4b05252/library/core/src/panic/unwind_safe.rs:272:9
[INFO] [stdout]   49:     0x60ac31819257 - std::panicking::try::do_call::h9ad4731a60ab23e2
[INFO] [stdout]                                at /rustc/df4ca44d3fbc9301ee17f30f4d474e6ae4b05252/library/std/src/panicking.rs:557:40
[INFO] [stdout]   50:     0x60ac31819257 - std::panicking::try::h3824d23db772a716
[INFO] [stdout]                                at /rustc/df4ca44d3fbc9301ee17f30f4d474e6ae4b05252/library/std/src/panicking.rs:520:19
[INFO] [stdout]   51:     0x60ac31819257 - std::panic::catch_unwind::h5afd514605fde46b
[INFO] [stdout]                                at /rustc/df4ca44d3fbc9301ee17f30f4d474e6ae4b05252/library/std/src/panic.rs:358:14
[INFO] [stdout]   52:     0x60ac31819257 - test::run_test_in_process::h0d5cbfa7067d1720
[INFO] [stdout]                                at /rustc/df4ca44d3fbc9301ee17f30f4d474e6ae4b05252/library/test/src/lib.rs:644:27
[INFO] [stdout]   53:     0x60ac31819257 - test::run_test::{{closure}}::h708eb8872708115d
[INFO] [stdout]                                at /rustc/df4ca44d3fbc9301ee17f30f4d474e6ae4b05252/library/test/src/lib.rs:565:43
[INFO] [stdout]   54:     0x60ac317dc974 - test::run_test::{{closure}}::h392c51cee94713ab
[INFO] [stdout]                                at /rustc/df4ca44d3fbc9301ee17f30f4d474e6ae4b05252/library/test/src/lib.rs:595:41
[INFO] [stdout]   55:     0x60ac317dc974 - std::sys::backtrace::__rust_begin_short_backtrace::h2f40290710935a8b
[INFO] [stdout]                                at /rustc/df4ca44d3fbc9301ee17f30f4d474e6ae4b05252/library/std/src/sys/backtrace.rs:154:18
[INFO] [stdout]   56:     0x60ac317e011e - std::thread::Builder::spawn_unchecked_::{{closure}}::{{closure}}::h3fd968d89053a903
[INFO] [stdout]                                at /rustc/df4ca44d3fbc9301ee17f30f4d474e6ae4b05252/library/std/src/thread/mod.rs:541:17
[INFO] [stdout]   57:     0x60ac317e011e - <core::panic::unwind_safe::AssertUnwindSafe<F> as core::ops::function::FnOnce<()>>::call_once::h743f637ba4229880
[INFO] [stdout]                                at /rustc/df4ca44d3fbc9301ee17f30f4d474e6ae4b05252/library/core/src/panic/unwind_safe.rs:272:9
[INFO] [stdout]   58:     0x60ac317e011e - std::panicking::try::do_call::h07440897322525a6
[INFO] [stdout]                                at /rustc/df4ca44d3fbc9301ee17f30f4d474e6ae4b05252/library/std/src/panicking.rs:557:40
[INFO] [stdout]   59:     0x60ac317e011e - std::panicking::try::he5a2e00188156637
[INFO] [stdout]                                at /rustc/df4ca44d3fbc9301ee17f30f4d474e6ae4b05252/library/std/src/panicking.rs:520:19
[INFO] [stdout]   60:     0x60ac317e011e - std::panic::catch_unwind::hbaf3cae49b3c6433
[INFO] [stdout]                                at /rustc/df4ca44d3fbc9301ee17f30f4d474e6ae4b05252/library/std/src/panic.rs:358:14
[INFO] [stdout]   61:     0x60ac317e011e - std::thread::Builder::spawn_unchecked_::{{closure}}::h8e141ea224820bce
[INFO] [stdout]                                at /rustc/df4ca44d3fbc9301ee17f30f4d474e6ae4b05252/library/std/src/thread/mod.rs:540:30
[INFO] [stdout]   62:     0x60ac317e011e - core::ops::function::FnOnce::call_once{{vtable.shim}}::h90d312fedd7b8ea8
[INFO] [stdout]                                at /rustc/df4ca44d3fbc9301ee17f30f4d474e6ae4b05252/library/core/src/ops/function.rs:250:5
[INFO] [stdout]   63:     0x60ac31b9ba4b - <alloc::boxed::Box<F,A> as core::ops::function::FnOnce<Args>>::call_once::h69aa08ddb6adb8b6
[INFO] [stdout]                                at /rustc/df4ca44d3fbc9301ee17f30f4d474e6ae4b05252/library/alloc/src/boxed.rs:2454:9
[INFO] [stdout]   64:     0x60ac31b9ba4b - <alloc::boxed::Box<F,A> as core::ops::function::FnOnce<Args>>::call_once::h5aa36efdb79c806f
[INFO] [stdout]                                at /rustc/df4ca44d3fbc9301ee17f30f4d474e6ae4b05252/library/alloc/src/boxed.rs:2454:9
[INFO] [stdout]   65:     0x60ac31b9ba4b - std::sys::pal::unix::thread::Thread::new::thread_start::h6cd80a1b4be5158d
[INFO] [stdout]                                at /rustc/df4ca44d3fbc9301ee17f30f4d474e6ae4b05252/library/std/src/sys/pal/unix/thread.rs:105:17
[INFO] [stdout]   66:     0x7b1198f55ac3 - <unknown>
[INFO] [stdout]   67:     0x7b1198fe6a04 - clone
[INFO] [stdout]   68:                0x0 - <unknown>
[INFO] [stdout] 
[INFO] [stdout] 
[INFO] [stdout] failures:
[INFO] [stdout]     domain::table::manipulation::example_manipulation_tests_from_rulebook::add_fourth_and_remove_tile_to_create_new_set
[INFO] [stdout]     domain::table::manipulation::example_manipulation_tests_from_rulebook::combined_split
[INFO] [stdout]     domain::table::manipulation::example_manipulation_tests_from_rulebook::multiple_split
[INFO] [stdout]     domain::table::manipulation::example_manipulation_tests_from_rulebook::remove_and_use_fourth_to_create_new_set
[INFO] [stdout]     domain::table::manipulation::example_manipulation_tests_from_rulebook::splitting_a_run
[INFO] [stdout]     persistence::dto_adapters::basic_postgres_tests::connect_and_write
[INFO] [stdout] 
[INFO] [stdout] test result: FAILED. 77 passed; 6 failed; 4 ignored; 0 measured; 0 filtered out; finished in 0.03s
[INFO] [stdout] 
[INFO] [stderr] error: test failed, to rerun pass `--bin rustikub`
[INFO] running `Command { std: "docker" "inspect" "b3211e5763d7daebd27ecbf9d83a3f5bc3a1c68f0bf507ebb22328671d165fd0", kill_on_drop: false }`
[INFO] running `Command { std: "docker" "rm" "-f" "b3211e5763d7daebd27ecbf9d83a3f5bc3a1c68f0bf507ebb22328671d165fd0", kill_on_drop: false }`
[INFO] [stdout] b3211e5763d7daebd27ecbf9d83a3f5bc3a1c68f0bf507ebb22328671d165fd0
