[INFO] cloning repository https://github.com/d7z-team/zen_template-rs
[INFO] running `Command { std: "git" "-c" "credential.helper=" "-c" "credential.helper=/workspace/cargo-home/bin/git-credential-null" "clone" "--bare" "https://github.com/d7z-team/zen_template-rs" "/workspace/cache/git-repos/https%3A%2F%2Fgithub.com%2Fd7z-team%2Fzen_template-rs", kill_on_drop: false }`
[INFO] [stderr] Cloning into bare repository '/workspace/cache/git-repos/https%3A%2F%2Fgithub.com%2Fd7z-team%2Fzen_template-rs'...
[INFO] running `Command { std: "git" "rev-parse" "HEAD", kill_on_drop: false }`
[INFO] [stdout] 2a66dd1e91d3cd949c3c45db8514ff55cb124ce1
[INFO] testing d7z-team/zen_template-rs/2a66dd1e91d3cd949c3c45db8514ff55cb124ce1 against nightly-2024-10-28 for randomize-layout
[INFO] running `Command { std: "git" "clone" "/workspace/cache/git-repos/https%3A%2F%2Fgithub.com%2Fd7z-team%2Fzen_template-rs" "/workspace/builds/worker-0-tc1/source", kill_on_drop: false }`
[INFO] [stderr] Cloning into '/workspace/builds/worker-0-tc1/source'...
[INFO] [stderr] done.
[INFO] validating manifest of git repo https://github.com/d7z-team/zen_template-rs on toolchain nightly-2024-10-28
[INFO] running `Command { std: CARGO_HOME="/workspace/cargo-home" RUSTUP_HOME="/workspace/rustup-home" "/workspace/cargo-home/bin/cargo" "+nightly-2024-10-28" "metadata" "--manifest-path" "Cargo.toml" "--no-deps", kill_on_drop: false }`
[INFO] started tweaking git repo https://github.com/d7z-team/zen_template-rs
[INFO] finished tweaking git repo https://github.com/d7z-team/zen_template-rs
[INFO] tweaked toml for git repo https://github.com/d7z-team/zen_template-rs written to /workspace/builds/worker-0-tc1/source/Cargo.toml
[INFO] crate git repo https://github.com/d7z-team/zen_template-rs already has a lockfile, it will not be regenerated
[INFO] running `Command { std: CARGO_HOME="/workspace/cargo-home" RUSTUP_HOME="/workspace/rustup-home" "/workspace/cargo-home/bin/cargo" "+nightly-2024-10-28" "fetch" "--manifest-path" "Cargo.toml", kill_on_drop: false }`
[INFO] [stderr]  Downloading crates ...
[INFO] [stderr]   Downloaded simple_logger v4.0.0
[INFO] [stderr]   Downloaded serde_yaml v0.9.17
[INFO] [stderr]   Downloaded unsafe-libyaml v0.2.5
[INFO] running `Command { std: "docker" "create" "-v" "/var/lib/crater-agent-workspace/builds/worker-0-tc1/target:/opt/rustwide/target:rw,Z" "-v" "/var/lib/crater-agent-workspace/builds/worker-0-tc1/source:/opt/rustwide/workdir:ro,Z" "-v" "/var/lib/crater-agent-workspace/cargo-home:/opt/rustwide/cargo-home:ro,Z" "-v" "/var/lib/crater-agent-workspace/rustup-home:/opt/rustwide/rustup-home:ro,Z" "-e" "SOURCE_DIR=/opt/rustwide/workdir" "-e" "CARGO_TARGET_DIR=/opt/rustwide/target" "-e" "CARGO_HOME=/opt/rustwide/cargo-home" "-e" "RUSTUP_HOME=/opt/rustwide/rustup-home" "-w" "/opt/rustwide/workdir" "-m" "1610612736" "--user" "0:0" "--network" "none" "ghcr.io/rust-lang/crates-build-env/linux@sha256:4a844ea9eb2546a2d2c7022eacef16ef2e8229c7fbb2c7d4d55a9ceca922f72d" "/opt/rustwide/cargo-home/bin/cargo" "+nightly-2024-10-28" "metadata" "--no-deps" "--format-version=1", kill_on_drop: false }`
[INFO] [stdout] 6c5309bb5cbc8a469d790663b929a36e3c1ac42f050037311ef395230ff7402b
[INFO] running `Command { std: "docker" "start" "-a" "6c5309bb5cbc8a469d790663b929a36e3c1ac42f050037311ef395230ff7402b", kill_on_drop: false }`
[INFO] running `Command { std: "docker" "inspect" "6c5309bb5cbc8a469d790663b929a36e3c1ac42f050037311ef395230ff7402b", kill_on_drop: false }`
[INFO] running `Command { std: "docker" "rm" "-f" "6c5309bb5cbc8a469d790663b929a36e3c1ac42f050037311ef395230ff7402b", kill_on_drop: false }`
[INFO] [stdout] 6c5309bb5cbc8a469d790663b929a36e3c1ac42f050037311ef395230ff7402b
[INFO] running `Command { std: "docker" "create" "-v" "/var/lib/crater-agent-workspace/builds/worker-0-tc1/target:/opt/rustwide/target:rw,Z" "-v" "/var/lib/crater-agent-workspace/builds/worker-0-tc1/source:/opt/rustwide/workdir:ro,Z" "-v" "/var/lib/crater-agent-workspace/cargo-home:/opt/rustwide/cargo-home:ro,Z" "-v" "/var/lib/crater-agent-workspace/rustup-home:/opt/rustwide/rustup-home:ro,Z" "-e" "SOURCE_DIR=/opt/rustwide/workdir" "-e" "CARGO_TARGET_DIR=/opt/rustwide/target" "-e" "CARGO_INCREMENTAL=0" "-e" "RUST_BACKTRACE=full" "-e" "RUSTFLAGS=--cap-lints=forbid" "-e" "RUSTDOCFLAGS=--cap-lints=forbid" "-e" "CARGO_HOME=/opt/rustwide/cargo-home" "-e" "RUSTUP_HOME=/opt/rustwide/rustup-home" "-w" "/opt/rustwide/workdir" "-m" "1610612736" "--user" "0:0" "--network" "none" "ghcr.io/rust-lang/crates-build-env/linux@sha256:4a844ea9eb2546a2d2c7022eacef16ef2e8229c7fbb2c7d4d55a9ceca922f72d" "/opt/rustwide/cargo-home/bin/cargo" "+nightly-2024-10-28" "build" "--frozen" "--message-format=json", kill_on_drop: false }`
[INFO] [stdout] e8375b54408e0dafde2d60cb58951b727a799df9f3844b28e1710e69aa88ca75
[INFO] running `Command { std: "docker" "start" "-a" "e8375b54408e0dafde2d60cb58951b727a799df9f3844b28e1710e69aa88ca75", kill_on_drop: false }`
[INFO] [stderr]    Compiling log v0.4.17
[INFO] [stderr]    Compiling zen_template v0.1.0 (/opt/rustwide/workdir)
[INFO] [stdout] warning: unused import: `compile::*`
[INFO] [stdout]  --> src/expression/template.rs:3:10
[INFO] [stdout]   |
[INFO] [stdout] 3 | pub  use compile::*;
[INFO] [stdout]   |          ^^^^^^^^^^
[INFO] [stdout]   |
[INFO] [stdout]   = note: `#[warn(unused_imports)]` on by default
[INFO] [stdout] 
[INFO] [stdout] 
[INFO] [stdout] warning: unused import: `value_utils::*`
[INFO] [stdout]  --> src/value.rs:6:9
[INFO] [stdout]   |
[INFO] [stdout] 6 | pub use value_utils::*;
[INFO] [stdout]   |         ^^^^^^^^^^^^^^
[INFO] [stdout] 
[INFO] [stdout] 
[INFO] [stdout] warning: unused imports: `Block` and `StringUtils`
[INFO] [stdout]  --> src/statement/state_ir.rs:1:20
[INFO] [stdout]   |
[INFO] [stdout] 1 | use crate::utils::{Block, StringUtils};
[INFO] [stdout]   |                    ^^^^^  ^^^^^^^^^^^
[INFO] [stdout] 
[INFO] [stdout] 
[INFO] [stdout] warning: unused variable: `node`
[INFO] [stdout]   --> src/statement/state_builder.rs:17:27
[INFO] [stdout]    |
[INFO] [stdout] 17 |     pub fn add(&mut self, node: StatementAstTree) -> TmplResult<()> {
[INFO] [stdout]    |                           ^^^^ help: if this is intentional, prefix it with an underscore: `_node`
[INFO] [stdout]    |
[INFO] [stdout]    = note: `#[warn(unused_variables)]` on by default
[INFO] [stdout] 
[INFO] [stdout] 
[INFO] [stdout] warning: value assigned to `src` is never read
[INFO] [stdout]   --> src/statement/state_ir.rs:23:9
[INFO] [stdout]    |
[INFO] [stdout] 23 |         src = src.trim();
[INFO] [stdout]    |         ^^^
[INFO] [stdout]    |
[INFO] [stdout]    = help: maybe it is overwritten before being read?
[INFO] [stdout]    = note: `#[warn(unused_assignments)]` on by default
[INFO] [stdout] 
[INFO] [stdout] 
[INFO] [stderr]     Finished `dev` profile [unoptimized + debuginfo] target(s) in 0.71s
[INFO] running `Command { std: "docker" "inspect" "e8375b54408e0dafde2d60cb58951b727a799df9f3844b28e1710e69aa88ca75", kill_on_drop: false }`
[INFO] running `Command { std: "docker" "rm" "-f" "e8375b54408e0dafde2d60cb58951b727a799df9f3844b28e1710e69aa88ca75", kill_on_drop: false }`
[INFO] [stdout] e8375b54408e0dafde2d60cb58951b727a799df9f3844b28e1710e69aa88ca75
[INFO] running `Command { std: "docker" "create" "-v" "/var/lib/crater-agent-workspace/builds/worker-0-tc1/target:/opt/rustwide/target:rw,Z" "-v" "/var/lib/crater-agent-workspace/builds/worker-0-tc1/source:/opt/rustwide/workdir:ro,Z" "-v" "/var/lib/crater-agent-workspace/cargo-home:/opt/rustwide/cargo-home:ro,Z" "-v" "/var/lib/crater-agent-workspace/rustup-home:/opt/rustwide/rustup-home:ro,Z" "-e" "SOURCE_DIR=/opt/rustwide/workdir" "-e" "CARGO_TARGET_DIR=/opt/rustwide/target" "-e" "CARGO_INCREMENTAL=0" "-e" "RUST_BACKTRACE=full" "-e" "RUSTFLAGS=--cap-lints=forbid" "-e" "RUSTDOCFLAGS=--cap-lints=forbid" "-e" "CARGO_HOME=/opt/rustwide/cargo-home" "-e" "RUSTUP_HOME=/opt/rustwide/rustup-home" "-w" "/opt/rustwide/workdir" "-m" "1610612736" "--user" "0:0" "--network" "none" "ghcr.io/rust-lang/crates-build-env/linux@sha256:4a844ea9eb2546a2d2c7022eacef16ef2e8229c7fbb2c7d4d55a9ceca922f72d" "/opt/rustwide/cargo-home/bin/cargo" "+nightly-2024-10-28" "test" "--frozen" "--no-run" "--message-format=json", kill_on_drop: false }`
[INFO] [stdout] 022b23f85bd93d4289957ccf3f56897090b92bd73ed02320d0ff80013a40e11b
[INFO] running `Command { std: "docker" "start" "-a" "022b23f85bd93d4289957ccf3f56897090b92bd73ed02320d0ff80013a40e11b", kill_on_drop: false }`
[INFO] [stderr]    Compiling libc v0.2.139
[INFO] [stderr]    Compiling log v0.4.17
[INFO] [stderr]    Compiling serde v1.0.152
[INFO] [stderr]    Compiling time-core v0.1.0
[INFO] [stderr]    Compiling indexmap v1.9.2
[INFO] [stderr]    Compiling num_threads v0.1.6
[INFO] [stderr]    Compiling serde_json v1.0.91
[INFO] [stderr]    Compiling unsafe-libyaml v0.2.5
[INFO] [stderr]    Compiling time-macros v0.2.6
[INFO] [stderr]    Compiling indoc v1.0.9
[INFO] [stderr]    Compiling zen_template v0.1.0 (/opt/rustwide/workdir)
[INFO] [stdout] warning: unused import: `compile::*`
[INFO] [stdout]  --> src/expression/template.rs:3:10
[INFO] [stdout]   |
[INFO] [stdout] 3 | pub  use compile::*;
[INFO] [stdout]   |          ^^^^^^^^^^
[INFO] [stdout]   |
[INFO] [stdout]   = note: `#[warn(unused_imports)]` on by default
[INFO] [stdout] 
[INFO] [stdout] 
[INFO] [stdout] warning: unused import: `value_utils::*`
[INFO] [stdout]  --> src/value.rs:6:9
[INFO] [stdout]   |
[INFO] [stdout] 6 | pub use value_utils::*;
[INFO] [stdout]   |         ^^^^^^^^^^^^^^
[INFO] [stdout] 
[INFO] [stdout] 
[INFO] [stdout] warning: unused imports: `Block` and `StringUtils`
[INFO] [stdout]  --> src/statement/state_ir.rs:1:20
[INFO] [stdout]   |
[INFO] [stdout] 1 | use crate::utils::{Block, StringUtils};
[INFO] [stdout]   |                    ^^^^^  ^^^^^^^^^^^
[INFO] [stdout] 
[INFO] [stdout] 
[INFO] [stdout] warning: unused variable: `node`
[INFO] [stdout]   --> src/statement/state_builder.rs:17:27
[INFO] [stdout]    |
[INFO] [stdout] 17 |     pub fn add(&mut self, node: StatementAstTree) -> TmplResult<()> {
[INFO] [stdout]    |                           ^^^^ help: if this is intentional, prefix it with an underscore: `_node`
[INFO] [stdout]    |
[INFO] [stdout]    = note: `#[warn(unused_variables)]` on by default
[INFO] [stdout] 
[INFO] [stdout] 
[INFO] [stdout] warning: value assigned to `src` is never read
[INFO] [stdout]   --> src/statement/state_ir.rs:23:9
[INFO] [stdout]    |
[INFO] [stdout] 23 |         src = src.trim();
[INFO] [stdout]    |         ^^^
[INFO] [stdout]    |
[INFO] [stdout]    = help: maybe it is overwritten before being read?
[INFO] [stdout]    = note: `#[warn(unused_assignments)]` on by default
[INFO] [stdout] 
[INFO] [stdout] 
[INFO] [stderr]    Compiling atty v0.2.14
[INFO] [stderr]    Compiling time v0.3.17
[INFO] [stderr]    Compiling colored v2.0.0
[INFO] [stderr]    Compiling simple_logger v4.0.0
[INFO] [stderr]    Compiling serde_yaml v0.9.17
[INFO] [stdout] warning: unused import: `compile::*`
[INFO] [stdout]  --> src/expression/template.rs:3:10
[INFO] [stdout]   |
[INFO] [stdout] 3 | pub  use compile::*;
[INFO] [stdout]   |          ^^^^^^^^^^
[INFO] [stdout]   |
[INFO] [stdout]   = note: `#[warn(unused_imports)]` on by default
[INFO] [stdout] 
[INFO] [stdout] 
[INFO] [stdout] warning: unused import: `value_utils::*`
[INFO] [stdout]  --> src/value.rs:6:9
[INFO] [stdout]   |
[INFO] [stdout] 6 | pub use value_utils::*;
[INFO] [stdout]   |         ^^^^^^^^^^^^^^
[INFO] [stdout] 
[INFO] [stdout] 
[INFO] [stdout] warning: unused imports: `Block` and `StringUtils`
[INFO] [stdout]  --> src/statement/state_ir.rs:1:20
[INFO] [stdout]   |
[INFO] [stdout] 1 | use crate::utils::{Block, StringUtils};
[INFO] [stdout]   |                    ^^^^^  ^^^^^^^^^^^
[INFO] [stdout] 
[INFO] [stdout] 
[INFO] [stdout] warning: unused variable: `node`
[INFO] [stdout]   --> src/statement/state_builder.rs:17:27
[INFO] [stdout]    |
[INFO] [stdout] 17 |     pub fn add(&mut self, node: StatementAstTree) -> TmplResult<()> {
[INFO] [stdout]    |                           ^^^^ help: if this is intentional, prefix it with an underscore: `_node`
[INFO] [stdout]    |
[INFO] [stdout]    = note: `#[warn(unused_variables)]` on by default
[INFO] [stdout] 
[INFO] [stdout] 
[INFO] [stdout] warning: value assigned to `src` is never read
[INFO] [stdout]   --> src/statement/state_ir.rs:23:9
[INFO] [stdout]    |
[INFO] [stdout] 23 |         src = src.trim();
[INFO] [stdout]    |         ^^^
[INFO] [stdout]    |
[INFO] [stdout]    = help: maybe it is overwritten before being read?
[INFO] [stdout]    = note: `#[warn(unused_assignments)]` on by default
[INFO] [stdout] 
[INFO] [stdout] 
[INFO] [stderr]     Finished `test` profile [unoptimized + debuginfo] target(s) in 4.97s
[INFO] running `Command { std: "docker" "inspect" "022b23f85bd93d4289957ccf3f56897090b92bd73ed02320d0ff80013a40e11b", kill_on_drop: false }`
[INFO] running `Command { std: "docker" "rm" "-f" "022b23f85bd93d4289957ccf3f56897090b92bd73ed02320d0ff80013a40e11b", kill_on_drop: false }`
[INFO] [stdout] 022b23f85bd93d4289957ccf3f56897090b92bd73ed02320d0ff80013a40e11b
[INFO] running `Command { std: "docker" "create" "-v" "/var/lib/crater-agent-workspace/builds/worker-0-tc1/target:/opt/rustwide/target:rw,Z" "-v" "/var/lib/crater-agent-workspace/builds/worker-0-tc1/source:/opt/rustwide/workdir:ro,Z" "-v" "/var/lib/crater-agent-workspace/cargo-home:/opt/rustwide/cargo-home:ro,Z" "-v" "/var/lib/crater-agent-workspace/rustup-home:/opt/rustwide/rustup-home:ro,Z" "-e" "SOURCE_DIR=/opt/rustwide/workdir" "-e" "CARGO_TARGET_DIR=/opt/rustwide/target" "-e" "CARGO_INCREMENTAL=0" "-e" "RUST_BACKTRACE=full" "-e" "RUSTFLAGS=--cap-lints=forbid" "-e" "RUSTDOCFLAGS=--cap-lints=forbid" "-e" "CARGO_HOME=/opt/rustwide/cargo-home" "-e" "RUSTUP_HOME=/opt/rustwide/rustup-home" "-w" "/opt/rustwide/workdir" "-m" "1610612736" "--user" "0:0" "--network" "none" "ghcr.io/rust-lang/crates-build-env/linux@sha256:4a844ea9eb2546a2d2c7022eacef16ef2e8229c7fbb2c7d4d55a9ceca922f72d" "/opt/rustwide/cargo-home/bin/cargo" "+nightly-2024-10-28" "test" "--frozen", kill_on_drop: false }`
[INFO] [stdout] 1c49d8f3f51a04c91d7a26bfd2c2ccf044c6effaffdd090694a182634c25d8b1
[INFO] running `Command { std: "docker" "start" "-a" "1c49d8f3f51a04c91d7a26bfd2c2ccf044c6effaffdd090694a182634c25d8b1", kill_on_drop: false }`
[INFO] [stderr] warning: unused import: `compile::*`
[INFO] [stderr]  --> src/expression/template.rs:3:10
[INFO] [stderr]   |
[INFO] [stderr] 3 | pub  use compile::*;
[INFO] [stderr]   |          ^^^^^^^^^^
[INFO] [stderr]   |
[INFO] [stderr]   = note: `#[warn(unused_imports)]` on by default
[INFO] [stderr] 
[INFO] [stderr] warning: unused import: `value_utils::*`
[INFO] [stderr]  --> src/value.rs:6:9
[INFO] [stderr]   |
[INFO] [stderr] 6 | pub use value_utils::*;
[INFO] [stderr]   |         ^^^^^^^^^^^^^^
[INFO] [stderr] 
[INFO] [stderr] warning: unused imports: `Block` and `StringUtils`
[INFO] [stderr]  --> src/statement/state_ir.rs:1:20
[INFO] [stderr]   |
[INFO] [stderr] 1 | use crate::utils::{Block, StringUtils};
[INFO] [stderr]   |                    ^^^^^  ^^^^^^^^^^^
[INFO] [stderr] 
[INFO] [stderr] warning: unused variable: `node`
[INFO] [stderr]   --> src/statement/state_builder.rs:17:27
[INFO] [stderr]    |
[INFO] [stderr] 17 |     pub fn add(&mut self, node: StatementAstTree) -> TmplResult<()> {
[INFO] [stderr]    |                           ^^^^ help: if this is intentional, prefix it with an underscore: `_node`
[INFO] [stderr]    |
[INFO] [stderr]    = note: `#[warn(unused_variables)]` on by default
[INFO] [stderr] 
[INFO] [stderr] warning: value assigned to `src` is never read
[INFO] [stderr]   --> src/statement/state_ir.rs:23:9
[INFO] [stderr]    |
[INFO] [stderr] 23 |         src = src.trim();
[INFO] [stderr]    |         ^^^
[INFO] [stderr]    |
[INFO] [stderr]    = help: maybe it is overwritten before being read?
[INFO] [stderr]    = note: `#[warn(unused_assignments)]` on by default
[INFO] [stderr] 
[INFO] [stderr] warning: `zen_template` (lib) generated 5 warnings (run `cargo fix --lib -p zen_template` to apply 3 suggestions)
[INFO] [stderr] warning: `zen_template` (lib test) generated 5 warnings (5 duplicates)
[INFO] [stderr]     Finished `test` profile [unoptimized + debuginfo] target(s) in 0.02s
[INFO] [stderr]      Running unittests src/lib.rs (/opt/rustwide/target/debug/deps/zen_template-934e71bc8607531c)
[INFO] [stdout] 
[INFO] [stdout] running 12 tests
[INFO] [stdout] test expression::tag::test::test_tagged_symbol_once ... ok
[INFO] [stdout] test expression::parse::test::test_parse_groups ... ok
[INFO] [stdout] test expression::tag::test::test_tagged_symbols ... ok
[INFO] [stdout] test expression::utils::test::test_parse_str ... ok
[INFO] [stdout] test utils::str::test::test_find ... ok
[INFO] [stdout] test expression::optimize::test::test ... ok
[INFO] [stdout] test utils::str::test::test_find_block ... ok
[INFO] [stdout] test utils::str::test::test_find_nesting_block ... ok
[INFO] [stdout] test value::value_utils::test::test_from_json ... ok
[INFO] [stdout] test value::value_utils::test::test_from ... ok
[INFO] [stdout] test value::value_utils::test::test_from_yaml ... ok
[INFO] [stdout] test test::test ... FAILED
[INFO] [stdout] 
[INFO] [stdout] failures:
[INFO] [stdout] 
[INFO] [stdout] ---- test::test stdout ----
[INFO] [stdout] thread 'test::test' panicked at src/statement/state_builder.rs:19:9:
[INFO] [stdout] not yet implemented
[INFO] [stdout] stack backtrace:
[INFO] [stdout]    0:     0x5defabfb6caa - std::backtrace_rs::backtrace::libunwind::trace::h207520d6e9873551
[INFO] [stdout]                                at /rustc/df4ca44d3fbc9301ee17f30f4d474e6ae4b05252/library/std/src/../../backtrace/src/backtrace/libunwind.rs:116:5
[INFO] [stdout]    1:     0x5defabfb6caa - std::backtrace_rs::backtrace::trace_unsynchronized::h2ed7433f370e3eca
[INFO] [stdout]                                at /rustc/df4ca44d3fbc9301ee17f30f4d474e6ae4b05252/library/std/src/../../backtrace/src/backtrace/mod.rs:66:5
[INFO] [stdout]    2:     0x5defabfb6caa - std::sys::backtrace::_print_fmt::h916fac51166b18d7
[INFO] [stdout]                                at /rustc/df4ca44d3fbc9301ee17f30f4d474e6ae4b05252/library/std/src/sys/backtrace.rs:66:9
[INFO] [stdout]    3:     0x5defabfb6caa - <std::sys::backtrace::BacktraceLock::print::DisplayBacktrace as core::fmt::Display>::fmt::ha0a4c9b8ce3802e6
[INFO] [stdout]                                at /rustc/df4ca44d3fbc9301ee17f30f4d474e6ae4b05252/library/std/src/sys/backtrace.rs:39:26
[INFO] [stdout]    4:     0x5defabfdf173 - core::fmt::rt::Argument::fmt::h4cfc8587d52b3eb5
[INFO] [stdout]                                at /rustc/df4ca44d3fbc9301ee17f30f4d474e6ae4b05252/library/core/src/fmt/rt.rs:177:76
[INFO] [stdout]    5:     0x5defabfdf173 - core::fmt::write::h522cc39e5b36ae9f
[INFO] [stdout]                                at /rustc/df4ca44d3fbc9301ee17f30f4d474e6ae4b05252/library/core/src/fmt/mod.rs:1190:21
[INFO] [stdout]    6:     0x5defabfb3913 - std::io::Write::write_fmt::h7d3c26752da97734
[INFO] [stdout]                                at /rustc/df4ca44d3fbc9301ee17f30f4d474e6ae4b05252/library/std/src/io/mod.rs:1839:15
[INFO] [stdout]    7:     0x5defabfb6af2 - std::sys::backtrace::BacktraceLock::print::h4b9e00b29e9c0942
[INFO] [stdout]                                at /rustc/df4ca44d3fbc9301ee17f30f4d474e6ae4b05252/library/std/src/sys/backtrace.rs:42:9
[INFO] [stdout]    8:     0x5defabfb813a - std::panicking::default_hook::{{closure}}::hb59b88280d0324d9
[INFO] [stdout]                                at /rustc/df4ca44d3fbc9301ee17f30f4d474e6ae4b05252/library/std/src/panicking.rs:268:22
[INFO] [stdout]    9:     0x5defabfb7f44 - std::panicking::default_hook::he1dd496665be4a29
[INFO] [stdout]                                at /rustc/df4ca44d3fbc9301ee17f30f4d474e6ae4b05252/library/std/src/panicking.rs:292:9
[INFO] [stdout]   10:     0x5defabf0ea49 - <alloc::boxed::Box<F,A> as core::ops::function::Fn<Args>>::call::h4ff71de18744e1dc
[INFO] [stdout]                                at /rustc/df4ca44d3fbc9301ee17f30f4d474e6ae4b05252/library/alloc/src/boxed.rs:2468:9
[INFO] [stdout]   11:     0x5defabf0ea49 - test::test_main::{{closure}}::hcf7c055ce117aa81
[INFO] [stdout]                                at /rustc/df4ca44d3fbc9301ee17f30f4d474e6ae4b05252/library/test/src/lib.rs:133:21
[INFO] [stdout]   12:     0x5defabfb8838 - <alloc::boxed::Box<F,A> as core::ops::function::Fn<Args>>::call::h1d66c6bbd60c9692
[INFO] [stdout]                                at /rustc/df4ca44d3fbc9301ee17f30f4d474e6ae4b05252/library/alloc/src/boxed.rs:2468:9
[INFO] [stdout]   13:     0x5defabfb8838 - std::panicking::rust_panic_with_hook::h2ff17fe8f26dfcf8
[INFO] [stdout]                                at /rustc/df4ca44d3fbc9301ee17f30f4d474e6ae4b05252/library/std/src/panicking.rs:809:13
[INFO] [stdout]   14:     0x5defabfb85c6 - std::panicking::begin_panic_handler::{{closure}}::h4fad77951c07e101
[INFO] [stdout]                                at /rustc/df4ca44d3fbc9301ee17f30f4d474e6ae4b05252/library/std/src/panicking.rs:667:13
[INFO] [stdout]   15:     0x5defabfb7189 - std::sys::backtrace::__rust_end_short_backtrace::hb1a25b3da5d0ea08
[INFO] [stdout]                                at /rustc/df4ca44d3fbc9301ee17f30f4d474e6ae4b05252/library/std/src/sys/backtrace.rs:170:18
[INFO] [stdout]   16:     0x5defabfb828c - rust_begin_unwind
[INFO] [stdout]                                at /rustc/df4ca44d3fbc9301ee17f30f4d474e6ae4b05252/library/std/src/panicking.rs:665:5
[INFO] [stdout]   17:     0x5defabfdcf50 - core::panicking::panic_fmt::ha9db07b529f9b256
[INFO] [stdout]                                at /rustc/df4ca44d3fbc9301ee17f30f4d474e6ae4b05252/library/core/src/panicking.rs:75:14
[INFO] [stdout]   18:     0x5defabfdcfdc - core::panicking::panic::h993086813d94accc
[INFO] [stdout]                                at /rustc/df4ca44d3fbc9301ee17f30f4d474e6ae4b05252/library/core/src/panicking.rs:152:5
[INFO] [stdout]   19:     0x5defabe66aba - zen_template::statement::state_builder::StateBuilder::add::h12b1d25c7c8e73bd
[INFO] [stdout]                                at /opt/rustwide/workdir/src/statement/state_builder.rs:19:9
[INFO] [stdout]   20:     0x5defabe82d72 - zen_template::compile::Compile::build_template::h8def71ceac97ac41
[INFO] [stdout]                                at /opt/rustwide/workdir/src/compile.rs:33:21
[INFO] [stdout]   21:     0x5defabe7b920 - zen_template::EasyTemplate::register_template::h06e8bf9dc702dacd
[INFO] [stdout]                                at /opt/rustwide/workdir/src/lib.rs:54:43
[INFO] [stdout]   22:     0x5defabe873ee - zen_template::test::test::h96c56c3dc921b0ed
[INFO] [stdout]                                at /opt/rustwide/workdir/src/lib.rs:66:9
[INFO] [stdout]   23:     0x5defabe87397 - zen_template::test::test::{{closure}}::h69154664be010128
[INFO] [stdout]                                at /opt/rustwide/workdir/src/lib.rs:64:14
[INFO] [stdout]   24:     0x5defabe8ee06 - core::ops::function::FnOnce::call_once::h0f6f7f4ab0380e4b
[INFO] [stdout]                                at /rustc/df4ca44d3fbc9301ee17f30f4d474e6ae4b05252/library/core/src/ops/function.rs:250:5
[INFO] [stdout]   25:     0x5defabf1331b - core::ops::function::FnOnce::call_once::h22c3ba5715e93f05
[INFO] [stdout]                                at /rustc/df4ca44d3fbc9301ee17f30f4d474e6ae4b05252/library/core/src/ops/function.rs:250:5
[INFO] [stdout]   26:     0x5defabf1331b - test::__rust_begin_short_backtrace::h8e82d8113d0da17f
[INFO] [stdout]                                at /rustc/df4ca44d3fbc9301ee17f30f4d474e6ae4b05252/library/test/src/lib.rs:621:18
[INFO] [stdout]   27:     0x5defabf12c97 - test::run_test_in_process::{{closure}}::h33235f4f20b7b7c7
[INFO] [stdout]                                at /rustc/df4ca44d3fbc9301ee17f30f4d474e6ae4b05252/library/test/src/lib.rs:644:60
[INFO] [stdout]   28:     0x5defabf12c97 - <core::panic::unwind_safe::AssertUnwindSafe<F> as core::ops::function::FnOnce<()>>::call_once::hb5043206310c586f
[INFO] [stdout]                                at /rustc/df4ca44d3fbc9301ee17f30f4d474e6ae4b05252/library/core/src/panic/unwind_safe.rs:272:9
[INFO] [stdout]   29:     0x5defabf12c97 - std::panicking::try::do_call::h9ad4731a60ab23e2
[INFO] [stdout]                                at /rustc/df4ca44d3fbc9301ee17f30f4d474e6ae4b05252/library/std/src/panicking.rs:557:40
[INFO] [stdout]   30:     0x5defabf12c97 - std::panicking::try::h3824d23db772a716
[INFO] [stdout]                                at /rustc/df4ca44d3fbc9301ee17f30f4d474e6ae4b05252/library/std/src/panicking.rs:520:19
[INFO] [stdout]   31:     0x5defabf12c97 - std::panic::catch_unwind::h5afd514605fde46b
[INFO] [stdout]                                at /rustc/df4ca44d3fbc9301ee17f30f4d474e6ae4b05252/library/std/src/panic.rs:358:14
[INFO] [stdout]   32:     0x5defabf12c97 - test::run_test_in_process::h0d5cbfa7067d1720
[INFO] [stdout]                                at /rustc/df4ca44d3fbc9301ee17f30f4d474e6ae4b05252/library/test/src/lib.rs:644:27
[INFO] [stdout]   33:     0x5defabf12c97 - test::run_test::{{closure}}::h708eb8872708115d
[INFO] [stdout]                                at /rustc/df4ca44d3fbc9301ee17f30f4d474e6ae4b05252/library/test/src/lib.rs:565:43
[INFO] [stdout]   34:     0x5defabed63b4 - test::run_test::{{closure}}::h392c51cee94713ab
[INFO] [stdout]                                at /rustc/df4ca44d3fbc9301ee17f30f4d474e6ae4b05252/library/test/src/lib.rs:595:41
[INFO] [stdout]   35:     0x5defabed63b4 - std::sys::backtrace::__rust_begin_short_backtrace::h2f40290710935a8b
[INFO] [stdout]                                at /rustc/df4ca44d3fbc9301ee17f30f4d474e6ae4b05252/library/std/src/sys/backtrace.rs:154:18
[INFO] [stdout]   36:     0x5defabed9b5e - std::thread::Builder::spawn_unchecked_::{{closure}}::{{closure}}::h3fd968d89053a903
[INFO] [stdout]                                at /rustc/df4ca44d3fbc9301ee17f30f4d474e6ae4b05252/library/std/src/thread/mod.rs:541:17
[INFO] [stdout]   37:     0x5defabed9b5e - <core::panic::unwind_safe::AssertUnwindSafe<F> as core::ops::function::FnOnce<()>>::call_once::h743f637ba4229880
[INFO] [stdout]                                at /rustc/df4ca44d3fbc9301ee17f30f4d474e6ae4b05252/library/core/src/panic/unwind_safe.rs:272:9
[INFO] [stdout]   38:     0x5defabed9b5e - std::panicking::try::do_call::h07440897322525a6
[INFO] [stdout]                                at /rustc/df4ca44d3fbc9301ee17f30f4d474e6ae4b05252/library/std/src/panicking.rs:557:40
[INFO] [stdout]   39:     0x5defabed9b5e - std::panicking::try::he5a2e00188156637
[INFO] [stdout]                                at /rustc/df4ca44d3fbc9301ee17f30f4d474e6ae4b05252/library/std/src/panicking.rs:520:19
[INFO] [stdout]   40:     0x5defabed9b5e - std::panic::catch_unwind::hbaf3cae49b3c6433
[INFO] [stdout]                                at /rustc/df4ca44d3fbc9301ee17f30f4d474e6ae4b05252/library/std/src/panic.rs:358:14
[INFO] [stdout]   41:     0x5defabed9b5e - std::thread::Builder::spawn_unchecked_::{{closure}}::h8e141ea224820bce
[INFO] [stdout]                                at /rustc/df4ca44d3fbc9301ee17f30f4d474e6ae4b05252/library/std/src/thread/mod.rs:540:30
[INFO] [stdout]   42:     0x5defabed9b5e - core::ops::function::FnOnce::call_once{{vtable.shim}}::h90d312fedd7b8ea8
[INFO] [stdout]                                at /rustc/df4ca44d3fbc9301ee17f30f4d474e6ae4b05252/library/core/src/ops/function.rs:250:5
[INFO] [stdout]   43:     0x5defabfbc62b - <alloc::boxed::Box<F,A> as core::ops::function::FnOnce<Args>>::call_once::h69aa08ddb6adb8b6
[INFO] [stdout]                                at /rustc/df4ca44d3fbc9301ee17f30f4d474e6ae4b05252/library/alloc/src/boxed.rs:2454:9
[INFO] [stdout]   44:     0x5defabfbc62b - <alloc::boxed::Box<F,A> as core::ops::function::FnOnce<Args>>::call_once::h5aa36efdb79c806f
[INFO] [stdout]                                at /rustc/df4ca44d3fbc9301ee17f30f4d474e6ae4b05252/library/alloc/src/boxed.rs:2454:9
[INFO] [stdout]   45:     0x5defabfbc62b - std::sys::pal::unix::thread::Thread::new::thread_start::h6cd80a1b4be5158d
[INFO] [stdout]                                at /rustc/df4ca44d3fbc9301ee17f30f4d474e6ae4b05252/library/std/src/sys/pal/unix/thread.rs:105:17
[INFO] [stdout]   46:     0x7763832aeac3 - <unknown>
[INFO] [stdout]   47:     0x77638333fa04 - clone
[INFO] [stdout]   48:                0x0 - <unknown>
[INFO] [stdout] 
[INFO] [stdout] 
[INFO] [stdout] failures:
[INFO] [stdout]     test::test
[INFO] [stdout] 
[INFO] [stdout] test result: FAILED. 11 passed; 1 failed; 0 ignored; 0 measured; 0 filtered out; finished in 0.02s
[INFO] [stdout] 
[INFO] [stderr] error: test failed, to rerun pass `--lib`
[INFO] running `Command { std: "docker" "inspect" "1c49d8f3f51a04c91d7a26bfd2c2ccf044c6effaffdd090694a182634c25d8b1", kill_on_drop: false }`
[INFO] running `Command { std: "docker" "rm" "-f" "1c49d8f3f51a04c91d7a26bfd2c2ccf044c6effaffdd090694a182634c25d8b1", kill_on_drop: false }`
[INFO] [stdout] 1c49d8f3f51a04c91d7a26bfd2c2ccf044c6effaffdd090694a182634c25d8b1
