[INFO] cloning repository https://github.com/connorescajeda/filesystem---project-9
[INFO] running `Command { std: "git" "-c" "credential.helper=" "-c" "credential.helper=/workspace/cargo-home/bin/git-credential-null" "clone" "--bare" "https://github.com/connorescajeda/filesystem---project-9" "/workspace/cache/git-repos/https%3A%2F%2Fgithub.com%2Fconnorescajeda%2Ffilesystem---project-9", kill_on_drop: false }`
[INFO] [stderr] Cloning into bare repository '/workspace/cache/git-repos/https%3A%2F%2Fgithub.com%2Fconnorescajeda%2Ffilesystem---project-9'...
[INFO] running `Command { std: "git" "rev-parse" "HEAD", kill_on_drop: false }`
[INFO] [stdout] 2adf83c68646fd12c1656f2782dbeb065137ca4f
[INFO] testing connorescajeda/filesystem---project-9/2adf83c68646fd12c1656f2782dbeb065137ca4f against nightly-2024-10-28 for randomize-layout
[INFO] running `Command { std: "git" "clone" "/workspace/cache/git-repos/https%3A%2F%2Fgithub.com%2Fconnorescajeda%2Ffilesystem---project-9" "/workspace/builds/worker-2-tc1/source", kill_on_drop: false }`
[INFO] [stderr] Cloning into '/workspace/builds/worker-2-tc1/source'...
[INFO] [stderr] done.
[INFO] validating manifest of git repo https://github.com/connorescajeda/filesystem---project-9 on toolchain nightly-2024-10-28
[INFO] running `Command { std: CARGO_HOME="/workspace/cargo-home" RUSTUP_HOME="/workspace/rustup-home" "/workspace/cargo-home/bin/cargo" "+nightly-2024-10-28" "metadata" "--manifest-path" "Cargo.toml" "--no-deps", kill_on_drop: false }`
[INFO] started tweaking git repo https://github.com/connorescajeda/filesystem---project-9
[INFO] finished tweaking git repo https://github.com/connorescajeda/filesystem---project-9
[INFO] tweaked toml for git repo https://github.com/connorescajeda/filesystem---project-9 written to /workspace/builds/worker-2-tc1/source/Cargo.toml
[INFO] crate git repo https://github.com/connorescajeda/filesystem---project-9 already has a lockfile, it will not be regenerated
[INFO] running `Command { std: CARGO_HOME="/workspace/cargo-home" RUSTUP_HOME="/workspace/rustup-home" "/workspace/cargo-home/bin/cargo" "+nightly-2024-10-28" "fetch" "--manifest-path" "Cargo.toml", kill_on_drop: false }`
[INFO] [stderr]     Updating git repository `https://github.com/gjf2a/ramdisk`
[INFO] running `Command { std: "docker" "create" "-v" "/var/lib/crater-agent-workspace/builds/worker-2-tc1/target:/opt/rustwide/target:rw,Z" "-v" "/var/lib/crater-agent-workspace/builds/worker-2-tc1/source:/opt/rustwide/workdir:ro,Z" "-v" "/var/lib/crater-agent-workspace/cargo-home:/opt/rustwide/cargo-home:ro,Z" "-v" "/var/lib/crater-agent-workspace/rustup-home:/opt/rustwide/rustup-home:ro,Z" "-e" "SOURCE_DIR=/opt/rustwide/workdir" "-e" "CARGO_TARGET_DIR=/opt/rustwide/target" "-e" "CARGO_HOME=/opt/rustwide/cargo-home" "-e" "RUSTUP_HOME=/opt/rustwide/rustup-home" "-w" "/opt/rustwide/workdir" "-m" "1610612736" "--user" "0:0" "--network" "none" "ghcr.io/rust-lang/crates-build-env/linux@sha256:4a844ea9eb2546a2d2c7022eacef16ef2e8229c7fbb2c7d4d55a9ceca922f72d" "/opt/rustwide/cargo-home/bin/cargo" "+nightly-2024-10-28" "metadata" "--no-deps" "--format-version=1", kill_on_drop: false }`
[INFO] [stdout] ca1f88a604e78ba3199991fadb48e60a2d8e7ccb5d8966ce3ac9dbd1fc7a882c
[INFO] running `Command { std: "docker" "start" "-a" "ca1f88a604e78ba3199991fadb48e60a2d8e7ccb5d8966ce3ac9dbd1fc7a882c", kill_on_drop: false }`
[INFO] running `Command { std: "docker" "inspect" "ca1f88a604e78ba3199991fadb48e60a2d8e7ccb5d8966ce3ac9dbd1fc7a882c", kill_on_drop: false }`
[INFO] running `Command { std: "docker" "rm" "-f" "ca1f88a604e78ba3199991fadb48e60a2d8e7ccb5d8966ce3ac9dbd1fc7a882c", kill_on_drop: false }`
[INFO] [stdout] ca1f88a604e78ba3199991fadb48e60a2d8e7ccb5d8966ce3ac9dbd1fc7a882c
[INFO] running `Command { std: "docker" "create" "-v" "/var/lib/crater-agent-workspace/builds/worker-2-tc1/target:/opt/rustwide/target:rw,Z" "-v" "/var/lib/crater-agent-workspace/builds/worker-2-tc1/source:/opt/rustwide/workdir:ro,Z" "-v" "/var/lib/crater-agent-workspace/cargo-home:/opt/rustwide/cargo-home:ro,Z" "-v" "/var/lib/crater-agent-workspace/rustup-home:/opt/rustwide/rustup-home:ro,Z" "-e" "SOURCE_DIR=/opt/rustwide/workdir" "-e" "CARGO_TARGET_DIR=/opt/rustwide/target" "-e" "CARGO_INCREMENTAL=0" "-e" "RUST_BACKTRACE=full" "-e" "RUSTFLAGS=--cap-lints=forbid" "-e" "RUSTDOCFLAGS=--cap-lints=forbid" "-e" "CARGO_HOME=/opt/rustwide/cargo-home" "-e" "RUSTUP_HOME=/opt/rustwide/rustup-home" "-w" "/opt/rustwide/workdir" "-m" "1610612736" "--user" "0:0" "--network" "none" "ghcr.io/rust-lang/crates-build-env/linux@sha256:4a844ea9eb2546a2d2c7022eacef16ef2e8229c7fbb2c7d4d55a9ceca922f72d" "/opt/rustwide/cargo-home/bin/cargo" "+nightly-2024-10-28" "build" "--frozen" "--message-format=json", kill_on_drop: false }`
[INFO] [stdout] 7c78133ed854dddcf67cc23b2d8dc56df96db38234fd021679155fedfb5132cd
[INFO] running `Command { std: "docker" "start" "-a" "7c78133ed854dddcf67cc23b2d8dc56df96db38234fd021679155fedfb5132cd", kill_on_drop: false }`
[INFO] [stderr]    Compiling ramdisk v0.1.4 (https://github.com/gjf2a/ramdisk#da8347c3)
[INFO] [stderr]    Compiling filesystem v0.1.0 (/opt/rustwide/workdir)
[INFO] [stdout] warning: unnecessary trailing semicolon
[INFO] [stdout]    --> src/lib.rs:699:25
[INFO] [stdout]     |
[INFO] [stdout] 699 |                 } else {;
[INFO] [stdout]     |                         ^ help: remove this semicolon
[INFO] [stdout]     |
[INFO] [stdout]     = note: `#[warn(redundant_semicolons)]` on by default
[INFO] [stdout] 
[INFO] [stdout] 
[INFO] [stdout] warning: value assigned to `inode_num` is never read
[INFO] [stdout]    --> src/lib.rs:188:17
[INFO] [stdout]     |
[INFO] [stdout] 188 |         let mut inode_num = 0;
[INFO] [stdout]     |                 ^^^^^^^^^
[INFO] [stdout]     |
[INFO] [stdout]     = help: maybe it is overwritten before being read?
[INFO] [stdout]     = note: `#[warn(unused_assignments)]` on by default
[INFO] [stdout] 
[INFO] [stdout] 
[INFO] [stdout] warning: variable does not need to be mutable
[INFO] [stdout]    --> src/lib.rs:451:21
[INFO] [stdout]     |
[INFO] [stdout] 451 |                 let mut start_block = 2;
[INFO] [stdout]     |                     ----^^^^^^^^^^^
[INFO] [stdout]     |                     |
[INFO] [stdout]     |                     help: remove this `mut`
[INFO] [stdout]     |
[INFO] [stdout]     = note: `#[warn(unused_mut)]` on by default
[INFO] [stdout] 
[INFO] [stdout] 
[INFO] [stdout] warning: variable does not need to be mutable
[INFO] [stdout]    --> src/lib.rs:740:13
[INFO] [stdout]     |
[INFO] [stdout] 740 |         let mut og_file = self.open[fd];
[INFO] [stdout]     |             ----^^^^^^^
[INFO] [stdout]     |             |
[INFO] [stdout]     |             help: remove this `mut`
[INFO] [stdout] 
[INFO] [stdout] 
[INFO] [stdout] warning: unused variable: `max`
[INFO] [stdout]    --> src/lib.rs:814:13
[INFO] [stdout]     |
[INFO] [stdout] 814 |         let max = 0;
[INFO] [stdout]     |             ^^^ help: if this is intentional, prefix it with an underscore: `_max`
[INFO] [stdout]     |
[INFO] [stdout]     = note: `#[warn(unused_variables)]` on by default
[INFO] [stdout] 
[INFO] [stdout] 
[INFO] [stdout] warning: unused variable: `i`
[INFO] [stdout]    --> src/lib.rs:861:22
[INFO] [stdout]     |
[INFO] [stdout] 861 |                 for (i, value) in buffer.iter().enumerate(){
[INFO] [stdout]     |                      ^ help: if this is intentional, prefix it with an underscore: `_i`
[INFO] [stdout] 
[INFO] [stdout] 
[INFO] [stdout] warning: variable does not need to be mutable
[INFO] [stdout]    --> src/lib.rs:900:17
[INFO] [stdout]     |
[INFO] [stdout] 900 |             let mut file = file.unwrap();
[INFO] [stdout]     |                 ----^^^^
[INFO] [stdout]     |                 |
[INFO] [stdout]     |                 help: remove this `mut`
[INFO] [stdout] 
[INFO] [stdout] 
[INFO] [stdout] warning: unused variable: `buffer`
[INFO] [stdout]    --> src/lib.rs:941:17
[INFO] [stdout]     |
[INFO] [stdout] 941 |         let mut buffer = [0; BLOCK_SIZE];
[INFO] [stdout]     |                 ^^^^^^ help: if this is intentional, prefix it with an underscore: `_buffer`
[INFO] [stdout] 
[INFO] [stdout] 
[INFO] [stdout] warning: variable does not need to be mutable
[INFO] [stdout]    --> src/lib.rs:941:13
[INFO] [stdout]     |
[INFO] [stdout] 941 |         let mut buffer = [0; BLOCK_SIZE];
[INFO] [stdout]     |             ----^^^^^^
[INFO] [stdout]     |             |
[INFO] [stdout]     |             help: remove this `mut`
[INFO] [stdout] 
[INFO] [stdout] 
[INFO] [stdout] warning: unused variable: `break_flag`
[INFO] [stdout]     --> src/lib.rs:1003:17
[INFO] [stdout]      |
[INFO] [stdout] 1003 |         let mut break_flag = false;
[INFO] [stdout]      |                 ^^^^^^^^^^ help: if this is intentional, prefix it with an underscore: `_break_flag`
[INFO] [stdout] 
[INFO] [stdout] 
[INFO] [stdout] warning: variable does not need to be mutable
[INFO] [stdout]     --> src/lib.rs:1003:13
[INFO] [stdout]      |
[INFO] [stdout] 1003 |         let mut break_flag = false;
[INFO] [stdout]      |             ----^^^^^^^^^^
[INFO] [stdout]      |             |
[INFO] [stdout]      |             help: remove this `mut`
[INFO] [stdout] 
[INFO] [stdout] 
[INFO] [stdout] warning: field `inode` is never read
[INFO] [stdout]   --> src/lib.rs:34:5
[INFO] [stdout]    |
[INFO] [stdout] 33 | pub struct FileInfo<const MAX_BLOCKS: usize, const BLOCK_SIZE: usize> {
[INFO] [stdout]    |            -------- field in this struct
[INFO] [stdout] 34 |     inode: Inode<MAX_BLOCKS, BLOCK_SIZE>,
[INFO] [stdout]    |     ^^^^^
[INFO] [stdout]    |
[INFO] [stdout]    = note: `FileInfo` has derived impls for the traits `Clone` and `Debug`, but these are intentionally ignored during dead code analysis
[INFO] [stdout]    = note: `#[warn(dead_code)]` on by default
[INFO] [stdout] 
[INFO] [stdout] 
[INFO] [stdout] warning: field `block_buffer` is never read
[INFO] [stdout]   --> src/lib.rs:73:5
[INFO] [stdout]    |
[INFO] [stdout] 62 | pub struct FileSystem<
[INFO] [stdout]    |            ---------- field in this struct
[INFO] [stdout] ...
[INFO] [stdout] 73 |     block_buffer: [u8; BLOCK_SIZE],
[INFO] [stdout]    |     ^^^^^^^^^^^^
[INFO] [stdout]    |
[INFO] [stdout]    = note: `FileSystem` has a derived impl for the trait `Debug`, but this is intentionally ignored during dead code analysis
[INFO] [stdout] 
[INFO] [stdout] 
[INFO] [stderr]     Finished `dev` profile [unoptimized + debuginfo] target(s) in 0.15s
[INFO] running `Command { std: "docker" "inspect" "7c78133ed854dddcf67cc23b2d8dc56df96db38234fd021679155fedfb5132cd", kill_on_drop: false }`
[INFO] running `Command { std: "docker" "rm" "-f" "7c78133ed854dddcf67cc23b2d8dc56df96db38234fd021679155fedfb5132cd", kill_on_drop: false }`
[INFO] [stdout] 7c78133ed854dddcf67cc23b2d8dc56df96db38234fd021679155fedfb5132cd
[INFO] running `Command { std: "docker" "create" "-v" "/var/lib/crater-agent-workspace/builds/worker-2-tc1/target:/opt/rustwide/target:rw,Z" "-v" "/var/lib/crater-agent-workspace/builds/worker-2-tc1/source:/opt/rustwide/workdir:ro,Z" "-v" "/var/lib/crater-agent-workspace/cargo-home:/opt/rustwide/cargo-home:ro,Z" "-v" "/var/lib/crater-agent-workspace/rustup-home:/opt/rustwide/rustup-home:ro,Z" "-e" "SOURCE_DIR=/opt/rustwide/workdir" "-e" "CARGO_TARGET_DIR=/opt/rustwide/target" "-e" "CARGO_INCREMENTAL=0" "-e" "RUST_BACKTRACE=full" "-e" "RUSTFLAGS=--cap-lints=forbid" "-e" "RUSTDOCFLAGS=--cap-lints=forbid" "-e" "CARGO_HOME=/opt/rustwide/cargo-home" "-e" "RUSTUP_HOME=/opt/rustwide/rustup-home" "-w" "/opt/rustwide/workdir" "-m" "1610612736" "--user" "0:0" "--network" "none" "ghcr.io/rust-lang/crates-build-env/linux@sha256:4a844ea9eb2546a2d2c7022eacef16ef2e8229c7fbb2c7d4d55a9ceca922f72d" "/opt/rustwide/cargo-home/bin/cargo" "+nightly-2024-10-28" "test" "--frozen" "--no-run" "--message-format=json", kill_on_drop: false }`
[INFO] [stdout] 8cbdbd0f091122340b872ef9e1f2e3fc63f87b30e7807fee32bfb03f9ae0578e
[INFO] running `Command { std: "docker" "start" "-a" "8cbdbd0f091122340b872ef9e1f2e3fc63f87b30e7807fee32bfb03f9ae0578e", kill_on_drop: false }`
[INFO] [stdout] warning: unnecessary trailing semicolon
[INFO] [stdout]    --> src/lib.rs:699:25
[INFO] [stdout]     |
[INFO] [stdout] 699 |                 } else {;
[INFO] [stdout]     |                         ^ help: remove this semicolon
[INFO] [stdout]     |
[INFO] [stdout]     = note: `#[warn(redundant_semicolons)]` on by default
[INFO] [stdout] 
[INFO] [stdout] 
[INFO] [stdout] warning: value assigned to `inode_num` is never read
[INFO] [stdout]    --> src/lib.rs:188:17
[INFO] [stdout]     |
[INFO] [stdout] 188 |         let mut inode_num = 0;
[INFO] [stdout]     |                 ^^^^^^^^^
[INFO] [stdout]     |
[INFO] [stdout]     = help: maybe it is overwritten before being read?
[INFO] [stdout]     = note: `#[warn(unused_assignments)]` on by default
[INFO] [stdout] 
[INFO] [stdout] 
[INFO] [stdout] warning: variable does not need to be mutable
[INFO] [stdout]    --> src/lib.rs:451:21
[INFO] [stdout]     |
[INFO] [stdout] 451 |                 let mut start_block = 2;
[INFO] [stdout]     |                     ----^^^^^^^^^^^
[INFO] [stdout]     |                     |
[INFO] [stdout]     |                     help: remove this `mut`
[INFO] [stdout]     |
[INFO] [stdout]     = note: `#[warn(unused_mut)]` on by default
[INFO] [stdout] 
[INFO] [stdout] 
[INFO] [stdout] warning: variable does not need to be mutable
[INFO] [stdout]    --> src/lib.rs:740:13
[INFO] [stdout]     |
[INFO] [stdout] 740 |         let mut og_file = self.open[fd];
[INFO] [stdout]     |             ----^^^^^^^
[INFO] [stdout]     |             |
[INFO] [stdout]     |             help: remove this `mut`
[INFO] [stdout] 
[INFO] [stdout] 
[INFO] [stdout] warning: unused variable: `max`
[INFO] [stdout]    --> src/lib.rs:814:13
[INFO] [stdout]     |
[INFO] [stdout] 814 |         let max = 0;
[INFO] [stdout]     |             ^^^ help: if this is intentional, prefix it with an underscore: `_max`
[INFO] [stdout]     |
[INFO] [stdout]     = note: `#[warn(unused_variables)]` on by default
[INFO] [stdout] 
[INFO] [stdout] 
[INFO] [stdout] warning: unused variable: `i`
[INFO] [stdout]    --> src/lib.rs:861:22
[INFO] [stdout]     |
[INFO] [stdout] 861 |                 for (i, value) in buffer.iter().enumerate(){
[INFO] [stdout]     |                      ^ help: if this is intentional, prefix it with an underscore: `_i`
[INFO] [stdout] 
[INFO] [stdout] 
[INFO] [stdout] warning: variable does not need to be mutable
[INFO] [stdout]    --> src/lib.rs:900:17
[INFO] [stdout]     |
[INFO] [stdout] 900 |             let mut file = file.unwrap();
[INFO] [stdout]     |                 ----^^^^
[INFO] [stdout]     |                 |
[INFO] [stdout]     |                 help: remove this `mut`
[INFO] [stdout] 
[INFO] [stdout] 
[INFO] [stdout] warning: unused variable: `buffer`
[INFO] [stdout]    --> src/lib.rs:941:17
[INFO] [stdout]     |
[INFO] [stdout] 941 |         let mut buffer = [0; BLOCK_SIZE];
[INFO] [stdout]     |                 ^^^^^^ help: if this is intentional, prefix it with an underscore: `_buffer`
[INFO] [stdout] 
[INFO] [stdout] 
[INFO] [stdout] warning: variable does not need to be mutable
[INFO] [stdout]    --> src/lib.rs:941:13
[INFO] [stdout]     |
[INFO] [stdout] 941 |         let mut buffer = [0; BLOCK_SIZE];
[INFO] [stdout]     |             ----^^^^^^
[INFO] [stdout]     |             |
[INFO] [stdout]     |             help: remove this `mut`
[INFO] [stdout] 
[INFO] [stdout] 
[INFO] [stdout] warning: unused variable: `break_flag`
[INFO] [stdout]     --> src/lib.rs:1003:17
[INFO] [stdout]      |
[INFO] [stdout] 1003 |         let mut break_flag = false;
[INFO] [stdout]      |                 ^^^^^^^^^^ help: if this is intentional, prefix it with an underscore: `_break_flag`
[INFO] [stdout] 
[INFO] [stdout] 
[INFO] [stdout] warning: variable does not need to be mutable
[INFO] [stdout]     --> src/lib.rs:1003:13
[INFO] [stdout]      |
[INFO] [stdout] 1003 |         let mut break_flag = false;
[INFO] [stdout]      |             ----^^^^^^^^^^
[INFO] [stdout]      |             |
[INFO] [stdout]      |             help: remove this `mut`
[INFO] [stdout] 
[INFO] [stdout] 
[INFO] [stdout] warning: field `inode` is never read
[INFO] [stdout]   --> src/lib.rs:34:5
[INFO] [stdout]    |
[INFO] [stdout] 33 | pub struct FileInfo<const MAX_BLOCKS: usize, const BLOCK_SIZE: usize> {
[INFO] [stdout]    |            -------- field in this struct
[INFO] [stdout] 34 |     inode: Inode<MAX_BLOCKS, BLOCK_SIZE>,
[INFO] [stdout]    |     ^^^^^
[INFO] [stdout]    |
[INFO] [stdout]    = note: `FileInfo` has derived impls for the traits `Clone` and `Debug`, but these are intentionally ignored during dead code analysis
[INFO] [stdout]    = note: `#[warn(dead_code)]` on by default
[INFO] [stdout] 
[INFO] [stdout] 
[INFO] [stdout] warning: field `block_buffer` is never read
[INFO] [stdout]   --> src/lib.rs:73:5
[INFO] [stdout]    |
[INFO] [stdout] 62 | pub struct FileSystem<
[INFO] [stdout]    |            ---------- field in this struct
[INFO] [stdout] ...
[INFO] [stdout] 73 |     block_buffer: [u8; BLOCK_SIZE],
[INFO] [stdout]    |     ^^^^^^^^^^^^
[INFO] [stdout]    |
[INFO] [stdout]    = note: `FileSystem` has a derived impl for the trait `Debug`, but this is intentionally ignored during dead code analysis
[INFO] [stdout] 
[INFO] [stdout] 
[INFO] [stderr]    Compiling filesystem v0.1.0 (/opt/rustwide/workdir)
[INFO] [stdout] warning: unnecessary trailing semicolon
[INFO] [stdout]    --> src/lib.rs:699:25
[INFO] [stdout]     |
[INFO] [stdout] 699 |                 } else {;
[INFO] [stdout]     |                         ^ help: remove this semicolon
[INFO] [stdout]     |
[INFO] [stdout]     = note: `#[warn(redundant_semicolons)]` on by default
[INFO] [stdout] 
[INFO] [stdout] 
[INFO] [stdout] warning: unused import: `core::num`
[INFO] [stdout]     --> src/lib.rs:1075:9
[INFO] [stdout]      |
[INFO] [stdout] 1075 |     use core::num;
[INFO] [stdout]      |         ^^^^^^^^^
[INFO] [stdout]      |
[INFO] [stdout]      = note: `#[warn(unused_imports)]` on by default
[INFO] [stdout] 
[INFO] [stdout] 
[INFO] [stdout] warning: value assigned to `inode_num` is never read
[INFO] [stdout]    --> src/lib.rs:188:17
[INFO] [stdout]     |
[INFO] [stdout] 188 |         let mut inode_num = 0;
[INFO] [stdout]     |                 ^^^^^^^^^
[INFO] [stdout]     |
[INFO] [stdout]     = help: maybe it is overwritten before being read?
[INFO] [stdout]     = note: `#[warn(unused_assignments)]` on by default
[INFO] [stdout] 
[INFO] [stdout] 
[INFO] [stdout] warning: variable does not need to be mutable
[INFO] [stdout]    --> src/lib.rs:451:21
[INFO] [stdout]     |
[INFO] [stdout] 451 |                 let mut start_block = 2;
[INFO] [stdout]     |                     ----^^^^^^^^^^^
[INFO] [stdout]     |                     |
[INFO] [stdout]     |                     help: remove this `mut`
[INFO] [stdout]     |
[INFO] [stdout]     = note: `#[warn(unused_mut)]` on by default
[INFO] [stdout] 
[INFO] [stdout] 
[INFO] [stdout] warning: variable does not need to be mutable
[INFO] [stdout]    --> src/lib.rs:740:13
[INFO] [stdout]     |
[INFO] [stdout] 740 |         let mut og_file = self.open[fd];
[INFO] [stdout]     |             ----^^^^^^^
[INFO] [stdout]     |             |
[INFO] [stdout]     |             help: remove this `mut`
[INFO] [stdout] 
[INFO] [stdout] 
[INFO] [stdout] warning: unused variable: `max`
[INFO] [stdout]    --> src/lib.rs:814:13
[INFO] [stdout]     |
[INFO] [stdout] 814 |         let max = 0;
[INFO] [stdout]     |             ^^^ help: if this is intentional, prefix it with an underscore: `_max`
[INFO] [stdout]     |
[INFO] [stdout]     = note: `#[warn(unused_variables)]` on by default
[INFO] [stdout] 
[INFO] [stdout] 
[INFO] [stdout] warning: unused variable: `i`
[INFO] [stdout]    --> src/lib.rs:861:22
[INFO] [stdout]     |
[INFO] [stdout] 861 |                 for (i, value) in buffer.iter().enumerate(){
[INFO] [stdout]     |                      ^ help: if this is intentional, prefix it with an underscore: `_i`
[INFO] [stdout] 
[INFO] [stdout] 
[INFO] [stdout] warning: variable does not need to be mutable
[INFO] [stdout]    --> src/lib.rs:900:17
[INFO] [stdout]     |
[INFO] [stdout] 900 |             let mut file = file.unwrap();
[INFO] [stdout]     |                 ----^^^^
[INFO] [stdout]     |                 |
[INFO] [stdout]     |                 help: remove this `mut`
[INFO] [stdout] 
[INFO] [stdout] 
[INFO] [stdout] warning: unused variable: `buffer`
[INFO] [stdout]    --> src/lib.rs:941:17
[INFO] [stdout]     |
[INFO] [stdout] 941 |         let mut buffer = [0; BLOCK_SIZE];
[INFO] [stdout]     |                 ^^^^^^ help: if this is intentional, prefix it with an underscore: `_buffer`
[INFO] [stdout] 
[INFO] [stdout] 
[INFO] [stdout] warning: variable does not need to be mutable
[INFO] [stdout]    --> src/lib.rs:941:13
[INFO] [stdout]     |
[INFO] [stdout] 941 |         let mut buffer = [0; BLOCK_SIZE];
[INFO] [stdout]     |             ----^^^^^^
[INFO] [stdout]     |             |
[INFO] [stdout]     |             help: remove this `mut`
[INFO] [stdout] 
[INFO] [stdout] 
[INFO] [stdout] warning: unused variable: `break_flag`
[INFO] [stdout]     --> src/lib.rs:1003:17
[INFO] [stdout]      |
[INFO] [stdout] 1003 |         let mut break_flag = false;
[INFO] [stdout]      |                 ^^^^^^^^^^ help: if this is intentional, prefix it with an underscore: `_break_flag`
[INFO] [stdout] 
[INFO] [stdout] 
[INFO] [stdout] warning: variable does not need to be mutable
[INFO] [stdout]     --> src/lib.rs:1003:13
[INFO] [stdout]      |
[INFO] [stdout] 1003 |         let mut break_flag = false;
[INFO] [stdout]      |             ----^^^^^^^^^^
[INFO] [stdout]      |             |
[INFO] [stdout]      |             help: remove this `mut`
[INFO] [stdout] 
[INFO] [stdout] 
[INFO] [stdout] warning: field `inode` is never read
[INFO] [stdout]   --> src/lib.rs:34:5
[INFO] [stdout]    |
[INFO] [stdout] 33 | pub struct FileInfo<const MAX_BLOCKS: usize, const BLOCK_SIZE: usize> {
[INFO] [stdout]    |            -------- field in this struct
[INFO] [stdout] 34 |     inode: Inode<MAX_BLOCKS, BLOCK_SIZE>,
[INFO] [stdout]    |     ^^^^^
[INFO] [stdout]    |
[INFO] [stdout]    = note: `FileInfo` has derived impls for the traits `Clone` and `Debug`, but these are intentionally ignored during dead code analysis
[INFO] [stdout]    = note: `#[warn(dead_code)]` on by default
[INFO] [stdout] 
[INFO] [stdout] 
[INFO] [stdout] warning: field `block_buffer` is never read
[INFO] [stdout]   --> src/lib.rs:73:5
[INFO] [stdout]    |
[INFO] [stdout] 62 | pub struct FileSystem<
[INFO] [stdout]    |            ---------- field in this struct
[INFO] [stdout] ...
[INFO] [stdout] 73 |     block_buffer: [u8; BLOCK_SIZE],
[INFO] [stdout]    |     ^^^^^^^^^^^^
[INFO] [stdout]    |
[INFO] [stdout]    = note: `FileSystem` has a derived impl for the trait `Debug`, but this is intentionally ignored during dead code analysis
[INFO] [stdout] 
[INFO] [stdout] 
[INFO] [stderr]     Finished `test` profile [unoptimized + debuginfo] target(s) in 0.27s
[INFO] running `Command { std: "docker" "inspect" "8cbdbd0f091122340b872ef9e1f2e3fc63f87b30e7807fee32bfb03f9ae0578e", kill_on_drop: false }`
[INFO] running `Command { std: "docker" "rm" "-f" "8cbdbd0f091122340b872ef9e1f2e3fc63f87b30e7807fee32bfb03f9ae0578e", kill_on_drop: false }`
[INFO] [stdout] 8cbdbd0f091122340b872ef9e1f2e3fc63f87b30e7807fee32bfb03f9ae0578e
[INFO] running `Command { std: "docker" "create" "-v" "/var/lib/crater-agent-workspace/builds/worker-2-tc1/target:/opt/rustwide/target:rw,Z" "-v" "/var/lib/crater-agent-workspace/builds/worker-2-tc1/source:/opt/rustwide/workdir:ro,Z" "-v" "/var/lib/crater-agent-workspace/cargo-home:/opt/rustwide/cargo-home:ro,Z" "-v" "/var/lib/crater-agent-workspace/rustup-home:/opt/rustwide/rustup-home:ro,Z" "-e" "SOURCE_DIR=/opt/rustwide/workdir" "-e" "CARGO_TARGET_DIR=/opt/rustwide/target" "-e" "CARGO_INCREMENTAL=0" "-e" "RUST_BACKTRACE=full" "-e" "RUSTFLAGS=--cap-lints=forbid" "-e" "RUSTDOCFLAGS=--cap-lints=forbid" "-e" "CARGO_HOME=/opt/rustwide/cargo-home" "-e" "RUSTUP_HOME=/opt/rustwide/rustup-home" "-w" "/opt/rustwide/workdir" "-m" "1610612736" "--user" "0:0" "--network" "none" "ghcr.io/rust-lang/crates-build-env/linux@sha256:4a844ea9eb2546a2d2c7022eacef16ef2e8229c7fbb2c7d4d55a9ceca922f72d" "/opt/rustwide/cargo-home/bin/cargo" "+nightly-2024-10-28" "test" "--frozen", kill_on_drop: false }`
[INFO] [stdout] 55e1e55f3c9faeea5a78d5e1a831f75fc8ac791b30cced2bd26686e4d0f3c6ed
[INFO] running `Command { std: "docker" "start" "-a" "55e1e55f3c9faeea5a78d5e1a831f75fc8ac791b30cced2bd26686e4d0f3c6ed", kill_on_drop: false }`
[INFO] [stderr] warning: unnecessary trailing semicolon
[INFO] [stderr]    --> src/lib.rs:699:25
[INFO] [stderr]     |
[INFO] [stderr] 699 |                 } else {;
[INFO] [stderr]     |                         ^ help: remove this semicolon
[INFO] [stderr]     |
[INFO] [stderr]     = note: `#[warn(redundant_semicolons)]` on by default
[INFO] [stderr] 
[INFO] [stderr] warning: value assigned to `inode_num` is never read
[INFO] [stderr]    --> src/lib.rs:188:17
[INFO] [stderr]     |
[INFO] [stderr] 188 |         let mut inode_num = 0;
[INFO] [stderr]     |                 ^^^^^^^^^
[INFO] [stderr]     |
[INFO] [stderr]     = help: maybe it is overwritten before being read?
[INFO] [stderr]     = note: `#[warn(unused_assignments)]` on by default
[INFO] [stderr] 
[INFO] [stderr] warning: variable does not need to be mutable
[INFO] [stderr]    --> src/lib.rs:451:21
[INFO] [stderr]     |
[INFO] [stderr] 451 |                 let mut start_block = 2;
[INFO] [stderr]     |                     ----^^^^^^^^^^^
[INFO] [stderr]     |                     |
[INFO] [stderr]     |                     help: remove this `mut`
[INFO] [stderr]     |
[INFO] [stderr]     = note: `#[warn(unused_mut)]` on by default
[INFO] [stderr] 
[INFO] [stderr] warning: variable does not need to be mutable
[INFO] [stderr]    --> src/lib.rs:740:13
[INFO] [stderr]     |
[INFO] [stderr] 740 |         let mut og_file = self.open[fd];
[INFO] [stderr]     |             ----^^^^^^^
[INFO] [stderr]     |             |
[INFO] [stderr]     |             help: remove this `mut`
[INFO] [stderr] 
[INFO] [stderr] warning: unused variable: `max`
[INFO] [stderr]    --> src/lib.rs:814:13
[INFO] [stderr]     |
[INFO] [stderr] 814 |         let max = 0;
[INFO] [stderr]     |             ^^^ help: if this is intentional, prefix it with an underscore: `_max`
[INFO] [stderr]     |
[INFO] [stderr]     = note: `#[warn(unused_variables)]` on by default
[INFO] [stderr] 
[INFO] [stderr] warning: unused variable: `i`
[INFO] [stderr]    --> src/lib.rs:861:22
[INFO] [stderr]     |
[INFO] [stderr] 861 |                 for (i, value) in buffer.iter().enumerate(){
[INFO] [stderr]     |                      ^ help: if this is intentional, prefix it with an underscore: `_i`
[INFO] [stderr] 
[INFO] [stderr] warning: variable does not need to be mutable
[INFO] [stderr]    --> src/lib.rs:900:17
[INFO] [stderr]     |
[INFO] [stderr] 900 |             let mut file = file.unwrap();
[INFO] [stderr]     |                 ----^^^^
[INFO] [stderr]     |                 |
[INFO] [stderr]     |                 help: remove this `mut`
[INFO] [stderr] 
[INFO] [stderr] warning: unused variable: `buffer`
[INFO] [stderr]    --> src/lib.rs:941:17
[INFO] [stderr]     |
[INFO] [stderr] 941 |         let mut buffer = [0; BLOCK_SIZE];
[INFO] [stderr]     |                 ^^^^^^ help: if this is intentional, prefix it with an underscore: `_buffer`
[INFO] [stderr] 
[INFO] [stderr] warning: variable does not need to be mutable
[INFO] [stderr]    --> src/lib.rs:941:13
[INFO] [stderr]     |
[INFO] [stderr] 941 |         let mut buffer = [0; BLOCK_SIZE];
[INFO] [stderr]     |             ----^^^^^^
[INFO] [stderr]     |             |
[INFO] [stderr]     |             help: remove this `mut`
[INFO] [stderr] 
[INFO] [stderr] warning: unused variable: `break_flag`
[INFO] [stderr]     --> src/lib.rs:1003:17
[INFO] [stderr]      |
[INFO] [stderr] 1003 |         let mut break_flag = false;
[INFO] [stderr]      |                 ^^^^^^^^^^ help: if this is intentional, prefix it with an underscore: `_break_flag`
[INFO] [stderr] 
[INFO] [stderr] warning: variable does not need to be mutable
[INFO] [stderr]     --> src/lib.rs:1003:13
[INFO] [stderr]      |
[INFO] [stderr] 1003 |         let mut break_flag = false;
[INFO] [stderr]      |             ----^^^^^^^^^^
[INFO] [stderr]      |             |
[INFO] [stderr]      |             help: remove this `mut`
[INFO] [stderr] 
[INFO] [stderr] warning: field `inode` is never read
[INFO] [stderr]   --> src/lib.rs:34:5
[INFO] [stderr]    |
[INFO] [stderr] 33 | pub struct FileInfo<const MAX_BLOCKS: usize, const BLOCK_SIZE: usize> {
[INFO] [stderr]    |            -------- field in this struct
[INFO] [stderr] 34 |     inode: Inode<MAX_BLOCKS, BLOCK_SIZE>,
[INFO] [stderr]    |     ^^^^^
[INFO] [stderr]    |
[INFO] [stderr]    = note: `FileInfo` has derived impls for the traits `Clone` and `Debug`, but these are intentionally ignored during dead code analysis
[INFO] [stderr]    = note: `#[warn(dead_code)]` on by default
[INFO] [stderr] 
[INFO] [stderr] warning: field `block_buffer` is never read
[INFO] [stderr]   --> src/lib.rs:73:5
[INFO] [stderr]    |
[INFO] [stderr] 62 | pub struct FileSystem<
[INFO] [stderr]    |            ---------- field in this struct
[INFO] [stderr] ...
[INFO] [stderr] 73 |     block_buffer: [u8; BLOCK_SIZE],
[INFO] [stderr]    |     ^^^^^^^^^^^^
[INFO] [stderr]    |
[INFO] [stderr]    = note: `FileSystem` has a derived impl for the trait `Debug`, but this is intentionally ignored during dead code analysis
[INFO] [stderr] 
[INFO] [stderr] warning: `filesystem` (lib) generated 13 warnings (run `cargo fix --lib -p filesystem` to apply 5 suggestions)
[INFO] [stderr] warning: unused import: `core::num`
[INFO] [stderr]     --> src/lib.rs:1075:9
[INFO] [stderr]      |
[INFO] [stderr] 1075 |     use core::num;
[INFO] [stderr]      |         ^^^^^^^^^
[INFO] [stderr]      |
[INFO] [stderr]      = note: `#[warn(unused_imports)]` on by default
[INFO] [stderr] 
[INFO] [stderr] warning: `filesystem` (lib test) generated 14 warnings (13 duplicates) (run `cargo fix --lib -p filesystem --tests` to apply 1 suggestion)
[INFO] [stderr]     Finished `test` profile [unoptimized + debuginfo] target(s) in 0.01s
[INFO] [stderr]      Running unittests src/lib.rs (/opt/rustwide/target/debug/deps/filesystem-1ef2db3da6198b32)
[INFO] [stdout] 
[INFO] [stdout] running 14 tests
[INFO] [stdout] test tests::test_already_open ... ok
[INFO] [stdout] test tests::test_complex_1 ... ok
[INFO] [stdout] test tests::test_complex_2 ... ok
[INFO] [stdout] test tests::test_complex_3 ... ok
[INFO] [stdout] test tests::test_file_not_open ... ok
[INFO] [stdout] test tests::test_file_not_found ... ok
[INFO] [stdout] test tests::test_filename_too_long ... ok
[INFO] [stdout] test tests::test_not_open_for_read ... ok
[INFO] [stdout] test tests::test_long_write ... ok
[INFO] [stdout] test tests::test_not_open_for_write ... ok
[INFO] [stdout] test tests::test_file_too_big ... ok
[INFO] [stdout] test tests::test_short_write ... ok
[INFO] [stdout] test tests::test_too_many_files ... ok
[INFO] [stdout] test tests::test_disk_full ... FAILED
[INFO] [stdout] 
[INFO] [stdout] failures:
[INFO] [stdout] 
[INFO] [stdout] ---- tests::test_disk_full stdout ----
[INFO] [stdout] thread 'tests::test_disk_full' panicked at src/lib.rs:1320:25:
[INFO] [stdout] assertion `left == right` failed
[INFO] [stdout]   left: 448
[INFO] [stdout]  right: 191
[INFO] [stdout] stack backtrace:
[INFO] [stdout]    0:     0x560517dff43a - std::backtrace_rs::backtrace::libunwind::trace::h207520d6e9873551
[INFO] [stdout]                                at /rustc/df4ca44d3fbc9301ee17f30f4d474e6ae4b05252/library/std/src/../../backtrace/src/backtrace/libunwind.rs:116:5
[INFO] [stdout]    1:     0x560517dff43a - std::backtrace_rs::backtrace::trace_unsynchronized::h2ed7433f370e3eca
[INFO] [stdout]                                at /rustc/df4ca44d3fbc9301ee17f30f4d474e6ae4b05252/library/std/src/../../backtrace/src/backtrace/mod.rs:66:5
[INFO] [stdout]    2:     0x560517dff43a - std::sys::backtrace::_print_fmt::h916fac51166b18d7
[INFO] [stdout]                                at /rustc/df4ca44d3fbc9301ee17f30f4d474e6ae4b05252/library/std/src/sys/backtrace.rs:66:9
[INFO] [stdout]    3:     0x560517dff43a - <std::sys::backtrace::BacktraceLock::print::DisplayBacktrace as core::fmt::Display>::fmt::ha0a4c9b8ce3802e6
[INFO] [stdout]                                at /rustc/df4ca44d3fbc9301ee17f30f4d474e6ae4b05252/library/std/src/sys/backtrace.rs:39:26
[INFO] [stdout]    4:     0x560517e257d3 - core::fmt::rt::Argument::fmt::h4cfc8587d52b3eb5
[INFO] [stdout]                                at /rustc/df4ca44d3fbc9301ee17f30f4d474e6ae4b05252/library/core/src/fmt/rt.rs:177:76
[INFO] [stdout]    5:     0x560517e257d3 - core::fmt::write::h522cc39e5b36ae9f
[INFO] [stdout]                                at /rustc/df4ca44d3fbc9301ee17f30f4d474e6ae4b05252/library/core/src/fmt/mod.rs:1190:21
[INFO] [stdout]    6:     0x560517dfc0a3 - std::io::Write::write_fmt::h7d3c26752da97734
[INFO] [stdout]                                at /rustc/df4ca44d3fbc9301ee17f30f4d474e6ae4b05252/library/std/src/io/mod.rs:1839:15
[INFO] [stdout]    7:     0x560517dff282 - std::sys::backtrace::BacktraceLock::print::h4b9e00b29e9c0942
[INFO] [stdout]                                at /rustc/df4ca44d3fbc9301ee17f30f4d474e6ae4b05252/library/std/src/sys/backtrace.rs:42:9
[INFO] [stdout]    8:     0x560517e008ca - std::panicking::default_hook::{{closure}}::hb59b88280d0324d9
[INFO] [stdout]                                at /rustc/df4ca44d3fbc9301ee17f30f4d474e6ae4b05252/library/std/src/panicking.rs:268:22
[INFO] [stdout]    9:     0x560517e006d4 - std::panicking::default_hook::he1dd496665be4a29
[INFO] [stdout]                                at /rustc/df4ca44d3fbc9301ee17f30f4d474e6ae4b05252/library/std/src/panicking.rs:292:9
[INFO] [stdout]   10:     0x560517dca4c9 - <alloc::boxed::Box<F,A> as core::ops::function::Fn<Args>>::call::h4ff71de18744e1dc
[INFO] [stdout]                                at /rustc/df4ca44d3fbc9301ee17f30f4d474e6ae4b05252/library/alloc/src/boxed.rs:2468:9
[INFO] [stdout]   11:     0x560517dca4c9 - test::test_main::{{closure}}::hcf7c055ce117aa81
[INFO] [stdout]                                at /rustc/df4ca44d3fbc9301ee17f30f4d474e6ae4b05252/library/test/src/lib.rs:133:21
[INFO] [stdout]   12:     0x560517e00fc8 - <alloc::boxed::Box<F,A> as core::ops::function::Fn<Args>>::call::h1d66c6bbd60c9692
[INFO] [stdout]                                at /rustc/df4ca44d3fbc9301ee17f30f4d474e6ae4b05252/library/alloc/src/boxed.rs:2468:9
[INFO] [stdout]   13:     0x560517e00fc8 - std::panicking::rust_panic_with_hook::h2ff17fe8f26dfcf8
[INFO] [stdout]                                at /rustc/df4ca44d3fbc9301ee17f30f4d474e6ae4b05252/library/std/src/panicking.rs:809:13
[INFO] [stdout]   14:     0x560517e00d8a - std::panicking::begin_panic_handler::{{closure}}::h4fad77951c07e101
[INFO] [stdout]                                at /rustc/df4ca44d3fbc9301ee17f30f4d474e6ae4b05252/library/std/src/panicking.rs:674:13
[INFO] [stdout]   15:     0x560517dff919 - std::sys::backtrace::__rust_end_short_backtrace::hb1a25b3da5d0ea08
[INFO] [stdout]                                at /rustc/df4ca44d3fbc9301ee17f30f4d474e6ae4b05252/library/std/src/sys/backtrace.rs:170:18
[INFO] [stdout]   16:     0x560517e00a1c - rust_begin_unwind
[INFO] [stdout]                                at /rustc/df4ca44d3fbc9301ee17f30f4d474e6ae4b05252/library/std/src/panicking.rs:665:5
[INFO] [stdout]   17:     0x560517e24270 - core::panicking::panic_fmt::ha9db07b529f9b256
[INFO] [stdout]                                at /rustc/df4ca44d3fbc9301ee17f30f4d474e6ae4b05252/library/core/src/panicking.rs:75:14
[INFO] [stdout]   18:     0x560517e2459b - core::panicking::assert_failed_inner::h04f38944d74a80a8
[INFO] [stdout]   19:     0x560517d8cc9b - core::panicking::assert_failed::h39c757354e607156
[INFO] [stdout]                                at /rustc/df4ca44d3fbc9301ee17f30f4d474e6ae4b05252/library/core/src/panicking.rs:377:5
[INFO] [stdout]   20:     0x560517d904c5 - filesystem::tests::test_disk_full::h3ba8789bdf067d87
[INFO] [stdout]                                at /opt/rustwide/workdir/src/lib.rs:1320:25
[INFO] [stdout]   21:     0x560517d90057 - filesystem::tests::test_disk_full::{{closure}}::hfd58ae249fa760fc
[INFO] [stdout]                                at /opt/rustwide/workdir/src/lib.rs:1310:24
[INFO] [stdout]   22:     0x560517d8c1e6 - core::ops::function::FnOnce::call_once::hd2b0bd3f9e8a1f96
[INFO] [stdout]                                at /rustc/df4ca44d3fbc9301ee17f30f4d474e6ae4b05252/library/core/src/ops/function.rs:250:5
[INFO] [stdout]   23:     0x560517dced9b - core::ops::function::FnOnce::call_once::h22c3ba5715e93f05
[INFO] [stdout]                                at /rustc/df4ca44d3fbc9301ee17f30f4d474e6ae4b05252/library/core/src/ops/function.rs:250:5
[INFO] [stdout]   24:     0x560517dced9b - test::__rust_begin_short_backtrace::h8e82d8113d0da17f
[INFO] [stdout]                                at /rustc/df4ca44d3fbc9301ee17f30f4d474e6ae4b05252/library/test/src/lib.rs:621:18
[INFO] [stdout]   25:     0x560517dce717 - test::run_test_in_process::{{closure}}::h33235f4f20b7b7c7
[INFO] [stdout]                                at /rustc/df4ca44d3fbc9301ee17f30f4d474e6ae4b05252/library/test/src/lib.rs:644:60
[INFO] [stdout]   26:     0x560517dce717 - <core::panic::unwind_safe::AssertUnwindSafe<F> as core::ops::function::FnOnce<()>>::call_once::hb5043206310c586f
[INFO] [stdout]                                at /rustc/df4ca44d3fbc9301ee17f30f4d474e6ae4b05252/library/core/src/panic/unwind_safe.rs:272:9
[INFO] [stdout]   27:     0x560517dce717 - std::panicking::try::do_call::h9ad4731a60ab23e2
[INFO] [stdout]                                at /rustc/df4ca44d3fbc9301ee17f30f4d474e6ae4b05252/library/std/src/panicking.rs:557:40
[INFO] [stdout]   28:     0x560517dce717 - std::panicking::try::h3824d23db772a716
[INFO] [stdout]                                at /rustc/df4ca44d3fbc9301ee17f30f4d474e6ae4b05252/library/std/src/panicking.rs:520:19
[INFO] [stdout]   29:     0x560517dce717 - std::panic::catch_unwind::h5afd514605fde46b
[INFO] [stdout]                                at /rustc/df4ca44d3fbc9301ee17f30f4d474e6ae4b05252/library/std/src/panic.rs:358:14
[INFO] [stdout]   30:     0x560517dce717 - test::run_test_in_process::h0d5cbfa7067d1720
[INFO] [stdout]                                at /rustc/df4ca44d3fbc9301ee17f30f4d474e6ae4b05252/library/test/src/lib.rs:644:27
[INFO] [stdout]   31:     0x560517dce717 - test::run_test::{{closure}}::h708eb8872708115d
[INFO] [stdout]                                at /rustc/df4ca44d3fbc9301ee17f30f4d474e6ae4b05252/library/test/src/lib.rs:565:43
[INFO] [stdout]   32:     0x560517d91e34 - test::run_test::{{closure}}::h392c51cee94713ab
[INFO] [stdout]                                at /rustc/df4ca44d3fbc9301ee17f30f4d474e6ae4b05252/library/test/src/lib.rs:595:41
[INFO] [stdout]   33:     0x560517d91e34 - std::sys::backtrace::__rust_begin_short_backtrace::h2f40290710935a8b
[INFO] [stdout]                                at /rustc/df4ca44d3fbc9301ee17f30f4d474e6ae4b05252/library/std/src/sys/backtrace.rs:154:18
[INFO] [stdout]   34:     0x560517d955de - std::thread::Builder::spawn_unchecked_::{{closure}}::{{closure}}::h3fd968d89053a903
[INFO] [stdout]                                at /rustc/df4ca44d3fbc9301ee17f30f4d474e6ae4b05252/library/std/src/thread/mod.rs:541:17
[INFO] [stdout]   35:     0x560517d955de - <core::panic::unwind_safe::AssertUnwindSafe<F> as core::ops::function::FnOnce<()>>::call_once::h743f637ba4229880
[INFO] [stdout]                                at /rustc/df4ca44d3fbc9301ee17f30f4d474e6ae4b05252/library/core/src/panic/unwind_safe.rs:272:9
[INFO] [stdout]   36:     0x560517d955de - std::panicking::try::do_call::h07440897322525a6
[INFO] [stdout]                                at /rustc/df4ca44d3fbc9301ee17f30f4d474e6ae4b05252/library/std/src/panicking.rs:557:40
[INFO] [stdout]   37:     0x560517d955de - std::panicking::try::he5a2e00188156637
[INFO] [stdout]                                at /rustc/df4ca44d3fbc9301ee17f30f4d474e6ae4b05252/library/std/src/panicking.rs:520:19
[INFO] [stdout]   38:     0x560517d955de - std::panic::catch_unwind::hbaf3cae49b3c6433
[INFO] [stdout]                                at /rustc/df4ca44d3fbc9301ee17f30f4d474e6ae4b05252/library/std/src/panic.rs:358:14
[INFO] [stdout]   39:     0x560517d955de - std::thread::Builder::spawn_unchecked_::{{closure}}::h8e141ea224820bce
[INFO] [stdout]                                at /rustc/df4ca44d3fbc9301ee17f30f4d474e6ae4b05252/library/std/src/thread/mod.rs:540:30
[INFO] [stdout]   40:     0x560517d955de - core::ops::function::FnOnce::call_once{{vtable.shim}}::h90d312fedd7b8ea8
[INFO] [stdout]                                at /rustc/df4ca44d3fbc9301ee17f30f4d474e6ae4b05252/library/core/src/ops/function.rs:250:5
[INFO] [stdout]   41:     0x560517e04dbb - <alloc::boxed::Box<F,A> as core::ops::function::FnOnce<Args>>::call_once::h69aa08ddb6adb8b6
[INFO] [stdout]                                at /rustc/df4ca44d3fbc9301ee17f30f4d474e6ae4b05252/library/alloc/src/boxed.rs:2454:9
[INFO] [stdout]   42:     0x560517e04dbb - <alloc::boxed::Box<F,A> as core::ops::function::FnOnce<Args>>::call_once::h5aa36efdb79c806f
[INFO] [stdout]                                at /rustc/df4ca44d3fbc9301ee17f30f4d474e6ae4b05252/library/alloc/src/boxed.rs:2454:9
[INFO] [stdout]   43:     0x560517e04dbb - std::sys::pal::unix::thread::Thread::new::thread_start::h6cd80a1b4be5158d
[INFO] [stdout]                                at /rustc/df4ca44d3fbc9301ee17f30f4d474e6ae4b05252/library/std/src/sys/pal/unix/thread.rs:105:17
[INFO] [stdout]   44:     0x70ee8bbd4ac3 - <unknown>
[INFO] [stdout]   45:     0x70ee8bc65a04 - clone
[INFO] [stdout]   46:                0x0 - <unknown>
[INFO] [stdout] 
[INFO] [stdout] 
[INFO] [stdout] failures:
[INFO] [stdout]     tests::test_disk_full
[INFO] [stdout] 
[INFO] [stdout] test result: FAILED. 13 passed; 1 failed; 0 ignored; 0 measured; 0 filtered out; finished in 0.02s
[INFO] [stdout] 
[INFO] [stderr] error: test failed, to rerun pass `--lib`
[INFO] running `Command { std: "docker" "inspect" "55e1e55f3c9faeea5a78d5e1a831f75fc8ac791b30cced2bd26686e4d0f3c6ed", kill_on_drop: false }`
[INFO] running `Command { std: "docker" "rm" "-f" "55e1e55f3c9faeea5a78d5e1a831f75fc8ac791b30cced2bd26686e4d0f3c6ed", kill_on_drop: false }`
[INFO] [stdout] 55e1e55f3c9faeea5a78d5e1a831f75fc8ac791b30cced2bd26686e4d0f3c6ed
