[INFO] cloning repository https://github.com/chuckjaz/eather
[INFO] running `Command { std: "git" "-c" "credential.helper=" "-c" "credential.helper=/workspace/cargo-home/bin/git-credential-null" "clone" "--bare" "https://github.com/chuckjaz/eather" "/workspace/cache/git-repos/https%3A%2F%2Fgithub.com%2Fchuckjaz%2Feather", kill_on_drop: false }`
[INFO] [stderr] Cloning into bare repository '/workspace/cache/git-repos/https%3A%2F%2Fgithub.com%2Fchuckjaz%2Feather'...
[INFO] running `Command { std: "git" "rev-parse" "HEAD", kill_on_drop: false }`
[INFO] [stdout] a111dd315ed69cc2b9b650632e560d7820f586c8
[INFO] testing chuckjaz/eather/a111dd315ed69cc2b9b650632e560d7820f586c8 against nightly-2024-10-28+rustflags=-Zrandomize-layout for randomize-layout
[INFO] running `Command { std: "git" "clone" "/workspace/cache/git-repos/https%3A%2F%2Fgithub.com%2Fchuckjaz%2Feather" "/workspace/builds/worker-0-tc2/source", kill_on_drop: false }`
[INFO] [stderr] Cloning into '/workspace/builds/worker-0-tc2/source'...
[INFO] [stderr] done.
[INFO] validating manifest of git repo https://github.com/chuckjaz/eather on toolchain nightly-2024-10-28
[INFO] running `Command { std: CARGO_HOME="/workspace/cargo-home" RUSTUP_HOME="/workspace/rustup-home" "/workspace/cargo-home/bin/cargo" "+nightly-2024-10-28" "metadata" "--manifest-path" "Cargo.toml" "--no-deps", kill_on_drop: false }`
[INFO] started tweaking git repo https://github.com/chuckjaz/eather
[INFO] finished tweaking git repo https://github.com/chuckjaz/eather
[INFO] tweaked toml for git repo https://github.com/chuckjaz/eather written to /workspace/builds/worker-0-tc2/source/Cargo.toml
[INFO] crate git repo https://github.com/chuckjaz/eather already has a lockfile, it will not be regenerated
[INFO] running `Command { std: CARGO_HOME="/workspace/cargo-home" RUSTUP_HOME="/workspace/rustup-home" "/workspace/cargo-home/bin/cargo" "+nightly-2024-10-28" "fetch" "--manifest-path" "Cargo.toml", kill_on_drop: false }`
[INFO] running `Command { std: "docker" "create" "-v" "/var/lib/crater-agent-workspace/builds/worker-0-tc2/target:/opt/rustwide/target:rw,Z" "-v" "/var/lib/crater-agent-workspace/builds/worker-0-tc2/source:/opt/rustwide/workdir:ro,Z" "-v" "/var/lib/crater-agent-workspace/cargo-home:/opt/rustwide/cargo-home:ro,Z" "-v" "/var/lib/crater-agent-workspace/rustup-home:/opt/rustwide/rustup-home:ro,Z" "-e" "SOURCE_DIR=/opt/rustwide/workdir" "-e" "CARGO_TARGET_DIR=/opt/rustwide/target" "-e" "CARGO_HOME=/opt/rustwide/cargo-home" "-e" "RUSTUP_HOME=/opt/rustwide/rustup-home" "-w" "/opt/rustwide/workdir" "-m" "1610612736" "--user" "0:0" "--network" "none" "ghcr.io/rust-lang/crates-build-env/linux@sha256:4a844ea9eb2546a2d2c7022eacef16ef2e8229c7fbb2c7d4d55a9ceca922f72d" "/opt/rustwide/cargo-home/bin/cargo" "+nightly-2024-10-28" "metadata" "--no-deps" "--format-version=1", kill_on_drop: false }`
[INFO] [stdout] 3fdc6d1352a42c6eb5324981239f141c72d40d90aebc64323529a2c912f6aacf
[INFO] running `Command { std: "docker" "start" "-a" "3fdc6d1352a42c6eb5324981239f141c72d40d90aebc64323529a2c912f6aacf", kill_on_drop: false }`
[INFO] running `Command { std: "docker" "inspect" "3fdc6d1352a42c6eb5324981239f141c72d40d90aebc64323529a2c912f6aacf", kill_on_drop: false }`
[INFO] running `Command { std: "docker" "rm" "-f" "3fdc6d1352a42c6eb5324981239f141c72d40d90aebc64323529a2c912f6aacf", kill_on_drop: false }`
[INFO] [stdout] 3fdc6d1352a42c6eb5324981239f141c72d40d90aebc64323529a2c912f6aacf
[INFO] running `Command { std: "docker" "create" "-v" "/var/lib/crater-agent-workspace/builds/worker-0-tc2/target:/opt/rustwide/target:rw,Z" "-v" "/var/lib/crater-agent-workspace/builds/worker-0-tc2/source:/opt/rustwide/workdir:ro,Z" "-v" "/var/lib/crater-agent-workspace/cargo-home:/opt/rustwide/cargo-home:ro,Z" "-v" "/var/lib/crater-agent-workspace/rustup-home:/opt/rustwide/rustup-home:ro,Z" "-e" "SOURCE_DIR=/opt/rustwide/workdir" "-e" "CARGO_TARGET_DIR=/opt/rustwide/target" "-e" "CARGO_INCREMENTAL=0" "-e" "RUST_BACKTRACE=full" "-e" "RUSTFLAGS=--cap-lints=forbid -Zrandomize-layout" "-e" "RUSTDOCFLAGS=--cap-lints=forbid" "-e" "CARGO_HOME=/opt/rustwide/cargo-home" "-e" "RUSTUP_HOME=/opt/rustwide/rustup-home" "-w" "/opt/rustwide/workdir" "-m" "1610612736" "--user" "0:0" "--network" "none" "ghcr.io/rust-lang/crates-build-env/linux@sha256:4a844ea9eb2546a2d2c7022eacef16ef2e8229c7fbb2c7d4d55a9ceca922f72d" "/opt/rustwide/cargo-home/bin/cargo" "+nightly-2024-10-28" "build" "--frozen" "--message-format=json", kill_on_drop: false }`
[INFO] [stdout] a231cf617f236da0add858bb26e0fffd97e6024ade3886b3ff55622033df0186
[INFO] running `Command { std: "docker" "start" "-a" "a231cf617f236da0add858bb26e0fffd97e6024ade3886b3ff55622033df0186", kill_on_drop: false }`
[INFO] [stderr]    Compiling proc-macro2 v1.0.60
[INFO] [stderr]    Compiling unicode-ident v1.0.9
[INFO] [stderr]    Compiling quote v1.0.28
[INFO] [stderr]    Compiling libc v0.2.146
[INFO] [stderr]    Compiling memchr v2.5.0
[INFO] [stderr]    Compiling syn v1.0.109
[INFO] [stderr]    Compiling futures-core v0.3.28
[INFO] [stderr]    Compiling version_check v0.9.4
[INFO] [stderr]    Compiling typenum v1.16.0
[INFO] [stderr]    Compiling pin-project-lite v0.2.9
[INFO] [stderr]    Compiling rustix v0.38.2
[INFO] [stderr]    Compiling getrandom v0.1.16
[INFO] [stderr]    Compiling num-traits v0.2.15
[INFO] [stderr]    Compiling generic-array v0.14.7
[INFO] [stderr]    Compiling slab v0.4.8
[INFO] [stderr]    Compiling futures-channel v0.3.28
[INFO] [stderr]    Compiling serde v1.0.164
[INFO] [stderr]    Compiling byteorder v1.4.3
[INFO] [stderr]    Compiling linux-raw-sys v0.4.3
[INFO] [stderr]    Compiling futures-task v0.3.28
[INFO] [stderr]    Compiling tinyvec_macros v0.1.1
[INFO] [stderr]    Compiling futures-sink v0.3.28
[INFO] [stderr]    Compiling futures-util v0.3.28
[INFO] [stderr]    Compiling syn v2.0.18
[INFO] [stderr]    Compiling tinyvec v1.6.0
[INFO] [stderr]    Compiling rand_core v0.5.1
[INFO] [stderr]    Compiling tokio v1.28.2
[INFO] [stderr]    Compiling parking_lot_core v0.9.8
[INFO] [stderr]    Compiling paste v1.0.12
[INFO] [stderr]    Compiling doc-comment v0.3.3
[INFO] [stderr]    Compiling pin-utils v0.1.0
[INFO] [stderr]    Compiling futures-io v0.3.28
[INFO] [stderr]    Compiling smallvec v1.10.0
[INFO] [stderr]    Compiling digest v0.9.0
[INFO] [stderr]    Compiling is-terminal v0.4.8
[INFO] [stderr]    Compiling unicode-normalization v0.1.22
[INFO] [stderr]    Compiling num_cpus v1.15.0
[INFO] [stderr]    Compiling ppv-lite86 v0.2.17
[INFO] [stderr]    Compiling log v0.4.19
[INFO] [stderr]    Compiling unicode-bidi v0.3.13
[INFO] [stderr]    Compiling cc v1.0.79
[INFO] [stderr]    Compiling bytes v1.4.0
[INFO] [stderr]    Compiling percent-encoding v2.3.0
[INFO] [stderr]    Compiling scopeguard v1.1.0
[INFO] [stderr]    Compiling pkg-config v0.3.27
[INFO] [stderr]    Compiling async-trait v0.1.68
[INFO] [stderr]    Compiling anstream v0.3.2
[INFO] [stderr]    Compiling lock_api v0.4.10
[INFO] [stderr]    Compiling rand_chacha v0.2.2
[INFO] [stderr]    Compiling idna v0.4.0
[INFO] [stderr]    Compiling form_urlencoded v1.2.0
[INFO] [stderr]    Compiling fuser v0.12.0
[INFO] [stderr]    Compiling block-buffer v0.9.0
[INFO] [stderr]    Compiling time v0.1.45
[INFO] [stderr]    Compiling tracing-core v0.1.31
[INFO] [stderr]    Compiling aho-corasick v1.0.2
[INFO] [stderr]    Compiling ring v0.16.20
[INFO] [stderr]    Compiling cpufeatures v0.2.8
[INFO] [stderr]    Compiling subtle v2.5.0
[INFO] [stderr]    Compiling regex-syntax v0.7.2
[INFO] [stderr]    Compiling opaque-debug v0.3.0
[INFO] [stderr]    Compiling signature v1.6.4
[INFO] [stderr]    Compiling humantime v2.1.0
[INFO] [stderr]    Compiling either v1.8.1
[INFO] [stderr]    Compiling iana-time-zone v0.1.57
[INFO] [stderr]    Compiling ed25519 v1.5.3
[INFO] [stderr]    Compiling itertools v0.10.5
[INFO] [stderr]    Compiling clap_builder v4.3.10
[INFO] [stderr]    Compiling sha2 v0.9.9
[INFO] [stderr]    Compiling rmp v0.8.11
[INFO] [stderr]    Compiling regex v1.8.4
[INFO] [stderr]    Compiling url v2.4.0
[INFO] [stderr]    Compiling parking_lot v0.12.1
[INFO] [stderr]    Compiling serde_derive v1.0.164
[INFO] [stderr]    Compiling futures-macro v0.3.28
[INFO] [stderr]    Compiling zeroize_derive v1.4.2
[INFO] [stderr]    Compiling tokio-macros v2.1.0
[INFO] [stderr]    Compiling zerocopy-derive v0.3.2
[INFO] [stderr]    Compiling snafu-derive v0.7.4
[INFO] [stderr]    Compiling zeroize v1.3.0
[INFO] [stderr]    Compiling tracing-attributes v0.1.24
[INFO] [stderr]    Compiling zerocopy v0.6.1
[INFO] [stderr]    Compiling curve25519-dalek v3.2.1
[INFO] [stderr]    Compiling clap_derive v4.3.2
[INFO] [stderr]    Compiling tracing v0.1.37
[INFO] [stderr]    Compiling snafu v0.7.4
[INFO] [stderr]    Compiling rand v0.7.3
[INFO] [stderr]    Compiling users v0.11.0
[INFO] [stderr]    Compiling page_size v0.4.2
[INFO] [stderr]    Compiling signature v2.1.0
[INFO] [stderr]    Compiling untrusted v0.7.1
[INFO] [stderr]    Compiling futures-executor v0.3.28
[INFO] [stderr]    Compiling futures v0.3.28
[INFO] [stderr]    Compiling termcolor v1.2.0
[INFO] [stderr]    Compiling spin v0.5.2
[INFO] [stderr]    Compiling ed25519 v2.2.1
[INFO] [stderr]    Compiling async-recursion v1.0.4
[INFO] [stderr]    Compiling env_logger v0.10.0
[INFO] [stderr]    Compiling home v0.5.5
[INFO] [stderr]    Compiling tokio-stream v0.1.14
[INFO] [stderr]    Compiling base-x v0.2.11
[INFO] [stderr]    Compiling clap v4.3.10
[INFO] [stderr]    Compiling chrono v0.4.26
[INFO] [stderr]    Compiling rmp-serde v1.1.1
[INFO] [stderr]    Compiling ed25519-dalek v1.0.1
[INFO] [stderr]    Compiling object_store v0.6.1
[INFO] [stderr]    Compiling eather v0.1.0 (/opt/rustwide/workdir)
[INFO] [stdout] warning: methods `allocate_file_space`, `mount_directory`, and `mount_file` are never used
[INFO] [stdout]   --> src/content_file_layer.rs:27:14
[INFO] [stdout]    |
[INFO] [stdout] 17 | pub trait FileContent {
[INFO] [stdout]    |           ----------- methods in this trait
[INFO] [stdout] ...
[INFO] [stdout] 27 |     async fn allocate_file_space(&mut self, node: Node, offset: i64, size: i64) -> Result<()>;
[INFO] [stdout]    |              ^^^^^^^^^^^^^^^^^^^
[INFO] [stdout] ...
[INFO] [stdout] 33 |     async fn mount_directory(&mut self, parent: Node, name: &OsStr, slot: Slot) -> Result<()>;
[INFO] [stdout]    |              ^^^^^^^^^^^^^^^
[INFO] [stdout] 34 |     async fn mount_file(&mut self, parent: Node, name: &OsStr, slot: Slot) -> Result<()>;
[INFO] [stdout]    |              ^^^^^^^^^^
[INFO] [stdout]    |
[INFO] [stdout]    = note: `#[warn(dead_code)]` on by default
[INFO] [stdout] 
[INFO] [stdout] 
[INFO] [stdout] warning: trait `SomeOrError` is never used
[INFO] [stdout]    --> src/content_file_layer.rs:394:7
[INFO] [stdout]     |
[INFO] [stdout] 394 | trait SomeOrError<T> {
[INFO] [stdout]     |       ^^^^^^^^^^^
[INFO] [stdout] 
[INFO] [stdout] 
[INFO] [stdout] warning: method `has` is never used
[INFO] [stdout]   --> src/content_provider.rs:14:14
[INFO] [stdout]    |
[INFO] [stdout] 12 | pub trait ContentProvider {
[INFO] [stdout]    |           --------------- method in this trait
[INFO] [stdout] 13 |     async fn get(&self, id: Id) -> Result<ByteStream>;
[INFO] [stdout] 14 |     async fn has(&self, id: Id) -> Result<bool>;
[INFO] [stdout]    |              ^^^
[INFO] [stdout] 
[INFO] [stdout] 
[INFO] [stderr]     Finished `dev` profile [unoptimized + debuginfo] target(s) in 41.38s
[INFO] running `Command { std: "docker" "inspect" "a231cf617f236da0add858bb26e0fffd97e6024ade3886b3ff55622033df0186", kill_on_drop: false }`
[INFO] running `Command { std: "docker" "rm" "-f" "a231cf617f236da0add858bb26e0fffd97e6024ade3886b3ff55622033df0186", kill_on_drop: false }`
[INFO] [stdout] a231cf617f236da0add858bb26e0fffd97e6024ade3886b3ff55622033df0186
[INFO] running `Command { std: "docker" "create" "-v" "/var/lib/crater-agent-workspace/builds/worker-0-tc2/target:/opt/rustwide/target:rw,Z" "-v" "/var/lib/crater-agent-workspace/builds/worker-0-tc2/source:/opt/rustwide/workdir:ro,Z" "-v" "/var/lib/crater-agent-workspace/cargo-home:/opt/rustwide/cargo-home:ro,Z" "-v" "/var/lib/crater-agent-workspace/rustup-home:/opt/rustwide/rustup-home:ro,Z" "-e" "SOURCE_DIR=/opt/rustwide/workdir" "-e" "CARGO_TARGET_DIR=/opt/rustwide/target" "-e" "CARGO_INCREMENTAL=0" "-e" "RUST_BACKTRACE=full" "-e" "RUSTFLAGS=--cap-lints=forbid -Zrandomize-layout" "-e" "RUSTDOCFLAGS=--cap-lints=forbid" "-e" "CARGO_HOME=/opt/rustwide/cargo-home" "-e" "RUSTUP_HOME=/opt/rustwide/rustup-home" "-w" "/opt/rustwide/workdir" "-m" "1610612736" "--user" "0:0" "--network" "none" "ghcr.io/rust-lang/crates-build-env/linux@sha256:4a844ea9eb2546a2d2c7022eacef16ef2e8229c7fbb2c7d4d55a9ceca922f72d" "/opt/rustwide/cargo-home/bin/cargo" "+nightly-2024-10-28" "test" "--frozen" "--no-run" "--message-format=json", kill_on_drop: false }`
[INFO] [stdout] d88491dd4b394eecca78868bcea703073b79865be37f9aade4166d43ccc67c90
[INFO] running `Command { std: "docker" "start" "-a" "d88491dd4b394eecca78868bcea703073b79865be37f9aade4166d43ccc67c90", kill_on_drop: false }`
[INFO] [stderr]    Compiling tokio v1.28.2
[INFO] [stderr]    Compiling async-stream-impl v0.3.5
[INFO] [stderr]    Compiling async-stream v0.3.5
[INFO] [stderr]    Compiling tokio-stream v0.1.14
[INFO] [stderr]    Compiling object_store v0.6.1
[INFO] [stderr]    Compiling tokio-test v0.4.2
[INFO] [stderr]    Compiling eather v0.1.0 (/opt/rustwide/workdir)
[INFO] [stdout] warning: methods `allocate_file_space` and `mount_file` are never used
[INFO] [stdout]   --> src/content_file_layer.rs:27:14
[INFO] [stdout]    |
[INFO] [stdout] 17 | pub trait FileContent {
[INFO] [stdout]    |           ----------- methods in this trait
[INFO] [stdout] ...
[INFO] [stdout] 27 |     async fn allocate_file_space(&mut self, node: Node, offset: i64, size: i64) -> Result<()>;
[INFO] [stdout]    |              ^^^^^^^^^^^^^^^^^^^
[INFO] [stdout] ...
[INFO] [stdout] 34 |     async fn mount_file(&mut self, parent: Node, name: &OsStr, slot: Slot) -> Result<()>;
[INFO] [stdout]    |              ^^^^^^^^^^
[INFO] [stdout]    |
[INFO] [stdout]    = note: `#[warn(dead_code)]` on by default
[INFO] [stdout] 
[INFO] [stdout] 
[INFO] [stdout] warning: trait `SomeOrError` is never used
[INFO] [stdout]    --> src/content_file_layer.rs:394:7
[INFO] [stdout]     |
[INFO] [stdout] 394 | trait SomeOrError<T> {
[INFO] [stdout]     |       ^^^^^^^^^^^
[INFO] [stdout] 
[INFO] [stdout] 
[INFO] [stdout] warning: method `has` is never used
[INFO] [stdout]   --> src/content_provider.rs:14:14
[INFO] [stdout]    |
[INFO] [stdout] 12 | pub trait ContentProvider {
[INFO] [stdout]    |           --------------- method in this trait
[INFO] [stdout] 13 |     async fn get(&self, id: Id) -> Result<ByteStream>;
[INFO] [stdout] 14 |     async fn has(&self, id: Id) -> Result<bool>;
[INFO] [stdout]    |              ^^^
[INFO] [stdout] 
[INFO] [stdout] 
[INFO] [stderr]     Finished `test` profile [unoptimized + debuginfo] target(s) in 11.01s
[INFO] running `Command { std: "docker" "inspect" "d88491dd4b394eecca78868bcea703073b79865be37f9aade4166d43ccc67c90", kill_on_drop: false }`
[INFO] running `Command { std: "docker" "rm" "-f" "d88491dd4b394eecca78868bcea703073b79865be37f9aade4166d43ccc67c90", kill_on_drop: false }`
[INFO] [stdout] d88491dd4b394eecca78868bcea703073b79865be37f9aade4166d43ccc67c90
[INFO] running `Command { std: "docker" "create" "-v" "/var/lib/crater-agent-workspace/builds/worker-0-tc2/target:/opt/rustwide/target:rw,Z" "-v" "/var/lib/crater-agent-workspace/builds/worker-0-tc2/source:/opt/rustwide/workdir:ro,Z" "-v" "/var/lib/crater-agent-workspace/cargo-home:/opt/rustwide/cargo-home:ro,Z" "-v" "/var/lib/crater-agent-workspace/rustup-home:/opt/rustwide/rustup-home:ro,Z" "-e" "SOURCE_DIR=/opt/rustwide/workdir" "-e" "CARGO_TARGET_DIR=/opt/rustwide/target" "-e" "CARGO_INCREMENTAL=0" "-e" "RUST_BACKTRACE=full" "-e" "RUSTFLAGS=--cap-lints=forbid -Zrandomize-layout" "-e" "RUSTDOCFLAGS=--cap-lints=forbid" "-e" "CARGO_HOME=/opt/rustwide/cargo-home" "-e" "RUSTUP_HOME=/opt/rustwide/rustup-home" "-w" "/opt/rustwide/workdir" "-m" "1610612736" "--user" "0:0" "--network" "none" "ghcr.io/rust-lang/crates-build-env/linux@sha256:4a844ea9eb2546a2d2c7022eacef16ef2e8229c7fbb2c7d4d55a9ceca922f72d" "/opt/rustwide/cargo-home/bin/cargo" "+nightly-2024-10-28" "test" "--frozen", kill_on_drop: false }`
[INFO] [stdout] 8a20e063e3a27feda9cbde161a29cf3b4279252a317b268f2ec6b60fc7d932e8
[INFO] running `Command { std: "docker" "start" "-a" "8a20e063e3a27feda9cbde161a29cf3b4279252a317b268f2ec6b60fc7d932e8", kill_on_drop: false }`
[INFO] [stderr] warning: methods `allocate_file_space` and `mount_file` are never used
[INFO] [stderr]   --> src/content_file_layer.rs:27:14
[INFO] [stderr]    |
[INFO] [stderr] 17 | pub trait FileContent {
[INFO] [stderr]    |           ----------- methods in this trait
[INFO] [stderr] ...
[INFO] [stderr] 27 |     async fn allocate_file_space(&mut self, node: Node, offset: i64, size: i64) -> Result<()>;
[INFO] [stderr]    |              ^^^^^^^^^^^^^^^^^^^
[INFO] [stderr] ...
[INFO] [stderr] 34 |     async fn mount_file(&mut self, parent: Node, name: &OsStr, slot: Slot) -> Result<()>;
[INFO] [stderr]    |              ^^^^^^^^^^
[INFO] [stderr]    |
[INFO] [stderr]    = note: `#[warn(dead_code)]` on by default
[INFO] [stderr] 
[INFO] [stderr] warning: trait `SomeOrError` is never used
[INFO] [stderr]    --> src/content_file_layer.rs:394:7
[INFO] [stderr]     |
[INFO] [stderr] 394 | trait SomeOrError<T> {
[INFO] [stderr]     |       ^^^^^^^^^^^
[INFO] [stderr] 
[INFO] [stderr] warning: method `has` is never used
[INFO] [stderr]   --> src/content_provider.rs:14:14
[INFO] [stderr]    |
[INFO] [stderr] 12 | pub trait ContentProvider {
[INFO] [stderr]    |           --------------- method in this trait
[INFO] [stderr] 13 |     async fn get(&self, id: Id) -> Result<ByteStream>;
[INFO] [stderr] 14 |     async fn has(&self, id: Id) -> Result<bool>;
[INFO] [stderr]    |              ^^^
[INFO] [stderr] 
[INFO] [stderr] warning: `eather` (bin "eather" test) generated 3 warnings
[INFO] [stderr]     Finished `test` profile [unoptimized + debuginfo] target(s) in 0.27s
[INFO] [stderr]      Running unittests src/main.rs (/opt/rustwide/target/debug/deps/eather-5628cb36dffe7a4a)
[INFO] [stdout] 
[INFO] [stdout] running 9 tests
[INFO] [stdout] test memory_provider::tests::can_get_value ... ok
[INFO] [stdout] test memory_provider::tests::can_upload_value ... ok
[INFO] [stdout] test memory_provider::tests::can_create_a_slot ... ok
[INFO] [stdout] test memory_provider::tests::can_get_current_of_a_slot ... ok
[INFO] [stdout] test memory_provider::tests::can_create_provider ... ok
[INFO] [stdout] test content_file_layer::tests::can_create_a_new_file_content ... ok
[INFO] [stdout] test content_file_layer::tests::can_create_file_and_read_from_it ... FAILED
[INFO] [stdout] test content_file_layer::tests::can_sync_a_file ... FAILED
[INFO] [stdout] test content_file_layer::tests::can_mount_empty_directory ... FAILED
[INFO] [stdout] 
[INFO] [stdout] failures:
[INFO] [stdout] 
[INFO] [stdout] ---- content_file_layer::tests::can_create_file_and_read_from_it stdout ----
[INFO] [stdout] thread 'content_file_layer::tests::can_create_file_and_read_from_it' panicked at src/content_file_layer.rs:972:9:
[INFO] [stdout] assertion failed: Err("Previous value is required to update slot")
[INFO] [stdout] stack backtrace:
[INFO] [stdout]    0:     0x641af61da91a - std::backtrace_rs::backtrace::libunwind::trace::h207520d6e9873551
[INFO] [stdout]                                at /rustc/df4ca44d3fbc9301ee17f30f4d474e6ae4b05252/library/std/src/../../backtrace/src/backtrace/libunwind.rs:116:5
[INFO] [stdout]    1:     0x641af61da91a - std::backtrace_rs::backtrace::trace_unsynchronized::h2ed7433f370e3eca
[INFO] [stdout]                                at /rustc/df4ca44d3fbc9301ee17f30f4d474e6ae4b05252/library/std/src/../../backtrace/src/backtrace/mod.rs:66:5
[INFO] [stdout]    2:     0x641af61da91a - std::sys::backtrace::_print_fmt::h916fac51166b18d7
[INFO] [stdout]                                at /rustc/df4ca44d3fbc9301ee17f30f4d474e6ae4b05252/library/std/src/sys/backtrace.rs:66:9
[INFO] [stdout]    3:     0x641af61da91a - <std::sys::backtrace::BacktraceLock::print::DisplayBacktrace as core::fmt::Display>::fmt::ha0a4c9b8ce3802e6
[INFO] [stdout]                                at /rustc/df4ca44d3fbc9301ee17f30f4d474e6ae4b05252/library/std/src/sys/backtrace.rs:39:26
[INFO] [stdout]    4:     0x641af62014b3 - core::fmt::rt::Argument::fmt::h4cfc8587d52b3eb5
[INFO] [stdout]                                at /rustc/df4ca44d3fbc9301ee17f30f4d474e6ae4b05252/library/core/src/fmt/rt.rs:177:76
[INFO] [stdout]    5:     0x641af62014b3 - core::fmt::write::h522cc39e5b36ae9f
[INFO] [stdout]                                at /rustc/df4ca44d3fbc9301ee17f30f4d474e6ae4b05252/library/core/src/fmt/mod.rs:1190:21
[INFO] [stdout]    6:     0x641af61d71c3 - std::io::Write::write_fmt::h7d3c26752da97734
[INFO] [stdout]                                at /rustc/df4ca44d3fbc9301ee17f30f4d474e6ae4b05252/library/std/src/io/mod.rs:1839:15
[INFO] [stdout]    7:     0x641af61da762 - std::sys::backtrace::BacktraceLock::print::h4b9e00b29e9c0942
[INFO] [stdout]                                at /rustc/df4ca44d3fbc9301ee17f30f4d474e6ae4b05252/library/std/src/sys/backtrace.rs:42:9
[INFO] [stdout]    8:     0x641af61dbdaa - std::panicking::default_hook::{{closure}}::hb59b88280d0324d9
[INFO] [stdout]                                at /rustc/df4ca44d3fbc9301ee17f30f4d474e6ae4b05252/library/std/src/panicking.rs:268:22
[INFO] [stdout]    9:     0x641af61dbbb4 - std::panicking::default_hook::he1dd496665be4a29
[INFO] [stdout]                                at /rustc/df4ca44d3fbc9301ee17f30f4d474e6ae4b05252/library/std/src/panicking.rs:292:9
[INFO] [stdout]   10:     0x641af60b2099 - <alloc::boxed::Box<F,A> as core::ops::function::Fn<Args>>::call::h4ff71de18744e1dc
[INFO] [stdout]                                at /rustc/df4ca44d3fbc9301ee17f30f4d474e6ae4b05252/library/alloc/src/boxed.rs:2468:9
[INFO] [stdout]   11:     0x641af60b2099 - test::test_main::{{closure}}::hcf7c055ce117aa81
[INFO] [stdout]                                at /rustc/df4ca44d3fbc9301ee17f30f4d474e6ae4b05252/library/test/src/lib.rs:133:21
[INFO] [stdout]   12:     0x641af61dc4a8 - <alloc::boxed::Box<F,A> as core::ops::function::Fn<Args>>::call::h1d66c6bbd60c9692
[INFO] [stdout]                                at /rustc/df4ca44d3fbc9301ee17f30f4d474e6ae4b05252/library/alloc/src/boxed.rs:2468:9
[INFO] [stdout]   13:     0x641af61dc4a8 - std::panicking::rust_panic_with_hook::h2ff17fe8f26dfcf8
[INFO] [stdout]                                at /rustc/df4ca44d3fbc9301ee17f30f4d474e6ae4b05252/library/std/src/panicking.rs:809:13
[INFO] [stdout]   14:     0x641af61dc26a - std::panicking::begin_panic_handler::{{closure}}::h4fad77951c07e101
[INFO] [stdout]                                at /rustc/df4ca44d3fbc9301ee17f30f4d474e6ae4b05252/library/std/src/panicking.rs:674:13
[INFO] [stdout]   15:     0x641af61dadf9 - std::sys::backtrace::__rust_end_short_backtrace::hb1a25b3da5d0ea08
[INFO] [stdout]                                at /rustc/df4ca44d3fbc9301ee17f30f4d474e6ae4b05252/library/std/src/sys/backtrace.rs:170:18
[INFO] [stdout]   16:     0x641af61dbefc - rust_begin_unwind
[INFO] [stdout]                                at /rustc/df4ca44d3fbc9301ee17f30f4d474e6ae4b05252/library/std/src/panicking.rs:665:5
[INFO] [stdout]   17:     0x641af61ffe70 - core::panicking::panic_fmt::ha9db07b529f9b256
[INFO] [stdout]                                at /rustc/df4ca44d3fbc9301ee17f30f4d474e6ae4b05252/library/core/src/panicking.rs:75:14
[INFO] [stdout]   18:     0x641af60119fa - eather::content_file_layer::tests::store_empty_directory::{{closure}}::h8dfcb1502ed8d8c6
[INFO] [stdout]                                at /opt/rustwide/workdir/src/content_file_layer.rs:972:9
[INFO] [stdout]   19:     0x641af601204c - eather::content_file_layer::tests::empty_content::{{closure}}::hfc526492b8a14300
[INFO] [stdout]                                at /opt/rustwide/workdir/src/content_file_layer.rs:985:57
[INFO] [stdout]   20:     0x641af6013c44 - eather::content_file_layer::tests::can_create_file_and_read_from_it::{{closure}}::h243dceb9d9ec19f7
[INFO] [stdout]                                at /opt/rustwide/workdir/src/content_file_layer.rs:930:75
[INFO] [stdout]   21:     0x641af6061f8f - tokio::runtime::park::CachedParkThread::block_on::{{closure}}::hc2bb90c38772fc38
[INFO] [stdout]                                at /opt/rustwide/cargo-home/registry/src/index.crates.io-6f17d22bba15001f/tokio-1.28.2/src/runtime/park.rs:283:63
[INFO] [stdout]   22:     0x641af605e77c - tokio::runtime::coop::with_budget::hbb7d9c163be7d2ac
[INFO] [stdout]                                at /opt/rustwide/cargo-home/registry/src/index.crates.io-6f17d22bba15001f/tokio-1.28.2/src/runtime/coop.rs:107:5
[INFO] [stdout]   23:     0x641af605e77c - tokio::runtime::coop::budget::hd38cc3beb3255c02
[INFO] [stdout]                                at /opt/rustwide/cargo-home/registry/src/index.crates.io-6f17d22bba15001f/tokio-1.28.2/src/runtime/coop.rs:73:5
[INFO] [stdout]   24:     0x641af605e77c - tokio::runtime::park::CachedParkThread::block_on::h6373c5e73cd0823b
[INFO] [stdout]                                at /opt/rustwide/cargo-home/registry/src/index.crates.io-6f17d22bba15001f/tokio-1.28.2/src/runtime/park.rs:283:31
[INFO] [stdout]   25:     0x641af6006395 - tokio::runtime::context::BlockingRegionGuard::block_on::h30c2e35702547649
[INFO] [stdout]                                at /opt/rustwide/cargo-home/registry/src/index.crates.io-6f17d22bba15001f/tokio-1.28.2/src/runtime/context.rs:315:13
[INFO] [stdout]   26:     0x641af6042913 - tokio::runtime::scheduler::multi_thread::MultiThread::block_on::h71f373e664aa8348
[INFO] [stdout]                                at /opt/rustwide/cargo-home/registry/src/index.crates.io-6f17d22bba15001f/tokio-1.28.2/src/runtime/scheduler/multi_thread/mod.rs:66:9
[INFO] [stdout]   27:     0x641af604a83b - tokio::runtime::runtime::Runtime::block_on::hc859630c0ed11491
[INFO] [stdout]                                at /opt/rustwide/cargo-home/registry/src/index.crates.io-6f17d22bba15001f/tokio-1.28.2/src/runtime/runtime.rs:304:45
[INFO] [stdout]   28:     0x641af6013a1a - eather::content_file_layer::tests::can_create_file_and_read_from_it::h876a61376baaa4e4
[INFO] [stdout]                                at /opt/rustwide/workdir/src/content_file_layer.rs:929:9
[INFO] [stdout]   29:     0x641af6013957 - eather::content_file_layer::tests::can_create_file_and_read_from_it::{{closure}}::hc603cd679a1a516a
[INFO] [stdout]                                at /opt/rustwide/workdir/src/content_file_layer.rs:927:42
[INFO] [stdout]   30:     0x641af5ffb886 - core::ops::function::FnOnce::call_once::h962dbf6f99f060d3
[INFO] [stdout]                                at /rustc/df4ca44d3fbc9301ee17f30f4d474e6ae4b05252/library/core/src/ops/function.rs:250:5
[INFO] [stdout]   31:     0x641af60b696b - core::ops::function::FnOnce::call_once::h22c3ba5715e93f05
[INFO] [stdout]                                at /rustc/df4ca44d3fbc9301ee17f30f4d474e6ae4b05252/library/core/src/ops/function.rs:250:5
[INFO] [stdout]   32:     0x641af60b696b - test::__rust_begin_short_backtrace::h8e82d8113d0da17f
[INFO] [stdout]                                at /rustc/df4ca44d3fbc9301ee17f30f4d474e6ae4b05252/library/test/src/lib.rs:621:18
[INFO] [stdout]   33:     0x641af60b62e7 - test::run_test_in_process::{{closure}}::h33235f4f20b7b7c7
[INFO] [stdout]                                at /rustc/df4ca44d3fbc9301ee17f30f4d474e6ae4b05252/library/test/src/lib.rs:644:60
[INFO] [stdout]   34:     0x641af60b62e7 - <core::panic::unwind_safe::AssertUnwindSafe<F> as core::ops::function::FnOnce<()>>::call_once::hb5043206310c586f
[INFO] [stdout]                                at /rustc/df4ca44d3fbc9301ee17f30f4d474e6ae4b05252/library/core/src/panic/unwind_safe.rs:272:9
[INFO] [stdout]   35:     0x641af60b62e7 - std::panicking::try::do_call::h9ad4731a60ab23e2
[INFO] [stdout]                                at /rustc/df4ca44d3fbc9301ee17f30f4d474e6ae4b05252/library/std/src/panicking.rs:557:40
[INFO] [stdout]   36:     0x641af60b62e7 - std::panicking::try::h3824d23db772a716
[INFO] [stdout]                                at /rustc/df4ca44d3fbc9301ee17f30f4d474e6ae4b05252/library/std/src/panicking.rs:520:19
[INFO] [stdout]   37:     0x641af60b62e7 - std::panic::catch_unwind::h5afd514605fde46b
[INFO] [stdout]                                at /rustc/df4ca44d3fbc9301ee17f30f4d474e6ae4b05252/library/std/src/panic.rs:358:14
[INFO] [stdout]   38:     0x641af60b62e7 - test::run_test_in_process::h0d5cbfa7067d1720
[INFO] [stdout]                                at /rustc/df4ca44d3fbc9301ee17f30f4d474e6ae4b05252/library/test/src/lib.rs:644:27
[INFO] [stdout]   39:     0x641af60b62e7 - test::run_test::{{closure}}::h708eb8872708115d
[INFO] [stdout]                                at /rustc/df4ca44d3fbc9301ee17f30f4d474e6ae4b05252/library/test/src/lib.rs:565:43
[INFO] [stdout]   40:     0x641af6079a04 - test::run_test::{{closure}}::h392c51cee94713ab
[INFO] [stdout]                                at /rustc/df4ca44d3fbc9301ee17f30f4d474e6ae4b05252/library/test/src/lib.rs:595:41
[INFO] [stdout]   41:     0x641af6079a04 - std::sys::backtrace::__rust_begin_short_backtrace::h2f40290710935a8b
[INFO] [stdout]                                at /rustc/df4ca44d3fbc9301ee17f30f4d474e6ae4b05252/library/std/src/sys/backtrace.rs:154:18
[INFO] [stdout]   42:     0x641af607d1ae - std::thread::Builder::spawn_unchecked_::{{closure}}::{{closure}}::h3fd968d89053a903
[INFO] [stdout]                                at /rustc/df4ca44d3fbc9301ee17f30f4d474e6ae4b05252/library/std/src/thread/mod.rs:541:17
[INFO] [stdout]   43:     0x641af607d1ae - <core::panic::unwind_safe::AssertUnwindSafe<F> as core::ops::function::FnOnce<()>>::call_once::h743f637ba4229880
[INFO] [stdout]                                at /rustc/df4ca44d3fbc9301ee17f30f4d474e6ae4b05252/library/core/src/panic/unwind_safe.rs:272:9
[INFO] [stdout]   44:     0x641af607d1ae - std::panicking::try::do_call::h07440897322525a6
[INFO] [stdout]                                at /rustc/df4ca44d3fbc9301ee17f30f4d474e6ae4b05252/library/std/src/panicking.rs:557:40
[INFO] [stdout]   45:     0x641af607d1ae - std::panicking::try::he5a2e00188156637
[INFO] [stdout]                                at /rustc/df4ca44d3fbc9301ee17f30f4d474e6ae4b05252/library/std/src/panicking.rs:520:19
[INFO] [stdout]   46:     0x641af607d1ae - std::panic::catch_unwind::hbaf3cae49b3c6433
[INFO] [stdout]                                at /rustc/df4ca44d3fbc9301ee17f30f4d474e6ae4b05252/library/std/src/panic.rs:358:14
[INFO] [stdout]   47:     0x641af607d1ae - std::thread::Builder::spawn_unchecked_::{{closure}}::h8e141ea224820bce
[INFO] [stdout]                                at /rustc/df4ca44d3fbc9301ee17f30f4d474e6ae4b05252/library/std/src/thread/mod.rs:540:30
[INFO] [stdout]   48:     0x641af607d1ae - core::ops::function::FnOnce::call_once{{vtable.shim}}::h90d312fedd7b8ea8
[INFO] [stdout]                                at /rustc/df4ca44d3fbc9301ee17f30f4d474e6ae4b05252/library/core/src/ops/function.rs:250:5
[INFO] [stdout]   49:     0x641af61e03ab - <alloc::boxed::Box<F,A> as core::ops::function::FnOnce<Args>>::call_once::h69aa08ddb6adb8b6
[INFO] [stdout]                                at /rustc/df4ca44d3fbc9301ee17f30f4d474e6ae4b05252/library/alloc/src/boxed.rs:2454:9
[INFO] [stdout]   50:     0x641af61e03ab - <alloc::boxed::Box<F,A> as core::ops::function::FnOnce<Args>>::call_once::h5aa36efdb79c806f
[INFO] [stdout]                                at /rustc/df4ca44d3fbc9301ee17f30f4d474e6ae4b05252/library/alloc/src/boxed.rs:2454:9
[INFO] [stdout]   51:     0x641af61e03ab - std::sys::pal::unix::thread::Thread::new::thread_start::h6cd80a1b4be5158d
[INFO] [stdout]                                at /rustc/df4ca44d3fbc9301ee17f30f4d474e6ae4b05252/library/std/src/sys/pal/unix/thread.rs:105:17
[INFO] [stdout]   52:     0x70f52a219ac3 - <unknown>
[INFO] [stdout]   53:     0x70f52a2aaa04 - clone
[INFO] [stdout]   54:                0x0 - <unknown>
[INFO] [stdout] 
[INFO] [stdout] ---- content_file_layer::tests::can_sync_a_file stdout ----
[INFO] [stdout] thread 'content_file_layer::tests::can_sync_a_file' panicked at src/content_file_layer.rs:972:9:
[INFO] [stdout] assertion failed: Err("Previous value is required to update slot")
[INFO] [stdout] stack backtrace:
[INFO] [stdout]    0:     0x641af61da91a - std::backtrace_rs::backtrace::libunwind::trace::h207520d6e9873551
[INFO] [stdout]                                at /rustc/df4ca44d3fbc9301ee17f30f4d474e6ae4b05252/library/std/src/../../backtrace/src/backtrace/libunwind.rs:116:5
[INFO] [stdout]    1:     0x641af61da91a - std::backtrace_rs::backtrace::trace_unsynchronized::h2ed7433f370e3eca
[INFO] [stdout]                                at /rustc/df4ca44d3fbc9301ee17f30f4d474e6ae4b05252/library/std/src/../../backtrace/src/backtrace/mod.rs:66:5
[INFO] [stdout]    2:     0x641af61da91a - std::sys::backtrace::_print_fmt::h916fac51166b18d7
[INFO] [stdout]                                at /rustc/df4ca44d3fbc9301ee17f30f4d474e6ae4b05252/library/std/src/sys/backtrace.rs:66:9
[INFO] [stdout]    3:     0x641af61da91a - <std::sys::backtrace::BacktraceLock::print::DisplayBacktrace as core::fmt::Display>::fmt::ha0a4c9b8ce3802e6
[INFO] [stdout]                                at /rustc/df4ca44d3fbc9301ee17f30f4d474e6ae4b05252/library/std/src/sys/backtrace.rs:39:26
[INFO] [stdout]    4:     0x641af62014b3 - core::fmt::rt::Argument::fmt::h4cfc8587d52b3eb5
[INFO] [stdout]                                at /rustc/df4ca44d3fbc9301ee17f30f4d474e6ae4b05252/library/core/src/fmt/rt.rs:177:76
[INFO] [stdout]    5:     0x641af62014b3 - core::fmt::write::h522cc39e5b36ae9f
[INFO] [stdout]                                at /rustc/df4ca44d3fbc9301ee17f30f4d474e6ae4b05252/library/core/src/fmt/mod.rs:1190:21
[INFO] [stdout]    6:     0x641af61d71c3 - std::io::Write::write_fmt::h7d3c26752da97734
[INFO] [stdout]                                at /rustc/df4ca44d3fbc9301ee17f30f4d474e6ae4b05252/library/std/src/io/mod.rs:1839:15
[INFO] [stdout]    7:     0x641af61da762 - std::sys::backtrace::BacktraceLock::print::h4b9e00b29e9c0942
[INFO] [stdout]                                at /rustc/df4ca44d3fbc9301ee17f30f4d474e6ae4b05252/library/std/src/sys/backtrace.rs:42:9
[INFO] [stdout]    8:     0x641af61dbdaa - std::panicking::default_hook::{{closure}}::hb59b88280d0324d9
[INFO] [stdout]                                at /rustc/df4ca44d3fbc9301ee17f30f4d474e6ae4b05252/library/std/src/panicking.rs:268:22
[INFO] [stdout]    9:     0x641af61dbbb4 - std::panicking::default_hook::he1dd496665be4a29
[INFO] [stdout]                                at /rustc/df4ca44d3fbc9301ee17f30f4d474e6ae4b05252/library/std/src/panicking.rs:292:9
[INFO] [stdout]   10:     0x641af60b2099 - <alloc::boxed::Box<F,A> as core::ops::function::Fn<Args>>::call::h4ff71de18744e1dc
[INFO] [stdout]                                at /rustc/df4ca44d3fbc9301ee17f30f4d474e6ae4b05252/library/alloc/src/boxed.rs:2468:9
[INFO] [stdout]   11:     0x641af60b2099 - test::test_main::{{closure}}::hcf7c055ce117aa81
[INFO] [stdout]                                at /rustc/df4ca44d3fbc9301ee17f30f4d474e6ae4b05252/library/test/src/lib.rs:133:21
[INFO] [stdout]   12:     0x641af61dc4a8 - <alloc::boxed::Box<F,A> as core::ops::function::Fn<Args>>::call::h1d66c6bbd60c9692
[INFO] [stdout]                                at /rustc/df4ca44d3fbc9301ee17f30f4d474e6ae4b05252/library/alloc/src/boxed.rs:2468:9
[INFO] [stdout]   13:     0x641af61dc4a8 - std::panicking::rust_panic_with_hook::h2ff17fe8f26dfcf8
[INFO] [stdout]                                at /rustc/df4ca44d3fbc9301ee17f30f4d474e6ae4b05252/library/std/src/panicking.rs:809:13
[INFO] [stdout]   14:     0x641af61dc26a - std::panicking::begin_panic_handler::{{closure}}::h4fad77951c07e101
[INFO] [stdout]                                at /rustc/df4ca44d3fbc9301ee17f30f4d474e6ae4b05252/library/std/src/panicking.rs:674:13
[INFO] [stdout]   15:     0x641af61dadf9 - std::sys::backtrace::__rust_end_short_backtrace::hb1a25b3da5d0ea08
[INFO] [stdout]                                at /rustc/df4ca44d3fbc9301ee17f30f4d474e6ae4b05252/library/std/src/sys/backtrace.rs:170:18
[INFO] [stdout]   16:     0x641af61dbefc - rust_begin_unwind
[INFO] [stdout]                                at /rustc/df4ca44d3fbc9301ee17f30f4d474e6ae4b05252/library/std/src/panicking.rs:665:5
[INFO] [stdout]   17:     0x641af61ffe70 - core::panicking::panic_fmt::ha9db07b529f9b256
[INFO] [stdout]                                at /rustc/df4ca44d3fbc9301ee17f30f4d474e6ae4b05252/library/core/src/panicking.rs:75:14
[INFO] [stdout]   18:     0x641af60119fa - eather::content_file_layer::tests::store_empty_directory::{{closure}}::h8dfcb1502ed8d8c6
[INFO] [stdout]                                at /opt/rustwide/workdir/src/content_file_layer.rs:972:9
[INFO] [stdout]   19:     0x641af601204c - eather::content_file_layer::tests::empty_content::{{closure}}::hfc526492b8a14300
[INFO] [stdout]                                at /opt/rustwide/workdir/src/content_file_layer.rs:985:57
[INFO] [stdout]   20:     0x641af6014bf7 - eather::content_file_layer::tests::can_sync_a_file::{{closure}}::habbe08ab3bdbe1ce
[INFO] [stdout]                                at /opt/rustwide/workdir/src/content_file_layer.rs:947:82
[INFO] [stdout]   21:     0x641af6061caf - tokio::runtime::park::CachedParkThread::block_on::{{closure}}::h4d44e0f650aff0f9
[INFO] [stdout]                                at /opt/rustwide/cargo-home/registry/src/index.crates.io-6f17d22bba15001f/tokio-1.28.2/src/runtime/park.rs:283:63
[INFO] [stdout]   22:     0x641af605d28c - tokio::runtime::coop::with_budget::h2c64c1138b4b157a
[INFO] [stdout]                                at /opt/rustwide/cargo-home/registry/src/index.crates.io-6f17d22bba15001f/tokio-1.28.2/src/runtime/coop.rs:107:5
[INFO] [stdout]   23:     0x641af605d28c - tokio::runtime::coop::budget::h23b5a63a69817ba3
[INFO] [stdout]                                at /opt/rustwide/cargo-home/registry/src/index.crates.io-6f17d22bba15001f/tokio-1.28.2/src/runtime/coop.rs:73:5
[INFO] [stdout]   24:     0x641af605d28c - tokio::runtime::park::CachedParkThread::block_on::h12380f773862415d
[INFO] [stdout]                                at /opt/rustwide/cargo-home/registry/src/index.crates.io-6f17d22bba15001f/tokio-1.28.2/src/runtime/park.rs:283:31
[INFO] [stdout]   25:     0x641af60069b5 - tokio::runtime::context::BlockingRegionGuard::block_on::ha5d15e753001b7bf
[INFO] [stdout]                                at /opt/rustwide/cargo-home/registry/src/index.crates.io-6f17d22bba15001f/tokio-1.28.2/src/runtime/context.rs:315:13
[INFO] [stdout]   26:     0x641af6042b93 - tokio::runtime::scheduler::multi_thread::MultiThread::block_on::h92131d2687d6cb47
[INFO] [stdout]                                at /opt/rustwide/cargo-home/registry/src/index.crates.io-6f17d22bba15001f/tokio-1.28.2/src/runtime/scheduler/multi_thread/mod.rs:66:9
[INFO] [stdout]   27:     0x641af604a9eb - tokio::runtime::runtime::Runtime::block_on::hd4ed34e975358664
[INFO] [stdout]                                at /opt/rustwide/cargo-home/registry/src/index.crates.io-6f17d22bba15001f/tokio-1.28.2/src/runtime/runtime.rs:304:45
[INFO] [stdout]   28:     0x641af601499a - eather::content_file_layer::tests::can_sync_a_file::h80f63fef5eb200d4
[INFO] [stdout]                                at /opt/rustwide/workdir/src/content_file_layer.rs:946:9
[INFO] [stdout]   29:     0x641af60148d7 - eather::content_file_layer::tests::can_sync_a_file::{{closure}}::hebde98548f30a726
[INFO] [stdout]                                at /opt/rustwide/workdir/src/content_file_layer.rs:944:25
[INFO] [stdout]   30:     0x641af5ffbd46 - core::ops::function::FnOnce::call_once::hce43c223d3798e52
[INFO] [stdout]                                at /rustc/df4ca44d3fbc9301ee17f30f4d474e6ae4b05252/library/core/src/ops/function.rs:250:5
[INFO] [stdout]   31:     0x641af60b696b - core::ops::function::FnOnce::call_once::h22c3ba5715e93f05
[INFO] [stdout]                                at /rustc/df4ca44d3fbc9301ee17f30f4d474e6ae4b05252/library/core/src/ops/function.rs:250:5
[INFO] [stdout]   32:     0x641af60b696b - test::__rust_begin_short_backtrace::h8e82d8113d0da17f
[INFO] [stdout]                                at /rustc/df4ca44d3fbc9301ee17f30f4d474e6ae4b05252/library/test/src/lib.rs:621:18
[INFO] [stdout]   33:     0x641af60b62e7 - test::run_test_in_process::{{closure}}::h33235f4f20b7b7c7
[INFO] [stdout]                                at /rustc/df4ca44d3fbc9301ee17f30f4d474e6ae4b05252/library/test/src/lib.rs:644:60
[INFO] [stdout]   34:     0x641af60b62e7 - <core::panic::unwind_safe::AssertUnwindSafe<F> as core::ops::function::FnOnce<()>>::call_once::hb5043206310c586f
[INFO] [stdout]                                at /rustc/df4ca44d3fbc9301ee17f30f4d474e6ae4b05252/library/core/src/panic/unwind_safe.rs:272:9
[INFO] [stdout]   35:     0x641af60b62e7 - std::panicking::try::do_call::h9ad4731a60ab23e2
[INFO] [stdout]                                at /rustc/df4ca44d3fbc9301ee17f30f4d474e6ae4b05252/library/std/src/panicking.rs:557:40
[INFO] [stdout]   36:     0x641af60b62e7 - std::panicking::try::h3824d23db772a716
[INFO] [stdout]                                at /rustc/df4ca44d3fbc9301ee17f30f4d474e6ae4b05252/library/std/src/panicking.rs:520:19
[INFO] [stdout]   37:     0x641af60b62e7 - std::panic::catch_unwind::h5afd514605fde46b
[INFO] [stdout]                                at /rustc/df4ca44d3fbc9301ee17f30f4d474e6ae4b05252/library/std/src/panic.rs:358:14
[INFO] [stdout]   38:     0x641af60b62e7 - test::run_test_in_process::h0d5cbfa7067d1720
[INFO] [stdout]                                at /rustc/df4ca44d3fbc9301ee17f30f4d474e6ae4b05252/library/test/src/lib.rs:644:27
[INFO] [stdout]   39:     0x641af60b62e7 - test::run_test::{{closure}}::h708eb8872708115d
[INFO] [stdout]                                at /rustc/df4ca44d3fbc9301ee17f30f4d474e6ae4b05252/library/test/src/lib.rs:565:43
[INFO] [stdout]   40:     0x641af6079a04 - test::run_test::{{closure}}::h392c51cee94713ab
[INFO] [stdout]                                at /rustc/df4ca44d3fbc9301ee17f30f4d474e6ae4b05252/library/test/src/lib.rs:595:41
[INFO] [stdout]   41:     0x641af6079a04 - std::sys::backtrace::__rust_begin_short_backtrace::h2f40290710935a8b
[INFO] [stdout]                                at /rustc/df4ca44d3fbc9301ee17f30f4d474e6ae4b05252/library/std/src/sys/backtrace.rs:154:18
[INFO] [stdout]   42:     0x641af607d1ae - std::thread::Builder::spawn_unchecked_::{{closure}}::{{closure}}::h3fd968d89053a903
[INFO] [stdout]                                at /rustc/df4ca44d3fbc9301ee17f30f4d474e6ae4b05252/library/std/src/thread/mod.rs:541:17
[INFO] [stdout]   43:     0x641af607d1ae - <core::panic::unwind_safe::AssertUnwindSafe<F> as core::ops::function::FnOnce<()>>::call_once::h743f637ba4229880
[INFO] [stdout]                                at /rustc/df4ca44d3fbc9301ee17f30f4d474e6ae4b05252/library/core/src/panic/unwind_safe.rs:272:9
[INFO] [stdout]   44:     0x641af607d1ae - std::panicking::try::do_call::h07440897322525a6
[INFO] [stdout]                                at /rustc/df4ca44d3fbc9301ee17f30f4d474e6ae4b05252/library/std/src/panicking.rs:557:40
[INFO] [stdout]   45:     0x641af607d1ae - std::panicking::try::he5a2e00188156637
[INFO] [stdout]                                at /rustc/df4ca44d3fbc9301ee17f30f4d474e6ae4b05252/library/std/src/panicking.rs:520:19
[INFO] [stdout]   46:     0x641af607d1ae - std::panic::catch_unwind::hbaf3cae49b3c6433
[INFO] [stdout]                                at /rustc/df4ca44d3fbc9301ee17f30f4d474e6ae4b05252/library/std/src/panic.rs:358:14
[INFO] [stdout]   47:     0x641af607d1ae - std::thread::Builder::spawn_unchecked_::{{closure}}::h8e141ea224820bce
[INFO] [stdout]                                at /rustc/df4ca44d3fbc9301ee17f30f4d474e6ae4b05252/library/std/src/thread/mod.rs:540:30
[INFO] [stdout]   48:     0x641af607d1ae - core::ops::function::FnOnce::call_once{{vtable.shim}}::h90d312fedd7b8ea8
[INFO] [stdout]                                at /rustc/df4ca44d3fbc9301ee17f30f4d474e6ae4b05252/library/core/src/ops/function.rs:250:5
[INFO] [stdout]   49:     0x641af61e03ab - <alloc::boxed::Box<F,A> as core::ops::function::FnOnce<Args>>::call_once::h69aa08ddb6adb8b6
[INFO] [stdout]                                at /rustc/df4ca44d3fbc9301ee17f30f4d474e6ae4b05252/library/alloc/src/boxed.rs:2454:9
[INFO] [stdout]   50:     0x641af61e03ab - <alloc::boxed::Box<F,A> as core::ops::function::FnOnce<Args>>::call_once::h5aa36efdb79c806f
[INFO] [stdout]                                at /rustc/df4ca44d3fbc9301ee17f30f4d474e6ae4b05252/library/alloc/src/boxed.rs:2454:9
[INFO] [stdout]   51:     0x641af61e03ab - std::sys::pal::unix::thread::Thread::new::thread_start::h6cd80a1b4be5158d
[INFO] [stdout]                                at /rustc/df4ca44d3fbc9301ee17f30f4d474e6ae4b05252/library/std/src/sys/pal/unix/thread.rs:105:17
[INFO] [stdout]   52:     0x70f52a219ac3 - <unknown>
[INFO] [stdout]   53:     0x70f52a2aaa04 - clone
[INFO] [stdout]   54:                0x0 - <unknown>
[INFO] [stdout] 
[INFO] [stdout] ---- content_file_layer::tests::can_mount_empty_directory stdout ----
[INFO] [stdout] thread 'content_file_layer::tests::can_mount_empty_directory' panicked at src/content_file_layer.rs:972:9:
[INFO] [stdout] assertion failed: Err("Previous value is required to update slot")
[INFO] [stdout] stack backtrace:
[INFO] [stdout]    0:     0x641af61da91a - std::backtrace_rs::backtrace::libunwind::trace::h207520d6e9873551
[INFO] [stdout]                                at /rustc/df4ca44d3fbc9301ee17f30f4d474e6ae4b05252/library/std/src/../../backtrace/src/backtrace/libunwind.rs:116:5
[INFO] [stdout]    1:     0x641af61da91a - std::backtrace_rs::backtrace::trace_unsynchronized::h2ed7433f370e3eca
[INFO] [stdout]                                at /rustc/df4ca44d3fbc9301ee17f30f4d474e6ae4b05252/library/std/src/../../backtrace/src/backtrace/mod.rs:66:5
[INFO] [stdout]    2:     0x641af61da91a - std::sys::backtrace::_print_fmt::h916fac51166b18d7
[INFO] [stdout]                                at /rustc/df4ca44d3fbc9301ee17f30f4d474e6ae4b05252/library/std/src/sys/backtrace.rs:66:9
[INFO] [stdout]    3:     0x641af61da91a - <std::sys::backtrace::BacktraceLock::print::DisplayBacktrace as core::fmt::Display>::fmt::ha0a4c9b8ce3802e6
[INFO] [stdout]                                at /rustc/df4ca44d3fbc9301ee17f30f4d474e6ae4b05252/library/std/src/sys/backtrace.rs:39:26
[INFO] [stdout]    4:     0x641af62014b3 - core::fmt::rt::Argument::fmt::h4cfc8587d52b3eb5
[INFO] [stdout]                                at /rustc/df4ca44d3fbc9301ee17f30f4d474e6ae4b05252/library/core/src/fmt/rt.rs:177:76
[INFO] [stdout]    5:     0x641af62014b3 - core::fmt::write::h522cc39e5b36ae9f
[INFO] [stdout]                                at /rustc/df4ca44d3fbc9301ee17f30f4d474e6ae4b05252/library/core/src/fmt/mod.rs:1190:21
[INFO] [stdout]    6:     0x641af61d71c3 - std::io::Write::write_fmt::h7d3c26752da97734
[INFO] [stdout]                                at /rustc/df4ca44d3fbc9301ee17f30f4d474e6ae4b05252/library/std/src/io/mod.rs:1839:15
[INFO] [stdout]    7:     0x641af61da762 - std::sys::backtrace::BacktraceLock::print::h4b9e00b29e9c0942
[INFO] [stdout]                                at /rustc/df4ca44d3fbc9301ee17f30f4d474e6ae4b05252/library/std/src/sys/backtrace.rs:42:9
[INFO] [stdout]    8:     0x641af61dbdaa - std::panicking::default_hook::{{closure}}::hb59b88280d0324d9
[INFO] [stdout]                                at /rustc/df4ca44d3fbc9301ee17f30f4d474e6ae4b05252/library/std/src/panicking.rs:268:22
[INFO] [stdout]    9:     0x641af61dbbb4 - std::panicking::default_hook::he1dd496665be4a29
[INFO] [stdout]                                at /rustc/df4ca44d3fbc9301ee17f30f4d474e6ae4b05252/library/std/src/panicking.rs:292:9
[INFO] [stdout]   10:     0x641af60b2099 - <alloc::boxed::Box<F,A> as core::ops::function::Fn<Args>>::call::h4ff71de18744e1dc
[INFO] [stdout]                                at /rustc/df4ca44d3fbc9301ee17f30f4d474e6ae4b05252/library/alloc/src/boxed.rs:2468:9
[INFO] [stdout]   11:     0x641af60b2099 - test::test_main::{{closure}}::hcf7c055ce117aa81
[INFO] [stdout]                                at /rustc/df4ca44d3fbc9301ee17f30f4d474e6ae4b05252/library/test/src/lib.rs:133:21
[INFO] [stdout]   12:     0x641af61dc4a8 - <alloc::boxed::Box<F,A> as core::ops::function::Fn<Args>>::call::h1d66c6bbd60c9692
[INFO] [stdout]                                at /rustc/df4ca44d3fbc9301ee17f30f4d474e6ae4b05252/library/alloc/src/boxed.rs:2468:9
[INFO] [stdout]   13:     0x641af61dc4a8 - std::panicking::rust_panic_with_hook::h2ff17fe8f26dfcf8
[INFO] [stdout]                                at /rustc/df4ca44d3fbc9301ee17f30f4d474e6ae4b05252/library/std/src/panicking.rs:809:13
[INFO] [stdout]   14:     0x641af61dc26a - std::panicking::begin_panic_handler::{{closure}}::h4fad77951c07e101
[INFO] [stdout]                                at /rustc/df4ca44d3fbc9301ee17f30f4d474e6ae4b05252/library/std/src/panicking.rs:674:13
[INFO] [stdout]   15:     0x641af61dadf9 - std::sys::backtrace::__rust_end_short_backtrace::hb1a25b3da5d0ea08
[INFO] [stdout]                                at /rustc/df4ca44d3fbc9301ee17f30f4d474e6ae4b05252/library/std/src/sys/backtrace.rs:170:18
[INFO] [stdout]   16:     0x641af61dbefc - rust_begin_unwind
[INFO] [stdout]                                at /rustc/df4ca44d3fbc9301ee17f30f4d474e6ae4b05252/library/std/src/panicking.rs:665:5
[INFO] [stdout]   17:     0x641af61ffe70 - core::panicking::panic_fmt::ha9db07b529f9b256
[INFO] [stdout]                                at /rustc/df4ca44d3fbc9301ee17f30f4d474e6ae4b05252/library/core/src/panicking.rs:75:14
[INFO] [stdout]   18:     0x641af60119fa - eather::content_file_layer::tests::store_empty_directory::{{closure}}::h8dfcb1502ed8d8c6
[INFO] [stdout]                                at /opt/rustwide/workdir/src/content_file_layer.rs:972:9
[INFO] [stdout]   19:     0x641af601204c - eather::content_file_layer::tests::empty_content::{{closure}}::hfc526492b8a14300
[INFO] [stdout]                                at /opt/rustwide/workdir/src/content_file_layer.rs:985:57
[INFO] [stdout]   20:     0x641af60134f9 - eather::content_file_layer::tests::can_mount_empty_directory::{{closure}}::h514b48c052871dc9
[INFO] [stdout]                                at /opt/rustwide/workdir/src/content_file_layer.rs:921:78
[INFO] [stdout]   21:     0x641af6061d2f - tokio::runtime::park::CachedParkThread::block_on::{{closure}}::h57fb448519d0f4d2
[INFO] [stdout]                                at /opt/rustwide/cargo-home/registry/src/index.crates.io-6f17d22bba15001f/tokio-1.28.2/src/runtime/park.rs:283:63
[INFO] [stdout]   22:     0x641af605df1c - tokio::runtime::coop::with_budget::h61f0283216f34190
[INFO] [stdout]                                at /opt/rustwide/cargo-home/registry/src/index.crates.io-6f17d22bba15001f/tokio-1.28.2/src/runtime/coop.rs:107:5
[INFO] [stdout]   23:     0x641af605df1c - tokio::runtime::coop::budget::h5eac494fb34abf35
[INFO] [stdout]                                at /opt/rustwide/cargo-home/registry/src/index.crates.io-6f17d22bba15001f/tokio-1.28.2/src/runtime/coop.rs:73:5
[INFO] [stdout]   24:     0x641af605df1c - tokio::runtime::park::CachedParkThread::block_on::h51a7f7d19bafe7eb
[INFO] [stdout]                                at /opt/rustwide/cargo-home/registry/src/index.crates.io-6f17d22bba15001f/tokio-1.28.2/src/runtime/park.rs:283:31
[INFO] [stdout]   25:     0x641af6006a75 - tokio::runtime::context::BlockingRegionGuard::block_on::hb5d068ecee2d8274
[INFO] [stdout]                                at /opt/rustwide/cargo-home/registry/src/index.crates.io-6f17d22bba15001f/tokio-1.28.2/src/runtime/context.rs:315:13
[INFO] [stdout]   26:     0x641af6042a53 - tokio::runtime::scheduler::multi_thread::MultiThread::block_on::h7ff3cd217e35ca26
[INFO] [stdout]                                at /opt/rustwide/cargo-home/registry/src/index.crates.io-6f17d22bba15001f/tokio-1.28.2/src/runtime/scheduler/multi_thread/mod.rs:66:9
[INFO] [stdout]   27:     0x641af604a4bb - tokio::runtime::runtime::Runtime::block_on::h880c63d10c9194eb
[INFO] [stdout]                                at /opt/rustwide/cargo-home/registry/src/index.crates.io-6f17d22bba15001f/tokio-1.28.2/src/runtime/runtime.rs:304:45
[INFO] [stdout]   28:     0x641af6013307 - eather::content_file_layer::tests::can_mount_empty_directory::h4f4d1cc5fd590f1d
[INFO] [stdout]                                at /opt/rustwide/workdir/src/content_file_layer.rs:920:9
[INFO] [stdout]   29:     0x641af6013247 - eather::content_file_layer::tests::can_mount_empty_directory::{{closure}}::h517b70d2d53c20d4
[INFO] [stdout]                                at /opt/rustwide/workdir/src/content_file_layer.rs:918:35
[INFO] [stdout]   30:     0x641af5ffb456 - core::ops::function::FnOnce::call_once::h5dec4667e5fc7337
[INFO] [stdout]                                at /rustc/df4ca44d3fbc9301ee17f30f4d474e6ae4b05252/library/core/src/ops/function.rs:250:5
[INFO] [stdout]   31:     0x641af60b696b - core::ops::function::FnOnce::call_once::h22c3ba5715e93f05
[INFO] [stdout]                                at /rustc/df4ca44d3fbc9301ee17f30f4d474e6ae4b05252/library/core/src/ops/function.rs:250:5
[INFO] [stdout]   32:     0x641af60b696b - test::__rust_begin_short_backtrace::h8e82d8113d0da17f
[INFO] [stdout]                                at /rustc/df4ca44d3fbc9301ee17f30f4d474e6ae4b05252/library/test/src/lib.rs:621:18
[INFO] [stdout]   33:     0x641af60b62e7 - test::run_test_in_process::{{closure}}::h33235f4f20b7b7c7
[INFO] [stdout]                                at /rustc/df4ca44d3fbc9301ee17f30f4d474e6ae4b05252/library/test/src/lib.rs:644:60
[INFO] [stdout]   34:     0x641af60b62e7 - <core::panic::unwind_safe::AssertUnwindSafe<F> as core::ops::function::FnOnce<()>>::call_once::hb5043206310c586f
[INFO] [stdout]                                at /rustc/df4ca44d3fbc9301ee17f30f4d474e6ae4b05252/library/core/src/panic/unwind_safe.rs:272:9
[INFO] [stdout]   35:     0x641af60b62e7 - std::panicking::try::do_call::h9ad4731a60ab23e2
[INFO] [stdout]                                at /rustc/df4ca44d3fbc9301ee17f30f4d474e6ae4b05252/library/std/src/panicking.rs:557:40
[INFO] [stdout]   36:     0x641af60b62e7 - std::panicking::try::h3824d23db772a716
[INFO] [stdout]                                at /rustc/df4ca44d3fbc9301ee17f30f4d474e6ae4b05252/library/std/src/panicking.rs:520:19
[INFO] [stdout]   37:     0x641af60b62e7 - std::panic::catch_unwind::h5afd514605fde46b
[INFO] [stdout]                                at /rustc/df4ca44d3fbc9301ee17f30f4d474e6ae4b05252/library/std/src/panic.rs:358:14
[INFO] [stdout]   38:     0x641af60b62e7 - test::run_test_in_process::h0d5cbfa7067d1720
[INFO] [stdout]                                at /rustc/df4ca44d3fbc9301ee17f30f4d474e6ae4b05252/library/test/src/lib.rs:644:27
[INFO] [stdout]   39:     0x641af60b62e7 - test::run_test::{{closure}}::h708eb8872708115d
[INFO] [stdout]                                at /rustc/df4ca44d3fbc9301ee17f30f4d474e6ae4b05252/library/test/src/lib.rs:565:43
[INFO] [stdout]   40:     0x641af6079a04 - test::run_test::{{closure}}::h392c51cee94713ab
[INFO] [stdout]                                at /rustc/df4ca44d3fbc9301ee17f30f4d474e6ae4b05252/library/test/src/lib.rs:595:41
[INFO] [stdout]   41:     0x641af6079a04 - std::sys::backtrace::__rust_begin_short_backtrace::h2f40290710935a8b
[INFO] [stdout]                                at /rustc/df4ca44d3fbc9301ee17f30f4d474e6ae4b05252/library/std/src/sys/backtrace.rs:154:18
[INFO] [stdout]   42:     0x641af607d1ae - std::thread::Builder::spawn_unchecked_::{{closure}}::{{closure}}::h3fd968d89053a903
[INFO] [stdout]                                at /rustc/df4ca44d3fbc9301ee17f30f4d474e6ae4b05252/library/std/src/thread/mod.rs:541:17
[INFO] [stdout]   43:     0x641af607d1ae - <core::panic::unwind_safe::AssertUnwindSafe<F> as core::ops::function::FnOnce<()>>::call_once::h743f637ba4229880
[INFO] [stdout]                                at /rustc/df4ca44d3fbc9301ee17f30f4d474e6ae4b05252/library/core/src/panic/unwind_safe.rs:272:9
[INFO] [stdout]   44:     0x641af607d1ae - std::panicking::try::do_call::h07440897322525a6
[INFO] [stdout]                                at /rustc/df4ca44d3fbc9301ee17f30f4d474e6ae4b05252/library/std/src/panicking.rs:557:40
[INFO] [stdout]   45:     0x641af607d1ae - std::panicking::try::he5a2e00188156637
[INFO] [stdout]                                at /rustc/df4ca44d3fbc9301ee17f30f4d474e6ae4b05252/library/std/src/panicking.rs:520:19
[INFO] [stdout]   46:     0x641af607d1ae - std::panic::catch_unwind::hbaf3cae49b3c6433
[INFO] [stdout]                                at /rustc/df4ca44d3fbc9301ee17f30f4d474e6ae4b05252/library/std/src/panic.rs:358:14
[INFO] [stdout]   47:     0x641af607d1ae - std::thread::Builder::spawn_unchecked_::{{closure}}::h8e141ea224820bce
[INFO] [stdout]                                at /rustc/df4ca44d3fbc9301ee17f30f4d474e6ae4b05252/library/std/src/thread/mod.rs:540:30
[INFO] [stdout]   48:     0x641af607d1ae - core::ops::function::FnOnce::call_once{{vtable.shim}}::h90d312fedd7b8ea8
[INFO] [stdout]                                at /rustc/df4ca44d3fbc9301ee17f30f4d474e6ae4b05252/library/core/src/ops/function.rs:250:5
[INFO] [stdout]   49:     0x641af61e03ab - <alloc::boxed::Box<F,A> as core::ops::function::FnOnce<Args>>::call_once::h69aa08ddb6adb8b6
[INFO] [stdout]                                at /rustc/df4ca44d3fbc9301ee17f30f4d474e6ae4b05252/library/alloc/src/boxed.rs:2454:9
[INFO] [stdout]   50:     0x641af61e03ab - <alloc::boxed::Box<F,A> as core::ops::function::FnOnce<Args>>::call_once::h5aa36efdb79c806f
[INFO] [stdout]                                at /rustc/df4ca44d3fbc9301ee17f30f4d474e6ae4b05252/library/alloc/src/boxed.rs:2454:9
[INFO] [stdout]   51:     0x641af61e03ab - std::sys::pal::unix::thread::Thread::new::thread_start::h6cd80a1b4be5158d
[INFO] [stdout]                                at /rustc/df4ca44d3fbc9301ee17f30f4d474e6ae4b05252/library/std/src/sys/pal/unix/thread.rs:105:17
[INFO] [stdout]   52:     0x70f52a219ac3 - <unknown>
[INFO] [stdout]   53:     0x70f52a2aaa04 - clone
[INFO] [stdout]   54:                0x0 - <unknown>
[INFO] [stdout] 
[INFO] [stdout] 
[INFO] [stdout] failures:
[INFO] [stdout]     content_file_layer::tests::can_create_file_and_read_from_it
[INFO] [stdout]     content_file_layer::tests::can_mount_empty_directory
[INFO] [stdout]     content_file_layer::tests::can_sync_a_file
[INFO] [stdout] 
[INFO] [stdout] test result: FAILED. 6 passed; 3 failed; 0 ignored; 0 measured; 0 filtered out; finished in 0.10s
[INFO] [stdout] 
[INFO] [stderr] error: test failed, to rerun pass `--bin eather`
[INFO] running `Command { std: "docker" "inspect" "8a20e063e3a27feda9cbde161a29cf3b4279252a317b268f2ec6b60fc7d932e8", kill_on_drop: false }`
[INFO] running `Command { std: "docker" "rm" "-f" "8a20e063e3a27feda9cbde161a29cf3b4279252a317b268f2ec6b60fc7d932e8", kill_on_drop: false }`
[INFO] [stdout] 8a20e063e3a27feda9cbde161a29cf3b4279252a317b268f2ec6b60fc7d932e8
