[INFO] cloning repository https://github.com/chengwen-zheng/tony-packer
[INFO] running `Command { std: "git" "-c" "credential.helper=" "-c" "credential.helper=/workspace/cargo-home/bin/git-credential-null" "clone" "--bare" "https://github.com/chengwen-zheng/tony-packer" "/workspace/cache/git-repos/https%3A%2F%2Fgithub.com%2Fchengwen-zheng%2Ftony-packer", kill_on_drop: false }`
[INFO] [stderr] Cloning into bare repository '/workspace/cache/git-repos/https%3A%2F%2Fgithub.com%2Fchengwen-zheng%2Ftony-packer'...
[INFO] running `Command { std: "git" "rev-parse" "HEAD", kill_on_drop: false }`
[INFO] [stdout] 7e1dc87fe25a3ad9b242d1b9046931c292d8a293
[INFO] testing chengwen-zheng/tony-packer/7e1dc87fe25a3ad9b242d1b9046931c292d8a293 against nightly-2024-10-28 for randomize-layout
[INFO] running `Command { std: "git" "clone" "/workspace/cache/git-repos/https%3A%2F%2Fgithub.com%2Fchengwen-zheng%2Ftony-packer" "/workspace/builds/worker-7-tc1/source", kill_on_drop: false }`
[INFO] [stderr] Cloning into '/workspace/builds/worker-7-tc1/source'...
[INFO] [stderr] done.
[INFO] validating manifest of git repo https://github.com/chengwen-zheng/tony-packer on toolchain nightly-2024-10-28
[INFO] running `Command { std: CARGO_HOME="/workspace/cargo-home" RUSTUP_HOME="/workspace/rustup-home" "/workspace/cargo-home/bin/cargo" "+nightly-2024-10-28" "metadata" "--manifest-path" "Cargo.toml" "--no-deps", kill_on_drop: false }`
[INFO] started tweaking git repo https://github.com/chengwen-zheng/tony-packer
[INFO] finished tweaking git repo https://github.com/chengwen-zheng/tony-packer
[INFO] tweaked toml for git repo https://github.com/chengwen-zheng/tony-packer written to /workspace/builds/worker-7-tc1/source/Cargo.toml
[INFO] crate git repo https://github.com/chengwen-zheng/tony-packer already has a lockfile, it will not be regenerated
[INFO] running `Command { std: CARGO_HOME="/workspace/cargo-home" RUSTUP_HOME="/workspace/rustup-home" "/workspace/cargo-home/bin/cargo" "+nightly-2024-10-28" "fetch" "--manifest-path" "Cargo.toml", kill_on_drop: false }`
[INFO] [stderr]     Updating crates.io index
[INFO] [stderr]  Downloading crates ...
[INFO] [stderr]   Downloaded wax v0.6.0
[INFO] [stderr]   Downloaded swc_visit v0.5.14
[INFO] [stderr]   Downloaded tardar v0.1.0
[INFO] [stderr]   Downloaded swc_common v0.33.26
[INFO] [stderr]   Downloaded sourcemap v8.0.1
[INFO] [stderr]   Downloaded rkyv_dyn_derive v0.7.44
[INFO] [stderr]   Downloaded inventory-impl v0.1.11
[INFO] [stderr]   Downloaded inventory v0.1.11
[INFO] [stderr]   Downloaded rkyv_dyn v0.7.44
[INFO] [stderr]   Downloaded rkyv_typename_derive v0.7.44
[INFO] [stderr]   Downloaded rkyv_typename v0.7.44
[INFO] [stderr]   Downloaded ast_node v0.9.8
[INFO] [stderr]   Downloaded from_variant v0.1.8
[INFO] [stderr]   Downloaded unicode-id-start v1.2.0
[INFO] [stderr]   Downloaded hstr v0.2.10
[INFO] [stderr]   Downloaded swc_ecma_parser v0.143.16
[INFO] [stderr]   Downloaded swc_html_ast v0.33.21
[INFO] [stderr]   Downloaded swc_visit_macros v0.5.12
[INFO] [stderr]   Downloaded swc_macros_common v0.3.11
[INFO] [stderr]   Downloaded swc_css_ast v0.140.23
[INFO] [stderr]   Downloaded swc_ecma_ast v0.112.8
[INFO] running `Command { std: "docker" "create" "-v" "/var/lib/crater-agent-workspace/builds/worker-7-tc1/target:/opt/rustwide/target:rw,Z" "-v" "/var/lib/crater-agent-workspace/builds/worker-7-tc1/source:/opt/rustwide/workdir:ro,Z" "-v" "/var/lib/crater-agent-workspace/cargo-home:/opt/rustwide/cargo-home:ro,Z" "-v" "/var/lib/crater-agent-workspace/rustup-home:/opt/rustwide/rustup-home:ro,Z" "-e" "SOURCE_DIR=/opt/rustwide/workdir" "-e" "CARGO_TARGET_DIR=/opt/rustwide/target" "-e" "CARGO_HOME=/opt/rustwide/cargo-home" "-e" "RUSTUP_HOME=/opt/rustwide/rustup-home" "-w" "/opt/rustwide/workdir" "-m" "1610612736" "--user" "0:0" "--network" "none" "ghcr.io/rust-lang/crates-build-env/linux@sha256:4a844ea9eb2546a2d2c7022eacef16ef2e8229c7fbb2c7d4d55a9ceca922f72d" "/opt/rustwide/cargo-home/bin/cargo" "+nightly-2024-10-28" "metadata" "--no-deps" "--format-version=1", kill_on_drop: false }`
[INFO] [stdout] a397beb902faffe3db5a1db79e03085321aa053d994d55700f34639cd5dc0f41
[INFO] running `Command { std: "docker" "start" "-a" "a397beb902faffe3db5a1db79e03085321aa053d994d55700f34639cd5dc0f41", kill_on_drop: false }`
[INFO] running `Command { std: "docker" "inspect" "a397beb902faffe3db5a1db79e03085321aa053d994d55700f34639cd5dc0f41", kill_on_drop: false }`
[INFO] running `Command { std: "docker" "rm" "-f" "a397beb902faffe3db5a1db79e03085321aa053d994d55700f34639cd5dc0f41", kill_on_drop: false }`
[INFO] [stdout] a397beb902faffe3db5a1db79e03085321aa053d994d55700f34639cd5dc0f41
[INFO] running `Command { std: "docker" "create" "-v" "/var/lib/crater-agent-workspace/builds/worker-7-tc1/target:/opt/rustwide/target:rw,Z" "-v" "/var/lib/crater-agent-workspace/builds/worker-7-tc1/source:/opt/rustwide/workdir:ro,Z" "-v" "/var/lib/crater-agent-workspace/cargo-home:/opt/rustwide/cargo-home:ro,Z" "-v" "/var/lib/crater-agent-workspace/rustup-home:/opt/rustwide/rustup-home:ro,Z" "-e" "SOURCE_DIR=/opt/rustwide/workdir" "-e" "CARGO_TARGET_DIR=/opt/rustwide/target" "-e" "CARGO_INCREMENTAL=0" "-e" "RUST_BACKTRACE=full" "-e" "RUSTFLAGS=--cap-lints=forbid" "-e" "RUSTDOCFLAGS=--cap-lints=forbid" "-e" "CARGO_HOME=/opt/rustwide/cargo-home" "-e" "RUSTUP_HOME=/opt/rustwide/rustup-home" "-w" "/opt/rustwide/workdir" "-m" "1610612736" "--user" "0:0" "--network" "none" "ghcr.io/rust-lang/crates-build-env/linux@sha256:4a844ea9eb2546a2d2c7022eacef16ef2e8229c7fbb2c7d4d55a9ceca922f72d" "/opt/rustwide/cargo-home/bin/cargo" "+nightly-2024-10-28" "build" "--frozen" "--message-format=json", kill_on_drop: false }`
[INFO] [stdout] 048c6d1ffee3e02bb1d7a312b9f981a00e73105e60d08cfd8e2cd58c7cac0926
[INFO] running `Command { std: "docker" "start" "-a" "048c6d1ffee3e02bb1d7a312b9f981a00e73105e60d08cfd8e2cd58c7cac0926", kill_on_drop: false }`
[INFO] [stderr]    Compiling proc-macro2 v1.0.86
[INFO] [stderr]    Compiling unicode-ident v1.0.12
[INFO] [stderr]    Compiling autocfg v1.3.0
[INFO] [stderr]    Compiling version_check v0.9.4
[INFO] [stderr]    Compiling syn v1.0.109
[INFO] [stderr]    Compiling libc v0.2.155
[INFO] [stderr]    Compiling cfg-if v1.0.0
[INFO] [stderr]    Compiling once_cell v1.19.0
[INFO] [stderr]    Compiling regex-syntax v0.8.4
[INFO] [stderr]    Compiling serde v1.0.204
[INFO] [stderr]    Compiling memchr v2.7.4
[INFO] [stderr]    Compiling siphasher v0.3.11
[INFO] [stderr]    Compiling hashbrown v0.14.5
[INFO] [stderr]    Compiling rand_core v0.6.4
[INFO] [stderr]    Compiling bytecheck v0.6.12
[INFO] [stderr]    Compiling pin-project-lite v0.2.14
[INFO] [stderr]    Compiling lazy_static v1.5.0
[INFO] [stderr]    Compiling simdutf8 v0.1.4
[INFO] [stderr]    Compiling tinyvec_macros v0.1.1
[INFO] [stderr]    Compiling rend v0.4.2
[INFO] [stderr]    Compiling tinyvec v1.8.0
[INFO] [stderr]    Compiling rand v0.8.5
[INFO] [stderr]    Compiling rkyv v0.7.44
[INFO] [stderr]    Compiling phf_shared v0.11.2
[INFO] [stderr]    Compiling radium v0.7.0
[INFO] [stderr]    Compiling parking_lot_core v0.9.10
[INFO] [stderr]    Compiling typenum v1.17.0
[INFO] [stderr]    Compiling num-traits v0.2.19
[INFO] [stderr]    Compiling lock_api v0.4.12
[INFO] [stderr]    Compiling ahash v0.7.8
[INFO] [stderr]    Compiling equivalent v1.0.1
[INFO] [stderr]    Compiling generic-array v0.14.7
[INFO] [stderr]    Compiling scopeguard v1.2.0
[INFO] [stderr]    Compiling unicode-width v0.1.13
[INFO] [stderr]    Compiling outref v0.1.0
[INFO] [stderr]    Compiling aho-corasick v1.1.3
[INFO] [stderr]    Compiling either v1.13.0
[INFO] [stderr]    Compiling tap v1.0.1
[INFO] [stderr]    Compiling smallvec v1.13.2
[INFO] [stderr]    Compiling unicode-bidi v0.3.15
[INFO] [stderr]    Compiling rustc-hash v1.1.0
[INFO] [stderr]    Compiling serde_json v1.0.120
[INFO] [stderr]    Compiling stable_deref_trait v1.2.0
[INFO] [stderr]    Compiling seahash v4.1.0
[INFO] [stderr]    Compiling indexmap v2.2.6
[INFO] [stderr]    Compiling phf_generator v0.11.2
[INFO] [stderr]    Compiling percent-encoding v2.3.1
[INFO] [stderr]    Compiling wyz v0.5.1
[INFO] [stderr]    Compiling quote v1.0.36
[INFO] [stderr]    Compiling simd-abstraction v0.7.1
[INFO] [stderr]    Compiling form_urlencoded v1.2.1
[INFO] [stderr]    Compiling syn v2.0.71
[INFO] [stderr]    Compiling getrandom v0.2.15
[INFO] [stderr]    Compiling unicode-normalization v0.1.23
[INFO] [stderr]    Compiling new_debug_unreachable v1.0.6
[INFO] [stderr]    Compiling ryu v1.0.18
[INFO] [stderr]    Compiling cc v1.1.5
[INFO] [stderr]    Compiling funty v2.0.0
[INFO] [stderr]    Compiling uuid v1.10.0
[INFO] [stderr]    Compiling itoa v1.0.11
[INFO] [stderr]    Compiling base64-simd v0.7.0
[INFO] [stderr]    Compiling tracing-core v0.1.32
[INFO] [stderr]    Compiling unicode-id-start v1.2.0
[INFO] [stderr]    Compiling data-encoding v2.6.0
[INFO] [stderr]    Compiling hashbrown v0.12.3
[INFO] [stderr]    Compiling if_chain v1.0.2
[INFO] [stderr]    Compiling scoped-tls v1.0.1
[INFO] [stderr]    Compiling parking_lot v0.12.3
[INFO] [stderr]    Compiling idna v0.5.0
[INFO] [stderr]    Compiling bitvec v1.0.1
[INFO] [stderr]    Compiling better_scoped_tls v0.1.1
[INFO] [stderr]    Compiling num-integer v0.1.46
[INFO] [stderr]    Compiling slab v0.4.9
[INFO] [stderr]    Compiling thiserror v1.0.63
[INFO] [stderr]    Compiling futures-sink v0.3.30
[INFO] [stderr]    Compiling futures-core v0.3.30
[INFO] [stderr]    Compiling url v2.5.2
[INFO] [stderr]    Compiling regex-automata v0.4.7
[INFO] [stderr]    Compiling futures-channel v0.3.30
[INFO] [stderr]    Compiling smartstring v1.0.1
[INFO] [stderr]    Compiling crypto-common v0.1.6
[INFO] [stderr]    Compiling block-buffer v0.10.4
[INFO] [stderr]    Compiling futures-task v0.3.30
[INFO] [stderr]    Compiling digest v0.10.7
[INFO] [stderr]    Compiling futures-io v0.3.30
[INFO] [stderr]    Compiling minimal-lexical v0.2.1
[INFO] [stderr]    Compiling inventory v0.1.11
[INFO] [stderr]    Compiling cpufeatures v0.2.12
[INFO] [stderr]    Compiling unicode-xid v0.2.4
[INFO] [stderr]    Compiling pin-utils v0.1.0
[INFO] [stderr]    Compiling sha2 v0.10.8
[INFO] [stderr]    Compiling const_format_proc_macros v0.2.32
[INFO] [stderr]    Compiling nom v7.1.3
[INFO] [stderr]    Compiling bitflags v2.6.0
[INFO] [stderr]    Compiling same-file v1.0.6
[INFO] [stderr]    Compiling base64 v0.21.7
[INFO] [stderr]    Compiling anyhow v1.0.86
[INFO] [stderr]    Compiling vec1 v1.12.1
[INFO] [stderr]    Compiling static_assertions v1.1.0
[INFO] [stderr]    Compiling psm v0.1.21
[INFO] [stderr]    Compiling stacker v0.1.15
[INFO] [stderr]    Compiling toy_farm_utils v0.1.0 (/opt/rustwide/workdir/crates/utils)
[INFO] [stderr]    Compiling walkdir v2.5.0
[INFO] [stderr]    Compiling num_cpus v1.16.0
[INFO] [stderr]    Compiling itertools v0.11.0
[INFO] [stderr]    Compiling typed-arena v2.0.2
[INFO] [stderr]    Compiling fixedbitset v0.4.2
[INFO] [stderr]    Compiling const_format v0.2.32
[INFO] [stderr]    Compiling petgraph v0.6.5
[INFO] [stderr]    Compiling dashmap v5.5.3
[INFO] [stderr]    Compiling relative-path v1.9.3
[INFO] [stderr]    Compiling downcast-rs v1.2.1
[INFO] [stderr]    Compiling heck v0.4.1
[INFO] [stderr]    Compiling toy_farm_toolkit v0.0.1 (/opt/rustwide/workdir/crates/toolkit)
[INFO] [stderr]    Compiling ptr_meta_derive v0.1.4
[INFO] [stderr]    Compiling bytecheck_derive v0.6.12
[INFO] [stderr]    Compiling rkyv_derive v0.7.44
[INFO] [stderr]    Compiling ctor v0.1.26
[INFO] [stderr]    Compiling rkyv_typename_derive v0.7.44
[INFO] [stderr]    Compiling inventory-impl v0.1.11
[INFO] [stderr]    Compiling rkyv_dyn_derive v0.7.44
[INFO] [stderr]    Compiling toy_farm_macro_cache_item v0.0.1 (/opt/rustwide/workdir/crates/macro_cache_item)
[INFO] [stderr]    Compiling pori v0.0.0
[INFO] [stderr]    Compiling ptr_meta v0.1.4
[INFO] [stderr]    Compiling rkyv_typename v0.7.44
[INFO] [stderr]    Compiling regex v1.10.5
[INFO] [stderr]    Compiling Inflector v0.11.4
[INFO] [stderr]    Compiling swc_macros_common v0.3.11
[INFO] [stderr]    Compiling serde_derive v1.0.204
[INFO] [stderr]    Compiling phf_macros v0.11.2
[INFO] [stderr]    Compiling tracing-attributes v0.1.27
[INFO] [stderr]    Compiling swc_visit_macros v0.5.12
[INFO] [stderr]    Compiling swc_eq_ignore_macros v0.1.3
[INFO] [stderr]    Compiling from_variant v0.1.8
[INFO] [stderr]    Compiling ast_node v0.9.8
[INFO] [stderr]    Compiling thiserror-impl v1.0.63
[INFO] [stderr]    Compiling is-macro v0.3.5
[INFO] [stderr]    Compiling string_enum v0.4.4
[INFO] [stderr]    Compiling miette-derive v5.10.0
[INFO] [stderr]    Compiling futures-macro v0.3.30
[INFO] [stderr]    Compiling ghost v0.1.17
[INFO] [stderr]    Compiling tokio-macros v2.3.0
[INFO] [stderr]    Compiling async-trait v0.1.81
[INFO] [stderr]    Compiling phf v0.11.2
[INFO] [stderr]    Compiling tokio v1.38.1
[INFO] [stderr]    Compiling futures-util v0.3.30
[INFO] [stderr]    Compiling tracing v0.1.40
[INFO] [stderr]    Compiling miette v5.10.0
[INFO] [stderr]    Compiling tardar v0.1.0
[INFO] [stderr]    Compiling wax v0.6.0
[INFO] [stderr]    Compiling swc_visit v0.5.14
[INFO] [stderr]    Compiling futures-executor v0.3.30
[INFO] [stderr]    Compiling futures v0.3.30
[INFO] [stderr]    Compiling rkyv_dyn v0.7.44
[INFO] [stderr]    Compiling triomphe v0.1.13
[INFO] [stderr]    Compiling debugid v0.8.0
[INFO] [stderr]    Compiling num-bigint v0.4.6
[INFO] [stderr]    Compiling hstr v0.2.10
[INFO] [stderr]    Compiling swc_atoms v0.6.7
[INFO] [stderr]    Compiling sourcemap v8.0.1
[INFO] [stderr]    Compiling swc_common v0.33.26
[INFO] [stderr]    Compiling swc_ecma_ast v0.112.8
[INFO] [stderr]    Compiling swc_html_ast v0.33.21
[INFO] [stderr]    Compiling swc_css_ast v0.140.23
[INFO] [stderr]    Compiling swc_ecma_parser v0.143.16
[INFO] [stderr]    Compiling toy_farm_core v0.1.0 (/opt/rustwide/workdir/crates/core)
[INFO] [stdout] warning: non-local `impl` definition, `impl` blocks should be written at the same level as their item
[INFO] [stdout]    --> crates/core/src/module/mod.rs:476:1
[INFO] [stdout]     |
[INFO] [stdout] 476 | #[cache_item(CustomModuleMetaData)]
[INFO] [stdout]     | -^^^^^^^^^^^^--------------------^^
[INFO] [stdout]     | |            |
[INFO] [stdout]     | |            `DeserializeCustomModuleMetaData` is not local
[INFO] [stdout]     | `Archived` is not local
[INFO] [stdout]     | `RegisteredImpl` is not local
[INFO] [stdout]     | move the `impl` block outside of this constant `_` and up 2 bodies
[INFO] [stdout] 477 | pub struct EmptyModuleMetaData;
[INFO] [stdout]     |            ------------------- `EmptyModuleMetaData` is not local
[INFO] [stdout]     |
[INFO] [stdout]     = note: the macro `rkyv_dyn::register_impl` defines the non-local `impl`, and may need to be changed
[INFO] [stdout]     = note: the macro `rkyv_dyn::register_impl` may come from an old version of the `rkyv_dyn` crate, try updating your dependency with `cargo update -p rkyv_dyn`
[INFO] [stdout]     = note: an `impl` is never scoped, even when it is nested inside an item, as it may impact type checking outside of that item, which can be the case if neither the trait or the self type are at the same nesting level as the `impl`
[INFO] [stdout]     = note: items in an anonymous const item (`const _: () = { ... }`) are treated as in the same scope as the anonymous const's declaration for the purpose of this lint
[INFO] [stdout]     = note: `#[warn(non_local_definitions)]` on by default
[INFO] [stdout]     = note: this warning originates in the macro `rkyv_dyn::register_impl` which comes from the expansion of the attribute macro `archive_dyn` (in Nightly builds, run with -Z macro-backtrace for more info)
[INFO] [stdout] 
[INFO] [stdout] 
[INFO] [stderr]    Compiling toy_farm_testing_helpers v0.0.1 (/opt/rustwide/workdir/crates/testing_helpers)
[INFO] [stderr]    Compiling toy_farm_plugin_resolve v0.0.1 (/opt/rustwide/workdir/crates/plugin_resolve)
[INFO] [stderr]    Compiling toy_farm_compiler v0.1.0 (/opt/rustwide/workdir/crates/compiler)
[INFO] [stderr]     Finished `dev` profile [unoptimized + debuginfo] target(s) in 32.08s
[INFO] running `Command { std: "docker" "inspect" "048c6d1ffee3e02bb1d7a312b9f981a00e73105e60d08cfd8e2cd58c7cac0926", kill_on_drop: false }`
[INFO] running `Command { std: "docker" "rm" "-f" "048c6d1ffee3e02bb1d7a312b9f981a00e73105e60d08cfd8e2cd58c7cac0926", kill_on_drop: false }`
[INFO] [stdout] 048c6d1ffee3e02bb1d7a312b9f981a00e73105e60d08cfd8e2cd58c7cac0926
[INFO] running `Command { std: "docker" "create" "-v" "/var/lib/crater-agent-workspace/builds/worker-7-tc1/target:/opt/rustwide/target:rw,Z" "-v" "/var/lib/crater-agent-workspace/builds/worker-7-tc1/source:/opt/rustwide/workdir:ro,Z" "-v" "/var/lib/crater-agent-workspace/cargo-home:/opt/rustwide/cargo-home:ro,Z" "-v" "/var/lib/crater-agent-workspace/rustup-home:/opt/rustwide/rustup-home:ro,Z" "-e" "SOURCE_DIR=/opt/rustwide/workdir" "-e" "CARGO_TARGET_DIR=/opt/rustwide/target" "-e" "CARGO_INCREMENTAL=0" "-e" "RUST_BACKTRACE=full" "-e" "RUSTFLAGS=--cap-lints=forbid" "-e" "RUSTDOCFLAGS=--cap-lints=forbid" "-e" "CARGO_HOME=/opt/rustwide/cargo-home" "-e" "RUSTUP_HOME=/opt/rustwide/rustup-home" "-w" "/opt/rustwide/workdir" "-m" "1610612736" "--user" "0:0" "--network" "none" "ghcr.io/rust-lang/crates-build-env/linux@sha256:4a844ea9eb2546a2d2c7022eacef16ef2e8229c7fbb2c7d4d55a9ceca922f72d" "/opt/rustwide/cargo-home/bin/cargo" "+nightly-2024-10-28" "test" "--frozen" "--no-run" "--message-format=json", kill_on_drop: false }`
[INFO] [stdout] dd684bed22d229c5bb07ebaa9726f87a8d0417db995288d5dbeb979ff4710682
[INFO] running `Command { std: "docker" "start" "-a" "dd684bed22d229c5bb07ebaa9726f87a8d0417db995288d5dbeb979ff4710682", kill_on_drop: false }`
[INFO] [stderr]    Compiling toy_farm_macro_cache_item v0.0.1 (/opt/rustwide/workdir/crates/macro_cache_item)
[INFO] [stderr]    Compiling toy_farm_toolkit v0.0.1 (/opt/rustwide/workdir/crates/toolkit)
[INFO] [stderr]    Compiling toy_farm_utils v0.1.0 (/opt/rustwide/workdir/crates/utils)
[INFO] [stderr]    Compiling toy_farm_core v0.1.0 (/opt/rustwide/workdir/crates/core)
[INFO] [stdout] warning: non-local `impl` definition, `impl` blocks should be written at the same level as their item
[INFO] [stdout]    --> crates/core/src/module/mod.rs:476:1
[INFO] [stdout]     |
[INFO] [stdout] 476 | #[cache_item(CustomModuleMetaData)]
[INFO] [stdout]     | -^^^^^^^^^^^^--------------------^^
[INFO] [stdout]     | |            |
[INFO] [stdout]     | |            `DeserializeCustomModuleMetaData` is not local
[INFO] [stdout]     | `Archived` is not local
[INFO] [stdout]     | `RegisteredImpl` is not local
[INFO] [stdout]     | move the `impl` block outside of this constant `_` and up 2 bodies
[INFO] [stdout] 477 | pub struct EmptyModuleMetaData;
[INFO] [stdout]     |            ------------------- `EmptyModuleMetaData` is not local
[INFO] [stdout]     |
[INFO] [stdout]     = note: the macro `rkyv_dyn::register_impl` defines the non-local `impl`, and may need to be changed
[INFO] [stdout]     = note: the macro `rkyv_dyn::register_impl` may come from an old version of the `rkyv_dyn` crate, try updating your dependency with `cargo update -p rkyv_dyn`
[INFO] [stdout]     = note: an `impl` is never scoped, even when it is nested inside an item, as it may impact type checking outside of that item, which can be the case if neither the trait or the self type are at the same nesting level as the `impl`
[INFO] [stdout]     = note: items in an anonymous const item (`const _: () = { ... }`) are treated as in the same scope as the anonymous const's declaration for the purpose of this lint
[INFO] [stdout]     = note: `#[warn(non_local_definitions)]` on by default
[INFO] [stdout]     = note: this warning originates in the macro `rkyv_dyn::register_impl` which comes from the expansion of the attribute macro `archive_dyn` (in Nightly builds, run with -Z macro-backtrace for more info)
[INFO] [stdout] 
[INFO] [stdout] 
[INFO] [stdout] warning: non-local `impl` definition, `impl` blocks should be written at the same level as their item
[INFO] [stdout]    --> crates/core/src/module/mod.rs:476:1
[INFO] [stdout]     |
[INFO] [stdout] 476 | #[cache_item(CustomModuleMetaData)]
[INFO] [stdout]     | -^^^^^^^^^^^^--------------------^^
[INFO] [stdout]     | |            |
[INFO] [stdout]     | |            `DeserializeCustomModuleMetaData` is not local
[INFO] [stdout]     | `Archived` is not local
[INFO] [stdout]     | `RegisteredImpl` is not local
[INFO] [stdout]     | move the `impl` block outside of this constant `_` and up 2 bodies
[INFO] [stdout] 477 | pub struct EmptyModuleMetaData;
[INFO] [stdout]     |            ------------------- `EmptyModuleMetaData` is not local
[INFO] [stdout]     |
[INFO] [stdout]     = note: the macro `rkyv_dyn::register_impl` defines the non-local `impl`, and may need to be changed
[INFO] [stdout]     = note: the macro `rkyv_dyn::register_impl` may come from an old version of the `rkyv_dyn` crate, try updating your dependency with `cargo update -p rkyv_dyn`
[INFO] [stdout]     = note: an `impl` is never scoped, even when it is nested inside an item, as it may impact type checking outside of that item, which can be the case if neither the trait or the self type are at the same nesting level as the `impl`
[INFO] [stdout]     = note: items in an anonymous const item (`const _: () = { ... }`) are treated as in the same scope as the anonymous const's declaration for the purpose of this lint
[INFO] [stdout]     = note: `#[warn(non_local_definitions)]` on by default
[INFO] [stdout]     = note: this warning originates in the macro `rkyv_dyn::register_impl` which comes from the expansion of the attribute macro `archive_dyn` (in Nightly builds, run with -Z macro-backtrace for more info)
[INFO] [stdout] 
[INFO] [stdout] 
[INFO] [stderr]    Compiling toy_farm_testing_helpers v0.0.1 (/opt/rustwide/workdir/crates/testing_helpers)
[INFO] [stderr]    Compiling toy_farm_plugin_resolve v0.0.1 (/opt/rustwide/workdir/crates/plugin_resolve)
[INFO] [stderr]    Compiling toy_farm_compiler v0.1.0 (/opt/rustwide/workdir/crates/compiler)
[INFO] [stderr]     Finished `test` profile [unoptimized + debuginfo] target(s) in 5.91s
[INFO] running `Command { std: "docker" "inspect" "dd684bed22d229c5bb07ebaa9726f87a8d0417db995288d5dbeb979ff4710682", kill_on_drop: false }`
[INFO] running `Command { std: "docker" "rm" "-f" "dd684bed22d229c5bb07ebaa9726f87a8d0417db995288d5dbeb979ff4710682", kill_on_drop: false }`
[INFO] [stdout] dd684bed22d229c5bb07ebaa9726f87a8d0417db995288d5dbeb979ff4710682
[INFO] running `Command { std: "docker" "create" "-v" "/var/lib/crater-agent-workspace/builds/worker-7-tc1/target:/opt/rustwide/target:rw,Z" "-v" "/var/lib/crater-agent-workspace/builds/worker-7-tc1/source:/opt/rustwide/workdir:ro,Z" "-v" "/var/lib/crater-agent-workspace/cargo-home:/opt/rustwide/cargo-home:ro,Z" "-v" "/var/lib/crater-agent-workspace/rustup-home:/opt/rustwide/rustup-home:ro,Z" "-e" "SOURCE_DIR=/opt/rustwide/workdir" "-e" "CARGO_TARGET_DIR=/opt/rustwide/target" "-e" "CARGO_INCREMENTAL=0" "-e" "RUST_BACKTRACE=full" "-e" "RUSTFLAGS=--cap-lints=forbid" "-e" "RUSTDOCFLAGS=--cap-lints=forbid" "-e" "CARGO_HOME=/opt/rustwide/cargo-home" "-e" "RUSTUP_HOME=/opt/rustwide/rustup-home" "-w" "/opt/rustwide/workdir" "-m" "1610612736" "--user" "0:0" "--network" "none" "ghcr.io/rust-lang/crates-build-env/linux@sha256:4a844ea9eb2546a2d2c7022eacef16ef2e8229c7fbb2c7d4d55a9ceca922f72d" "/opt/rustwide/cargo-home/bin/cargo" "+nightly-2024-10-28" "test" "--frozen", kill_on_drop: false }`
[INFO] [stdout] 3db88a2a4275d09b3ce5af45d1a6700a64adc6496514bae1a6d50edc4a83c3c6
[INFO] running `Command { std: "docker" "start" "-a" "3db88a2a4275d09b3ce5af45d1a6700a64adc6496514bae1a6d50edc4a83c3c6", kill_on_drop: false }`
[INFO] [stderr] warning: non-local `impl` definition, `impl` blocks should be written at the same level as their item
[INFO] [stderr]    --> crates/core/src/module/mod.rs:476:1
[INFO] [stderr]     |
[INFO] [stderr] 476 | #[cache_item(CustomModuleMetaData)]
[INFO] [stderr]     | -^^^^^^^^^^^^--------------------^^
[INFO] [stderr]     | |            |
[INFO] [stderr]     | |            `DeserializeCustomModuleMetaData` is not local
[INFO] [stderr]     | `Archived` is not local
[INFO] [stderr]     | `RegisteredImpl` is not local
[INFO] [stderr]     | move the `impl` block outside of this constant `_` and up 2 bodies
[INFO] [stderr] 477 | pub struct EmptyModuleMetaData;
[INFO] [stderr]     |            ------------------- `EmptyModuleMetaData` is not local
[INFO] [stderr]     |
[INFO] [stderr]     = note: the macro `rkyv_dyn::register_impl` defines the non-local `impl`, and may need to be changed
[INFO] [stderr]     = note: the macro `rkyv_dyn::register_impl` may come from an old version of the `rkyv_dyn` crate, try updating your dependency with `cargo update -p rkyv_dyn`
[INFO] [stderr]     = note: an `impl` is never scoped, even when it is nested inside an item, as it may impact type checking outside of that item, which can be the case if neither the trait or the self type are at the same nesting level as the `impl`
[INFO] [stderr]     = note: items in an anonymous const item (`const _: () = { ... }`) are treated as in the same scope as the anonymous const's declaration for the purpose of this lint
[INFO] [stderr]     = note: `#[warn(non_local_definitions)]` on by default
[INFO] [stderr]     = note: this warning originates in the macro `rkyv_dyn::register_impl` which comes from the expansion of the attribute macro `archive_dyn` (in Nightly builds, run with -Z macro-backtrace for more info)
[INFO] [stderr] 
[INFO] [stderr] warning: `toy_farm_core` (lib) generated 1 warning
[INFO] [stderr] warning: `toy_farm_core` (lib test) generated 1 warning (1 duplicate)
[INFO] [stderr]     Finished `test` profile [unoptimized + debuginfo] target(s) in 0.11s
[INFO] [stderr]      Running unittests src/lib.rs (/opt/rustwide/target/debug/deps/toy_farm_compiler-70bf37c246709857)
[INFO] [stdout] 
[INFO] [stdout] running 0 tests
[INFO] [stdout] 
[INFO] [stdout] test result: ok. 0 passed; 0 failed; 0 ignored; 0 measured; 0 filtered out; finished in 0.00s
[INFO] [stdout] 
[INFO] [stderr]      Running tests/minify.rs (/opt/rustwide/target/debug/deps/minify-34ea3e05f39dd03c)
[INFO] [stdout] 
[INFO] [stdout] running 1 test
[INFO] [stdout] test minify_script_test ... ok
[INFO] [stdout] 
[INFO] [stdout] test result: ok. 1 passed; 0 failed; 0 ignored; 0 measured; 0 filtered out; finished in 0.01s
[INFO] [stdout] 
[INFO] [stderr]      Running unittests src/lib.rs (/opt/rustwide/target/debug/deps/toy_farm_core-99a943772b57a97d)
[INFO] [stdout] 
[INFO] [stdout] running 10 tests
[INFO] [stdout] test module::module_graph::tests::dependencies ... ok
[INFO] [stdout] test config::config_regex::tests::test_config_regex ... ok
[INFO] [stdout] test config::config_regex::tests::test_config_regex_not ... ok
[INFO] [stdout] test module::module_graph::tests::toposort ... ok
[INFO] [stdout] test module::watch_graph::tests::modules ... ok
[INFO] [stdout] test module::watch_graph::tests::relation_dependencies ... ok
[INFO] [stdout] test module::watch_graph::tests::relation_roots ... ok
[INFO] [stdout] test config::external::tests::test ... ok
[INFO] [stdout] test cache::module_cache::mutable_modules::tests::test_immutable_modules_memory_store ... FAILED
[INFO] [stdout] test cache::module_cache::immutable_modules::tests::test_immutable_modules_memory_store ... FAILED
[INFO] [stdout] 
[INFO] [stdout] failures:
[INFO] [stdout] 
[INFO] [stdout] ---- cache::module_cache::mutable_modules::tests::test_immutable_modules_memory_store stdout ----
[INFO] [stdout] thread 'cache::module_cache::mutable_modules::tests::test_immutable_modules_memory_store' panicked at crates/core/src/cache/cache_store.rs:137:55:
[INFO] [stdout] called `Result::unwrap()` on an `Err` value: Os { code: 30, kind: ReadOnlyFilesystem, message: "Read-only file system" }
[INFO] [stdout] stack backtrace:
[INFO] [stdout]    0:     0x58ed4f53c36a - std::backtrace_rs::backtrace::libunwind::trace::h207520d6e9873551
[INFO] [stdout]                                at /rustc/df4ca44d3fbc9301ee17f30f4d474e6ae4b05252/library/std/src/../../backtrace/src/backtrace/libunwind.rs:116:5
[INFO] [stdout]    1:     0x58ed4f53c36a - std::backtrace_rs::backtrace::trace_unsynchronized::h2ed7433f370e3eca
[INFO] [stdout]                                at /rustc/df4ca44d3fbc9301ee17f30f4d474e6ae4b05252/library/std/src/../../backtrace/src/backtrace/mod.rs:66:5
[INFO] [stdout]    2:     0x58ed4f53c36a - std::sys::backtrace::_print_fmt::h916fac51166b18d7
[INFO] [stdout]                                at /rustc/df4ca44d3fbc9301ee17f30f4d474e6ae4b05252/library/std/src/sys/backtrace.rs:66:9
[INFO] [stdout]    3:     0x58ed4f53c36a - <std::sys::backtrace::BacktraceLock::print::DisplayBacktrace as core::fmt::Display>::fmt::ha0a4c9b8ce3802e6
[INFO] [stdout]                                at /rustc/df4ca44d3fbc9301ee17f30f4d474e6ae4b05252/library/std/src/sys/backtrace.rs:39:26
[INFO] [stdout]    4:     0x58ed4f563b03 - core::fmt::rt::Argument::fmt::h4cfc8587d52b3eb5
[INFO] [stdout]                                at /rustc/df4ca44d3fbc9301ee17f30f4d474e6ae4b05252/library/core/src/fmt/rt.rs:177:76
[INFO] [stdout]    5:     0x58ed4f563b03 - core::fmt::write::h522cc39e5b36ae9f
[INFO] [stdout]                                at /rustc/df4ca44d3fbc9301ee17f30f4d474e6ae4b05252/library/core/src/fmt/mod.rs:1190:21
[INFO] [stdout]    6:     0x58ed4f538af3 - std::io::Write::write_fmt::h7d3c26752da97734
[INFO] [stdout]                                at /rustc/df4ca44d3fbc9301ee17f30f4d474e6ae4b05252/library/std/src/io/mod.rs:1839:15
[INFO] [stdout]    7:     0x58ed4f53c1b2 - std::sys::backtrace::BacktraceLock::print::h4b9e00b29e9c0942
[INFO] [stdout]                                at /rustc/df4ca44d3fbc9301ee17f30f4d474e6ae4b05252/library/std/src/sys/backtrace.rs:42:9
[INFO] [stdout]    8:     0x58ed4f53d7fa - std::panicking::default_hook::{{closure}}::hb59b88280d0324d9
[INFO] [stdout]                                at /rustc/df4ca44d3fbc9301ee17f30f4d474e6ae4b05252/library/std/src/panicking.rs:268:22
[INFO] [stdout]    9:     0x58ed4f53d604 - std::panicking::default_hook::he1dd496665be4a29
[INFO] [stdout]                                at /rustc/df4ca44d3fbc9301ee17f30f4d474e6ae4b05252/library/std/src/panicking.rs:292:9
[INFO] [stdout]   10:     0x58ed4f138fa9 - <alloc::boxed::Box<F,A> as core::ops::function::Fn<Args>>::call::h4ff71de18744e1dc
[INFO] [stdout]                                at /rustc/df4ca44d3fbc9301ee17f30f4d474e6ae4b05252/library/alloc/src/boxed.rs:2468:9
[INFO] [stdout]   11:     0x58ed4f138fa9 - test::test_main::{{closure}}::hcf7c055ce117aa81
[INFO] [stdout]                                at /rustc/df4ca44d3fbc9301ee17f30f4d474e6ae4b05252/library/test/src/lib.rs:133:21
[INFO] [stdout]   12:     0x58ed4f53def8 - <alloc::boxed::Box<F,A> as core::ops::function::Fn<Args>>::call::h1d66c6bbd60c9692
[INFO] [stdout]                                at /rustc/df4ca44d3fbc9301ee17f30f4d474e6ae4b05252/library/alloc/src/boxed.rs:2468:9
[INFO] [stdout]   13:     0x58ed4f53def8 - std::panicking::rust_panic_with_hook::h2ff17fe8f26dfcf8
[INFO] [stdout]                                at /rustc/df4ca44d3fbc9301ee17f30f4d474e6ae4b05252/library/std/src/panicking.rs:809:13
[INFO] [stdout]   14:     0x58ed4f53dcba - std::panicking::begin_panic_handler::{{closure}}::h4fad77951c07e101
[INFO] [stdout]                                at /rustc/df4ca44d3fbc9301ee17f30f4d474e6ae4b05252/library/std/src/panicking.rs:674:13
[INFO] [stdout]   15:     0x58ed4f53c849 - std::sys::backtrace::__rust_end_short_backtrace::hb1a25b3da5d0ea08
[INFO] [stdout]                                at /rustc/df4ca44d3fbc9301ee17f30f4d474e6ae4b05252/library/std/src/sys/backtrace.rs:170:18
[INFO] [stdout]   16:     0x58ed4f53d94c - rust_begin_unwind
[INFO] [stdout]                                at /rustc/df4ca44d3fbc9301ee17f30f4d474e6ae4b05252/library/std/src/panicking.rs:665:5
[INFO] [stdout]   17:     0x58ed4f5620d0 - core::panicking::panic_fmt::ha9db07b529f9b256
[INFO] [stdout]                                at /rustc/df4ca44d3fbc9301ee17f30f4d474e6ae4b05252/library/core/src/panicking.rs:75:14
[INFO] [stdout]   18:     0x58ed4f5625b6 - core::result::unwrap_failed::h5e8218e4d4338b8a
[INFO] [stdout]                                at /rustc/df4ca44d3fbc9301ee17f30f4d474e6ae4b05252/library/core/src/result.rs:1698:5
[INFO] [stdout]   19:     0x58ed4f0e4106 - core::result::Result<T,E>::unwrap::h8f6c69264cb5091a
[INFO] [stdout]                                at /rustc/df4ca44d3fbc9301ee17f30f4d474e6ae4b05252/library/core/src/result.rs:1103:23
[INFO] [stdout]   20:     0x58ed4f0e4106 - toy_farm_core::cache::cache_store::CacheStore::write_manifest::{{closure}}::h1ecd5b64aacb1f2f
[INFO] [stdout]                                at /opt/rustwide/workdir/crates/core/src/cache/cache_store.rs:137:13
[INFO] [stdout]   21:     0x58ed4f0e5a71 - <toy_farm_core::cache::module_cache::mutable_modules::MutableModulesMemoryStore as toy_farm_core::cache::module_cache::module_memory_store::ModuleMemoryStore>::write_cache::{{closure}}::he0d3e385b0b94275
[INFO] [stdout]                                at /opt/rustwide/workdir/crates/core/src/cache/module_cache/mutable_modules.rs:139:37
[INFO] [stdout]   22:     0x58ed4f0ea9a1 - toy_farm_core::cache::module_cache::mutable_modules::tests::test_immutable_modules_memory_store::{{closure}}::had1f02912c131d7f
[INFO] [stdout]                                at /opt/rustwide/workdir/crates/core/src/cache/module_cache/mutable_modules.rs:195:29
[INFO] [stdout]   23:     0x58ed4ef8ae42 - <core::pin::Pin<P> as core::future::future::Future>::poll::h7bf17ab145cff067
[INFO] [stdout]                                at /rustc/df4ca44d3fbc9301ee17f30f4d474e6ae4b05252/library/core/src/future/future.rs:123:9
[INFO] [stdout]   24:     0x58ed4ef8adfd - <core::pin::Pin<P> as core::future::future::Future>::poll::h49231c3e30fd7de8
[INFO] [stdout]                                at /rustc/df4ca44d3fbc9301ee17f30f4d474e6ae4b05252/library/core/src/future/future.rs:123:9
[INFO] [stdout]   25:     0x58ed4f03710f - tokio::runtime::scheduler::current_thread::CoreGuard::block_on::{{closure}}::{{closure}}::{{closure}}::h9dee63db0fc8cd6b
[INFO] [stdout]                                at /opt/rustwide/cargo-home/registry/src/index.crates.io-6f17d22bba15001f/tokio-1.38.1/src/runtime/scheduler/current_thread/mod.rs:659:57
[INFO] [stdout]   26:     0x58ed4f037045 - tokio::runtime::coop::with_budget::ha3b8a72deeec4cfc
[INFO] [stdout]                                at /opt/rustwide/cargo-home/registry/src/index.crates.io-6f17d22bba15001f/tokio-1.38.1/src/runtime/coop.rs:107:5
[INFO] [stdout]   27:     0x58ed4f037045 - tokio::runtime::coop::budget::ha58c724090c782ad
[INFO] [stdout]                                at /opt/rustwide/cargo-home/registry/src/index.crates.io-6f17d22bba15001f/tokio-1.38.1/src/runtime/coop.rs:73:5
[INFO] [stdout]   28:     0x58ed4f037045 - tokio::runtime::scheduler::current_thread::CoreGuard::block_on::{{closure}}::{{closure}}::hc42db986c548821e
[INFO] [stdout]                                at /opt/rustwide/cargo-home/registry/src/index.crates.io-6f17d22bba15001f/tokio-1.38.1/src/runtime/scheduler/current_thread/mod.rs:659:25
[INFO] [stdout]   29:     0x58ed4f035e20 - tokio::runtime::scheduler::current_thread::Context::enter::hd1a645b54786d092
[INFO] [stdout]                                at /opt/rustwide/cargo-home/registry/src/index.crates.io-6f17d22bba15001f/tokio-1.38.1/src/runtime/scheduler/current_thread/mod.rs:404:19
[INFO] [stdout]   30:     0x58ed4f0368cb - tokio::runtime::scheduler::current_thread::CoreGuard::block_on::{{closure}}::h4c8f7a04a4adfdc1
[INFO] [stdout]                                at /opt/rustwide/cargo-home/registry/src/index.crates.io-6f17d22bba15001f/tokio-1.38.1/src/runtime/scheduler/current_thread/mod.rs:658:36
[INFO] [stdout]   31:     0x58ed4f036644 - tokio::runtime::scheduler::current_thread::CoreGuard::enter::{{closure}}::h7928ceb9c0d32e9a
[INFO] [stdout]                                at /opt/rustwide/cargo-home/registry/src/index.crates.io-6f17d22bba15001f/tokio-1.38.1/src/runtime/scheduler/current_thread/mod.rs:737:68
[INFO] [stdout]   32:     0x58ed4f07eecb - tokio::runtime::context::scoped::Scoped<T>::set::h90b28f2257debcf1
[INFO] [stdout]                                at /opt/rustwide/cargo-home/registry/src/index.crates.io-6f17d22bba15001f/tokio-1.38.1/src/runtime/context/scoped.rs:40:9
[INFO] [stdout]   33:     0x58ed4ef837e9 - tokio::runtime::context::set_scheduler::{{closure}}::hd0ab952f8388bdd1
[INFO] [stdout]                                at /opt/rustwide/cargo-home/registry/src/index.crates.io-6f17d22bba15001f/tokio-1.38.1/src/runtime/context.rs:180:26
[INFO] [stdout]   34:     0x58ed4f0568ad - std::thread::local::LocalKey<T>::try_with::hba48d1a1f28e51d0
[INFO] [stdout]                                at /rustc/df4ca44d3fbc9301ee17f30f4d474e6ae4b05252/library/std/src/thread/local.rs:283:12
[INFO] [stdout]   35:     0x58ed4f05606a - std::thread::local::LocalKey<T>::with::h6790171701062d0d
[INFO] [stdout]                                at /rustc/df4ca44d3fbc9301ee17f30f4d474e6ae4b05252/library/std/src/thread/local.rs:260:9
[INFO] [stdout]   36:     0x58ed4ef8379d - tokio::runtime::context::set_scheduler::h9c700ee4c3b10c19
[INFO] [stdout]                                at /opt/rustwide/cargo-home/registry/src/index.crates.io-6f17d22bba15001f/tokio-1.38.1/src/runtime/context.rs:180:9
[INFO] [stdout]   37:     0x58ed4f0363f0 - tokio::runtime::scheduler::current_thread::CoreGuard::enter::h7fae5536b22dc590
[INFO] [stdout]                                at /opt/rustwide/cargo-home/registry/src/index.crates.io-6f17d22bba15001f/tokio-1.38.1/src/runtime/scheduler/current_thread/mod.rs:737:27
[INFO] [stdout]   38:     0x58ed4f036663 - tokio::runtime::scheduler::current_thread::CoreGuard::block_on::h265d676b629c98c2
[INFO] [stdout]                                at /opt/rustwide/cargo-home/registry/src/index.crates.io-6f17d22bba15001f/tokio-1.38.1/src/runtime/scheduler/current_thread/mod.rs:646:19
[INFO] [stdout]   39:     0x58ed4f03516d - tokio::runtime::scheduler::current_thread::CurrentThread::block_on::{{closure}}::h4702f41a857a5ae0
[INFO] [stdout]                                at /opt/rustwide/cargo-home/registry/src/index.crates.io-6f17d22bba15001f/tokio-1.38.1/src/runtime/scheduler/current_thread/mod.rs:175:28
[INFO] [stdout]   40:     0x58ed4ef70316 - tokio::runtime::context::runtime::enter_runtime::h327b8a79b020ec11
[INFO] [stdout]                                at /opt/rustwide/cargo-home/registry/src/index.crates.io-6f17d22bba15001f/tokio-1.38.1/src/runtime/context/runtime.rs:65:16
[INFO] [stdout]   41:     0x58ed4f035081 - tokio::runtime::scheduler::current_thread::CurrentThread::block_on::h8690b10463e4c685
[INFO] [stdout]                                at /opt/rustwide/cargo-home/registry/src/index.crates.io-6f17d22bba15001f/tokio-1.38.1/src/runtime/scheduler/current_thread/mod.rs:167:9
[INFO] [stdout]   42:     0x58ed4ee92d9d - tokio::runtime::runtime::Runtime::block_on::h2bd198f300b402fd
[INFO] [stdout]                                at /opt/rustwide/cargo-home/registry/src/index.crates.io-6f17d22bba15001f/tokio-1.38.1/src/runtime/runtime.rs:347:47
[INFO] [stdout]   43:     0x58ed4f0e9dc3 - toy_farm_core::cache::module_cache::mutable_modules::tests::test_immutable_modules_memory_store::hd213460c261b8ed1
[INFO] [stdout]                                at /opt/rustwide/workdir/crates/core/src/cache/module_cache/mutable_modules.rs:195:9
[INFO] [stdout]   44:     0x58ed4f0e9c67 - toy_farm_core::cache::module_cache::mutable_modules::tests::test_immutable_modules_memory_store::{{closure}}::hde727241b2248a35
[INFO] [stdout]                                at /opt/rustwide/workdir/crates/core/src/cache/module_cache/mutable_modules.rs:159:51
[INFO] [stdout]   45:     0x58ed4ee29e16 - core::ops::function::FnOnce::call_once::hf3e11e256b425f4f
[INFO] [stdout]                                at /rustc/df4ca44d3fbc9301ee17f30f4d474e6ae4b05252/library/core/src/ops/function.rs:250:5
[INFO] [stdout]   46:     0x58ed4f13d87b - core::ops::function::FnOnce::call_once::h22c3ba5715e93f05
[INFO] [stdout]                                at /rustc/df4ca44d3fbc9301ee17f30f4d474e6ae4b05252/library/core/src/ops/function.rs:250:5
[INFO] [stdout]   47:     0x58ed4f13d87b - test::__rust_begin_short_backtrace::h8e82d8113d0da17f
[INFO] [stdout]                                at /rustc/df4ca44d3fbc9301ee17f30f4d474e6ae4b05252/library/test/src/lib.rs:621:18
[INFO] [stdout]   48:     0x58ed4f13d1f7 - test::run_test_in_process::{{closure}}::h33235f4f20b7b7c7
[INFO] [stdout]                                at /rustc/df4ca44d3fbc9301ee17f30f4d474e6ae4b05252/library/test/src/lib.rs:644:60
[INFO] [stdout]   49:     0x58ed4f13d1f7 - <core::panic::unwind_safe::AssertUnwindSafe<F> as core::ops::function::FnOnce<()>>::call_once::hb5043206310c586f
[INFO] [stdout]                                at /rustc/df4ca44d3fbc9301ee17f30f4d474e6ae4b05252/library/core/src/panic/unwind_safe.rs:272:9
[INFO] [stdout]   50:     0x58ed4f13d1f7 - std::panicking::try::do_call::h9ad4731a60ab23e2
[INFO] [stdout]                                at /rustc/df4ca44d3fbc9301ee17f30f4d474e6ae4b05252/library/std/src/panicking.rs:557:40
[INFO] [stdout]   51:     0x58ed4f13d1f7 - std::panicking::try::h3824d23db772a716
[INFO] [stdout]                                at /rustc/df4ca44d3fbc9301ee17f30f4d474e6ae4b05252/library/std/src/panicking.rs:520:19
[INFO] [stdout]   52:     0x58ed4f13d1f7 - std::panic::catch_unwind::h5afd514605fde46b
[INFO] [stdout]                                at /rustc/df4ca44d3fbc9301ee17f30f4d474e6ae4b05252/library/std/src/panic.rs:358:14
[INFO] [stdout]   53:     0x58ed4f13d1f7 - test::run_test_in_process::h0d5cbfa7067d1720
[INFO] [stdout]                                at /rustc/df4ca44d3fbc9301ee17f30f4d474e6ae4b05252/library/test/src/lib.rs:644:27
[INFO] [stdout]   54:     0x58ed4f13d1f7 - test::run_test::{{closure}}::h708eb8872708115d
[INFO] [stdout]                                at /rustc/df4ca44d3fbc9301ee17f30f4d474e6ae4b05252/library/test/src/lib.rs:565:43
[INFO] [stdout]   55:     0x58ed4f100914 - test::run_test::{{closure}}::h392c51cee94713ab
[INFO] [stdout]                                at /rustc/df4ca44d3fbc9301ee17f30f4d474e6ae4b05252/library/test/src/lib.rs:595:41
[INFO] [stdout]   56:     0x58ed4f100914 - std::sys::backtrace::__rust_begin_short_backtrace::h2f40290710935a8b
[INFO] [stdout]                                at /rustc/df4ca44d3fbc9301ee17f30f4d474e6ae4b05252/library/std/src/sys/backtrace.rs:154:18
[INFO] [stdout]   57:     0x58ed4f1040be - std::thread::Builder::spawn_unchecked_::{{closure}}::{{closure}}::h3fd968d89053a903
[INFO] [stdout]                                at /rustc/df4ca44d3fbc9301ee17f30f4d474e6ae4b05252/library/std/src/thread/mod.rs:541:17
[INFO] [stdout]   58:     0x58ed4f1040be - <core::panic::unwind_safe::AssertUnwindSafe<F> as core::ops::function::FnOnce<()>>::call_once::h743f637ba4229880
[INFO] [stdout]                                at /rustc/df4ca44d3fbc9301ee17f30f4d474e6ae4b05252/library/core/src/panic/unwind_safe.rs:272:9
[INFO] [stdout]   59:     0x58ed4f1040be - std::panicking::try::do_call::h07440897322525a6
[INFO] [stdout]                                at /rustc/df4ca44d3fbc9301ee17f30f4d474e6ae4b05252/library/std/src/panicking.rs:557:40
[INFO] [stdout]   60:     0x58ed4f1040be - std::panicking::try::he5a2e00188156637
[INFO] [stdout]                                at /rustc/df4ca44d3fbc9301ee17f30f4d474e6ae4b05252/library/std/src/panicking.rs:520:19
[INFO] [stdout]   61:     0x58ed4f1040be - std::panic::catch_unwind::hbaf3cae49b3c6433
[INFO] [stdout]                                at /rustc/df4ca44d3fbc9301ee17f30f4d474e6ae4b05252/library/std/src/panic.rs:358:14
[INFO] [stdout]   62:     0x58ed4f1040be - std::thread::Builder::spawn_unchecked_::{{closure}}::h8e141ea224820bce
[INFO] [stdout]                                at /rustc/df4ca44d3fbc9301ee17f30f4d474e6ae4b05252/library/std/src/thread/mod.rs:540:30
[INFO] [stdout]   63:     0x58ed4f1040be - core::ops::function::FnOnce::call_once{{vtable.shim}}::h90d312fedd7b8ea8
[INFO] [stdout]                                at /rustc/df4ca44d3fbc9301ee17f30f4d474e6ae4b05252/library/core/src/ops/function.rs:250:5
[INFO] [stdout]   64:     0x58ed4f541e9b - <alloc::boxed::Box<F,A> as core::ops::function::FnOnce<Args>>::call_once::h69aa08ddb6adb8b6
[INFO] [stdout]                                at /rustc/df4ca44d3fbc9301ee17f30f4d474e6ae4b05252/library/alloc/src/boxed.rs:2454:9
[INFO] [stdout]   65:     0x58ed4f541e9b - <alloc::boxed::Box<F,A> as core::ops::function::FnOnce<Args>>::call_once::h5aa36efdb79c806f
[INFO] [stdout]                                at /rustc/df4ca44d3fbc9301ee17f30f4d474e6ae4b05252/library/alloc/src/boxed.rs:2454:9
[INFO] [stdout]   66:     0x58ed4f541e9b - std::sys::pal::unix::thread::Thread::new::thread_start::h6cd80a1b4be5158d
[INFO] [stdout]                                at /rustc/df4ca44d3fbc9301ee17f30f4d474e6ae4b05252/library/std/src/sys/pal/unix/thread.rs:105:17
[INFO] [stdout]   67:     0x7ea0f4eccac3 - <unknown>
[INFO] [stdout]   68:     0x7ea0f4f5da04 - clone
[INFO] [stdout]   69:                0x0 - <unknown>
[INFO] [stdout] 
[INFO] [stdout] ---- cache::module_cache::immutable_modules::tests::test_immutable_modules_memory_store stdout ----
[INFO] [stdout] create cache dir "./0.0.1-cache/test_immutable_modules_memory_store/development/immutable-modules"
[INFO] [stdout] thread 'cache::module_cache::immutable_modules::tests::test_immutable_modules_memory_store' panicked at crates/core/src/cache/cache_store.rs:151:55:
[INFO] [stdout] called `Result::unwrap()` on an `Err` value: Os { code: 30, kind: ReadOnlyFilesystem, message: "Read-only file system" }
[INFO] [stdout] stack backtrace:
[INFO] [stdout]    0:     0x58ed4f53c36a - std::backtrace_rs::backtrace::libunwind::trace::h207520d6e9873551
[INFO] [stdout]                                at /rustc/df4ca44d3fbc9301ee17f30f4d474e6ae4b05252/library/std/src/../../backtrace/src/backtrace/libunwind.rs:116:5
[INFO] [stdout]    1:     0x58ed4f53c36a - std::backtrace_rs::backtrace::trace_unsynchronized::h2ed7433f370e3eca
[INFO] [stdout]                                at /rustc/df4ca44d3fbc9301ee17f30f4d474e6ae4b05252/library/std/src/../../backtrace/src/backtrace/mod.rs:66:5
[INFO] [stdout]    2:     0x58ed4f53c36a - std::sys::backtrace::_print_fmt::h916fac51166b18d7
[INFO] [stdout]                                at /rustc/df4ca44d3fbc9301ee17f30f4d474e6ae4b05252/library/std/src/sys/backtrace.rs:66:9
[INFO] [stdout]    3:     0x58ed4f53c36a - <std::sys::backtrace::BacktraceLock::print::DisplayBacktrace as core::fmt::Display>::fmt::ha0a4c9b8ce3802e6
[INFO] [stdout]                                at /rustc/df4ca44d3fbc9301ee17f30f4d474e6ae4b05252/library/std/src/sys/backtrace.rs:39:26
[INFO] [stdout]    4:     0x58ed4f563b03 - core::fmt::rt::Argument::fmt::h4cfc8587d52b3eb5
[INFO] [stdout]                                at /rustc/df4ca44d3fbc9301ee17f30f4d474e6ae4b05252/library/core/src/fmt/rt.rs:177:76
[INFO] [stdout]    5:     0x58ed4f563b03 - core::fmt::write::h522cc39e5b36ae9f
[INFO] [stdout]                                at /rustc/df4ca44d3fbc9301ee17f30f4d474e6ae4b05252/library/core/src/fmt/mod.rs:1190:21
[INFO] [stdout]    6:     0x58ed4f538af3 - std::io::Write::write_fmt::h7d3c26752da97734
[INFO] [stdout]                                at /rustc/df4ca44d3fbc9301ee17f30f4d474e6ae4b05252/library/std/src/io/mod.rs:1839:15
[INFO] [stdout]    7:     0x58ed4f53c1b2 - std::sys::backtrace::BacktraceLock::print::h4b9e00b29e9c0942
[INFO] [stdout]                                at /rustc/df4ca44d3fbc9301ee17f30f4d474e6ae4b05252/library/std/src/sys/backtrace.rs:42:9
[INFO] [stdout]    8:     0x58ed4f53d7fa - std::panicking::default_hook::{{closure}}::hb59b88280d0324d9
[INFO] [stdout]                                at /rustc/df4ca44d3fbc9301ee17f30f4d474e6ae4b05252/library/std/src/panicking.rs:268:22
[INFO] [stdout]    9:     0x58ed4f53d604 - std::panicking::default_hook::he1dd496665be4a29
[INFO] [stdout]                                at /rustc/df4ca44d3fbc9301ee17f30f4d474e6ae4b05252/library/std/src/panicking.rs:292:9
[INFO] [stdout]   10:     0x58ed4f138fa9 - <alloc::boxed::Box<F,A> as core::ops::function::Fn<Args>>::call::h4ff71de18744e1dc
[INFO] [stdout]                                at /rustc/df4ca44d3fbc9301ee17f30f4d474e6ae4b05252/library/alloc/src/boxed.rs:2468:9
[INFO] [stdout]   11:     0x58ed4f138fa9 - test::test_main::{{closure}}::hcf7c055ce117aa81
[INFO] [stdout]                                at /rustc/df4ca44d3fbc9301ee17f30f4d474e6ae4b05252/library/test/src/lib.rs:133:21
[INFO] [stdout]   12:     0x58ed4f53def8 - <alloc::boxed::Box<F,A> as core::ops::function::Fn<Args>>::call::h1d66c6bbd60c9692
[INFO] [stdout]                                at /rustc/df4ca44d3fbc9301ee17f30f4d474e6ae4b05252/library/alloc/src/boxed.rs:2468:9
[INFO] [stdout]   13:     0x58ed4f53def8 - std::panicking::rust_panic_with_hook::h2ff17fe8f26dfcf8
[INFO] [stdout]                                at /rustc/df4ca44d3fbc9301ee17f30f4d474e6ae4b05252/library/std/src/panicking.rs:809:13
[INFO] [stdout]   14:     0x58ed4f53dcba - std::panicking::begin_panic_handler::{{closure}}::h4fad77951c07e101
[INFO] [stdout]                                at /rustc/df4ca44d3fbc9301ee17f30f4d474e6ae4b05252/library/std/src/panicking.rs:674:13
[INFO] [stdout]   15:     0x58ed4f53c849 - std::sys::backtrace::__rust_end_short_backtrace::hb1a25b3da5d0ea08
[INFO] [stdout]                                at /rustc/df4ca44d3fbc9301ee17f30f4d474e6ae4b05252/library/std/src/sys/backtrace.rs:170:18
[INFO] [stdout]   16:     0x58ed4f53d94c - rust_begin_unwind
[INFO] [stdout]                                at /rustc/df4ca44d3fbc9301ee17f30f4d474e6ae4b05252/library/std/src/panicking.rs:665:5
[INFO] [stdout]   17:     0x58ed4f5620d0 - core::panicking::panic_fmt::ha9db07b529f9b256
[INFO] [stdout]                                at /rustc/df4ca44d3fbc9301ee17f30f4d474e6ae4b05252/library/core/src/panicking.rs:75:14
[INFO] [stdout]   18:     0x58ed4f5625b6 - core::result::unwrap_failed::h5e8218e4d4338b8a
[INFO] [stdout]                                at /rustc/df4ca44d3fbc9301ee17f30f4d474e6ae4b05252/library/core/src/result.rs:1698:5
[INFO] [stdout]   19:     0x58ed4f0e48bc - core::result::Result<T,E>::unwrap::h8f6c69264cb5091a
[INFO] [stdout]                                at /rustc/df4ca44d3fbc9301ee17f30f4d474e6ae4b05252/library/core/src/result.rs:1103:23
[INFO] [stdout]   20:     0x58ed4f0e48bc - toy_farm_core::cache::cache_store::CacheStore::write_cache::{{closure}}::h80b0eafe4156ee34
[INFO] [stdout]                                at /opt/rustwide/workdir/crates/core/src/cache/cache_store.rs:151:13
[INFO] [stdout]   21:     0x58ed4efcac11 - <toy_farm_core::cache::module_cache::immutable_modules::ImmutableModulesMemoryStore as toy_farm_core::cache::module_cache::module_memory_store::ModuleMemoryStore>::write_cache::{{closure}}::hda999b5d3d6dd701
[INFO] [stdout]                                at /opt/rustwide/workdir/crates/core/src/cache/module_cache/immutable_modules.rs:312:43
[INFO] [stdout]   22:     0x58ed4f0eb737 - toy_farm_core::cache::module_cache::immutable_modules::tests::test_immutable_modules_memory_store::{{closure}}::hb18433a99df1ddb9
[INFO] [stdout]                                at /opt/rustwide/workdir/crates/core/src/cache/module_cache/immutable_modules.rs:365:29
[INFO] [stdout]   23:     0x58ed4ef8ae42 - <core::pin::Pin<P> as core::future::future::Future>::poll::h7bf17ab145cff067
[INFO] [stdout]                                at /rustc/df4ca44d3fbc9301ee17f30f4d474e6ae4b05252/library/core/src/future/future.rs:123:9
[INFO] [stdout]   24:     0x58ed4ef8adfd - <core::pin::Pin<P> as core::future::future::Future>::poll::h49231c3e30fd7de8
[INFO] [stdout]                                at /rustc/df4ca44d3fbc9301ee17f30f4d474e6ae4b05252/library/core/src/future/future.rs:123:9
[INFO] [stdout]   25:     0x58ed4f03710f - tokio::runtime::scheduler::current_thread::CoreGuard::block_on::{{closure}}::{{closure}}::{{closure}}::h9dee63db0fc8cd6b
[INFO] [stdout]                                at /opt/rustwide/cargo-home/registry/src/index.crates.io-6f17d22bba15001f/tokio-1.38.1/src/runtime/scheduler/current_thread/mod.rs:659:57
[INFO] [stdout]   26:     0x58ed4f037045 - tokio::runtime::coop::with_budget::ha3b8a72deeec4cfc
[INFO] [stdout]                                at /opt/rustwide/cargo-home/registry/src/index.crates.io-6f17d22bba15001f/tokio-1.38.1/src/runtime/coop.rs:107:5
[INFO] [stdout]   27:     0x58ed4f037045 - tokio::runtime::coop::budget::ha58c724090c782ad
[INFO] [stdout]                                at /opt/rustwide/cargo-home/registry/src/index.crates.io-6f17d22bba15001f/tokio-1.38.1/src/runtime/coop.rs:73:5
[INFO] [stdout]   28:     0x58ed4f037045 - tokio::runtime::scheduler::current_thread::CoreGuard::block_on::{{closure}}::{{closure}}::hc42db986c548821e
[INFO] [stdout]                                at /opt/rustwide/cargo-home/registry/src/index.crates.io-6f17d22bba15001f/tokio-1.38.1/src/runtime/scheduler/current_thread/mod.rs:659:25
[INFO] [stdout]   29:     0x58ed4f035e20 - tokio::runtime::scheduler::current_thread::Context::enter::hd1a645b54786d092
[INFO] [stdout]                                at /opt/rustwide/cargo-home/registry/src/index.crates.io-6f17d22bba15001f/tokio-1.38.1/src/runtime/scheduler/current_thread/mod.rs:404:19
[INFO] [stdout]   30:     0x58ed4f0368cb - tokio::runtime::scheduler::current_thread::CoreGuard::block_on::{{closure}}::h4c8f7a04a4adfdc1
[INFO] [stdout]                                at /opt/rustwide/cargo-home/registry/src/index.crates.io-6f17d22bba15001f/tokio-1.38.1/src/runtime/scheduler/current_thread/mod.rs:658:36
[INFO] [stdout]   31:     0x58ed4f036644 - tokio::runtime::scheduler::current_thread::CoreGuard::enter::{{closure}}::h7928ceb9c0d32e9a
[INFO] [stdout]                                at /opt/rustwide/cargo-home/registry/src/index.crates.io-6f17d22bba15001f/tokio-1.38.1/src/runtime/scheduler/current_thread/mod.rs:737:68
[INFO] [stdout]   32:     0x58ed4f07eecb - tokio::runtime::context::scoped::Scoped<T>::set::h90b28f2257debcf1
[INFO] [stdout]                                at /opt/rustwide/cargo-home/registry/src/index.crates.io-6f17d22bba15001f/tokio-1.38.1/src/runtime/context/scoped.rs:40:9
[INFO] [stdout]   33:     0x58ed4ef837e9 - tokio::runtime::context::set_scheduler::{{closure}}::hd0ab952f8388bdd1
[INFO] [stdout]                                at /opt/rustwide/cargo-home/registry/src/index.crates.io-6f17d22bba15001f/tokio-1.38.1/src/runtime/context.rs:180:26
[INFO] [stdout]   34:     0x58ed4f0568ad - std::thread::local::LocalKey<T>::try_with::hba48d1a1f28e51d0
[INFO] [stdout]                                at /rustc/df4ca44d3fbc9301ee17f30f4d474e6ae4b05252/library/std/src/thread/local.rs:283:12
[INFO] [stdout]   35:     0x58ed4f05606a - std::thread::local::LocalKey<T>::with::h6790171701062d0d
[INFO] [stdout]                                at /rustc/df4ca44d3fbc9301ee17f30f4d474e6ae4b05252/library/std/src/thread/local.rs:260:9
[INFO] [stdout]   36:     0x58ed4ef8379d - tokio::runtime::context::set_scheduler::h9c700ee4c3b10c19
[INFO] [stdout]                                at /opt/rustwide/cargo-home/registry/src/index.crates.io-6f17d22bba15001f/tokio-1.38.1/src/runtime/context.rs:180:9
[INFO] [stdout]   37:     0x58ed4f0363f0 - tokio::runtime::scheduler::current_thread::CoreGuard::enter::h7fae5536b22dc590
[INFO] [stdout]                                at /opt/rustwide/cargo-home/registry/src/index.crates.io-6f17d22bba15001f/tokio-1.38.1/src/runtime/scheduler/current_thread/mod.rs:737:27
[INFO] [stdout]   38:     0x58ed4f036663 - tokio::runtime::scheduler::current_thread::CoreGuard::block_on::h265d676b629c98c2
[INFO] [stdout]                                at /opt/rustwide/cargo-home/registry/src/index.crates.io-6f17d22bba15001f/tokio-1.38.1/src/runtime/scheduler/current_thread/mod.rs:646:19
[INFO] [stdout]   39:     0x58ed4f03516d - tokio::runtime::scheduler::current_thread::CurrentThread::block_on::{{closure}}::h4702f41a857a5ae0
[INFO] [stdout]                                at /opt/rustwide/cargo-home/registry/src/index.crates.io-6f17d22bba15001f/tokio-1.38.1/src/runtime/scheduler/current_thread/mod.rs:175:28
[INFO] [stdout]   40:     0x58ed4ef70316 - tokio::runtime::context::runtime::enter_runtime::h327b8a79b020ec11
[INFO] [stdout]                                at /opt/rustwide/cargo-home/registry/src/index.crates.io-6f17d22bba15001f/tokio-1.38.1/src/runtime/context/runtime.rs:65:16
[INFO] [stdout]   41:     0x58ed4f035081 - tokio::runtime::scheduler::current_thread::CurrentThread::block_on::h8690b10463e4c685
[INFO] [stdout]                                at /opt/rustwide/cargo-home/registry/src/index.crates.io-6f17d22bba15001f/tokio-1.38.1/src/runtime/scheduler/current_thread/mod.rs:167:9
[INFO] [stdout]   42:     0x58ed4ee92d9d - tokio::runtime::runtime::Runtime::block_on::h2bd198f300b402fd
[INFO] [stdout]                                at /opt/rustwide/cargo-home/registry/src/index.crates.io-6f17d22bba15001f/tokio-1.38.1/src/runtime/runtime.rs:347:47
[INFO] [stdout]   43:     0x58ed4f0eabe3 - toy_farm_core::cache::module_cache::immutable_modules::tests::test_immutable_modules_memory_store::hbd09dc232a0e0b54
[INFO] [stdout]                                at /opt/rustwide/workdir/crates/core/src/cache/module_cache/immutable_modules.rs:365:9
[INFO] [stdout]   44:     0x58ed4f0eaa87 - toy_farm_core::cache::module_cache::immutable_modules::tests::test_immutable_modules_memory_store::{{closure}}::hde8bf78ed9670d60
[INFO] [stdout]                                at /opt/rustwide/workdir/crates/core/src/cache/module_cache/immutable_modules.rs:332:51
[INFO] [stdout]   45:     0x58ed4ee285c6 - core::ops::function::FnOnce::call_once::h2670867b44ebf688
[INFO] [stdout]                                at /rustc/df4ca44d3fbc9301ee17f30f4d474e6ae4b05252/library/core/src/ops/function.rs:250:5
[INFO] [stdout]   46:     0x58ed4f13d87b - core::ops::function::FnOnce::call_once::h22c3ba5715e93f05
[INFO] [stdout]                                at /rustc/df4ca44d3fbc9301ee17f30f4d474e6ae4b05252/library/core/src/ops/function.rs:250:5
[INFO] [stdout]   47:     0x58ed4f13d87b - test::__rust_begin_short_backtrace::h8e82d8113d0da17f
[INFO] [stdout]                                at /rustc/df4ca44d3fbc9301ee17f30f4d474e6ae4b05252/library/test/src/lib.rs:621:18
[INFO] [stdout]   48:     0x58ed4f13d1f7 - test::run_test_in_process::{{closure}}::h33235f4f20b7b7c7
[INFO] [stdout]                                at /rustc/df4ca44d3fbc9301ee17f30f4d474e6ae4b05252/library/test/src/lib.rs:644:60
[INFO] [stdout]   49:     0x58ed4f13d1f7 - <core::panic::unwind_safe::AssertUnwindSafe<F> as core::ops::function::FnOnce<()>>::call_once::hb5043206310c586f
[INFO] [stdout]                                at /rustc/df4ca44d3fbc9301ee17f30f4d474e6ae4b05252/library/core/src/panic/unwind_safe.rs:272:9
[INFO] [stdout]   50:     0x58ed4f13d1f7 - std::panicking::try::do_call::h9ad4731a60ab23e2
[INFO] [stdout]                                at /rustc/df4ca44d3fbc9301ee17f30f4d474e6ae4b05252/library/std/src/panicking.rs:557:40
[INFO] [stdout]   51:     0x58ed4f13d1f7 - std::panicking::try::h3824d23db772a716
[INFO] [stdout]                                at /rustc/df4ca44d3fbc9301ee17f30f4d474e6ae4b05252/library/std/src/panicking.rs:520:19
[INFO] [stdout]   52:     0x58ed4f13d1f7 - std::panic::catch_unwind::h5afd514605fde46b
[INFO] [stdout]                                at /rustc/df4ca44d3fbc9301ee17f30f4d474e6ae4b05252/library/std/src/panic.rs:358:14
[INFO] [stdout]   53:     0x58ed4f13d1f7 - test::run_test_in_process::h0d5cbfa7067d1720
[INFO] [stdout]                                at /rustc/df4ca44d3fbc9301ee17f30f4d474e6ae4b05252/library/test/src/lib.rs:644:27
[INFO] [stdout]   54:     0x58ed4f13d1f7 - test::run_test::{{closure}}::h708eb8872708115d
[INFO] [stdout]                                at /rustc/df4ca44d3fbc9301ee17f30f4d474e6ae4b05252/library/test/src/lib.rs:565:43
[INFO] [stdout]   55:     0x58ed4f100914 - test::run_test::{{closure}}::h392c51cee94713ab
[INFO] [stdout]                                at /rustc/df4ca44d3fbc9301ee17f30f4d474e6ae4b05252/library/test/src/lib.rs:595:41
[INFO] [stdout]   56:     0x58ed4f100914 - std::sys::backtrace::__rust_begin_short_backtrace::h2f40290710935a8b
[INFO] [stdout]                                at /rustc/df4ca44d3fbc9301ee17f30f4d474e6ae4b05252/library/std/src/sys/backtrace.rs:154:18
[INFO] [stdout]   57:     0x58ed4f1040be - std::thread::Builder::spawn_unchecked_::{{closure}}::{{closure}}::h3fd968d89053a903
[INFO] [stdout]                                at /rustc/df4ca44d3fbc9301ee17f30f4d474e6ae4b05252/library/std/src/thread/mod.rs:541:17
[INFO] [stdout]   58:     0x58ed4f1040be - <core::panic::unwind_safe::AssertUnwindSafe<F> as core::ops::function::FnOnce<()>>::call_once::h743f637ba4229880
[INFO] [stdout]                                at /rustc/df4ca44d3fbc9301ee17f30f4d474e6ae4b05252/library/core/src/panic/unwind_safe.rs:272:9
[INFO] [stdout]   59:     0x58ed4f1040be - std::panicking::try::do_call::h07440897322525a6
[INFO] [stdout]                                at /rustc/df4ca44d3fbc9301ee17f30f4d474e6ae4b05252/library/std/src/panicking.rs:557:40
[INFO] [stdout]   60:     0x58ed4f1040be - std::panicking::try::he5a2e00188156637
[INFO] [stdout]                                at /rustc/df4ca44d3fbc9301ee17f30f4d474e6ae4b05252/library/std/src/panicking.rs:520:19
[INFO] [stdout]   61:     0x58ed4f1040be - std::panic::catch_unwind::hbaf3cae49b3c6433
[INFO] [stdout]                                at /rustc/df4ca44d3fbc9301ee17f30f4d474e6ae4b05252/library/std/src/panic.rs:358:14
[INFO] [stdout]   62:     0x58ed4f1040be - std::thread::Builder::spawn_unchecked_::{{closure}}::h8e141ea224820bce
[INFO] [stdout]                                at /rustc/df4ca44d3fbc9301ee17f30f4d474e6ae4b05252/library/std/src/thread/mod.rs:540:30
[INFO] [stdout]   63:     0x58ed4f1040be - core::ops::function::FnOnce::call_once{{vtable.shim}}::h90d312fedd7b8ea8
[INFO] [stdout]                                at /rustc/df4ca44d3fbc9301ee17f30f4d474e6ae4b05252/library/core/src/ops/function.rs:250:5
[INFO] [stdout]   64:     0x58ed4f541e9b - <alloc::boxed::Box<F,A> as core::ops::function::FnOnce<Args>>::call_once::h69aa08ddb6adb8b6
[INFO] [stdout]                                at /rustc/df4ca44d3fbc9301ee17f30f4d474e6ae4b05252/library/alloc/src/boxed.rs:2454:9
[INFO] [stdout]   65:     0x58ed4f541e9b - <alloc::boxed::Box<F,A> as core::ops::function::FnOnce<Args>>::call_once::h5aa36efdb79c806f
[INFO] [stdout]                                at /rustc/df4ca44d3fbc9301ee17f30f4d474e6ae4b05252/library/alloc/src/boxed.rs:2454:9
[INFO] [stdout]   66:     0x58ed4f541e9b - std::sys::pal::unix::thread::Thread::new::thread_start::h6cd80a1b4be5158d
[INFO] [stdout]                                at /rustc/df4ca44d3fbc9301ee17f30f4d474e6ae4b05252/library/std/src/sys/pal/unix/thread.rs:105:17
[INFO] [stdout]   67:     0x7ea0f4eccac3 - <unknown>
[INFO] [stdout]   68:     0x7ea0f4f5da04 - clone
[INFO] [stdout]   69:                0x0 - <unknown>
[INFO] [stdout] 
[INFO] [stdout] 
[INFO] [stdout] failures:
[INFO] [stdout]     cache::module_cache::immutable_modules::tests::test_immutable_modules_memory_store
[INFO] [stdout]     cache::module_cache::mutable_modules::tests::test_immutable_modules_memory_store
[INFO] [stdout] 
[INFO] [stdout] test result: FAILED. 8 passed; 2 failed; 0 ignored; 0 measured; 0 filtered out; finished in 0.05s
[INFO] [stdout] 
[INFO] [stderr] error: test failed, to rerun pass `-p toy_farm_core --lib`
[INFO] running `Command { std: "docker" "inspect" "3db88a2a4275d09b3ce5af45d1a6700a64adc6496514bae1a6d50edc4a83c3c6", kill_on_drop: false }`
[INFO] running `Command { std: "docker" "rm" "-f" "3db88a2a4275d09b3ce5af45d1a6700a64adc6496514bae1a6d50edc4a83c3c6", kill_on_drop: false }`
[INFO] [stdout] 3db88a2a4275d09b3ce5af45d1a6700a64adc6496514bae1a6d50edc4a83c3c6
