[INFO] cloning repository https://github.com/charlotte-os/rt_init
[INFO] running `Command { std: "git" "-c" "credential.helper=" "-c" "credential.helper=/workspace/cargo-home/bin/git-credential-null" "clone" "--bare" "https://github.com/charlotte-os/rt_init" "/workspace/cache/git-repos/https%3A%2F%2Fgithub.com%2Fcharlotte-os%2Frt_init", kill_on_drop: false }`
[INFO] [stderr] Cloning into bare repository '/workspace/cache/git-repos/https%3A%2F%2Fgithub.com%2Fcharlotte-os%2Frt_init'...
[INFO] running `Command { std: "git" "rev-parse" "HEAD", kill_on_drop: false }`
[INFO] [stdout] 9db8db71cc3d751721ace8275671f17a666348fb
[INFO] testing charlotte-os/rt_init/9db8db71cc3d751721ace8275671f17a666348fb against nightly-2024-10-28+rustflags=-Zrandomize-layout for randomize-layout
[INFO] running `Command { std: "git" "clone" "/workspace/cache/git-repos/https%3A%2F%2Fgithub.com%2Fcharlotte-os%2Frt_init" "/workspace/builds/worker-2-tc2/source", kill_on_drop: false }`
[INFO] [stderr] Cloning into '/workspace/builds/worker-2-tc2/source'...
[INFO] [stderr] done.
[INFO] validating manifest of git repo https://github.com/charlotte-os/rt_init on toolchain nightly-2024-10-28
[INFO] running `Command { std: CARGO_HOME="/workspace/cargo-home" RUSTUP_HOME="/workspace/rustup-home" "/workspace/cargo-home/bin/cargo" "+nightly-2024-10-28" "metadata" "--manifest-path" "Cargo.toml" "--no-deps", kill_on_drop: false }`
[INFO] started tweaking git repo https://github.com/charlotte-os/rt_init
[INFO] finished tweaking git repo https://github.com/charlotte-os/rt_init
[INFO] tweaked toml for git repo https://github.com/charlotte-os/rt_init written to /workspace/builds/worker-2-tc2/source/Cargo.toml
[INFO] crate git repo https://github.com/charlotte-os/rt_init already has a lockfile, it will not be regenerated
[INFO] running `Command { std: CARGO_HOME="/workspace/cargo-home" RUSTUP_HOME="/workspace/rustup-home" "/workspace/cargo-home/bin/cargo" "+nightly-2024-10-28" "fetch" "--manifest-path" "Cargo.toml", kill_on_drop: false }`
[INFO] running `Command { std: "docker" "create" "-v" "/var/lib/crater-agent-workspace/builds/worker-2-tc2/target:/opt/rustwide/target:rw,Z" "-v" "/var/lib/crater-agent-workspace/builds/worker-2-tc2/source:/opt/rustwide/workdir:ro,Z" "-v" "/var/lib/crater-agent-workspace/cargo-home:/opt/rustwide/cargo-home:ro,Z" "-v" "/var/lib/crater-agent-workspace/rustup-home:/opt/rustwide/rustup-home:ro,Z" "-e" "SOURCE_DIR=/opt/rustwide/workdir" "-e" "CARGO_TARGET_DIR=/opt/rustwide/target" "-e" "CARGO_HOME=/opt/rustwide/cargo-home" "-e" "RUSTUP_HOME=/opt/rustwide/rustup-home" "-w" "/opt/rustwide/workdir" "-m" "1610612736" "--user" "0:0" "--network" "none" "ghcr.io/rust-lang/crates-build-env/linux@sha256:4a844ea9eb2546a2d2c7022eacef16ef2e8229c7fbb2c7d4d55a9ceca922f72d" "/opt/rustwide/cargo-home/bin/cargo" "+nightly-2024-10-28" "metadata" "--no-deps" "--format-version=1", kill_on_drop: false }`
[INFO] [stdout] fcac2fd3dc20fa9dad92092399191d7ec3fb055c20b680ec7f719c3db9aa7895
[INFO] running `Command { std: "docker" "start" "-a" "fcac2fd3dc20fa9dad92092399191d7ec3fb055c20b680ec7f719c3db9aa7895", kill_on_drop: false }`
[INFO] running `Command { std: "docker" "inspect" "fcac2fd3dc20fa9dad92092399191d7ec3fb055c20b680ec7f719c3db9aa7895", kill_on_drop: false }`
[INFO] running `Command { std: "docker" "rm" "-f" "fcac2fd3dc20fa9dad92092399191d7ec3fb055c20b680ec7f719c3db9aa7895", kill_on_drop: false }`
[INFO] [stdout] fcac2fd3dc20fa9dad92092399191d7ec3fb055c20b680ec7f719c3db9aa7895
[INFO] running `Command { std: "docker" "create" "-v" "/var/lib/crater-agent-workspace/builds/worker-2-tc2/target:/opt/rustwide/target:rw,Z" "-v" "/var/lib/crater-agent-workspace/builds/worker-2-tc2/source:/opt/rustwide/workdir:ro,Z" "-v" "/var/lib/crater-agent-workspace/cargo-home:/opt/rustwide/cargo-home:ro,Z" "-v" "/var/lib/crater-agent-workspace/rustup-home:/opt/rustwide/rustup-home:ro,Z" "-e" "SOURCE_DIR=/opt/rustwide/workdir" "-e" "CARGO_TARGET_DIR=/opt/rustwide/target" "-e" "CARGO_INCREMENTAL=0" "-e" "RUST_BACKTRACE=full" "-e" "RUSTFLAGS=--cap-lints=forbid -Zrandomize-layout" "-e" "RUSTDOCFLAGS=--cap-lints=forbid" "-e" "CARGO_HOME=/opt/rustwide/cargo-home" "-e" "RUSTUP_HOME=/opt/rustwide/rustup-home" "-w" "/opt/rustwide/workdir" "-m" "1610612736" "--user" "0:0" "--network" "none" "ghcr.io/rust-lang/crates-build-env/linux@sha256:4a844ea9eb2546a2d2c7022eacef16ef2e8229c7fbb2c7d4d55a9ceca922f72d" "/opt/rustwide/cargo-home/bin/cargo" "+nightly-2024-10-28" "build" "--frozen" "--message-format=json", kill_on_drop: false }`
[INFO] [stdout] 967f3e5c92ab5d3aa673c0f4794e50d569ccdb1ee67fd694efd3565f0280dcb9
[INFO] running `Command { std: "docker" "start" "-a" "967f3e5c92ab5d3aa673c0f4794e50d569ccdb1ee67fd694efd3565f0280dcb9", kill_on_drop: false }`
[INFO] [stderr]    Compiling autocfg v1.3.0
[INFO] [stderr]    Compiling scopeguard v1.2.0
[INFO] [stderr]    Compiling lock_api v0.4.12
[INFO] [stderr]    Compiling spin v0.9.8
[INFO] [stderr]    Compiling rt_init v1.0.0 (/opt/rustwide/workdir)
[INFO] [stderr]     Finished `dev` profile [unoptimized + debuginfo] target(s) in 0.54s
[INFO] running `Command { std: "docker" "inspect" "967f3e5c92ab5d3aa673c0f4794e50d569ccdb1ee67fd694efd3565f0280dcb9", kill_on_drop: false }`
[INFO] running `Command { std: "docker" "rm" "-f" "967f3e5c92ab5d3aa673c0f4794e50d569ccdb1ee67fd694efd3565f0280dcb9", kill_on_drop: false }`
[INFO] [stdout] 967f3e5c92ab5d3aa673c0f4794e50d569ccdb1ee67fd694efd3565f0280dcb9
[INFO] running `Command { std: "docker" "create" "-v" "/var/lib/crater-agent-workspace/builds/worker-2-tc2/target:/opt/rustwide/target:rw,Z" "-v" "/var/lib/crater-agent-workspace/builds/worker-2-tc2/source:/opt/rustwide/workdir:ro,Z" "-v" "/var/lib/crater-agent-workspace/cargo-home:/opt/rustwide/cargo-home:ro,Z" "-v" "/var/lib/crater-agent-workspace/rustup-home:/opt/rustwide/rustup-home:ro,Z" "-e" "SOURCE_DIR=/opt/rustwide/workdir" "-e" "CARGO_TARGET_DIR=/opt/rustwide/target" "-e" "CARGO_INCREMENTAL=0" "-e" "RUST_BACKTRACE=full" "-e" "RUSTFLAGS=--cap-lints=forbid -Zrandomize-layout" "-e" "RUSTDOCFLAGS=--cap-lints=forbid" "-e" "CARGO_HOME=/opt/rustwide/cargo-home" "-e" "RUSTUP_HOME=/opt/rustwide/rustup-home" "-w" "/opt/rustwide/workdir" "-m" "1610612736" "--user" "0:0" "--network" "none" "ghcr.io/rust-lang/crates-build-env/linux@sha256:4a844ea9eb2546a2d2c7022eacef16ef2e8229c7fbb2c7d4d55a9ceca922f72d" "/opt/rustwide/cargo-home/bin/cargo" "+nightly-2024-10-28" "test" "--frozen" "--no-run" "--message-format=json", kill_on_drop: false }`
[INFO] [stdout] 56ac72f19716159743a7958ec2fa76f82d1c5a1f98d3b127ccbc402f4975c391
[INFO] running `Command { std: "docker" "start" "-a" "56ac72f19716159743a7958ec2fa76f82d1c5a1f98d3b127ccbc402f4975c391", kill_on_drop: false }`
[INFO] [stderr]    Compiling rt_init v1.0.0 (/opt/rustwide/workdir)
[INFO] [stderr]     Finished `test` profile [unoptimized + debuginfo] target(s) in 0.15s
[INFO] running `Command { std: "docker" "inspect" "56ac72f19716159743a7958ec2fa76f82d1c5a1f98d3b127ccbc402f4975c391", kill_on_drop: false }`
[INFO] running `Command { std: "docker" "rm" "-f" "56ac72f19716159743a7958ec2fa76f82d1c5a1f98d3b127ccbc402f4975c391", kill_on_drop: false }`
[INFO] [stdout] 56ac72f19716159743a7958ec2fa76f82d1c5a1f98d3b127ccbc402f4975c391
[INFO] running `Command { std: "docker" "create" "-v" "/var/lib/crater-agent-workspace/builds/worker-2-tc2/target:/opt/rustwide/target:rw,Z" "-v" "/var/lib/crater-agent-workspace/builds/worker-2-tc2/source:/opt/rustwide/workdir:ro,Z" "-v" "/var/lib/crater-agent-workspace/cargo-home:/opt/rustwide/cargo-home:ro,Z" "-v" "/var/lib/crater-agent-workspace/rustup-home:/opt/rustwide/rustup-home:ro,Z" "-e" "SOURCE_DIR=/opt/rustwide/workdir" "-e" "CARGO_TARGET_DIR=/opt/rustwide/target" "-e" "CARGO_INCREMENTAL=0" "-e" "RUST_BACKTRACE=full" "-e" "RUSTFLAGS=--cap-lints=forbid -Zrandomize-layout" "-e" "RUSTDOCFLAGS=--cap-lints=forbid" "-e" "CARGO_HOME=/opt/rustwide/cargo-home" "-e" "RUSTUP_HOME=/opt/rustwide/rustup-home" "-w" "/opt/rustwide/workdir" "-m" "1610612736" "--user" "0:0" "--network" "none" "ghcr.io/rust-lang/crates-build-env/linux@sha256:4a844ea9eb2546a2d2c7022eacef16ef2e8229c7fbb2c7d4d55a9ceca922f72d" "/opt/rustwide/cargo-home/bin/cargo" "+nightly-2024-10-28" "test" "--frozen", kill_on_drop: false }`
[INFO] [stdout] 9232d4c50aa8d171b036e5eb4f040dbb8449e78a728526af1d4085eef0bad9fd
[INFO] running `Command { std: "docker" "start" "-a" "9232d4c50aa8d171b036e5eb4f040dbb8449e78a728526af1d4085eef0bad9fd", kill_on_drop: false }`
[INFO] [stderr]     Finished `test` profile [unoptimized + debuginfo] target(s) in 0.01s
[INFO] [stderr]      Running unittests src/lib.rs (/opt/rustwide/target/debug/deps/rt_init-b48f286feba9f53b)
[INFO] [stdout] 
[INFO] [stdout] running 3 tests
[INFO] [stdout] test tests::test_basic_initialization ... ok
[INFO] [stdout] test tests::test_complex_initialization ... ok
[INFO] [stdout] test tests::test_visibility_modifiers ... ok
[INFO] [stdout] 
[INFO] [stdout] test result: ok. 3 passed; 0 failed; 0 ignored; 0 measured; 0 filtered out; finished in 0.00s
[INFO] [stdout] 
[INFO] [stderr]    Doc-tests rt_init
[INFO] [stdout] 
[INFO] [stdout] running 3 tests
[INFO] [stdout] test src/lib.rs - rt_init (line 11) ... ignored
[INFO] [stdout] test src/lib.rs - rt_init (line 46) ... FAILED
[INFO] [stdout] test src/lib.rs - rt_init (line 28) ... FAILED
[INFO] [stdout] 
[INFO] [stdout] failures:
[INFO] [stdout] 
[INFO] [stdout] ---- src/lib.rs - rt_init (line 46) stdout ----
[INFO] [stdout] error: cannot find macro `rt_init` in this scope
[INFO] [stdout]  --> src/lib.rs:50:1
[INFO] [stdout]   |
[INFO] [stdout] 6 | rt_init! {
[INFO] [stdout]   | ^^^^^^^
[INFO] [stdout]   |
[INFO] [stdout] note: `rt_init` is imported here, but it is a crate, not a macro
[INFO] [stdout]  --> src/lib.rs:47:1
[INFO] [stdout]   |
[INFO] [stdout] 3 | extern crate r#rt_init;
[INFO] [stdout]   | ^^^^^^^^^^^^^^^^^^^^^^^
[INFO] [stdout] help: consider importing this macro
[INFO] [stdout]   |
[INFO] [stdout] 4 + use rt_init::rt_init;
[INFO] [stdout]   |
[INFO] [stdout] 
[INFO] [stdout] error[E0425]: cannot find value `PUB_STATIC` in this scope
[INFO] [stdout]   --> src/lib.rs:57:33
[INFO] [stdout]    |
[INFO] [stdout] 13 |     println!("PUB_STATIC: {}", *PUB_STATIC);
[INFO] [stdout]    |                                 ^^^^^^^^^^ not found in this scope
[INFO] [stdout] 
[INFO] [stdout] error[E0425]: cannot find value `CRATE_STATIC` in this scope
[INFO] [stdout]   --> src/lib.rs:58:35
[INFO] [stdout]    |
[INFO] [stdout] 14 |     println!("CRATE_STATIC: {}", *CRATE_STATIC);
[INFO] [stdout]    |                                   ^^^^^^^^^^^^ not found in this scope
[INFO] [stdout] 
[INFO] [stdout] error[E0425]: cannot find value `PRIVATE_STATIC` in this scope
[INFO] [stdout]   --> src/lib.rs:59:37
[INFO] [stdout]    |
[INFO] [stdout] 15 |     println!("PRIVATE_STATIC: {}", *PRIVATE_STATIC);
[INFO] [stdout]    |                                     ^^^^^^^^^^^^^^ not found in this scope
[INFO] [stdout] 
[INFO] [stdout] error: aborting due to 4 previous errors
[INFO] [stdout] 
[INFO] [stdout] For more information about this error, try `rustc --explain E0425`.
[INFO] [stdout] Couldn't compile the test.
[INFO] [stdout] ---- src/lib.rs - rt_init (line 28) stdout ----
[INFO] [stdout] error: cannot find macro `rt_init` in this scope
[INFO] [stdout]  --> src/lib.rs:32:1
[INFO] [stdout]   |
[INFO] [stdout] 6 | rt_init! {
[INFO] [stdout]   | ^^^^^^^
[INFO] [stdout]   |
[INFO] [stdout] note: `rt_init` is imported here, but it is a crate, not a macro
[INFO] [stdout]  --> src/lib.rs:29:1
[INFO] [stdout]   |
[INFO] [stdout] 3 | extern crate r#rt_init;
[INFO] [stdout]   | ^^^^^^^^^^^^^^^^^^^^^^^
[INFO] [stdout] help: consider importing this macro
[INFO] [stdout]   |
[INFO] [stdout] 4 + use rt_init::rt_init;
[INFO] [stdout]   |
[INFO] [stdout] 
[INFO] [stdout] error[E0425]: cannot find value `STATIC1` in this scope
[INFO] [stdout]   --> src/lib.rs:39:32
[INFO] [stdout]    |
[INFO] [stdout] 13 |     println!("STATIC1: {:?}", *STATIC1);
[INFO] [stdout]    |                                ^^^^^^^ not found in this scope
[INFO] [stdout] 
[INFO] [stdout] error[E0425]: cannot find value `STATIC2` in this scope
[INFO] [stdout]   --> src/lib.rs:40:30
[INFO] [stdout]    |
[INFO] [stdout] 14 |     println!("STATIC2: {}", *STATIC2);
[INFO] [stdout]    |                              ^^^^^^^ not found in this scope
[INFO] [stdout] 
[INFO] [stdout] error[E0425]: cannot find value `STATIC3` in this scope
[INFO] [stdout]   --> src/lib.rs:41:30
[INFO] [stdout]    |
[INFO] [stdout] 15 |     println!("STATIC3: {}", *STATIC3);
[INFO] [stdout]    |                              ^^^^^^^ not found in this scope
[INFO] [stdout] 
[INFO] [stdout] error: aborting due to 4 previous errors
[INFO] [stdout] 
[INFO] [stdout] For more information about this error, try `rustc --explain E0425`.
[INFO] [stdout] Couldn't compile the test.
[INFO] [stdout] 
[INFO] [stdout] failures:
[INFO] [stdout]     src/lib.rs - rt_init (line 28)
[INFO] [stdout]     src/lib.rs - rt_init (line 46)
[INFO] [stdout] 
[INFO] [stdout] test result: FAILED. 0 passed; 2 failed; 1 ignored; 0 measured; 0 filtered out; finished in 0.04s
[INFO] [stdout] 
[INFO] [stderr] error: doctest failed, to rerun pass `--doc`
[INFO] running `Command { std: "docker" "inspect" "9232d4c50aa8d171b036e5eb4f040dbb8449e78a728526af1d4085eef0bad9fd", kill_on_drop: false }`
[INFO] running `Command { std: "docker" "rm" "-f" "9232d4c50aa8d171b036e5eb4f040dbb8449e78a728526af1d4085eef0bad9fd", kill_on_drop: false }`
[INFO] [stdout] 9232d4c50aa8d171b036e5eb4f040dbb8449e78a728526af1d4085eef0bad9fd
