[INFO] cloning repository https://github.com/chainbound/dato
[INFO] running `Command { std: "git" "-c" "credential.helper=" "-c" "credential.helper=/workspace/cargo-home/bin/git-credential-null" "clone" "--bare" "https://github.com/chainbound/dato" "/workspace/cache/git-repos/https%3A%2F%2Fgithub.com%2Fchainbound%2Fdato", kill_on_drop: false }`
[INFO] [stderr] Cloning into bare repository '/workspace/cache/git-repos/https%3A%2F%2Fgithub.com%2Fchainbound%2Fdato'...
[INFO] running `Command { std: "git" "rev-parse" "HEAD", kill_on_drop: false }`
[INFO] [stdout] 1f6999dd01bf34698c926fde84373527c589b03e
[INFO] testing chainbound/dato/1f6999dd01bf34698c926fde84373527c589b03e against nightly-2024-10-28 for randomize-layout
[INFO] running `Command { std: "git" "clone" "/workspace/cache/git-repos/https%3A%2F%2Fgithub.com%2Fchainbound%2Fdato" "/workspace/builds/worker-6-tc1/source", kill_on_drop: false }`
[INFO] [stderr] Cloning into '/workspace/builds/worker-6-tc1/source'...
[INFO] [stderr] done.
[INFO] validating manifest of git repo https://github.com/chainbound/dato on toolchain nightly-2024-10-28
[INFO] running `Command { std: CARGO_HOME="/workspace/cargo-home" RUSTUP_HOME="/workspace/rustup-home" "/workspace/cargo-home/bin/cargo" "+nightly-2024-10-28" "metadata" "--manifest-path" "Cargo.toml" "--no-deps", kill_on_drop: false }`
[INFO] started tweaking git repo https://github.com/chainbound/dato
[INFO] finished tweaking git repo https://github.com/chainbound/dato
[INFO] tweaked toml for git repo https://github.com/chainbound/dato written to /workspace/builds/worker-6-tc1/source/Cargo.toml
[INFO] crate git repo https://github.com/chainbound/dato already has a lockfile, it will not be regenerated
[INFO] running `Command { std: CARGO_HOME="/workspace/cargo-home" RUSTUP_HOME="/workspace/rustup-home" "/workspace/cargo-home/bin/cargo" "+nightly-2024-10-28" "fetch" "--manifest-path" "Cargo.toml", kill_on_drop: false }`
[INFO] [stderr]     Updating crates.io index
[INFO] [stderr]     Updating git repository `https://github.com/merklefruit/hashmore`
[INFO] [stderr]     Updating git repository `https://github.com/chainbound/msg-rs`
[INFO] [stderr]     Blocking waiting for file lock on package cache
[INFO] [stderr]  Downloading crates ...
[INFO] [stderr]   Downloaded cc v1.1.10
[INFO] [stderr]   Downloaded serde_derive v1.0.207
[INFO] [stderr]   Downloaded alloy-network-primitives v0.2.1
[INFO] [stderr]   Downloaded alloy-signer v0.2.1
[INFO] [stderr]   Downloaded alloy-rpc-types v0.2.1
[INFO] [stderr]   Downloaded alloy-transport-http v0.2.1
[INFO] [stderr]   Downloaded alloy-transport-ws v0.2.1
[INFO] [stderr]   Downloaded alloy-serde v0.2.1
[INFO] [stderr]   Downloaded plotters-svg v0.3.6
[INFO] [stderr]   Downloaded doctest-file v1.0.0
[INFO] [stderr]   Downloaded alloy-transport-ipc v0.2.1
[INFO] [stderr]   Downloaded alloy-core v0.7.7
[INFO] [stderr]   Downloaded alloy-sol-type-parser v0.7.7
[INFO] [stderr]   Downloaded keccak-asm v0.1.3
[INFO] [stderr]   Downloaded alloy-network v0.2.1
[INFO] [stderr]   Downloaded alloy-rpc-client v0.2.1
[INFO] [stderr]   Downloaded alloy-transport v0.2.1
[INFO] [stderr]   Downloaded divan-macros v0.1.14
[INFO] [stderr]   Downloaded pem v3.0.4
[INFO] [stderr]   Downloaded alloy-json-abi v0.7.7
[INFO] [stderr]   Downloaded alloy-contract v0.2.1
[INFO] [stderr]   Downloaded alloy-chains v0.1.27
[INFO] [stderr]   Downloaded alloy-dyn-abi v0.7.7
[INFO] [stderr]   Downloaded inferno v0.11.21
[INFO] [stderr]   Downloaded serde v1.0.207
[INFO] [stderr]   Downloaded interprocess v2.2.1
[INFO] [stderr]   Downloaded serde_json v1.0.124
[INFO] [stderr]   Downloaded alloy-rpc-types-eth v0.2.1
[INFO] [stderr]   Downloaded plotters v0.3.6
[INFO] [stderr]   Downloaded symbolic-demangle v12.10.0
[INFO] [stderr]   Downloaded divan v0.1.14
[INFO] [stderr]   Downloaded alloy-provider v0.2.1
[INFO] [stderr]   Downloaded alloy-consensus v0.2.1
[INFO] [stderr]   Downloaded alloy-genesis v0.2.1
[INFO] [stderr]   Downloaded syn v2.0.74
[INFO] [stderr]   Downloaded recvmsg v1.0.0
[INFO] [stderr]   Downloaded rcgen v0.12.1
[INFO] [stderr]   Downloaded alloy-rpc-types-engine v0.2.1
[INFO] [stderr]   Downloaded alloy-signer-local v0.2.1
[INFO] [stderr]   Downloaded alloy-pubsub v0.2.1
[INFO] [stderr]   Downloaded sha3-asm v0.1.3
[INFO] [stderr]   Downloaded tokio-tungstenite v0.23.1
[INFO] [stderr]   Downloaded zstd v0.13.2
[INFO] [stderr]   Downloaded condtype v1.3.0
[INFO] [stderr]   Downloaded symbolic-common v12.10.0
[INFO] [stderr]   Downloaded alloy-eips v0.2.1
[INFO] [stderr]   Downloaded zstd-safe v7.2.1
[INFO] [stderr]   Downloaded alloy-json-rpc v0.2.1
[INFO] [stderr]   Downloaded alloy v0.2.1
[INFO] [stderr]   Downloaded plotters-backend v0.3.6
[INFO] [stderr]   Downloaded rgb v0.8.48
[INFO] [stderr]   Downloaded zstd-sys v2.0.13+zstd.1.5.6
[INFO] running `Command { std: "docker" "create" "-v" "/var/lib/crater-agent-workspace/builds/worker-6-tc1/target:/opt/rustwide/target:rw,Z" "-v" "/var/lib/crater-agent-workspace/builds/worker-6-tc1/source:/opt/rustwide/workdir:ro,Z" "-v" "/var/lib/crater-agent-workspace/cargo-home:/opt/rustwide/cargo-home:ro,Z" "-v" "/var/lib/crater-agent-workspace/rustup-home:/opt/rustwide/rustup-home:ro,Z" "-e" "SOURCE_DIR=/opt/rustwide/workdir" "-e" "CARGO_TARGET_DIR=/opt/rustwide/target" "-e" "CARGO_HOME=/opt/rustwide/cargo-home" "-e" "RUSTUP_HOME=/opt/rustwide/rustup-home" "-w" "/opt/rustwide/workdir" "-m" "1610612736" "--user" "0:0" "--network" "none" "ghcr.io/rust-lang/crates-build-env/linux@sha256:4a844ea9eb2546a2d2c7022eacef16ef2e8229c7fbb2c7d4d55a9ceca922f72d" "/opt/rustwide/cargo-home/bin/cargo" "+nightly-2024-10-28" "metadata" "--no-deps" "--format-version=1", kill_on_drop: false }`
[INFO] [stdout] 25a0e0b789d87c540f1b19c1c610a468b7e94bf341555c9cf9495e2a2ed54d07
[INFO] running `Command { std: "docker" "start" "-a" "25a0e0b789d87c540f1b19c1c610a468b7e94bf341555c9cf9495e2a2ed54d07", kill_on_drop: false }`
[INFO] running `Command { std: "docker" "inspect" "25a0e0b789d87c540f1b19c1c610a468b7e94bf341555c9cf9495e2a2ed54d07", kill_on_drop: false }`
[INFO] running `Command { std: "docker" "rm" "-f" "25a0e0b789d87c540f1b19c1c610a468b7e94bf341555c9cf9495e2a2ed54d07", kill_on_drop: false }`
[INFO] [stdout] 25a0e0b789d87c540f1b19c1c610a468b7e94bf341555c9cf9495e2a2ed54d07
[INFO] running `Command { std: "docker" "create" "-v" "/var/lib/crater-agent-workspace/builds/worker-6-tc1/target:/opt/rustwide/target:rw,Z" "-v" "/var/lib/crater-agent-workspace/builds/worker-6-tc1/source:/opt/rustwide/workdir:ro,Z" "-v" "/var/lib/crater-agent-workspace/cargo-home:/opt/rustwide/cargo-home:ro,Z" "-v" "/var/lib/crater-agent-workspace/rustup-home:/opt/rustwide/rustup-home:ro,Z" "-e" "SOURCE_DIR=/opt/rustwide/workdir" "-e" "CARGO_TARGET_DIR=/opt/rustwide/target" "-e" "CARGO_INCREMENTAL=0" "-e" "RUST_BACKTRACE=full" "-e" "RUSTFLAGS=--cap-lints=forbid" "-e" "RUSTDOCFLAGS=--cap-lints=forbid" "-e" "CARGO_HOME=/opt/rustwide/cargo-home" "-e" "RUSTUP_HOME=/opt/rustwide/rustup-home" "-w" "/opt/rustwide/workdir" "-m" "1610612736" "--user" "0:0" "--network" "none" "ghcr.io/rust-lang/crates-build-env/linux@sha256:4a844ea9eb2546a2d2c7022eacef16ef2e8229c7fbb2c7d4d55a9ceca922f72d" "/opt/rustwide/cargo-home/bin/cargo" "+nightly-2024-10-28" "build" "--frozen" "--message-format=json", kill_on_drop: false }`
[INFO] [stdout] 49f9e4b7a6b1d07dd6e7e7a1e0660299fdfa21c2873ee93cf59cac55420983e5
[INFO] running `Command { std: "docker" "start" "-a" "49f9e4b7a6b1d07dd6e7e7a1e0660299fdfa21c2873ee93cf59cac55420983e5", kill_on_drop: false }`
[INFO] [stderr]    Compiling libc v0.2.155
[INFO] [stderr]    Compiling version_check v0.9.5
[INFO] [stderr]    Compiling serde v1.0.207
[INFO] [stderr]    Compiling once_cell v1.19.0
[INFO] [stderr]    Compiling autocfg v1.3.0
[INFO] [stderr]    Compiling syn v2.0.74
[INFO] [stderr]    Compiling pin-project-lite v0.2.14
[INFO] [stderr]    Compiling typenum v1.17.0
[INFO] [stderr]    Compiling subtle v2.6.1
[INFO] [stderr]    Compiling log v0.4.22
[INFO] [stderr]    Compiling generic-array v0.14.7
[INFO] [stderr]    Compiling const-oid v0.9.6
[INFO] [stderr]    Compiling cpufeatures v0.2.13
[INFO] [stderr]    Compiling lock_api v0.4.12
[INFO] [stderr]    Compiling smallvec v1.13.2
[INFO] [stderr]    Compiling parking_lot_core v0.9.10
[INFO] [stderr]    Compiling futures-core v0.3.30
[INFO] [stderr]    Compiling scopeguard v1.2.0
[INFO] [stderr]    Compiling slab v0.4.9
[INFO] [stderr]    Compiling futures-sink v0.3.30
[INFO] [stderr]    Compiling crunchy v0.2.2
[INFO] [stderr]    Compiling tracing-core v0.1.32
[INFO] [stderr]    Compiling jobserver v0.1.32
[INFO] [stderr]    Compiling tiny-keccak v2.0.2
[INFO] [stderr]    Compiling ruint-macro v1.2.1
[INFO] [stderr]    Compiling cc v1.1.10
[INFO] [stderr]    Compiling arrayvec v0.7.4
[INFO] [stderr]    Compiling convert_case v0.4.0
[INFO] [stderr]    Compiling futures-channel v0.3.30
[INFO] [stderr]    Compiling futures-io v0.3.30
[INFO] [stderr]    Compiling futures-task v0.3.30
[INFO] [stderr]    Compiling hex-literal v0.4.1
[INFO] [stderr]    Compiling base16ct v0.2.0
[INFO] [stderr]    Compiling serde_json v1.0.124
[INFO] [stderr]    Compiling pkg-config v0.3.30
[INFO] [stderr]    Compiling paste v1.0.15
[INFO] [stderr]    Compiling proc-macro-error-attr v1.0.4
[INFO] [stderr]    Compiling ahash v0.8.11
[INFO] [stderr]    Compiling getrandom v0.2.15
[INFO] [stderr]    Compiling socket2 v0.5.7
[INFO] [stderr]    Compiling signal-hook-registry v1.4.2
[INFO] [stderr]    Compiling rand_core v0.6.4
[INFO] [stderr]    Compiling mio v1.0.2
[INFO] [stderr]    Compiling parking_lot v0.12.3
[INFO] [stderr]    Compiling ff v0.13.0
[INFO] [stderr]    Compiling group v0.13.0
[INFO] [stderr]    Compiling syn v1.0.109
[INFO] [stderr]    Compiling winnow v0.6.18
[INFO] [stderr]    Compiling proc-macro-error v1.0.4
[INFO] [stderr]    Compiling memchr v2.7.4
[INFO] [stderr]    Compiling allocator-api2 v0.2.18
[INFO] [stderr]    Compiling bitflags v2.6.0
[INFO] [stderr]    Compiling tinyvec_macros v0.1.1
[INFO] [stderr]    Compiling untrusted v0.9.0
[INFO] [stderr]    Compiling dunce v1.0.5
[INFO] [stderr]    Compiling hashbrown v0.14.5
[INFO] [stderr]    Compiling ring v0.17.8
[INFO] [stderr]    Compiling spin v0.9.8
[INFO] [stderr]    Compiling tinyvec v1.8.0
[INFO] [stderr]    Compiling httparse v1.9.4
[INFO] [stderr]    Compiling vcpkg v0.2.15
[INFO] [stderr]    Compiling indexmap v2.4.0
[INFO] [stderr]    Compiling tower-layer v0.3.3
[INFO] [stderr]    Compiling tower-service v0.3.3
[INFO] [stderr]    Compiling openssl-probe v0.1.5
[INFO] [stderr]    Compiling percent-encoding v2.3.1
[INFO] [stderr]    Compiling rustls-pki-types v1.8.0
[INFO] [stderr]    Compiling form_urlencoded v1.2.1
[INFO] [stderr]    Compiling either v1.13.0
[INFO] [stderr]    Compiling syn-solidity v0.7.7
[INFO] [stderr]    Compiling openssl-sys v0.9.103
[INFO] [stderr]    Compiling rustversion v1.0.17
[INFO] [stderr]    Compiling unicode-normalization v0.1.23
[INFO] [stderr]    Compiling blst v0.3.13
[INFO] [stderr]    Compiling unicode-bidi v0.3.15
[INFO] [stderr]    Compiling idna v0.5.0
[INFO] [stderr]    Compiling num_cpus v1.16.0
[INFO] [stderr]    Compiling try-lock v0.2.5
[INFO] [stderr]    Compiling foreign-types-shared v0.1.1
[INFO] [stderr]    Compiling openssl v0.10.66
[INFO] [stderr]    Compiling atomic-waker v1.1.2
[INFO] [stderr]    Compiling url v2.5.2
[INFO] [stderr]    Compiling threadpool v1.8.1
[INFO] [stderr]    Compiling foreign-types v0.3.2
[INFO] [stderr]    Compiling want v0.3.1
[INFO] [stderr]    Compiling c-kzg v1.0.2
[INFO] [stderr]    Compiling native-tls v0.2.12
[INFO] [stderr]    Compiling httpdate v1.0.3
[INFO] [stderr]    Compiling futures-utils-wasm v0.1.0
[INFO] [stderr]    Compiling rustix v0.38.34
[INFO] [stderr]    Compiling rustls v0.23.12
[INFO] [stderr]    Compiling hex v0.4.3
[INFO] [stderr]    Compiling zstd-sys v2.0.13+zstd.1.5.6
[INFO] [stderr]    Compiling crossbeam-utils v0.8.20
[INFO] [stderr]    Compiling linux-raw-sys v0.4.14
[INFO] [stderr]    Compiling mime v0.3.17
[INFO] [stderr]    Compiling utf8parse v0.2.2
[INFO] [stderr]    Compiling sync_wrapper v1.0.1
[INFO] [stderr]    Compiling anstyle-parse v0.2.5
[INFO] [stderr]    Compiling serde_derive v1.0.207
[INFO] [stderr]    Compiling zeroize_derive v1.4.2
[INFO] [stderr]    Compiling zerocopy-derive v0.7.35
[INFO] [stderr]    Compiling tokio-macros v2.4.0
[INFO] [stderr]    Compiling derive_more v0.99.18
[INFO] [stderr]    Compiling zeroize v1.8.1
[INFO] [stderr]    Compiling der v0.7.9
[INFO] [stderr]    Compiling zerocopy v0.7.35
[INFO] [stderr]    Compiling crypto-common v0.1.6
[INFO] [stderr]    Compiling block-buffer v0.10.4
[INFO] [stderr]    Compiling digest v0.10.7
[INFO] [stderr]    Compiling tracing-attributes v0.1.27
[INFO] [stderr]    Compiling futures-macro v0.3.30
[INFO] [stderr]    Compiling hmac v0.12.1
[INFO] [stderr]    Compiling sec1 v0.7.3
[INFO] [stderr]    Compiling crypto-bigint v0.5.5
[INFO] [stderr]    Compiling rfc6979 v0.4.0
[INFO] [stderr]    Compiling futures-util v0.3.30
[INFO] [stderr]    Compiling signature v2.2.0
[INFO] [stderr]    Compiling spki v0.7.3
[INFO] [stderr]    Compiling thiserror-impl v1.0.63
[INFO] [stderr]    Compiling alloy-rlp-derive v0.3.8
[INFO] [stderr]    Compiling tracing v0.1.40
[INFO] [stderr]    Compiling sha2 v0.10.8
[INFO] [stderr]    Compiling pin-project-internal v1.1.5
[INFO] [stderr]    Compiling ppv-lite86 v0.2.20
[INFO] [stderr]    Compiling thiserror v1.0.63
[INFO] [stderr]    Compiling async-trait v0.1.81
[INFO] [stderr]    Compiling elliptic-curve v0.13.8
[INFO] [stderr]    Compiling pin-project v1.1.5
[INFO] [stderr]    Compiling ecdsa v0.16.9
[INFO] [stderr]    Compiling rand_chacha v0.3.1
[INFO] [stderr]    Compiling openssl-macros v0.1.1
[INFO] [stderr]    Compiling rand v0.8.5
[INFO] [stderr]    Compiling k256 v0.13.3
[INFO] [stderr]    Compiling rustls-webpki v0.102.6
[INFO] [stderr]    Compiling futures-executor v0.3.30
[INFO] [stderr]    Compiling futures v0.3.30
[INFO] [stderr]    Compiling sha1 v0.10.6
[INFO] [stderr]    Compiling ruint v1.12.3
[INFO] [stderr]    Compiling bytes v1.7.1
[INFO] [stderr]    Compiling const-hex v1.12.0
[INFO] [stderr]    Compiling tokio v1.39.2
[INFO] [stderr]    Compiling alloy-rlp v0.3.8
[INFO] [stderr]    Compiling alloy-primitives v0.7.7
[INFO] [stderr]    Compiling alloy-sol-type-parser v0.7.7
[INFO] [stderr]    Compiling alloy-json-abi v0.7.7
[INFO] [stderr]    Compiling http v1.1.0
[INFO] [stderr]    Compiling alloy-sol-macro-input v0.7.7
[INFO] [stderr]    Compiling http-body v1.0.1
[INFO] [stderr]    Compiling alloy-sol-macro-expander v0.7.7
[INFO] [stderr]    Compiling http-body-util v0.1.2
[INFO] [stderr]    Compiling alloy-serde v0.2.1
[INFO] [stderr]    Compiling serde_urlencoded v0.7.1
[INFO] [stderr]    Compiling alloy-eips v0.2.1
[INFO] [stderr]    Compiling alloy-network-primitives v0.2.1
[INFO] [stderr]    Compiling itertools v0.13.0
[INFO] [stderr]    Compiling tokio-util v0.7.11
[INFO] [stderr]    Compiling tower v0.4.13
[INFO] [stderr]    Compiling h2 v0.4.5
[INFO] [stderr]    Compiling tokio-stream v0.1.15
[INFO] [stderr]    Compiling tokio-native-tls v0.3.1
[INFO] [stderr]    Compiling alloy-consensus v0.2.1
[INFO] [stderr]    Compiling rustls-pemfile v2.1.3
[INFO] [stderr]    Compiling ring v0.16.20
[INFO] [stderr]    Compiling zstd-safe v7.2.1
[INFO] [stderr]    Compiling colorchoice v1.0.2
[INFO] [stderr]    Compiling anstyle-query v1.1.1
[INFO] [stderr]    Compiling rustls v0.21.12
[INFO] [stderr]    Compiling base64 v0.21.7
[INFO] [stderr]    Compiling alloy-sol-macro v0.7.7
[INFO] [stderr]    Compiling bimap v0.6.3
[INFO] [stderr]    Compiling is_terminal_polyfill v1.70.1
[INFO] [stderr]    Compiling ipnet v2.9.0
[INFO] [stderr]    Compiling data-encoding v2.6.0
[INFO] [stderr]    Compiling utf-8 v0.7.6
[INFO] [stderr]    Compiling anstyle v1.0.8
[INFO] [stderr]    Compiling tungstenite v0.23.0
[INFO] [stderr]    Compiling alloy-sol-types v0.7.7
[INFO] [stderr]    Compiling anstream v0.6.15
[INFO] [stderr]    Compiling rustls-pemfile v1.0.4
[INFO] [stderr]    Compiling tokio-rustls v0.26.0
[INFO] [stderr]    Compiling terminal_size v0.3.0
[INFO] [stderr]    Compiling crossbeam-epoch v0.9.18
[INFO] [stderr]    Compiling sct v0.7.1
[INFO] [stderr]    Compiling rustls-webpki v0.101.7
[INFO] [stderr]    Compiling auto_impl v1.2.0
[INFO] [stderr]    Compiling webpki-roots v0.26.3
[INFO] [stderr]    Compiling num-traits v0.2.19
[INFO] [stderr]    Compiling rayon-core v1.12.1
[INFO] [stderr]    Compiling clap_lex v0.7.2
[INFO] [stderr]    Compiling snap v1.1.1
[INFO] [stderr]    Compiling doctest-file v1.0.0
[INFO] [stderr]    Compiling time v0.3.36
[INFO] [stderr]    Compiling clap_builder v4.5.15
[INFO] [stderr]    Compiling interprocess v2.2.1
[INFO] [stderr]    Compiling alloy-signer v0.2.1
[INFO] [stderr]    Compiling hyper v1.4.1
[INFO] [stderr]    Compiling alloy-json-rpc v0.2.1
[INFO] [stderr]    Compiling alloy-rpc-types-eth v0.2.1
[INFO] [stderr]    Compiling twox-hash v1.6.3
[INFO] [stderr]    Compiling alloy-transport v0.2.1
[INFO] [stderr]    Compiling tokio-tungstenite v0.23.1
[INFO] [stderr]    Compiling alloy-pubsub v0.2.1
[INFO] [stderr]    Compiling crossbeam-deque v0.8.5
[INFO] [stderr]    Compiling hyper-util v0.1.7
[INFO] [stderr]    Compiling rustls-native-certs v0.6.3
[INFO] [stderr]    Compiling clap_derive v4.5.13
[INFO] [stderr]    Compiling num_enum_derive v0.7.3
[INFO] [stderr]    Compiling strum_macros v0.26.4
[INFO] [stderr]    Compiling hyper-tls v0.6.0
[INFO] [stderr]    Compiling half v2.4.1
[INFO] [stderr]    Compiling reqwest v0.12.5
[INFO] [stderr]    Compiling plotters-backend v0.3.6
[INFO] [stderr]    Compiling rustc-hash v1.1.0
[INFO] [stderr]    Compiling cpp_demangle v0.4.3
[INFO] [stderr]    Compiling ciborium-io v0.2.2
[INFO] [stderr]    Compiling uuid v1.10.0
[INFO] [stderr]    Compiling regex-syntax v0.8.4
[INFO] [stderr]    Compiling debugid v0.8.0
[INFO] [stderr]    Compiling plotters-svg v0.3.6
[INFO] [stderr]    Compiling ciborium-ll v0.2.2
[INFO] [stderr]    Compiling quinn-proto v0.10.6
[INFO] [stderr]    Compiling flate2 v1.0.31
[INFO] [stderr]    Compiling strum v0.26.3
[INFO] [stderr]    Compiling num_enum v0.7.3
[INFO] [stderr]    Compiling alloy-transport-http v0.2.1
[INFO] [stderr]    Compiling clap v4.5.15
[INFO] [stderr]    Compiling alloy-network v0.2.1
[INFO] [stderr]    Compiling zstd v0.13.2
[INFO] [stderr]    Compiling alloy-transport-ws v0.2.1
[INFO] [stderr]    Compiling regex-automata v0.4.7
[INFO] [stderr]    Compiling alloy-transport-ipc v0.2.1
[INFO] [stderr]    Compiling lz4_flex v0.11.3
[INFO] [stderr]    Compiling yasna v0.5.2
[INFO] [stderr]    Compiling msg-common v0.1.1 (https://github.com/chainbound/msg-rs#ed424a0c)
[INFO] [stderr]    Compiling quinn-udp v0.4.1
[INFO] [stderr]    Compiling async-stream-impl v0.3.5
[INFO] [stderr]    Compiling itertools v0.10.5
[INFO] [stderr]    Compiling pem v3.0.4
[INFO] [stderr]    Compiling backtrace v0.3.73
[INFO] [stderr]    Compiling findshlibs v0.10.2
[INFO] [stderr]    Compiling jemalloc-sys v0.5.4+5.3.0-patched
[INFO] [stderr]    Compiling memmap2 v0.9.4
[INFO] [stderr]    Compiling is-terminal v0.4.13
[INFO] [stderr]    Compiling stable_deref_trait v1.2.0
[INFO] [stderr]    Compiling same-file v1.0.6
[INFO] [stderr]    Compiling symbolic-demangle v12.10.0
[INFO] [stderr]    Compiling bytemuck v1.16.3
[INFO] [stderr]    Compiling rustc-demangle v0.1.24
[INFO] [stderr]    Compiling cast v0.3.0
[INFO] [stderr]    Compiling gimli v0.29.0
[INFO] [stderr]    Compiling rgb v0.8.48
[INFO] [stderr]    Compiling walkdir v2.5.0
[INFO] [stderr]    Compiling symbolic-common v12.10.0
[INFO] [stderr]    Compiling criterion-plot v0.5.0
[INFO] [stderr]    Compiling quinn v0.10.2
[INFO] [stderr]    Compiling async-stream v0.3.5
[INFO] [stderr]    Compiling regex v1.10.6
[INFO] [stderr]    Compiling rcgen v0.12.1
[INFO] [stderr]    Compiling msg-wire v0.1.1 (https://github.com/chainbound/msg-rs#ed424a0c)
[INFO] [stderr]    Compiling plotters v0.3.6
[INFO] [stderr]    Compiling rayon v1.10.0
[INFO] [stderr]    Compiling alloy-rpc-client v0.2.1
[INFO] [stderr]    Compiling addr2line v0.22.0
[INFO] [stderr]    Compiling alloy-chains v0.1.27
[INFO] [stderr]    Compiling ciborium v0.2.2
[INFO] [stderr]    Compiling alloy-dyn-abi v0.7.7
[INFO] [stderr]    Compiling tinytemplate v1.2.1
[INFO] [stderr]    Compiling lru v0.12.4
[INFO] [stderr]    Compiling dashmap v5.5.3
[INFO] [stderr]    Compiling axum-core v0.4.3
[INFO] [stderr]    Compiling num-format v0.4.4
[INFO] [stderr]    Compiling quick-xml v0.26.0
[INFO] [stderr]    Compiling object v0.36.3
[INFO] [stderr]    Compiling minimal-lexical v0.2.1
[INFO] [stderr]    Compiling oorandom v11.1.4
[INFO] [stderr]    Compiling fastrand v2.1.0
[INFO] [stderr]    Compiling pprof v0.13.0
[INFO] [stderr]    Compiling str_stack v0.1.0
[INFO] [stderr]    Compiling anes v0.1.6
[INFO] [stderr]    Compiling tempfile v3.12.0
[INFO] [stderr]    Compiling inferno v0.11.21
[INFO] [stderr]    Compiling nom v7.1.3
[INFO] [stderr]    Compiling criterion v0.5.1
[INFO] [stderr]    Compiling nix v0.26.4
[INFO] [stderr]    Compiling alloy-provider v0.2.1
[INFO] [stderr]    Compiling msg-transport v0.1.1 (https://github.com/chainbound/msg-rs#ed424a0c)
[INFO] [stderr]    Compiling divan-macros v0.1.14
[INFO] [stderr]    Compiling axum v0.7.5
[INFO] [stderr]    Compiling sync_wrapper v0.1.2
[INFO] [stderr]    Compiling regex-lite v0.1.6
[INFO] [stderr]    Compiling condtype v1.3.0
[INFO] [stderr]    Compiling eyre v0.6.12
[INFO] [stderr]    Compiling overload v0.1.1
[INFO] [stderr]    Compiling nu-ansi-term v0.46.0
[INFO] [stderr]    Compiling sharded-slab v0.1.7
[INFO] [stderr]    Compiling divan v0.1.14
[INFO] [stderr]    Compiling alloy-contract v0.2.1
[INFO] [stderr]    Compiling eventsource-stream v0.2.3
[INFO] [stderr]    Compiling msg-socket v0.1.1 (https://github.com/chainbound/msg-rs#ed424a0c)
[INFO] [stderr]    Compiling alloy-core v0.7.7
[INFO] [stderr]    Compiling alloy-signer-local v0.2.1
[INFO] [stderr]    Compiling alloy-rpc-types v0.2.1
[INFO] [stderr]    Compiling serde_path_to_error v0.1.16
[INFO] [stderr]    Compiling tracing-log v0.2.0
[INFO] [stderr]    Compiling thread_local v1.1.8
[INFO] [stderr]    Compiling indenter v0.3.3
[INFO] [stderr]    Compiling matchit v0.7.3
[INFO] [stderr]    Compiling futures-timer v3.0.3
[INFO] [stderr]    Compiling tracing-subscriber v0.3.18
[INFO] [stderr]    Compiling reqwest-eventsource v0.6.0
[INFO] [stderr]    Compiling alloy v0.2.1
[INFO] [stderr]    Compiling hashmore v0.1.0 (https://github.com/merklefruit/hashmore#24f79073)
[INFO] [stderr]    Compiling jemallocator v0.5.4
[INFO] [stderr]    Compiling msg v0.1.1 (https://github.com/chainbound/msg-rs#ed424a0c)
[INFO] [stderr]    Compiling dato v0.1.0 (/opt/rustwide/workdir)
[INFO] [stderr]     Finished `dev` profile [unoptimized + debuginfo] target(s) in 2m 28s
[INFO] running `Command { std: "docker" "inspect" "49f9e4b7a6b1d07dd6e7e7a1e0660299fdfa21c2873ee93cf59cac55420983e5", kill_on_drop: false }`
[INFO] running `Command { std: "docker" "rm" "-f" "49f9e4b7a6b1d07dd6e7e7a1e0660299fdfa21c2873ee93cf59cac55420983e5", kill_on_drop: false }`
[INFO] [stdout] 49f9e4b7a6b1d07dd6e7e7a1e0660299fdfa21c2873ee93cf59cac55420983e5
[INFO] running `Command { std: "docker" "create" "-v" "/var/lib/crater-agent-workspace/builds/worker-6-tc1/target:/opt/rustwide/target:rw,Z" "-v" "/var/lib/crater-agent-workspace/builds/worker-6-tc1/source:/opt/rustwide/workdir:ro,Z" "-v" "/var/lib/crater-agent-workspace/cargo-home:/opt/rustwide/cargo-home:ro,Z" "-v" "/var/lib/crater-agent-workspace/rustup-home:/opt/rustwide/rustup-home:ro,Z" "-e" "SOURCE_DIR=/opt/rustwide/workdir" "-e" "CARGO_TARGET_DIR=/opt/rustwide/target" "-e" "CARGO_INCREMENTAL=0" "-e" "RUST_BACKTRACE=full" "-e" "RUSTFLAGS=--cap-lints=forbid" "-e" "RUSTDOCFLAGS=--cap-lints=forbid" "-e" "CARGO_HOME=/opt/rustwide/cargo-home" "-e" "RUSTUP_HOME=/opt/rustwide/rustup-home" "-w" "/opt/rustwide/workdir" "-m" "1610612736" "--user" "0:0" "--network" "none" "ghcr.io/rust-lang/crates-build-env/linux@sha256:4a844ea9eb2546a2d2c7022eacef16ef2e8229c7fbb2c7d4d55a9ceca922f72d" "/opt/rustwide/cargo-home/bin/cargo" "+nightly-2024-10-28" "test" "--frozen" "--no-run" "--message-format=json", kill_on_drop: false }`
[INFO] [stdout] dfc61ee651c0e3a747388af39b207616b6d224d74da40a89f87ef4d786ce5d02
[INFO] running `Command { std: "docker" "start" "-a" "dfc61ee651c0e3a747388af39b207616b6d224d74da40a89f87ef4d786ce5d02", kill_on_drop: false }`
[INFO] [stderr]    Compiling dato v0.1.0 (/opt/rustwide/workdir)
[INFO] [stderr]     Finished `test` profile [unoptimized + debuginfo] target(s) in 8.60s
[INFO] running `Command { std: "docker" "inspect" "dfc61ee651c0e3a747388af39b207616b6d224d74da40a89f87ef4d786ce5d02", kill_on_drop: false }`
[INFO] running `Command { std: "docker" "rm" "-f" "dfc61ee651c0e3a747388af39b207616b6d224d74da40a89f87ef4d786ce5d02", kill_on_drop: false }`
[INFO] [stdout] dfc61ee651c0e3a747388af39b207616b6d224d74da40a89f87ef4d786ce5d02
[INFO] running `Command { std: "docker" "create" "-v" "/var/lib/crater-agent-workspace/builds/worker-6-tc1/target:/opt/rustwide/target:rw,Z" "-v" "/var/lib/crater-agent-workspace/builds/worker-6-tc1/source:/opt/rustwide/workdir:ro,Z" "-v" "/var/lib/crater-agent-workspace/cargo-home:/opt/rustwide/cargo-home:ro,Z" "-v" "/var/lib/crater-agent-workspace/rustup-home:/opt/rustwide/rustup-home:ro,Z" "-e" "SOURCE_DIR=/opt/rustwide/workdir" "-e" "CARGO_TARGET_DIR=/opt/rustwide/target" "-e" "CARGO_INCREMENTAL=0" "-e" "RUST_BACKTRACE=full" "-e" "RUSTFLAGS=--cap-lints=forbid" "-e" "RUSTDOCFLAGS=--cap-lints=forbid" "-e" "CARGO_HOME=/opt/rustwide/cargo-home" "-e" "RUSTUP_HOME=/opt/rustwide/rustup-home" "-w" "/opt/rustwide/workdir" "-m" "1610612736" "--user" "0:0" "--network" "none" "ghcr.io/rust-lang/crates-build-env/linux@sha256:4a844ea9eb2546a2d2c7022eacef16ef2e8229c7fbb2c7d4d55a9ceca922f72d" "/opt/rustwide/cargo-home/bin/cargo" "+nightly-2024-10-28" "test" "--frozen", kill_on_drop: false }`
[INFO] [stdout] 713fc5b3772b4c8f8fc5b7faa24f41cf5d849fafb26a4e727ae0261b1d93a396
[INFO] running `Command { std: "docker" "start" "-a" "713fc5b3772b4c8f8fc5b7faa24f41cf5d849fafb26a4e727ae0261b1d93a396", kill_on_drop: false }`
[INFO] [stderr]     Finished `test` profile [unoptimized + debuginfo] target(s) in 0.42s
[INFO] [stderr]      Running unittests src/lib.rs (/opt/rustwide/target/debug/deps/dato-64805ca5abe14567)
[INFO] [stdout] 
[INFO] [stdout] running 1 test
[INFO] [stdout] [2m2024-11-03T08:40:04.616422Z[0m [33m WARN[0m [2mdato::registry::contract::tests[0m[2m:[0m Skipping test_get_all_validators, as the Ethereum node is not running.
[INFO] [stdout] test registry::contract::tests::test_get_all_validators ... ok
[INFO] [stderr]      Running unittests bin/client.rs (/opt/rustwide/target/debug/deps/client-f71f416bea5206ec)
[INFO] [stdout] 
[INFO] [stdout] test result: ok. 1 passed; 0 failed; 0 ignored; 0 measured; 0 filtered out; finished in 0.09s
[INFO] [stdout] 
[INFO] [stdout] 
[INFO] [stdout] running 0 tests
[INFO] [stdout] 
[INFO] [stdout] test result: ok. 0 passed; 0 failed; 0 ignored; 0 measured; 0 filtered out; finished in 0.00s
[INFO] [stdout] 
[INFO] [stderr]      Running unittests bin/gen_keys.rs (/opt/rustwide/target/debug/deps/gen_keys-1714a6e58dbd779c)
[INFO] [stdout] 
[INFO] [stdout] running 0 tests
[INFO] [stdout] 
[INFO] [stdout] test result: ok. 0 passed; 0 failed; 0 ignored; 0 measured; 0 filtered out; finished in 0.00s
[INFO] [stdout] 
[INFO] [stderr]      Running unittests bin/validator.rs (/opt/rustwide/target/debug/deps/validator-53df31818bc9559e)
[INFO] [stdout] 
[INFO] [stdout] running 0 tests
[INFO] [stdout] 
[INFO] [stdout] test result: ok. 0 passed; 0 failed; 0 ignored; 0 measured; 0 filtered out; finished in 0.00s
[INFO] [stdout] 
[INFO] [stderr]      Running tests/hurl.rs (/opt/rustwide/target/debug/deps/hurl-49732aa9e0a688c3)
[INFO] [stdout] 
[INFO] [stdout] running 1 test
[INFO] [stdout] [2m2024-11-03T08:40:04.630887Z[0m [32m INFO[0m [2mhurl[0m[2m:[0m Validator listening on: 0.0.0.0:46697
[INFO] [stdout] [2m2024-11-03T08:40:04.634773Z[0m [32m INFO[0m [2mhurl[0m[2m:[0m Client connected to validator
[INFO] [stdout] [2m2024-11-03T08:40:04.635255Z[0m [32m INFO[0m [2mdato::client::api[0m[2m:[0m API server running on 0.0.0.0:8090
[INFO] [stdout] [2m2024-11-03T08:40:04.658413Z[0m [32m INFO[0m [2mmsg_socket::rep::driver[0m[2m:[0m New connection from 127.0.0.1:57166
[INFO] [stdout] test test_api_write_request ... ok
[INFO] [stdout] 
[INFO] [stdout] test result: ok. 1 passed; 0 failed; 0 ignored; 0 measured; 0 filtered out; finished in 10.01s
[INFO] [stdout] 
[INFO] [stderr]      Running tests/mod.rs (/opt/rustwide/target/debug/deps/mod-7913f4690991094e)
[INFO] [stdout] 
[INFO] [stdout] running 8 tests
[INFO] [stdout] [2m2024-11-03T08:40:14.651447Z[0m [32m INFO[0m [2mr#mod::hurl[0m[2m:[0m Validator listening on: 0.0.0.0:34399
[INFO] [stdout] [2m2024-11-03T08:40:14.651460Z[0m [32m INFO[0m [2mr#mod[0m[2m:[0m Validator listening on: 0.0.0.0:38277
[INFO] [stdout] [2m2024-11-03T08:40:14.651582Z[0m [32m INFO[0m [2mr#mod::hurl[0m[2m:[0m Client connected to validator
[INFO] [stdout] [2m2024-11-03T08:40:14.651584Z[0m [32m INFO[0m [2mr#mod[0m[2m:[0m Client connected to validators
[INFO] [stdout] [2m2024-11-03T08:40:14.651668Z[0m [32m INFO[0m [2mr#mod[0m[2m:[0m Validator listening on: 0.0.0.0:43945
[INFO] [stdout] [2m2024-11-03T08:40:14.651731Z[0m [32m INFO[0m [2mr#mod[0m[2m:[0m Client connected to validator
[INFO] [stdout] [2m2024-11-03T08:40:14.651924Z[0m [32m INFO[0m [2mr#mod[0m[2m:[0m Validator 1 listening on: 0.0.0.0:46101
[INFO] [stdout] [2m2024-11-03T08:40:14.651950Z[0m [32m INFO[0m [2mr#mod[0m[2m:[0m Validator listening on: 0.0.0.0:39953
[INFO] [stdout] [2m2024-11-03T08:40:14.651932Z[0m [32m INFO[0m [2mdato::client::api[0m[2m:[0m API server running on 0.0.0.0:8090
[INFO] [stdout] [2m2024-11-03T08:40:14.652403Z[0m [32m INFO[0m [2mr#mod[0m[2m:[0m Validator 2 listening on: 0.0.0.0:41059
[INFO] [stdout] [2m2024-11-03T08:40:14.652890Z[0m [32m INFO[0m [2mr#mod[0m[2m:[0m Validator 3 listening on: 0.0.0.0:41857
[INFO] [stdout] [2m2024-11-03T08:40:14.652904Z[0m [32m INFO[0m [2mr#mod[0m[2m:[0m Validator listening on: 0.0.0.0:41469
[INFO] [stdout] [2m2024-11-03T08:40:14.652939Z[0m [32m INFO[0m [2mr#mod[0m[2m:[0m Client connected to validators
[INFO] [stdout] [2m2024-11-03T08:40:14.652951Z[0m [32m INFO[0m [2mr#mod[0m[2m:[0m Client connected to validators
[INFO] [stdout] [2m2024-11-03T08:40:14.655175Z[0m [32m INFO[0m [2mr#mod[0m[2m:[0m Validator listening on: 0.0.0.0:34695
[INFO] [stdout] [2m2024-11-03T08:40:14.662279Z[0m [32m INFO[0m [2mr#mod[0m[2m:[0m Validator listening on: 0.0.0.0:44285
[INFO] [stdout] [2m2024-11-03T08:40:14.662350Z[0m [32m INFO[0m [2mr#mod[0m[2m:[0m Client connected to validator
[INFO] [stdout] [2m2024-11-03T08:40:14.683807Z[0m [32m INFO[0m [2mmsg_socket::rep::driver[0m[2m:[0m New connection from 127.0.0.1:44450
[INFO] [stdout] [2m2024-11-03T08:40:14.683807Z[0m [32m INFO[0m [2mmsg_socket::rep::driver[0m[2m:[0m New connection from 127.0.0.1:58616
[INFO] [stdout] [2m2024-11-03T08:40:14.683807Z[0m [32m INFO[0m [2mmsg_socket::rep::driver[0m[2m:[0m New connection from 127.0.0.1:50454
[INFO] [stdout] [2m2024-11-03T08:40:14.684138Z[0m [32m INFO[0m [2mmsg_socket::rep::driver[0m[2m:[0m New connection from 127.0.0.1:44764
[INFO] [stdout] [2m2024-11-03T08:40:14.684183Z[0m [32m INFO[0m [2mmsg_socket::rep::driver[0m[2m:[0m New connection from 127.0.0.1:36064
[INFO] [stdout] [2m2024-11-03T08:40:14.684229Z[0m [32m INFO[0m [2mmsg_socket::rep::driver[0m[2m:[0m New connection from 127.0.0.1:48566
[INFO] [stdout] [2m2024-11-03T08:40:14.685601Z[0m [32m INFO[0m [2mr#mod[0m[2m:[0m Subscribed to namespace
[INFO] [stdout] [2m2024-11-03T08:40:14.685724Z[0m [32m INFO[0m [2mdato::client::client[0m[2m:[0m Subscribed to publisher topic [3mpub_socket_addr[0m[2m=[0m(0.0.0.0, 46453)
[INFO] [stdout] [2m2024-11-03T08:40:14.685855Z[0m [32m INFO[0m [2mmsg_socket::sub::driver[0m[2m:[0m Subscribed to topic [3mtopic[0m[2m=[0m"test" [3mn_publishers[0m[2m=[0m1
[INFO] [stdout] [2m2024-11-03T08:40:14.686121Z[0m [32m INFO[0m [2mmsg_socket::rep::driver[0m[2m:[0m New connection from 127.0.0.1:45320
[INFO] [stdout] [2m2024-11-03T08:40:14.686212Z[0m [32m INFO[0m [2mmsg_socket::pubs::driver[0m[2m:[0m New connection from 127.0.0.1:38954
[INFO] [stdout] [2m2024-11-03T08:40:14.686299Z[0m [32m INFO[0m [2mmsg_socket::rep::driver[0m[2m:[0m New connection from 127.0.0.1:38246
[INFO] [stdout] [2m2024-11-03T08:40:14.686894Z[0m [32m INFO[0m [2mmsg_socket::rep::driver[0m[2m:[0m New connection from 127.0.0.1:52474
[INFO] [stdout] [2m2024-11-03T08:40:14.688484Z[0m [32m INFO[0m [2mr#mod[0m[2m:[0m Subscribed to certified namespace
[INFO] [stdout] [2m2024-11-03T08:40:14.688669Z[0m [32m INFO[0m [2mdato::client::client[0m[2m:[0m Subscribed to publisher topic [3mpub_socket_addr[0m[2m=[0m(0.0.0.0, 38419)
[INFO] [stdout] [2m2024-11-03T08:40:14.693813Z[0m [32m INFO[0m [2mmsg_socket::sub::driver[0m[2m:[0m Subscribed to topic [3mtopic[0m[2m=[0m"test" [3mn_publishers[0m[2m=[0m1
[INFO] [stdout] [2m2024-11-03T08:40:14.694622Z[0m [32m INFO[0m [2mmsg_socket::rep::driver[0m[2m:[0m New connection from 127.0.0.1:39794
[INFO] [stdout] [2m2024-11-03T08:40:14.695145Z[0m [32m INFO[0m [2mmsg_socket::pubs::driver[0m[2m:[0m New connection from 127.0.0.1:43258
[INFO] [stdout] [2m2024-11-03T08:40:14.699559Z[0m [32m INFO[0m [2mr#mod[0m[2m:[0m Read log [3mlog[0m[2m=[0mUnavailable(CertifiedUnavailableMessage { timestamps: [Timestamp(1730623214686)], msg_id: 0x0000000000000000000000000000000000000000000000000000000000000000, quorum_signature: AggregateSignature { point: blst_p2 { x: blst_fp2 { fp: [blst_fp { l: [18396296316212844104, 15695905094021285327, 122869491482705797, 14589117812339039153, 4864622871169881097, 552061988622916591] }, blst_fp { l: [6879789758262493430, 2433440658691509018, 238616237895967542, 3724975576470379100, 5682121194497162843, 1556312394772810105] }] }, y: blst_fp2 { fp: [blst_fp { l: [10376113434756731438, 6782436892285814466, 2686037403779765111, 6502653855105058994, 8270406949543466691, 1262187542612790747] }, blst_fp { l: [11242715512122503603, 2582841206473401347, 13566992578042702148, 14639203082721870472, 13111584311740730027, 1692943146850369601] }] }, z: blst_fp2 { fp: [blst_fp { l: [8505329371266088957, 17002214543764226050, 6865905132761471162, 8632934651105793861, 6631298214892334189, 1582556514881692819] }, blst_fp { l: [0, 0, 0, 0, 0, 0] }] } } } })
[INFO] [stdout] [2m2024-11-03T08:40:14.699911Z[0m [32m INFO[0m [2mr#mod[0m[2m:[0m Wrote record [3mrecord[0m[2m=[0mCertifiedRecord { timestamps: [Timestamp(1730623214684)], message: Message(0x6d61646520776974682063686174677074), quorum_signature: AggregateSignature { point: blst_p2 { x: blst_fp2 { fp: [blst_fp { l: [6755782853454055914, 1097543761564675920, 15552164952379693432, 44966729382372058, 12563889968704033049, 1358822283060296397] }, blst_fp { l: [7484156171821121083, 7677987025623827540, 2732080970283743658, 120281344315131706, 7379191716885298700, 1303074770033837211] }] }, y: blst_fp2 { fp: [blst_fp { l: [16324793477421536332, 9770615358343064585, 13009997401609798902, 13478364061957849148, 6980668191516359395, 771957060861875229] }, blst_fp { l: [3220506706636735168, 10590171160984557818, 2085659314568419834, 1847243132969244785, 13383551963147950645, 1623470021657915555] }] }, z: blst_fp2 { fp: [blst_fp { l: [8505329371266088957, 17002214543764226050, 6865905132761471162, 8632934651105793861, 6631298214892334189, 1582556514881692819] }, blst_fp { l: [0, 0, 0, 0, 0, 0] }] } } } }
[INFO] [stdout] test test_write_request ... ok
[INFO] [stdout] [2m2024-11-03T08:40:14.701465Z[0m [32m INFO[0m [2mr#mod[0m[2m:[0m Wrote record [3mrecord[0m[2m=[0mCertifiedRecord { timestamps: [Timestamp(1730623214684)], message: Message(0x6d61646520776974682063686174677074), quorum_signature: AggregateSignature { point: blst_p2 { x: blst_fp2 { fp: [blst_fp { l: [9626745229495419353, 6629753953550871364, 15642580109844657415, 5676224091570437145, 1723356507636392124, 442198017383130671] }, blst_fp { l: [6561384246356958169, 15778167096872255576, 884113311696464234, 1415901463055283984, 9466067943868548754, 5513931905114116] }] }, y: blst_fp2 { fp: [blst_fp { l: [13304053684026308797, 11107316342434404981, 9248066264975366660, 17456670421792396193, 6462561387502082999, 570556711580764166] }, blst_fp { l: [17456389440969076621, 17544458894186086736, 1344626545778414813, 5318676258165676938, 17267860763707771303, 453394946466468710] }] }, z: blst_fp2 { fp: [blst_fp { l: [8505329371266088957, 17002214543764226050, 6865905132761471162, 8632934651105793861, 6631298214892334189, 1582556514881692819] }, blst_fp { l: [0, 0, 0, 0, 0, 0] }] } } } }
[INFO] [stdout] [2m2024-11-03T08:40:14.700398Z[0m [32m INFO[0m [2mr#mod[0m[2m:[0m Wrote record [3mrecord[0m[2m=[0mCertifiedRecord { timestamps: [Timestamp(1730623214684)], message: Message(0x6d61646520776974682063686174677074), quorum_signature: AggregateSignature { point: blst_p2 { x: blst_fp2 { fp: [blst_fp { l: [12788971016774256617, 12009281442918649907, 8463850442023771624, 3357831420842727139, 10520670090454351600, 1520260054570330062] }, blst_fp { l: [8479103883594194227, 131633250674435223, 6117321719030910077, 9150207974232854997, 14670140900142992541, 1268365519279814125] }] }, y: blst_fp2 { fp: [blst_fp { l: [822320027195870610, 819069511830529344, 17274685170092884258, 6226514974585861776, 6257248029100170007, 1746330035352182355] }, blst_fp { l: [1628793264260353023, 13639634651799436902, 9804194465129679389, 13531547853561416533, 1078802643192643077, 1198442639353890864] }] }, z: blst_fp2 { fp: [blst_fp { l: [8505329371266088957, 17002214543764226050, 6865905132761471162, 8632934651105793861, 6631298214892334189, 1582556514881692819] }, blst_fp { l: [0, 0, 0, 0, 0, 0] }] } } } }
[INFO] [stdout] test test_read_unavailable_message ... ok
[INFO] [stdout] [2m2024-11-03T08:40:14.707621Z[0m [32m INFO[0m [2mr#mod[0m[2m:[0m Wrote record [3mrecord[0m[2m=[0mCertifiedRecord { timestamps: [Timestamp(0), Timestamp(1730623214698), Timestamp(1730623214701)], message: Message(0x6d61646520776974682063686174677074), quorum_signature: AggregateSignature { point: blst_p2 { x: blst_fp2 { fp: [blst_fp { l: [2644162252391420235, 16235181842991550664, 4529386262936549138, 9413754922855071297, 6251894716912116314, 1092095666358983709] }, blst_fp { l: [11637752501810944973, 3409885204034709289, 185843128026158738, 18396781576261506795, 7813100539722998387, 1141105137347495544] }] }, y: blst_fp2 { fp: [blst_fp { l: [3574147980640682339, 10467231304036323827, 11513059866392330645, 1146651320042225136, 238917447695346321, 872398978825656448] }, blst_fp { l: [5797857549156806511, 12681194772819305099, 11499757982435979970, 6761296154702583137, 2169921622764937838, 708023970065067067] }] }, z: blst_fp2 { fp: [blst_fp { l: [525752766909503290, 16750610266472312855, 10874061435275963843, 2965480837690108629, 17435630332474511453, 1306087632893692334] }, blst_fp { l: [18006028208193655086, 4621177918819971377, 16532811885722939380, 10729969305496734654, 11820420288396017994, 107874359700097189] }] } } } }
[INFO] [stdout] test test_read_request_multiple_validators ... FAILED
[INFO] [stdout] [2m2024-11-03T08:40:14.987680Z[0m [32m INFO[0m [2mdato::validator[0m[2m:[0m Sending record to publish queue [3mnamespace[0m[2m=[0m0x74657374
[INFO] [stdout] [2m2024-11-03T08:40:14.987757Z[0m [32m INFO[0m [2mdato::validator[0m[2m:[0m Publishing record to subscribers [3mnamespace[0m[2m=[0m0x74657374
[INFO] [stdout] [2m2024-11-03T08:40:14.990594Z[0m [32m INFO[0m [2mdato::validator[0m[2m:[0m Sending record to publish queue [3mnamespace[0m[2m=[0m0x74657374
[INFO] [stdout] [2m2024-11-03T08:40:14.990638Z[0m [32m INFO[0m [2mdato::validator[0m[2m:[0m Publishing record to subscribers [3mnamespace[0m[2m=[0m0x74657374
[INFO] [stdout] [2m2024-11-03T08:40:14.993934Z[0m [32m INFO[0m [2mdato::validator[0m[2m:[0m Sending record to publish queue [3mnamespace[0m[2m=[0m0x74657374
[INFO] [stdout] [2m2024-11-03T08:40:14.993972Z[0m [32m INFO[0m [2mdato::validator[0m[2m:[0m Publishing record to subscribers [3mnamespace[0m[2m=[0m0x74657374
[INFO] [stdout] test test_subscribe ... ok
[INFO] [stdout] test test_subscribe_certified ... ok
[INFO] [stdout] [2m2024-11-03T08:40:15.005891Z[0m [32m INFO[0m [2mr#mod[0m[2m:[0m Read log [3mlog[0m[2m=[0mLog { records: [Record { timestamp: Timestamp(1730623214684), message: Message(0x6d61646520776974682063686174677074), signature: Signature { point: blst_p2_affine { x: blst_fp2 { fp: [blst_fp { l: [9626745229495419353, 6629753953550871364, 15642580109844657415, 5676224091570437145, 1723356507636392124, 442198017383130671] }, blst_fp { l: [6561384246356958169, 15778167096872255576, 884113311696464234, 1415901463055283984, 9466067943868548754, 5513931905114116] }] }, y: blst_fp2 { fp: [blst_fp { l: [13304053684026308797, 11107316342434404981, 9248066264975366660, 17456670421792396193, 6462561387502082999, 570556711580764166] }, blst_fp { l: [17456389440969076621, 17544458894186086736, 1344626545778414813, 5318676258165676938, 17267860763707771303, 453394946466468710] }] } } } }] }
[INFO] [stdout] test test_read_request_single_validator ... ok
[INFO] [stdout] [2m2024-11-03T08:40:15.015631Z[0m [32m INFO[0m [2mr#mod[0m[2m:[0m Read log [3mlog[0m[2m=[0mCertifiedLog { records: [CertifiedRecord { timestamps: [Timestamp(1730623214684)], message: Message(0x6d61646520776974682063686174677074), quorum_signature: AggregateSignature { point: blst_p2 { x: blst_fp2 { fp: [blst_fp { l: [12788971016774256617, 12009281442918649907, 8463850442023771624, 3357831420842727139, 10520670090454351600, 1520260054570330062] }, blst_fp { l: [8479103883594194227, 131633250674435223, 6117321719030910077, 9150207974232854997, 14670140900142992541, 1268365519279814125] }] }, y: blst_fp2 { fp: [blst_fp { l: [822320027195870610, 819069511830529344, 17274685170092884258, 6226514974585861776, 6257248029100170007, 1746330035352182355] }, blst_fp { l: [1628793264260353023, 13639634651799436902, 9804194465129679389, 13531547853561416533, 1078802643192643077, 1198442639353890864] }] }, z: blst_fp2 { fp: [blst_fp { l: [8505329371266088957, 17002214543764226050, 6865905132761471162, 8632934651105793861, 6631298214892334189, 1582556514881692819] }, blst_fp { l: [0, 0, 0, 0, 0, 0] }] } } } }] }
[INFO] [stdout] test test_read_certified ... ok
[INFO] [stdout] test hurl::test_api_write_request ... ok
[INFO] [stdout] 
[INFO] [stdout] failures:
[INFO] [stdout] 
[INFO] [stdout] ---- test_read_request_multiple_validators stdout ----
[INFO] [stdout] thread 'test_read_request_multiple_validators' panicked at tests/mod.rs:102:5:
[INFO] [stdout] assertion `left == right` failed
[INFO] [stdout]   left: 3
[INFO] [stdout]  right: 2
[INFO] [stdout] stack backtrace:
[INFO] [stdout]    0:     0x5c90c4dc2eba - std::backtrace_rs::backtrace::libunwind::trace::h207520d6e9873551
[INFO] [stdout]                                at /rustc/df4ca44d3fbc9301ee17f30f4d474e6ae4b05252/library/std/src/../../backtrace/src/backtrace/libunwind.rs:116:5
[INFO] [stdout]    1:     0x5c90c4dc2eba - std::backtrace_rs::backtrace::trace_unsynchronized::h2ed7433f370e3eca
[INFO] [stdout]                                at /rustc/df4ca44d3fbc9301ee17f30f4d474e6ae4b05252/library/std/src/../../backtrace/src/backtrace/mod.rs:66:5
[INFO] [stdout]    2:     0x5c90c4dc2eba - std::sys::backtrace::_print_fmt::h916fac51166b18d7
[INFO] [stdout]                                at /rustc/df4ca44d3fbc9301ee17f30f4d474e6ae4b05252/library/std/src/sys/backtrace.rs:66:9
[INFO] [stdout]    3:     0x5c90c4dc2eba - <std::sys::backtrace::BacktraceLock::print::DisplayBacktrace as core::fmt::Display>::fmt::ha0a4c9b8ce3802e6
[INFO] [stdout]                                at /rustc/df4ca44d3fbc9301ee17f30f4d474e6ae4b05252/library/std/src/sys/backtrace.rs:39:26
[INFO] [stdout]    4:     0x5c90c4decef3 - core::fmt::rt::Argument::fmt::h4cfc8587d52b3eb5
[INFO] [stdout]                                at /rustc/df4ca44d3fbc9301ee17f30f4d474e6ae4b05252/library/core/src/fmt/rt.rs:177:76
[INFO] [stdout]    5:     0x5c90c4decef3 - core::fmt::write::h522cc39e5b36ae9f
[INFO] [stdout]                                at /rustc/df4ca44d3fbc9301ee17f30f4d474e6ae4b05252/library/core/src/fmt/mod.rs:1190:21
[INFO] [stdout]    6:     0x5c90c4dbee73 - std::io::Write::write_fmt::h7d3c26752da97734
[INFO] [stdout]                                at /rustc/df4ca44d3fbc9301ee17f30f4d474e6ae4b05252/library/std/src/io/mod.rs:1839:15
[INFO] [stdout]    7:     0x5c90c4dc2d02 - std::sys::backtrace::BacktraceLock::print::h4b9e00b29e9c0942
[INFO] [stdout]                                at /rustc/df4ca44d3fbc9301ee17f30f4d474e6ae4b05252/library/std/src/sys/backtrace.rs:42:9
[INFO] [stdout]    8:     0x5c90c4dc434a - std::panicking::default_hook::{{closure}}::hb59b88280d0324d9
[INFO] [stdout]                                at /rustc/df4ca44d3fbc9301ee17f30f4d474e6ae4b05252/library/std/src/panicking.rs:268:22
[INFO] [stdout]    9:     0x5c90c4dc4154 - std::panicking::default_hook::he1dd496665be4a29
[INFO] [stdout]                                at /rustc/df4ca44d3fbc9301ee17f30f4d474e6ae4b05252/library/std/src/panicking.rs:292:9
[INFO] [stdout]   10:     0x5c90c47d1059 - <alloc::boxed::Box<F,A> as core::ops::function::Fn<Args>>::call::h4ff71de18744e1dc
[INFO] [stdout]                                at /rustc/df4ca44d3fbc9301ee17f30f4d474e6ae4b05252/library/alloc/src/boxed.rs:2468:9
[INFO] [stdout]   11:     0x5c90c47d1059 - test::test_main::{{closure}}::hcf7c055ce117aa81
[INFO] [stdout]                                at /rustc/df4ca44d3fbc9301ee17f30f4d474e6ae4b05252/library/test/src/lib.rs:133:21
[INFO] [stdout]   12:     0x5c90c4dc4a48 - <alloc::boxed::Box<F,A> as core::ops::function::Fn<Args>>::call::h1d66c6bbd60c9692
[INFO] [stdout]                                at /rustc/df4ca44d3fbc9301ee17f30f4d474e6ae4b05252/library/alloc/src/boxed.rs:2468:9
[INFO] [stdout]   13:     0x5c90c4dc4a48 - std::panicking::rust_panic_with_hook::h2ff17fe8f26dfcf8
[INFO] [stdout]                                at /rustc/df4ca44d3fbc9301ee17f30f4d474e6ae4b05252/library/std/src/panicking.rs:809:13
[INFO] [stdout]   14:     0x5c90c4dc480a - std::panicking::begin_panic_handler::{{closure}}::h4fad77951c07e101
[INFO] [stdout]                                at /rustc/df4ca44d3fbc9301ee17f30f4d474e6ae4b05252/library/std/src/panicking.rs:674:13
[INFO] [stdout]   15:     0x5c90c4dc3399 - std::sys::backtrace::__rust_end_short_backtrace::hb1a25b3da5d0ea08
[INFO] [stdout]                                at /rustc/df4ca44d3fbc9301ee17f30f4d474e6ae4b05252/library/std/src/sys/backtrace.rs:170:18
[INFO] [stdout]   16:     0x5c90c4dc449c - rust_begin_unwind
[INFO] [stdout]                                at /rustc/df4ca44d3fbc9301ee17f30f4d474e6ae4b05252/library/std/src/panicking.rs:665:5
[INFO] [stdout]   17:     0x5c90c4deab80 - core::panicking::panic_fmt::ha9db07b529f9b256
[INFO] [stdout]                                at /rustc/df4ca44d3fbc9301ee17f30f4d474e6ae4b05252/library/core/src/panicking.rs:75:14
[INFO] [stdout]   18:     0x5c90c4deafe5 - core::panicking::assert_failed_inner::h04f38944d74a80a8
[INFO] [stdout]   19:     0x5c90c4939e78 - core::panicking::assert_failed::hda5627c794d3b84d
[INFO] [stdout]                                at /rustc/df4ca44d3fbc9301ee17f30f4d474e6ae4b05252/library/core/src/panicking.rs:377:5
[INFO] [stdout]   20:     0x5c90c466ae73 - mod::test_read_request_multiple_validators::{{closure}}::h66af2b8b6da29b18
[INFO] [stdout]                                at /opt/rustwide/workdir/tests/mod.rs:102:5
[INFO] [stdout]   21:     0x5c90c462e4f5 - <core::pin::Pin<P> as core::future::future::Future>::poll::h2142d74f8860b44d
[INFO] [stdout]                                at /rustc/df4ca44d3fbc9301ee17f30f4d474e6ae4b05252/library/core/src/future/future.rs:123:9
[INFO] [stdout]   22:     0x5c90c462e62d - <core::pin::Pin<P> as core::future::future::Future>::poll::h4c5b0692006bfc9f
[INFO] [stdout]                                at /rustc/df4ca44d3fbc9301ee17f30f4d474e6ae4b05252/library/core/src/future/future.rs:123:9
[INFO] [stdout]   23:     0x5c90c462a1af - tokio::runtime::scheduler::current_thread::CoreGuard::block_on::{{closure}}::{{closure}}::{{closure}}::hff15449c8af9c5cd
[INFO] [stdout]                                at /opt/rustwide/cargo-home/registry/src/index.crates.io-6f17d22bba15001f/tokio-1.39.2/src/runtime/scheduler/current_thread/mod.rs:673:57
[INFO] [stdout]   24:     0x5c90c462a0a6 - tokio::runtime::coop::with_budget::h0b41ee1a8f57e852
[INFO] [stdout]                                at /opt/rustwide/cargo-home/registry/src/index.crates.io-6f17d22bba15001f/tokio-1.39.2/src/runtime/coop.rs:107:5
[INFO] [stdout]   25:     0x5c90c462a0a6 - tokio::runtime::coop::budget::h8276a90911942115
[INFO] [stdout]                                at /opt/rustwide/cargo-home/registry/src/index.crates.io-6f17d22bba15001f/tokio-1.39.2/src/runtime/coop.rs:73:5
[INFO] [stdout]   26:     0x5c90c462a0a6 - tokio::runtime::scheduler::current_thread::CoreGuard::block_on::{{closure}}::{{closure}}::hfbb9cd7f15d481f3
[INFO] [stdout]                                at /opt/rustwide/cargo-home/registry/src/index.crates.io-6f17d22bba15001f/tokio-1.39.2/src/runtime/scheduler/current_thread/mod.rs:673:25
[INFO] [stdout]   27:     0x5c90c4627aca - tokio::runtime::scheduler::current_thread::Context::enter::hd0eb117002765de5
[INFO] [stdout]                                at /opt/rustwide/cargo-home/registry/src/index.crates.io-6f17d22bba15001f/tokio-1.39.2/src/runtime/scheduler/current_thread/mod.rs:412:19
[INFO] [stdout]   28:     0x5c90c4628d8e - tokio::runtime::scheduler::current_thread::CoreGuard::block_on::{{closure}}::h5b55b0a3fd2d067d
[INFO] [stdout]                                at /opt/rustwide/cargo-home/registry/src/index.crates.io-6f17d22bba15001f/tokio-1.39.2/src/runtime/scheduler/current_thread/mod.rs:672:36
[INFO] [stdout]   29:     0x5c90c4628a3b - tokio::runtime::scheduler::current_thread::CoreGuard::enter::{{closure}}::h3728948d2f90126e
[INFO] [stdout]                                at /opt/rustwide/cargo-home/registry/src/index.crates.io-6f17d22bba15001f/tokio-1.39.2/src/runtime/scheduler/current_thread/mod.rs:751:68
[INFO] [stdout]   30:     0x5c90c46b7caa - tokio::runtime::context::scoped::Scoped<T>::set::h96e9f5d7e45f64ef
[INFO] [stdout]                                at /opt/rustwide/cargo-home/registry/src/index.crates.io-6f17d22bba15001f/tokio-1.39.2/src/runtime/context/scoped.rs:40:9
[INFO] [stderr] error: test failed, to rerun pass `--test mod`
[INFO] [stdout]   31:     0x5c90c46b783a - tokio::runtime::context::set_scheduler::{{closure}}::h30a826e558ccdad9
[INFO] [stdout]                                at /opt/rustwide/cargo-home/registry/src/index.crates.io-6f17d22bba15001f/tokio-1.39.2/src/runtime/context.rs:180:26
[INFO] [stdout]   32:     0x5c90c471c0c1 - std::thread::local::LocalKey<T>::try_with::hfcdff09282a44a8e
[INFO] [stdout]                                at /rustc/df4ca44d3fbc9301ee17f30f4d474e6ae4b05252/library/std/src/thread/local.rs:283:12
[INFO] [stdout]   33:     0x5c90c471981d - std::thread::local::LocalKey<T>::with::ha44afccca30c2399
[INFO] [stdout]                                at /rustc/df4ca44d3fbc9301ee17f30f4d474e6ae4b05252/library/std/src/thread/local.rs:260:9
[INFO] [stdout]   34:     0x5c90c46b77e1 - tokio::runtime::context::set_scheduler::h7e4ab17afa6b9d37
[INFO] [stdout]                                at /opt/rustwide/cargo-home/registry/src/index.crates.io-6f17d22bba15001f/tokio-1.39.2/src/runtime/context.rs:180:9
[INFO] [stdout]   35:     0x5c90c46287a9 - tokio::runtime::scheduler::current_thread::CoreGuard::enter::h7bda111402c2c4bf
[INFO] [stdout]                                at /opt/rustwide/cargo-home/registry/src/index.crates.io-6f17d22bba15001f/tokio-1.39.2/src/runtime/scheduler/current_thread/mod.rs:751:27
[INFO] [stdout]   36:     0x5c90c4628a93 - tokio::runtime::scheduler::current_thread::CoreGuard::block_on::h7a369a33c0277e23
[INFO] [stdout]                                at /opt/rustwide/cargo-home/registry/src/index.crates.io-6f17d22bba15001f/tokio-1.39.2/src/runtime/scheduler/current_thread/mod.rs:660:19
[INFO] [stdout]   37:     0x5c90c46237be - tokio::runtime::scheduler::current_thread::CurrentThread::block_on::{{closure}}::h6c7c5eaa6a780ce0
[INFO] [stdout]                                at /opt/rustwide/cargo-home/registry/src/index.crates.io-6f17d22bba15001f/tokio-1.39.2/src/runtime/scheduler/current_thread/mod.rs:180:28
[INFO] [stdout]   38:     0x5c90c4584e96 - tokio::runtime::context::runtime::enter_runtime::h5a2ad2dd76a45539
[INFO] [stdout]                                at /opt/rustwide/cargo-home/registry/src/index.crates.io-6f17d22bba15001f/tokio-1.39.2/src/runtime/context/runtime.rs:65:16
[INFO] [stdout]   39:     0x5c90c4622f61 - tokio::runtime::scheduler::current_thread::CurrentThread::block_on::h3eb3a1e199774542
[INFO] [stdout]                                at /opt/rustwide/cargo-home/registry/src/index.crates.io-6f17d22bba15001f/tokio-1.39.2/src/runtime/scheduler/current_thread/mod.rs:168:9
[INFO] [stdout]   40:     0x5c90c4731919 - tokio::runtime::runtime::Runtime::block_on_inner::hf3eba8fe2cecb711
[INFO] [stdout]                                at /opt/rustwide/cargo-home/registry/src/index.crates.io-6f17d22bba15001f/tokio-1.39.2/src/runtime/runtime.rs:361:47
[INFO] [stdout]   41:     0x5c90c4731a65 - tokio::runtime::runtime::Runtime::block_on::h33d79c78c9b9a7a9
[INFO] [stdout]                                at /opt/rustwide/cargo-home/registry/src/index.crates.io-6f17d22bba15001f/tokio-1.39.2/src/runtime/runtime.rs:335:13
[INFO] [stdout]   42:     0x5c90c4665f03 - mod::test_read_request_multiple_validators::hac6ca6ca1689afe6
[INFO] [stdout]                                at /opt/rustwide/workdir/tests/mod.rs:112:5
[INFO] [stdout]   43:     0x5c90c4665da7 - mod::test_read_request_multiple_validators::{{closure}}::h54d183f9e5d37bc3
[INFO] [stdout]                                at /opt/rustwide/workdir/tests/mod.rs:76:53
[INFO] [stdout]   44:     0x5c90c45e2bf6 - core::ops::function::FnOnce::call_once::h82a82a40f8f990c6
[INFO] [stdout]                                at /rustc/df4ca44d3fbc9301ee17f30f4d474e6ae4b05252/library/core/src/ops/function.rs:250:5
[INFO] [stdout]   45:     0x5c90c47d592b - core::ops::function::FnOnce::call_once::h22c3ba5715e93f05
[INFO] [stdout]                                at /rustc/df4ca44d3fbc9301ee17f30f4d474e6ae4b05252/library/core/src/ops/function.rs:250:5
[INFO] [stdout]   46:     0x5c90c47d592b - test::__rust_begin_short_backtrace::h8e82d8113d0da17f
[INFO] [stdout]                                at /rustc/df4ca44d3fbc9301ee17f30f4d474e6ae4b05252/library/test/src/lib.rs:621:18
[INFO] [stdout]   47:     0x5c90c47d52a7 - test::run_test_in_process::{{closure}}::h33235f4f20b7b7c7
[INFO] [stdout]                                at /rustc/df4ca44d3fbc9301ee17f30f4d474e6ae4b05252/library/test/src/lib.rs:644:60
[INFO] [stdout]   48:     0x5c90c47d52a7 - <core::panic::unwind_safe::AssertUnwindSafe<F> as core::ops::function::FnOnce<()>>::call_once::hb5043206310c586f
[INFO] [stdout]                                at /rustc/df4ca44d3fbc9301ee17f30f4d474e6ae4b05252/library/core/src/panic/unwind_safe.rs:272:9
[INFO] [stdout]   49:     0x5c90c47d52a7 - std::panicking::try::do_call::h9ad4731a60ab23e2
[INFO] [stdout]                                at /rustc/df4ca44d3fbc9301ee17f30f4d474e6ae4b05252/library/std/src/panicking.rs:557:40
[INFO] [stdout]   50:     0x5c90c47d52a7 - std::panicking::try::h3824d23db772a716
[INFO] [stdout]                                at /rustc/df4ca44d3fbc9301ee17f30f4d474e6ae4b05252/library/std/src/panicking.rs:520:19
[INFO] [stdout]   51:     0x5c90c47d52a7 - std::panic::catch_unwind::h5afd514605fde46b
[INFO] [stdout]                                at /rustc/df4ca44d3fbc9301ee17f30f4d474e6ae4b05252/library/std/src/panic.rs:358:14
[INFO] [stdout]   52:     0x5c90c47d52a7 - test::run_test_in_process::h0d5cbfa7067d1720
[INFO] [stdout]                                at /rustc/df4ca44d3fbc9301ee17f30f4d474e6ae4b05252/library/test/src/lib.rs:644:27
[INFO] [stdout]   53:     0x5c90c47d52a7 - test::run_test::{{closure}}::h708eb8872708115d
[INFO] [stdout]                                at /rustc/df4ca44d3fbc9301ee17f30f4d474e6ae4b05252/library/test/src/lib.rs:565:43
[INFO] [stdout]   54:     0x5c90c47989c4 - test::run_test::{{closure}}::h392c51cee94713ab
[INFO] [stdout]                                at /rustc/df4ca44d3fbc9301ee17f30f4d474e6ae4b05252/library/test/src/lib.rs:595:41
[INFO] [stdout]   55:     0x5c90c47989c4 - std::sys::backtrace::__rust_begin_short_backtrace::h2f40290710935a8b
[INFO] [stdout]                                at /rustc/df4ca44d3fbc9301ee17f30f4d474e6ae4b05252/library/std/src/sys/backtrace.rs:154:18
[INFO] [stdout]   56:     0x5c90c479c16e - std::thread::Builder::spawn_unchecked_::{{closure}}::{{closure}}::h3fd968d89053a903
[INFO] [stdout]                                at /rustc/df4ca44d3fbc9301ee17f30f4d474e6ae4b05252/library/std/src/thread/mod.rs:541:17
[INFO] [stdout]   57:     0x5c90c479c16e - <core::panic::unwind_safe::AssertUnwindSafe<F> as core::ops::function::FnOnce<()>>::call_once::h743f637ba4229880
[INFO] [stdout]                                at /rustc/df4ca44d3fbc9301ee17f30f4d474e6ae4b05252/library/core/src/panic/unwind_safe.rs:272:9
[INFO] [stdout]   58:     0x5c90c479c16e - std::panicking::try::do_call::h07440897322525a6
[INFO] [stdout]                                at /rustc/df4ca44d3fbc9301ee17f30f4d474e6ae4b05252/library/std/src/panicking.rs:557:40
[INFO] [stdout]   59:     0x5c90c479c16e - std::panicking::try::he5a2e00188156637
[INFO] [stdout]                                at /rustc/df4ca44d3fbc9301ee17f30f4d474e6ae4b05252/library/std/src/panicking.rs:520:19
[INFO] [stdout]   60:     0x5c90c479c16e - std::panic::catch_unwind::hbaf3cae49b3c6433
[INFO] [stdout]                                at /rustc/df4ca44d3fbc9301ee17f30f4d474e6ae4b05252/library/std/src/panic.rs:358:14
[INFO] [stdout]   61:     0x5c90c479c16e - std::thread::Builder::spawn_unchecked_::{{closure}}::h8e141ea224820bce
[INFO] [stdout]                                at /rustc/df4ca44d3fbc9301ee17f30f4d474e6ae4b05252/library/std/src/thread/mod.rs:540:30
[INFO] [stdout]   62:     0x5c90c479c16e - core::ops::function::FnOnce::call_once{{vtable.shim}}::h90d312fedd7b8ea8
[INFO] [stdout]                                at /rustc/df4ca44d3fbc9301ee17f30f4d474e6ae4b05252/library/core/src/ops/function.rs:250:5
[INFO] [stdout]   63:     0x5c90c4dc8acb - <alloc::boxed::Box<F,A> as core::ops::function::FnOnce<Args>>::call_once::h69aa08ddb6adb8b6
[INFO] [stdout]                                at /rustc/df4ca44d3fbc9301ee17f30f4d474e6ae4b05252/library/alloc/src/boxed.rs:2454:9
[INFO] [stdout]   64:     0x5c90c4dc8acb - <alloc::boxed::Box<F,A> as core::ops::function::FnOnce<Args>>::call_once::h5aa36efdb79c806f
[INFO] [stdout]                                at /rustc/df4ca44d3fbc9301ee17f30f4d474e6ae4b05252/library/alloc/src/boxed.rs:2454:9
[INFO] [stdout]   65:     0x5c90c4dc8acb - std::sys::pal::unix::thread::Thread::new::thread_start::h6cd80a1b4be5158d
[INFO] [stdout]                                at /rustc/df4ca44d3fbc9301ee17f30f4d474e6ae4b05252/library/std/src/sys/pal/unix/thread.rs:105:17
[INFO] [stdout]   66:     0x79180ed36ac3 - <unknown>
[INFO] [stdout]   67:     0x79180edc7a04 - clone
[INFO] [stdout]   68:                0x0 - <unknown>
[INFO] [stdout] 
[INFO] [stdout] 
[INFO] [stdout] failures:
[INFO] [stdout]     test_read_request_multiple_validators
[INFO] [stdout] 
[INFO] [stdout] test result: FAILED. 7 passed; 1 failed; 0 ignored; 0 measured; 0 filtered out; finished in 10.01s
[INFO] [stdout] 
[INFO] running `Command { std: "docker" "inspect" "713fc5b3772b4c8f8fc5b7faa24f41cf5d849fafb26a4e727ae0261b1d93a396", kill_on_drop: false }`
[INFO] running `Command { std: "docker" "rm" "-f" "713fc5b3772b4c8f8fc5b7faa24f41cf5d849fafb26a4e727ae0261b1d93a396", kill_on_drop: false }`
[INFO] [stdout] 713fc5b3772b4c8f8fc5b7faa24f41cf5d849fafb26a4e727ae0261b1d93a396
