[INFO] cloning repository https://github.com/cdbfoster/takkerus
[INFO] running `Command { std: "git" "-c" "credential.helper=" "-c" "credential.helper=/workspace/cargo-home/bin/git-credential-null" "clone" "--bare" "https://github.com/cdbfoster/takkerus" "/workspace/cache/git-repos/https%3A%2F%2Fgithub.com%2Fcdbfoster%2Ftakkerus", kill_on_drop: false }`
[INFO] [stderr] Cloning into bare repository '/workspace/cache/git-repos/https%3A%2F%2Fgithub.com%2Fcdbfoster%2Ftakkerus'...
[INFO] running `Command { std: "git" "rev-parse" "HEAD", kill_on_drop: false }`
[INFO] [stdout] e95cd687c09e4a9aa6b5cefd553e9149fc7a3d6e
[INFO] testing cdbfoster/takkerus/e95cd687c09e4a9aa6b5cefd553e9149fc7a3d6e against nightly-2024-10-28 for randomize-layout
[INFO] running `Command { std: "git" "clone" "/workspace/cache/git-repos/https%3A%2F%2Fgithub.com%2Fcdbfoster%2Ftakkerus" "/workspace/builds/worker-1-tc1/source", kill_on_drop: false }`
[INFO] [stderr] Cloning into '/workspace/builds/worker-1-tc1/source'...
[INFO] [stderr] done.
[INFO] validating manifest of git repo https://github.com/cdbfoster/takkerus on toolchain nightly-2024-10-28
[INFO] running `Command { std: CARGO_HOME="/workspace/cargo-home" RUSTUP_HOME="/workspace/rustup-home" "/workspace/cargo-home/bin/cargo" "+nightly-2024-10-28" "metadata" "--manifest-path" "Cargo.toml" "--no-deps", kill_on_drop: false }`
[INFO] started tweaking git repo https://github.com/cdbfoster/takkerus
[INFO] finished tweaking git repo https://github.com/cdbfoster/takkerus
[INFO] tweaked toml for git repo https://github.com/cdbfoster/takkerus written to /workspace/builds/worker-1-tc1/source/Cargo.toml
[INFO] crate git repo https://github.com/cdbfoster/takkerus already has a lockfile, it will not be regenerated
[INFO] running `Command { std: CARGO_HOME="/workspace/cargo-home" RUSTUP_HOME="/workspace/rustup-home" "/workspace/cargo-home/bin/cargo" "+nightly-2024-10-28" "fetch" "--manifest-path" "Cargo.toml", kill_on_drop: false }`
[INFO] [stderr]  Downloading crates ...
[INFO] [stderr]   Downloaded pyo3-macros v0.18.3
[INFO] [stderr]   Downloaded pyo3-ffi v0.18.3
[INFO] [stderr]   Downloaded pyo3-build-config v0.18.3
[INFO] [stderr]   Downloaded pyo3-macros-backend v0.18.3
[INFO] [stderr]   Downloaded pyo3 v0.18.3
[INFO] running `Command { std: "docker" "create" "-v" "/var/lib/crater-agent-workspace/builds/worker-1-tc1/target:/opt/rustwide/target:rw,Z" "-v" "/var/lib/crater-agent-workspace/builds/worker-1-tc1/source:/opt/rustwide/workdir:ro,Z" "-v" "/var/lib/crater-agent-workspace/cargo-home:/opt/rustwide/cargo-home:ro,Z" "-v" "/var/lib/crater-agent-workspace/rustup-home:/opt/rustwide/rustup-home:ro,Z" "-e" "SOURCE_DIR=/opt/rustwide/workdir" "-e" "CARGO_TARGET_DIR=/opt/rustwide/target" "-e" "CARGO_HOME=/opt/rustwide/cargo-home" "-e" "RUSTUP_HOME=/opt/rustwide/rustup-home" "-w" "/opt/rustwide/workdir" "-m" "1610612736" "--user" "0:0" "--network" "none" "ghcr.io/rust-lang/crates-build-env/linux@sha256:4a844ea9eb2546a2d2c7022eacef16ef2e8229c7fbb2c7d4d55a9ceca922f72d" "/opt/rustwide/cargo-home/bin/cargo" "+nightly-2024-10-28" "metadata" "--no-deps" "--format-version=1", kill_on_drop: false }`
[INFO] [stdout] 638aaefa9c42fe2605b9c9f7127967b48e42941342f3787b2ecb2c4b41be2b4b
[INFO] running `Command { std: "docker" "start" "-a" "638aaefa9c42fe2605b9c9f7127967b48e42941342f3787b2ecb2c4b41be2b4b", kill_on_drop: false }`
[INFO] running `Command { std: "docker" "inspect" "638aaefa9c42fe2605b9c9f7127967b48e42941342f3787b2ecb2c4b41be2b4b", kill_on_drop: false }`
[INFO] running `Command { std: "docker" "rm" "-f" "638aaefa9c42fe2605b9c9f7127967b48e42941342f3787b2ecb2c4b41be2b4b", kill_on_drop: false }`
[INFO] [stdout] 638aaefa9c42fe2605b9c9f7127967b48e42941342f3787b2ecb2c4b41be2b4b
[INFO] running `Command { std: "docker" "create" "-v" "/var/lib/crater-agent-workspace/builds/worker-1-tc1/target:/opt/rustwide/target:rw,Z" "-v" "/var/lib/crater-agent-workspace/builds/worker-1-tc1/source:/opt/rustwide/workdir:ro,Z" "-v" "/var/lib/crater-agent-workspace/cargo-home:/opt/rustwide/cargo-home:ro,Z" "-v" "/var/lib/crater-agent-workspace/rustup-home:/opt/rustwide/rustup-home:ro,Z" "-e" "SOURCE_DIR=/opt/rustwide/workdir" "-e" "CARGO_TARGET_DIR=/opt/rustwide/target" "-e" "CARGO_INCREMENTAL=0" "-e" "RUST_BACKTRACE=full" "-e" "RUSTFLAGS=--cap-lints=forbid" "-e" "RUSTDOCFLAGS=--cap-lints=forbid" "-e" "CARGO_HOME=/opt/rustwide/cargo-home" "-e" "RUSTUP_HOME=/opt/rustwide/rustup-home" "-w" "/opt/rustwide/workdir" "-m" "1610612736" "--user" "0:0" "--network" "none" "ghcr.io/rust-lang/crates-build-env/linux@sha256:4a844ea9eb2546a2d2c7022eacef16ef2e8229c7fbb2c7d4d55a9ceca922f72d" "/opt/rustwide/cargo-home/bin/cargo" "+nightly-2024-10-28" "build" "--frozen" "--message-format=json", kill_on_drop: false }`
[INFO] [stdout] 197622f0ba442fd750db0b208f686d09db03e14e265fb5830df690eec339bc3c
[INFO] running `Command { std: "docker" "start" "-a" "197622f0ba442fd750db0b208f686d09db03e14e265fb5830df690eec339bc3c", kill_on_drop: false }`
[INFO] [stderr]    Compiling proc-macro2 v1.0.78
[INFO] [stderr]    Compiling unicode-ident v1.0.12
[INFO] [stderr]    Compiling autocfg v1.1.0
[INFO] [stderr]    Compiling pin-project-lite v0.2.13
[INFO] [stderr]    Compiling libc v0.2.153
[INFO] [stderr]    Compiling cfg-if v1.0.0
[INFO] [stderr]    Compiling futures-core v0.3.30
[INFO] [stderr]    Compiling crossbeam-utils v0.8.19
[INFO] [stderr]    Compiling futures-io v0.3.30
[INFO] [stderr]    Compiling once_cell v1.19.0
[INFO] [stderr]    Compiling parking v2.2.0
[INFO] [stderr]    Compiling memchr v2.7.1
[INFO] [stderr]    Compiling value-bag v1.7.0
[INFO] [stderr]    Compiling fastrand v2.0.1
[INFO] [stderr]    Compiling ppv-lite86 v0.2.17
[INFO] [stderr]    Compiling libm v0.2.8
[INFO] [stderr]    Compiling rustix v0.38.31
[INFO] [stderr]    Compiling io-lifetimes v1.0.11
[INFO] [stderr]    Compiling linux-raw-sys v0.4.13
[INFO] [stderr]    Compiling bitflags v2.4.2
[INFO] [stderr]    Compiling serde v1.0.196
[INFO] [stderr]    Compiling tracing-core v0.1.32
[INFO] [stderr]    Compiling futures-lite v2.2.0
[INFO] [stderr]    Compiling regex-syntax v0.8.2
[INFO] [stderr]    Compiling log v0.4.20
[INFO] [stderr]    Compiling slab v0.4.9
[INFO] [stderr]    Compiling num-traits v0.2.17
[INFO] [stderr]    Compiling polling v2.8.0
[INFO] [stderr]    Compiling rustix v0.37.27
[INFO] [stderr]    Compiling atomic-waker v1.1.2
[INFO] [stderr]    Compiling utf8parse v0.2.1
[INFO] [stderr]    Compiling pin-utils v0.1.0
[INFO] [stderr]    Compiling futures-sink v0.3.30
[INFO] [stderr]    Compiling event-listener v2.5.3
[INFO] [stderr]    Compiling async-task v4.7.0
[INFO] [stderr]    Compiling futures-channel v0.3.30
[INFO] [stderr]    Compiling aho-corasick v1.1.2
[INFO] [stderr]    Compiling quote v1.0.35
[INFO] [stderr]    Compiling concurrent-queue v2.4.0
[INFO] [stderr]    Compiling anstyle-parse v0.2.3
[INFO] [stderr]    Compiling piper v0.2.1
[INFO] [stderr]    Compiling async-io v1.13.0
[INFO] [stderr]    Compiling syn v2.0.48
[INFO] [stderr]    Compiling event-listener v4.0.3
[INFO] [stderr]    Compiling futures-task v0.3.30
[INFO] [stderr]    Compiling getrandom v0.2.12
[INFO] [stderr]    Compiling anstyle v1.0.6
[INFO] [stderr]    Compiling waker-fn v1.1.1
[INFO] [stderr]    Compiling colorchoice v1.0.0
[INFO] [stderr]    Compiling bitflags v1.3.2
[INFO] [stderr]    Compiling rand_core v0.6.4
[INFO] [stderr]    Compiling linux-raw-sys v0.3.8
[INFO] [stderr]    Compiling fastrand v1.9.0
[INFO] [stderr]    Compiling event-listener-strategy v0.4.0
[INFO] [stderr]    Compiling serde_json v1.0.113
[INFO] [stderr]    Compiling regex-syntax v0.6.29
[INFO] [stderr]    Compiling rand_chacha v0.3.1
[INFO] [stderr]    Compiling anstyle-query v1.0.2
[INFO] [stderr]    Compiling async-lock v3.3.0
[INFO] [stderr]    Compiling async-channel v2.1.1
[INFO] [stderr]    Compiling anstream v0.6.11
[INFO] [stderr]    Compiling futures-lite v1.13.0
[INFO] [stderr]    Compiling socket2 v0.4.10
[INFO] [stderr]    Compiling async-lock v2.8.0
[INFO] [stderr]    Compiling rand v0.8.5
[INFO] [stderr]    Compiling clap_lex v0.6.0
[INFO] [stderr]    Compiling ryu v1.0.16
[INFO] [stderr]    Compiling async-executor v1.8.0
[INFO] [stderr]    Compiling heck v0.4.1
[INFO] [stderr]    Compiling lazy_static v1.4.0
[INFO] [stderr]    Compiling itoa v1.0.10
[INFO] [stderr]    Compiling overload v0.1.1
[INFO] [stderr]    Compiling strsim v0.10.0
[INFO] [stderr]    Compiling nu-ansi-term v0.46.0
[INFO] [stderr]    Compiling sharded-slab v0.1.7
[INFO] [stderr]    Compiling async-channel v1.9.0
[INFO] [stderr]    Compiling clap_builder v4.4.18
[INFO] [stderr]    Compiling tracing-log v0.2.0
[INFO] [stderr]    Compiling kv-log-macro v1.0.7
[INFO] [stderr]    Compiling rand_distr v0.4.3
[INFO] [stderr]    Compiling thread_local v1.1.7
[INFO] [stderr]    Compiling regex-automata v0.4.5
[INFO] [stderr]    Compiling fnv v1.0.7
[INFO] [stderr]    Compiling smallvec v1.13.1
[INFO] [stderr]    Compiling lime v0.1.0 (/opt/rustwide/workdir/lime)
[INFO] [stderr]    Compiling regex-automata v0.1.10
[INFO] [stderr]    Compiling matchers v0.1.0
[INFO] [stderr]    Compiling tracing-attributes v0.1.27
[INFO] [stderr]    Compiling serde_derive v1.0.196
[INFO] [stderr]    Compiling futures-macro v0.3.30
[INFO] [stderr]    Compiling clap_derive v4.4.7
[INFO] [stderr]    Compiling regex v1.10.3
[INFO] [stderr]    Compiling futures-util v0.3.30
[INFO] [stderr]    Compiling tracing v0.1.40
[INFO] [stderr]    Compiling polling v3.4.0
[INFO] [stderr]    Compiling blocking v1.5.1
[INFO] [stderr]    Compiling tak v0.2.0 (/opt/rustwide/workdir/tak)
[INFO] [stderr]    Compiling async-io v2.3.1
[INFO] [stderr]    Compiling tracing-subscriber v0.3.18
[INFO] [stderr]    Compiling clap v4.4.18
[INFO] [stderr]    Compiling async-global-executor v2.4.1
[INFO] [stderr]    Compiling async-std v1.12.0
[INFO] [stderr]    Compiling futures-executor v0.3.30
[INFO] [stderr]    Compiling futures v0.3.30
[INFO] [stderr]    Compiling ann v0.2.0 (/opt/rustwide/workdir/ann)
[INFO] [stderr]    Compiling analysis v0.2.0 (/opt/rustwide/workdir/analysis)
[INFO] [stderr]    Compiling client v0.2.0 (/opt/rustwide/workdir/client)
[INFO] [stdout] warning: field `task` is never read
[INFO] [stdout]   --> client/src/play.rs:20:9
[INFO] [stdout]    |
[INFO] [stdout] 17 | pub struct Player<const N: usize> {
[INFO] [stdout]    |            ------ field in this struct
[INFO] [stdout] ...
[INFO] [stdout] 20 |     pub task: JoinHandle<()>,
[INFO] [stdout]    |         ^^^^
[INFO] [stdout]    |
[INFO] [stdout]    = note: `#[warn(dead_code)]` on by default
[INFO] [stdout] 
[INFO] [stdout] 
[INFO] [stdout] warning: field `0` is never read
[INFO] [stdout]   --> client/src/play.rs:46:16
[INFO] [stdout]    |
[INFO] [stdout] 46 |     Resolution(Resolution),
[INFO] [stdout]    |     ---------- ^^^^^^^^^^
[INFO] [stdout]    |     |
[INFO] [stdout]    |     field in this variant
[INFO] [stdout]    |
[INFO] [stdout]    = note: `GameEnd` has a derived impl for the trait `Debug`, but this is intentionally ignored during dead code analysis
[INFO] [stdout] help: consider changing the field to be of unit type to suppress this warning while preserving the field numbering, or remove the field
[INFO] [stdout]    |
[INFO] [stdout] 46 |     Resolution(()),
[INFO] [stdout]    |                ~~
[INFO] [stdout] 
[INFO] [stdout] 
[INFO] [stderr]     Finished `dev` profile [optimized + debuginfo] target(s) in 33.23s
[INFO] running `Command { std: "docker" "inspect" "197622f0ba442fd750db0b208f686d09db03e14e265fb5830df690eec339bc3c", kill_on_drop: false }`
[INFO] running `Command { std: "docker" "rm" "-f" "197622f0ba442fd750db0b208f686d09db03e14e265fb5830df690eec339bc3c", kill_on_drop: false }`
[INFO] [stdout] 197622f0ba442fd750db0b208f686d09db03e14e265fb5830df690eec339bc3c
[INFO] running `Command { std: "docker" "create" "-v" "/var/lib/crater-agent-workspace/builds/worker-1-tc1/target:/opt/rustwide/target:rw,Z" "-v" "/var/lib/crater-agent-workspace/builds/worker-1-tc1/source:/opt/rustwide/workdir:ro,Z" "-v" "/var/lib/crater-agent-workspace/cargo-home:/opt/rustwide/cargo-home:ro,Z" "-v" "/var/lib/crater-agent-workspace/rustup-home:/opt/rustwide/rustup-home:ro,Z" "-e" "SOURCE_DIR=/opt/rustwide/workdir" "-e" "CARGO_TARGET_DIR=/opt/rustwide/target" "-e" "CARGO_INCREMENTAL=0" "-e" "RUST_BACKTRACE=full" "-e" "RUSTFLAGS=--cap-lints=forbid" "-e" "RUSTDOCFLAGS=--cap-lints=forbid" "-e" "CARGO_HOME=/opt/rustwide/cargo-home" "-e" "RUSTUP_HOME=/opt/rustwide/rustup-home" "-w" "/opt/rustwide/workdir" "-m" "1610612736" "--user" "0:0" "--network" "none" "ghcr.io/rust-lang/crates-build-env/linux@sha256:4a844ea9eb2546a2d2c7022eacef16ef2e8229c7fbb2c7d4d55a9ceca922f72d" "/opt/rustwide/cargo-home/bin/cargo" "+nightly-2024-10-28" "test" "--frozen" "--no-run" "--message-format=json", kill_on_drop: false }`
[INFO] [stdout] d2a06d69c4dd0a4012e201c9fe230fe5b809b8a0685f93abf4ec37500354ee24
[INFO] running `Command { std: "docker" "start" "-a" "d2a06d69c4dd0a4012e201c9fe230fe5b809b8a0685f93abf4ec37500354ee24", kill_on_drop: false }`
[INFO] [stderr]    Compiling lime v0.1.0 (/opt/rustwide/workdir/lime)
[INFO] [stderr]    Compiling tak v0.2.0 (/opt/rustwide/workdir/tak)
[INFO] [stderr]    Compiling ann v0.2.0 (/opt/rustwide/workdir/ann)
[INFO] [stderr]    Compiling analysis v0.2.0 (/opt/rustwide/workdir/analysis)
[INFO] [stderr]    Compiling client v0.2.0 (/opt/rustwide/workdir/client)
[INFO] [stdout] warning: field `task` is never read
[INFO] [stdout]   --> client/src/play.rs:20:9
[INFO] [stdout]    |
[INFO] [stdout] 17 | pub struct Player<const N: usize> {
[INFO] [stdout]    |            ------ field in this struct
[INFO] [stdout] ...
[INFO] [stdout] 20 |     pub task: JoinHandle<()>,
[INFO] [stdout]    |         ^^^^
[INFO] [stdout]    |
[INFO] [stdout]    = note: `#[warn(dead_code)]` on by default
[INFO] [stdout] 
[INFO] [stdout] 
[INFO] [stdout] warning: field `0` is never read
[INFO] [stdout]   --> client/src/play.rs:46:16
[INFO] [stdout]    |
[INFO] [stdout] 46 |     Resolution(Resolution),
[INFO] [stdout]    |     ---------- ^^^^^^^^^^
[INFO] [stdout]    |     |
[INFO] [stdout]    |     field in this variant
[INFO] [stdout]    |
[INFO] [stdout]    = note: `GameEnd` has a derived impl for the trait `Debug`, but this is intentionally ignored during dead code analysis
[INFO] [stdout] help: consider changing the field to be of unit type to suppress this warning while preserving the field numbering, or remove the field
[INFO] [stdout]    |
[INFO] [stdout] 46 |     Resolution(()),
[INFO] [stdout]    |                ~~
[INFO] [stdout] 
[INFO] [stdout] 
[INFO] [stderr]     Finished `test` profile [optimized + debuginfo] target(s) in 19.93s
[INFO] running `Command { std: "docker" "inspect" "d2a06d69c4dd0a4012e201c9fe230fe5b809b8a0685f93abf4ec37500354ee24", kill_on_drop: false }`
[INFO] running `Command { std: "docker" "rm" "-f" "d2a06d69c4dd0a4012e201c9fe230fe5b809b8a0685f93abf4ec37500354ee24", kill_on_drop: false }`
[INFO] [stdout] d2a06d69c4dd0a4012e201c9fe230fe5b809b8a0685f93abf4ec37500354ee24
[INFO] running `Command { std: "docker" "create" "-v" "/var/lib/crater-agent-workspace/builds/worker-1-tc1/target:/opt/rustwide/target:rw,Z" "-v" "/var/lib/crater-agent-workspace/builds/worker-1-tc1/source:/opt/rustwide/workdir:ro,Z" "-v" "/var/lib/crater-agent-workspace/cargo-home:/opt/rustwide/cargo-home:ro,Z" "-v" "/var/lib/crater-agent-workspace/rustup-home:/opt/rustwide/rustup-home:ro,Z" "-e" "SOURCE_DIR=/opt/rustwide/workdir" "-e" "CARGO_TARGET_DIR=/opt/rustwide/target" "-e" "CARGO_INCREMENTAL=0" "-e" "RUST_BACKTRACE=full" "-e" "RUSTFLAGS=--cap-lints=forbid" "-e" "RUSTDOCFLAGS=--cap-lints=forbid" "-e" "CARGO_HOME=/opt/rustwide/cargo-home" "-e" "RUSTUP_HOME=/opt/rustwide/rustup-home" "-w" "/opt/rustwide/workdir" "-m" "1610612736" "--user" "0:0" "--network" "none" "ghcr.io/rust-lang/crates-build-env/linux@sha256:4a844ea9eb2546a2d2c7022eacef16ef2e8229c7fbb2c7d4d55a9ceca922f72d" "/opt/rustwide/cargo-home/bin/cargo" "+nightly-2024-10-28" "test" "--frozen", kill_on_drop: false }`
[INFO] [stdout] edb176a09b0b80cfb2605e58191a26acc8342975917462cdb9ca239148279f7b
[INFO] running `Command { std: "docker" "start" "-a" "edb176a09b0b80cfb2605e58191a26acc8342975917462cdb9ca239148279f7b", kill_on_drop: false }`
[INFO] [stderr] warning: field `task` is never read
[INFO] [stderr]   --> client/src/play.rs:20:9
[INFO] [stderr]    |
[INFO] [stderr] 17 | pub struct Player<const N: usize> {
[INFO] [stderr]    |            ------ field in this struct
[INFO] [stderr] ...
[INFO] [stderr] 20 |     pub task: JoinHandle<()>,
[INFO] [stderr]    |         ^^^^
[INFO] [stderr]    |
[INFO] [stderr]    = note: `#[warn(dead_code)]` on by default
[INFO] [stderr] 
[INFO] [stderr] warning: field `0` is never read
[INFO] [stderr]   --> client/src/play.rs:46:16
[INFO] [stderr]    |
[INFO] [stderr] 46 |     Resolution(Resolution),
[INFO] [stderr]    |     ---------- ^^^^^^^^^^
[INFO] [stderr]    |     |
[INFO] [stderr]    |     field in this variant
[INFO] [stderr]    |
[INFO] [stderr]    = note: `GameEnd` has a derived impl for the trait `Debug`, but this is intentionally ignored during dead code analysis
[INFO] [stderr] help: consider changing the field to be of unit type to suppress this warning while preserving the field numbering, or remove the field
[INFO] [stderr]    |
[INFO] [stderr] 46 |     Resolution(()),
[INFO] [stderr]    |                ~~
[INFO] [stderr] 
[INFO] [stderr] warning: `client` (bin "takkerus" test) generated 2 warnings
[INFO] [stderr]     Finished `test` profile [optimized + debuginfo] target(s) in 0.09s
[INFO] [stderr]      Running unittests src/lib.rs (/opt/rustwide/target/debug/deps/analysis-40ecd89035233b7a)
[INFO] [stdout] 
[INFO] [stdout] running 10 tests
[INFO] [stdout] test evaluation::features::tests::print_feature_counts ... ok
[INFO] [stdout] test evaluation::features::tests::road_steps ... ok
[INFO] [stdout] test move_order::placement_wins::test::placement_threat_maps_are_correct ... ok
[INFO] [stdout] test transposition_table::tests::entry_info ... ok
[INFO] [stdout] test transposition_table::tests::entry_print_size ... ok
[INFO] [stdout] test transposition_table::tests::insert_and_get ... ok
[INFO] [stdout] test transposition_table::tests::slot_print_size ... ok
[INFO] [stdout] test util::tests::packed_ply ... ok
[INFO] [stdout] test evaluation::features::tests::correct_features_6s ... ok
[INFO] [stdout] test evaluation::features::tests::correct_features_7s ... ok
[INFO] [stdout] 
[INFO] [stdout] test result: ok. 10 passed; 0 failed; 0 ignored; 0 measured; 0 filtered out; finished in 0.00s
[INFO] [stdout] 
[INFO] [stderr]      Running unittests src/lib.rs (/opt/rustwide/target/debug/deps/ann-f3c3f6198a4bd42d)
[INFO] [stdout] 
[INFO] [stdout] running 6 tests
[INFO] [stdout] test gradient_descent::tests::adam_find_minimum ... ok
[INFO] [stdout] test gradient_descent::tests::simple_find_minimum ... ok
[INFO] [stdout] test linear_algebra::matrix::tests::cast ... ok
[INFO] [stdout] test linear_algebra::matrix::tests::multiply ... ok
[INFO] [stdout] test linear_algebra::matrix::tests::transpose ... ok
[INFO] [stdout] test shallow::ann::tests::xor_net ... ok
[INFO] [stdout] 
[INFO] [stdout] test result: ok. 6 passed; 0 failed; 0 ignored; 0 measured; 0 filtered out; finished in 0.00s
[INFO] [stdout] 
[INFO] [stderr]      Running unittests src/main.rs (/opt/rustwide/target/debug/deps/takkerus-6f54d2413a068761)
[INFO] [stdout] 
[INFO] [stdout] running 0 tests
[INFO] [stdout] 
[INFO] [stdout] test result: ok. 0 passed; 0 failed; 0 ignored; 0 measured; 0 filtered out; finished in 0.00s
[INFO] [stdout] 
[INFO] [stderr]      Running unittests src/lib.rs (/opt/rustwide/target/debug/deps/lime-bcea66095329545e)
[INFO] [stdout] 
[INFO] [stdout] running 1 test
[INFO] [stdout] test lasso::tests::simple ... ok
[INFO] [stdout] 
[INFO] [stdout] test result: ok. 1 passed; 0 failed; 0 ignored; 0 measured; 0 filtered out; finished in 0.00s
[INFO] [stdout] 
[INFO] [stderr]      Running unittests src/lib.rs (/opt/rustwide/target/debug/deps/tak-25ac5c51a542a949)
[INFO] [stdout] 
[INFO] [stdout] running 47 tests
[INFO] [stdout] test bitmap::tests::bits ... ok
[INFO] [stdout] test bitmap::tests::clear ... ok
[INFO] [stdout] test bitmap::tests::coordinates ... ok
[INFO] [stdout] test bitmap::tests::dilate ... ok
[INFO] [stdout] test bitmap::tests::get ... ok
[INFO] [stdout] test bitmap::tests::groups ... ok
[INFO] [stdout] test bitmap::tests::height ... ok
[INFO] [stdout] test bitmap::tests::set ... ok
[INFO] [stdout] test bitmap::tests::width ... ok
[INFO] [stdout] test metadata::tests::print_size ... ok
[INFO] [stdout] test ply::tests::drops ... ok
[INFO] [stdout] test ply::tests::drops_invalid_carry ... ok
[INFO] [stdout] test ply::tests::drops_invalid_drop ... ok
[INFO] [stdout] test ply::tests::drops_last ... ok
[INFO] [stdout] test stack::tests::add ... ok
[INFO] [stdout] test stack::tests::add_piece ... ok
[INFO] [stdout] test stack::tests::drop ... ok
[INFO] [stdout] test ptn::tests::coordinates_are_in_bounds ... ok
[INFO] [stdout] test stack::tests::from_player_bitmap ... ok
[INFO] [stdout] test ptn::tests::spread_amounts ... ok
[INFO] [stdout] test ptn::tests::spread_bounds ... ok
[INFO] [stdout] test ptn::tests::place_piece_types ... ok
[INFO] [stdout] test ptn::tests::spread_directions ... ok
[INFO] [stdout] test stack::tests::get ... ok
[INFO] [stdout] test stack::tests::get_player_bitmaps ... ok
[INFO] [stdout] test stack::tests::iter ... ok
[INFO] [stdout] test stack::tests::take ... ok
[INFO] [stdout] test state::tests::placement_threat_is_accurate ... ok
[INFO] [stdout] test state::tests::print_size ... ok
[INFO] [stdout] test state::tests::spans_board_is_accurate ... ok
[INFO] [stdout] test tps::tests::incorrect_state ... ok
[INFO] [stdout] test tps::tests::correct_state ... ok
[INFO] [stdout] test state::tests::execute_bad_crush ... ok
[INFO] [stdout] test tps::tests::correct_tps ... ok
[INFO] [stdout] test state::tests::hashes_are_uniquely_identifying ... ok
[INFO] [stdout] test state::tests::execute_valid_plies ... ok
[INFO] [stdout] test ptn::tests::ptn_with_tps_to_state ... ok
[INFO] [stdout] test zobrist::tests::correct_piece_indices ... ok
[INFO] [stdout] test state::tests::resolution ... ok
[INFO] [stdout] test state::tests::metadata_updates_correctly ... ok
[INFO] [stdout] test ptn::tests::remove_last_ply_from_ptn ... ok
[INFO] [stdout] test ptn::tests::add_plies_to_ptn ... ok
[INFO] [stdout] test ptn::tests::ptn_with_tps_and_moves_to_state ... ok
[INFO] [stdout] test ply::tests::spread_maps ... ok
[INFO] [stdout] test state::tests::is_in_tak ... ok
[INFO] [stdout] test ply::generation::spread_maps::tests::print_spread_maps_size ... ok
[INFO] [stdout] test ptn::tests::crushes ... FAILED
[INFO] [stdout] 
[INFO] [stdout] failures:
[INFO] [stdout] 
[INFO] [stdout] ---- ptn::tests::crushes stdout ----
[INFO] [stdout] thread 'ptn::tests::crushes' panicked at tak/src/ptn.rs:1004:9:
[INFO] [stdout] assertion failed: "3a3>12*".parse::<Ply<5>>().is_err()
[INFO] [stdout] stack backtrace:
[INFO] [stdout]    0:     0x5b816ddc3a6a - std::backtrace_rs::backtrace::libunwind::trace::h207520d6e9873551
[INFO] [stdout]                                at /rustc/df4ca44d3fbc9301ee17f30f4d474e6ae4b05252/library/std/src/../../backtrace/src/backtrace/libunwind.rs:116:5
[INFO] [stdout]    1:     0x5b816ddc3a6a - std::backtrace_rs::backtrace::trace_unsynchronized::h2ed7433f370e3eca
[INFO] [stdout]                                at /rustc/df4ca44d3fbc9301ee17f30f4d474e6ae4b05252/library/std/src/../../backtrace/src/backtrace/mod.rs:66:5
[INFO] [stdout]    2:     0x5b816ddc3a6a - std::sys::backtrace::_print_fmt::h916fac51166b18d7
[INFO] [stdout]                                at /rustc/df4ca44d3fbc9301ee17f30f4d474e6ae4b05252/library/std/src/sys/backtrace.rs:66:9
[INFO] [stdout]    3:     0x5b816ddc3a6a - <std::sys::backtrace::BacktraceLock::print::DisplayBacktrace as core::fmt::Display>::fmt::ha0a4c9b8ce3802e6
[INFO] [stdout]                                at /rustc/df4ca44d3fbc9301ee17f30f4d474e6ae4b05252/library/std/src/sys/backtrace.rs:39:26
[INFO] [stdout]    4:     0x5b816dcb5093 - core::fmt::rt::Argument::fmt::h4cfc8587d52b3eb5
[INFO] [stdout]                                at /rustc/df4ca44d3fbc9301ee17f30f4d474e6ae4b05252/library/core/src/fmt/rt.rs:177:76
[INFO] [stdout]    5:     0x5b816dcb5093 - core::fmt::write::h522cc39e5b36ae9f
[INFO] [stdout]                                at /rustc/df4ca44d3fbc9301ee17f30f4d474e6ae4b05252/library/core/src/fmt/mod.rs:1190:21
[INFO] [stdout]    6:     0x5b816ddbdf83 - std::io::Write::write_fmt::h7d3c26752da97734
[INFO] [stdout]                                at /rustc/df4ca44d3fbc9301ee17f30f4d474e6ae4b05252/library/std/src/io/mod.rs:1839:15
[INFO] [stdout]    7:     0x5b816ddc38c2 - std::sys::backtrace::BacktraceLock::print::h4b9e00b29e9c0942
[INFO] [stdout]                                at /rustc/df4ca44d3fbc9301ee17f30f4d474e6ae4b05252/library/std/src/sys/backtrace.rs:42:9
[INFO] [stdout]    8:     0x5b816ddc4c44 - std::panicking::default_hook::{{closure}}::hb59b88280d0324d9
[INFO] [stdout]                                at /rustc/df4ca44d3fbc9301ee17f30f4d474e6ae4b05252/library/std/src/panicking.rs:268:22
[INFO] [stdout]    9:     0x5b816ddc4a52 - std::panicking::default_hook::he1dd496665be4a29
[INFO] [stdout]                                at /rustc/df4ca44d3fbc9301ee17f30f4d474e6ae4b05252/library/std/src/panicking.rs:292:9
[INFO] [stdout]   10:     0x5b816de4ecfd - <alloc::boxed::Box<F,A> as core::ops::function::Fn<Args>>::call::h4ff71de18744e1dc
[INFO] [stdout]                                at /rustc/df4ca44d3fbc9301ee17f30f4d474e6ae4b05252/library/alloc/src/boxed.rs:2468:9
[INFO] [stdout]   11:     0x5b816de4ecfd - test::test_main::{{closure}}::hcf7c055ce117aa81
[INFO] [stdout]                                at /rustc/df4ca44d3fbc9301ee17f30f4d474e6ae4b05252/library/test/src/lib.rs:133:21
[INFO] [stdout]   12:     0x5b816ddc52d8 - <alloc::boxed::Box<F,A> as core::ops::function::Fn<Args>>::call::h1d66c6bbd60c9692
[INFO] [stdout]                                at /rustc/df4ca44d3fbc9301ee17f30f4d474e6ae4b05252/library/alloc/src/boxed.rs:2468:9
[INFO] [stdout]   13:     0x5b816ddc52d8 - std::panicking::rust_panic_with_hook::h2ff17fe8f26dfcf8
[INFO] [stdout]                                at /rustc/df4ca44d3fbc9301ee17f30f4d474e6ae4b05252/library/std/src/panicking.rs:809:13
[INFO] [stdout]   14:     0x5b816ddc5076 - std::panicking::begin_panic_handler::{{closure}}::h4fad77951c07e101
[INFO] [stdout]                                at /rustc/df4ca44d3fbc9301ee17f30f4d474e6ae4b05252/library/std/src/panicking.rs:667:13
[INFO] [stdout]   15:     0x5b816ddc3f19 - std::sys::backtrace::__rust_end_short_backtrace::hb1a25b3da5d0ea08
[INFO] [stdout]                                at /rustc/df4ca44d3fbc9301ee17f30f4d474e6ae4b05252/library/std/src/sys/backtrace.rs:170:18
[INFO] [stdout]   16:     0x5b816ddc4d4c - rust_begin_unwind
[INFO] [stdout]                                at /rustc/df4ca44d3fbc9301ee17f30f4d474e6ae4b05252/library/std/src/panicking.rs:665:5
[INFO] [stdout]   17:     0x5b816dcb3a30 - core::panicking::panic_fmt::ha9db07b529f9b256
[INFO] [stdout]                                at /rustc/df4ca44d3fbc9301ee17f30f4d474e6ae4b05252/library/core/src/panicking.rs:75:14
[INFO] [stdout]   18:     0x5b816dcb3abc - core::panicking::panic::h993086813d94accc
[INFO] [stdout]                                at /rustc/df4ca44d3fbc9301ee17f30f4d474e6ae4b05252/library/core/src/panicking.rs:152:5
[INFO] [stdout]   19:     0x5b816de05f23 - tak::ptn::tests::crushes::hb3fc013d09a0e8de
[INFO] [stdout]                                at /opt/rustwide/workdir/tak/src/ptn.rs:1004:9
[INFO] [stdout]   20:     0x5b816de122e9 - tak::ptn::tests::crushes::{{closure}}::h22c7291519d25bb4
[INFO] [stdout]                                at /opt/rustwide/workdir/tak/src/ptn.rs:993:17
[INFO] [stdout]   21:     0x5b816de122e9 - core::ops::function::FnOnce::call_once::h4d45c2712244cfa3
[INFO] [stdout]                                at /rustc/df4ca44d3fbc9301ee17f30f4d474e6ae4b05252/library/core/src/ops/function.rs:250:5
[INFO] [stdout]   22:     0x5b816de53c5b - core::ops::function::FnOnce::call_once::h22c3ba5715e93f05
[INFO] [stdout]                                at /rustc/df4ca44d3fbc9301ee17f30f4d474e6ae4b05252/library/core/src/ops/function.rs:250:5
[INFO] [stdout]   23:     0x5b816de53c5b - test::__rust_begin_short_backtrace::h8e82d8113d0da17f
[INFO] [stdout]                                at /rustc/df4ca44d3fbc9301ee17f30f4d474e6ae4b05252/library/test/src/lib.rs:621:18
[INFO] [stdout]   24:     0x5b816de53244 - test::types::RunnableTest::run::h1b7d3770922d0f48
[INFO] [stdout]                                at /rustc/df4ca44d3fbc9301ee17f30f4d474e6ae4b05252/library/test/src/types.rs:145:40
[INFO] [stdout]   25:     0x5b816de53244 - test::run_test_in_process::{{closure}}::h33235f4f20b7b7c7
[INFO] [stdout]                                at /rustc/df4ca44d3fbc9301ee17f30f4d474e6ae4b05252/library/test/src/lib.rs:644:60
[INFO] [stdout]   26:     0x5b816de53244 - <core::panic::unwind_safe::AssertUnwindSafe<F> as core::ops::function::FnOnce<()>>::call_once::hb5043206310c586f
[INFO] [stdout]                                at /rustc/df4ca44d3fbc9301ee17f30f4d474e6ae4b05252/library/core/src/panic/unwind_safe.rs:272:9
[INFO] [stdout]   27:     0x5b816de53244 - std::panicking::try::do_call::h9ad4731a60ab23e2
[INFO] [stdout]                                at /rustc/df4ca44d3fbc9301ee17f30f4d474e6ae4b05252/library/std/src/panicking.rs:557:40
[INFO] [stdout]   28:     0x5b816de53244 - std::panicking::try::h3824d23db772a716
[INFO] [stdout]                                at /rustc/df4ca44d3fbc9301ee17f30f4d474e6ae4b05252/library/std/src/panicking.rs:520:19
[INFO] [stdout]   29:     0x5b816de53244 - std::panic::catch_unwind::h5afd514605fde46b
[INFO] [stdout]                                at /rustc/df4ca44d3fbc9301ee17f30f4d474e6ae4b05252/library/std/src/panic.rs:358:14
[INFO] [stdout]   30:     0x5b816de53244 - test::run_test_in_process::h0d5cbfa7067d1720
[INFO] [stdout]                                at /rustc/df4ca44d3fbc9301ee17f30f4d474e6ae4b05252/library/test/src/lib.rs:644:27
[INFO] [stdout]   31:     0x5b816de53244 - test::run_test::{{closure}}::h708eb8872708115d
[INFO] [stdout]                                at /rustc/df4ca44d3fbc9301ee17f30f4d474e6ae4b05252/library/test/src/lib.rs:565:43
[INFO] [stdout]   32:     0x5b816de1432a - test::run_test::{{closure}}::h392c51cee94713ab
[INFO] [stdout]                                at /rustc/df4ca44d3fbc9301ee17f30f4d474e6ae4b05252/library/test/src/lib.rs:595:41
[INFO] [stdout]   33:     0x5b816de1432a - std::sys::backtrace::__rust_begin_short_backtrace::h2f40290710935a8b
[INFO] [stdout]                                at /rustc/df4ca44d3fbc9301ee17f30f4d474e6ae4b05252/library/std/src/sys/backtrace.rs:154:18
[INFO] [stdout]   34:     0x5b816de18173 - std::thread::Builder::spawn_unchecked_::{{closure}}::{{closure}}::h3fd968d89053a903
[INFO] [stdout]                                at /rustc/df4ca44d3fbc9301ee17f30f4d474e6ae4b05252/library/std/src/thread/mod.rs:541:17
[INFO] [stdout]   35:     0x5b816de18173 - <core::panic::unwind_safe::AssertUnwindSafe<F> as core::ops::function::FnOnce<()>>::call_once::h743f637ba4229880
[INFO] [stdout]                                at /rustc/df4ca44d3fbc9301ee17f30f4d474e6ae4b05252/library/core/src/panic/unwind_safe.rs:272:9
[INFO] [stdout]   36:     0x5b816de18173 - std::panicking::try::do_call::h07440897322525a6
[INFO] [stdout]                                at /rustc/df4ca44d3fbc9301ee17f30f4d474e6ae4b05252/library/std/src/panicking.rs:557:40
[INFO] [stdout]   37:     0x5b816de18173 - std::panicking::try::he5a2e00188156637
[INFO] [stdout]                                at /rustc/df4ca44d3fbc9301ee17f30f4d474e6ae4b05252/library/std/src/panicking.rs:520:19
[INFO] [stdout]   38:     0x5b816de18173 - std::panic::catch_unwind::hbaf3cae49b3c6433
[INFO] [stdout]                                at /rustc/df4ca44d3fbc9301ee17f30f4d474e6ae4b05252/library/std/src/panic.rs:358:14
[INFO] [stdout]   39:     0x5b816de18173 - std::thread::Builder::spawn_unchecked_::{{closure}}::h8e141ea224820bce
[INFO] [stdout]                                at /rustc/df4ca44d3fbc9301ee17f30f4d474e6ae4b05252/library/std/src/thread/mod.rs:540:30
[INFO] [stdout]   40:     0x5b816de18173 - core::ops::function::FnOnce::call_once{{vtable.shim}}::h90d312fedd7b8ea8
[INFO] [stdout]                                at /rustc/df4ca44d3fbc9301ee17f30f4d474e6ae4b05252/library/core/src/ops/function.rs:250:5
[INFO] [stdout]   41:     0x5b816ddc7a2b - <alloc::boxed::Box<F,A> as core::ops::function::FnOnce<Args>>::call_once::h69aa08ddb6adb8b6
[INFO] [stdout]                                at /rustc/df4ca44d3fbc9301ee17f30f4d474e6ae4b05252/library/alloc/src/boxed.rs:2454:9
[INFO] [stdout]   42:     0x5b816ddc7a2b - <alloc::boxed::Box<F,A> as core::ops::function::FnOnce<Args>>::call_once::h5aa36efdb79c806f
[INFO] [stdout]                                at /rustc/df4ca44d3fbc9301ee17f30f4d474e6ae4b05252/library/alloc/src/boxed.rs:2454:9
[INFO] [stdout]   43:     0x5b816ddc7a2b - std::sys::pal::unix::thread::Thread::new::thread_start::h6cd80a1b4be5158d
[INFO] [stdout]                                at /rustc/df4ca44d3fbc9301ee17f30f4d474e6ae4b05252/library/std/src/sys/pal/unix/thread.rs:105:17
[INFO] [stdout]   44:     0x73e697cfbac3 - <unknown>
[INFO] [stdout]   45:     0x73e697d8ca04 - clone
[INFO] [stdout]   46:                0x0 - <unknown>
[INFO] [stdout] 
[INFO] [stdout] 
[INFO] [stdout] failures:
[INFO] [stdout]     ptn::tests::crushes
[INFO] [stdout] 
[INFO] [stdout] test result: FAILED. 46 passed; 1 failed; 0 ignored; 0 measured; 0 filtered out; finished in 0.04s
[INFO] [stdout] 
[INFO] [stderr] error: test failed, to rerun pass `-p tak --lib`
[INFO] running `Command { std: "docker" "inspect" "edb176a09b0b80cfb2605e58191a26acc8342975917462cdb9ca239148279f7b", kill_on_drop: false }`
[INFO] running `Command { std: "docker" "rm" "-f" "edb176a09b0b80cfb2605e58191a26acc8342975917462cdb9ca239148279f7b", kill_on_drop: false }`
[INFO] [stdout] edb176a09b0b80cfb2605e58191a26acc8342975917462cdb9ca239148279f7b
