[INFO] cloning repository https://github.com/ccarral/6502-emu
[INFO] running `Command { std: "git" "-c" "credential.helper=" "-c" "credential.helper=/workspace/cargo-home/bin/git-credential-null" "clone" "--bare" "https://github.com/ccarral/6502-emu" "/workspace/cache/git-repos/https%3A%2F%2Fgithub.com%2Fccarral%2F6502-emu", kill_on_drop: false }`
[INFO] [stderr] Cloning into bare repository '/workspace/cache/git-repos/https%3A%2F%2Fgithub.com%2Fccarral%2F6502-emu'...
[INFO] running `Command { std: "git" "rev-parse" "HEAD", kill_on_drop: false }`
[INFO] [stdout] ad059ed7b641638642e7f2bf4579ab6fc982767c
[INFO] testing ccarral/6502-emu/ad059ed7b641638642e7f2bf4579ab6fc982767c against nightly-2024-10-28 for randomize-layout
[INFO] running `Command { std: "git" "clone" "/workspace/cache/git-repos/https%3A%2F%2Fgithub.com%2Fccarral%2F6502-emu" "/workspace/builds/worker-4-tc1/source", kill_on_drop: false }`
[INFO] [stderr] Cloning into '/workspace/builds/worker-4-tc1/source'...
[INFO] [stderr] done.
[INFO] validating manifest of git repo https://github.com/ccarral/6502-emu on toolchain nightly-2024-10-28
[INFO] running `Command { std: CARGO_HOME="/workspace/cargo-home" RUSTUP_HOME="/workspace/rustup-home" "/workspace/cargo-home/bin/cargo" "+nightly-2024-10-28" "metadata" "--manifest-path" "Cargo.toml" "--no-deps", kill_on_drop: false }`
[INFO] started tweaking git repo https://github.com/ccarral/6502-emu
[INFO] finished tweaking git repo https://github.com/ccarral/6502-emu
[INFO] tweaked toml for git repo https://github.com/ccarral/6502-emu written to /workspace/builds/worker-4-tc1/source/Cargo.toml
[INFO] crate git repo https://github.com/ccarral/6502-emu already has a lockfile, it will not be regenerated
[INFO] running `Command { std: CARGO_HOME="/workspace/cargo-home" RUSTUP_HOME="/workspace/rustup-home" "/workspace/cargo-home/bin/cargo" "+nightly-2024-10-28" "fetch" "--manifest-path" "Cargo.toml", kill_on_drop: false }`
[INFO] [stderr]  Downloading crates ...
[INFO] [stderr]   Downloaded clap v3.1.5
[INFO] running `Command { std: "docker" "create" "-v" "/var/lib/crater-agent-workspace/builds/worker-4-tc1/target:/opt/rustwide/target:rw,Z" "-v" "/var/lib/crater-agent-workspace/builds/worker-4-tc1/source:/opt/rustwide/workdir:ro,Z" "-v" "/var/lib/crater-agent-workspace/cargo-home:/opt/rustwide/cargo-home:ro,Z" "-v" "/var/lib/crater-agent-workspace/rustup-home:/opt/rustwide/rustup-home:ro,Z" "-e" "SOURCE_DIR=/opt/rustwide/workdir" "-e" "CARGO_TARGET_DIR=/opt/rustwide/target" "-e" "CARGO_HOME=/opt/rustwide/cargo-home" "-e" "RUSTUP_HOME=/opt/rustwide/rustup-home" "-w" "/opt/rustwide/workdir" "-m" "1610612736" "--user" "0:0" "--network" "none" "ghcr.io/rust-lang/crates-build-env/linux@sha256:4a844ea9eb2546a2d2c7022eacef16ef2e8229c7fbb2c7d4d55a9ceca922f72d" "/opt/rustwide/cargo-home/bin/cargo" "+nightly-2024-10-28" "metadata" "--no-deps" "--format-version=1", kill_on_drop: false }`
[INFO] [stdout] 30fc9bfd6815ab60b4a7dd78f8d6acdef10bf13fa9798ce2d9e4ab26c0476566
[INFO] running `Command { std: "docker" "start" "-a" "30fc9bfd6815ab60b4a7dd78f8d6acdef10bf13fa9798ce2d9e4ab26c0476566", kill_on_drop: false }`
[INFO] running `Command { std: "docker" "inspect" "30fc9bfd6815ab60b4a7dd78f8d6acdef10bf13fa9798ce2d9e4ab26c0476566", kill_on_drop: false }`
[INFO] running `Command { std: "docker" "rm" "-f" "30fc9bfd6815ab60b4a7dd78f8d6acdef10bf13fa9798ce2d9e4ab26c0476566", kill_on_drop: false }`
[INFO] [stdout] 30fc9bfd6815ab60b4a7dd78f8d6acdef10bf13fa9798ce2d9e4ab26c0476566
[INFO] running `Command { std: "docker" "create" "-v" "/var/lib/crater-agent-workspace/builds/worker-4-tc1/target:/opt/rustwide/target:rw,Z" "-v" "/var/lib/crater-agent-workspace/builds/worker-4-tc1/source:/opt/rustwide/workdir:ro,Z" "-v" "/var/lib/crater-agent-workspace/cargo-home:/opt/rustwide/cargo-home:ro,Z" "-v" "/var/lib/crater-agent-workspace/rustup-home:/opt/rustwide/rustup-home:ro,Z" "-e" "SOURCE_DIR=/opt/rustwide/workdir" "-e" "CARGO_TARGET_DIR=/opt/rustwide/target" "-e" "CARGO_INCREMENTAL=0" "-e" "RUST_BACKTRACE=full" "-e" "RUSTFLAGS=--cap-lints=forbid" "-e" "RUSTDOCFLAGS=--cap-lints=forbid" "-e" "CARGO_HOME=/opt/rustwide/cargo-home" "-e" "RUSTUP_HOME=/opt/rustwide/rustup-home" "-w" "/opt/rustwide/workdir" "-m" "1610612736" "--user" "0:0" "--network" "none" "ghcr.io/rust-lang/crates-build-env/linux@sha256:4a844ea9eb2546a2d2c7022eacef16ef2e8229c7fbb2c7d4d55a9ceca922f72d" "/opt/rustwide/cargo-home/bin/cargo" "+nightly-2024-10-28" "build" "--frozen" "--message-format=json", kill_on_drop: false }`
[INFO] [stdout] 3171e247640240f20690d5b4e467ae53d8a17f310d25a49f9a4607e7a8667dcf
[INFO] running `Command { std: "docker" "start" "-a" "3171e247640240f20690d5b4e467ae53d8a17f310d25a49f9a4607e7a8667dcf", kill_on_drop: false }`
[INFO] [stderr]    Compiling libc v0.2.119
[INFO] [stderr]    Compiling termcolor v1.1.3
[INFO] [stderr]    Compiling textwrap v0.15.0
[INFO] [stderr]    Compiling strsim v0.10.0
[INFO] [stderr]    Compiling indexmap v1.8.0
[INFO] [stderr]    Compiling os_str_bytes v6.0.0
[INFO] [stderr]    Compiling atty v0.2.14
[INFO] [stderr]    Compiling clap v3.1.5
[INFO] [stderr]    Compiling mini6502 v0.1.0 (/opt/rustwide/workdir)
[INFO] [stdout] warning: methods `set_pc` and `add_to_pc` are never used
[INFO] [stdout]    --> src/cpu.rs:206:19
[INFO] [stdout]     |
[INFO] [stdout] 36  | / impl<M> Cpu<M>
[INFO] [stdout] 37  | | where
[INFO] [stdout] 38  | |     M: Memory + Sized,
[INFO] [stdout]     | |______________________- methods in this implementation
[INFO] [stdout] ...
[INFO] [stdout] 206 |       pub(crate) fn set_pc(&mut self, val: u16) {
[INFO] [stdout]     |                     ^^^^^^
[INFO] [stdout] ...
[INFO] [stdout] 218 |       pub(crate) fn add_to_pc(&mut self, val: u16) {
[INFO] [stdout]     |                     ^^^^^^^^^
[INFO] [stdout]     |
[INFO] [stdout]     = note: `#[warn(dead_code)]` on by default
[INFO] [stdout] 
[INFO] [stdout] 
[INFO] [stderr]     Finished `dev` profile [unoptimized + debuginfo] target(s) in 2.44s
[INFO] running `Command { std: "docker" "inspect" "3171e247640240f20690d5b4e467ae53d8a17f310d25a49f9a4607e7a8667dcf", kill_on_drop: false }`
[INFO] running `Command { std: "docker" "rm" "-f" "3171e247640240f20690d5b4e467ae53d8a17f310d25a49f9a4607e7a8667dcf", kill_on_drop: false }`
[INFO] [stdout] 3171e247640240f20690d5b4e467ae53d8a17f310d25a49f9a4607e7a8667dcf
[INFO] running `Command { std: "docker" "create" "-v" "/var/lib/crater-agent-workspace/builds/worker-4-tc1/target:/opt/rustwide/target:rw,Z" "-v" "/var/lib/crater-agent-workspace/builds/worker-4-tc1/source:/opt/rustwide/workdir:ro,Z" "-v" "/var/lib/crater-agent-workspace/cargo-home:/opt/rustwide/cargo-home:ro,Z" "-v" "/var/lib/crater-agent-workspace/rustup-home:/opt/rustwide/rustup-home:ro,Z" "-e" "SOURCE_DIR=/opt/rustwide/workdir" "-e" "CARGO_TARGET_DIR=/opt/rustwide/target" "-e" "CARGO_INCREMENTAL=0" "-e" "RUST_BACKTRACE=full" "-e" "RUSTFLAGS=--cap-lints=forbid" "-e" "RUSTDOCFLAGS=--cap-lints=forbid" "-e" "CARGO_HOME=/opt/rustwide/cargo-home" "-e" "RUSTUP_HOME=/opt/rustwide/rustup-home" "-w" "/opt/rustwide/workdir" "-m" "1610612736" "--user" "0:0" "--network" "none" "ghcr.io/rust-lang/crates-build-env/linux@sha256:4a844ea9eb2546a2d2c7022eacef16ef2e8229c7fbb2c7d4d55a9ceca922f72d" "/opt/rustwide/cargo-home/bin/cargo" "+nightly-2024-10-28" "test" "--frozen" "--no-run" "--message-format=json", kill_on_drop: false }`
[INFO] [stdout] f202ddec1eb33d0841e1705ce49b6ddcb52b4316cd0f161a469b880e8d2a30f0
[INFO] running `Command { std: "docker" "start" "-a" "f202ddec1eb33d0841e1705ce49b6ddcb52b4316cd0f161a469b880e8d2a30f0", kill_on_drop: false }`
[INFO] [stdout] warning: methods `set_pc` and `add_to_pc` are never used
[INFO] [stdout]    --> src/cpu.rs:206:19
[INFO] [stdout]     |
[INFO] [stdout] 36  | / impl<M> Cpu<M>
[INFO] [stdout] 37  | | where
[INFO] [stdout] 38  | |     M: Memory + Sized,
[INFO] [stdout]     | |______________________- methods in this implementation
[INFO] [stdout] ...
[INFO] [stdout] 206 |       pub(crate) fn set_pc(&mut self, val: u16) {
[INFO] [stdout]     |                     ^^^^^^
[INFO] [stdout] ...
[INFO] [stdout] 218 |       pub(crate) fn add_to_pc(&mut self, val: u16) {
[INFO] [stdout]     |                     ^^^^^^^^^
[INFO] [stdout]     |
[INFO] [stdout]     = note: `#[warn(dead_code)]` on by default
[INFO] [stdout] 
[INFO] [stdout] 
[INFO] [stderr]    Compiling mini6502 v0.1.0 (/opt/rustwide/workdir)
[INFO] [stdout] warning: method `add_to_pc` is never used
[INFO] [stdout]    --> src/cpu.rs:218:19
[INFO] [stdout]     |
[INFO] [stdout] 36  | / impl<M> Cpu<M>
[INFO] [stdout] 37  | | where
[INFO] [stdout] 38  | |     M: Memory + Sized,
[INFO] [stdout]     | |______________________- method in this implementation
[INFO] [stdout] ...
[INFO] [stdout] 218 |       pub(crate) fn add_to_pc(&mut self, val: u16) {
[INFO] [stdout]     |                     ^^^^^^^^^
[INFO] [stdout]     |
[INFO] [stdout]     = note: `#[warn(dead_code)]` on by default
[INFO] [stdout] 
[INFO] [stdout] 
[INFO] [stdout] warning: function `functional_test` is never used
[INFO] [stdout]    --> src/test/instructions.rs:689:4
[INFO] [stdout]     |
[INFO] [stdout] 689 | fn functional_test() {
[INFO] [stdout]     |    ^^^^^^^^^^^^^^^
[INFO] [stdout] 
[INFO] [stdout] 
[INFO] [stderr]     Finished `test` profile [unoptimized + debuginfo] target(s) in 0.35s
[INFO] running `Command { std: "docker" "inspect" "f202ddec1eb33d0841e1705ce49b6ddcb52b4316cd0f161a469b880e8d2a30f0", kill_on_drop: false }`
[INFO] running `Command { std: "docker" "rm" "-f" "f202ddec1eb33d0841e1705ce49b6ddcb52b4316cd0f161a469b880e8d2a30f0", kill_on_drop: false }`
[INFO] [stdout] f202ddec1eb33d0841e1705ce49b6ddcb52b4316cd0f161a469b880e8d2a30f0
[INFO] running `Command { std: "docker" "create" "-v" "/var/lib/crater-agent-workspace/builds/worker-4-tc1/target:/opt/rustwide/target:rw,Z" "-v" "/var/lib/crater-agent-workspace/builds/worker-4-tc1/source:/opt/rustwide/workdir:ro,Z" "-v" "/var/lib/crater-agent-workspace/cargo-home:/opt/rustwide/cargo-home:ro,Z" "-v" "/var/lib/crater-agent-workspace/rustup-home:/opt/rustwide/rustup-home:ro,Z" "-e" "SOURCE_DIR=/opt/rustwide/workdir" "-e" "CARGO_TARGET_DIR=/opt/rustwide/target" "-e" "CARGO_INCREMENTAL=0" "-e" "RUST_BACKTRACE=full" "-e" "RUSTFLAGS=--cap-lints=forbid" "-e" "RUSTDOCFLAGS=--cap-lints=forbid" "-e" "CARGO_HOME=/opt/rustwide/cargo-home" "-e" "RUSTUP_HOME=/opt/rustwide/rustup-home" "-w" "/opt/rustwide/workdir" "-m" "1610612736" "--user" "0:0" "--network" "none" "ghcr.io/rust-lang/crates-build-env/linux@sha256:4a844ea9eb2546a2d2c7022eacef16ef2e8229c7fbb2c7d4d55a9ceca922f72d" "/opt/rustwide/cargo-home/bin/cargo" "+nightly-2024-10-28" "test" "--frozen", kill_on_drop: false }`
[INFO] [stdout] e278e25f453113c88e510d825fb1bc75e4ab43f4ae0ed9bc482c6bb26f87e318
[INFO] running `Command { std: "docker" "start" "-a" "e278e25f453113c88e510d825fb1bc75e4ab43f4ae0ed9bc482c6bb26f87e318", kill_on_drop: false }`
[INFO] [stderr] warning: methods `set_pc` and `add_to_pc` are never used
[INFO] [stderr]    --> src/cpu.rs:206:19
[INFO] [stderr]     |
[INFO] [stderr] 36  | / impl<M> Cpu<M>
[INFO] [stderr] 37  | | where
[INFO] [stderr] 38  | |     M: Memory + Sized,
[INFO] [stderr]     | |______________________- methods in this implementation
[INFO] [stderr] ...
[INFO] [stderr] 206 |       pub(crate) fn set_pc(&mut self, val: u16) {
[INFO] [stderr]     |                     ^^^^^^
[INFO] [stderr] ...
[INFO] [stderr] 218 |       pub(crate) fn add_to_pc(&mut self, val: u16) {
[INFO] [stderr]     |                     ^^^^^^^^^
[INFO] [stderr]     |
[INFO] [stderr]     = note: `#[warn(dead_code)]` on by default
[INFO] [stderr] 
[INFO] [stderr] warning: method `add_to_pc` is never used
[INFO] [stderr]    --> src/cpu.rs:218:19
[INFO] [stderr]     |
[INFO] [stderr] 36  | / impl<M> Cpu<M>
[INFO] [stderr] 37  | | where
[INFO] [stderr] 38  | |     M: Memory + Sized,
[INFO] [stderr]     | |______________________- method in this implementation
[INFO] [stderr] ...
[INFO] [stderr] 218 |       pub(crate) fn add_to_pc(&mut self, val: u16) {
[INFO] [stderr]     |                     ^^^^^^^^^
[INFO] [stderr]     |
[INFO] [stderr]     = note: `#[warn(dead_code)]` on by default
[INFO] [stderr] 
[INFO] [stderr] warning: function `functional_test` is never used
[INFO] [stderr]    --> src/test/instructions.rs:689:4
[INFO] [stderr]     |
[INFO] [stderr] 689 | fn functional_test() {
[INFO] [stderr]     |    ^^^^^^^^^^^^^^^
[INFO] [stderr] 
[INFO] [stderr] warning: `mini6502` (lib) generated 1 warning
[INFO] [stderr] warning: `mini6502` (lib test) generated 2 warnings
[INFO] [stderr]     Finished `test` profile [unoptimized + debuginfo] target(s) in 0.02s
[INFO] [stderr]      Running unittests src/lib.rs (/opt/rustwide/target/debug/deps/mini6502-20a9394049a03527)
[INFO] [stdout] 
[INFO] [stdout] running 60 tests
[INFO] [stdout] test bcd::test::test_bcd_add_u8 ... ok
[INFO] [stdout] test test::address::test_absolute_addressing ... ok
[INFO] [stdout] test test::address::test_relative_addressing ... ok
[INFO] [stdout] test test::address::test_absolute_x_addressing ... ok
[INFO] [stdout] test test::address::test_zpg_addressing ... ok
[INFO] [stdout] test test::address::test_indirect_addressing ... ok
[INFO] [stdout] test test::address::test_indirect_x_indexed_addressing ... ok
[INFO] [stdout] test test::address::test_indirect_y_indexed_addressing ... ok
[INFO] [stdout] test test::address::test_zpg_x_indexed_addressing ... ok
[INFO] [stdout] test test::flags::test_z_flag ... ok
[INFO] [stdout] test test::instructions::test_adc ... ok
[INFO] [stdout] test test::address::test_zpg_y_indexed_addressing ... ok
[INFO] [stdout] test test::flags::test_c_flag ... ok
[INFO] [stdout] test test::flags::test_n_flag ... ok
[INFO] [stdout] test test::instructions::test_branch_instructions ... ok
[INFO] [stdout] test test::address::test_absolute_y_addressing ... ok
[INFO] [stdout] test test::instructions::test_asl ... ok
[INFO] [stdout] test test::instructions::test_cpx ... ok
[INFO] [stdout] test test::instructions::test_dex ... ok
[INFO] [stdout] test test::instructions::test_cpy ... ok
[INFO] [stdout] test test::instructions::test_and ... ok
[INFO] [stdout] test test::instructions::test_dec ... ok
[INFO] [stdout] test test::instructions::test_brk ... ok
[INFO] [stdout] test test::instructions::test_bit ... ok
[INFO] [stdout] test test::instructions::test_dey ... ok
[INFO] [stdout] test test::instructions::test_eor ... ok
[INFO] [stdout] test test::instructions::test_inc ... ok
[INFO] [stdout] test test::instructions::test_inx ... ok
[INFO] [stdout] test test::instructions::test_iny ... ok
[INFO] [stdout] test test::instructions::test_jmp ... ok
[INFO] [stdout] test test::instructions::test_jsr ... ok
[INFO] [stdout] test test::instructions::test_lda ... ok
[INFO] [stdout] test test::instructions::test_ldy ... ok
[INFO] [stdout] test test::instructions::test_ldx ... ok
[INFO] [stdout] test test::instructions::test_ora ... ok
[INFO] [stdout] test test::instructions::test_lsr ... ok
[INFO] [stdout] test test::instructions::test_sbc ... ok
[INFO] [stdout] test test::instructions::test_pha_pla ... ok
[INFO] [stdout] test test::instructions::test_rol ... ok
[INFO] [stdout] test test::instructions::test_ror ... ok
[INFO] [stdout] test test::instructions::test_sed ... ok
[INFO] [stdout] test test::instructions::test_sei ... ok
[INFO] [stdout] test test::instructions::test_stx ... ok
[INFO] [stdout] test test::instructions::test_sta ... ok
[INFO] [stdout] test test::instructions::test_sty ... ok
[INFO] [stdout] test test::instructions::test_tax ... ok
[INFO] [stdout] test test::instructions::test_sec ... ok
[INFO] [stdout] test test::instructions::test_tsx ... ok
[INFO] [stdout] test test::instructions::test_tay ... ok
[INFO] [stdout] test test::instructions::test_txa ... ok
[INFO] [stdout] test test::run::test_no_repeated_instructions ... ok
[INFO] [stdout] test test::run::test_run ... ok
[INFO] [stdout] test test::instructions::test_tya ... ok
[INFO] [stdout] test test::instructions::test_txs ... ok
[INFO] [stdout] test test::stack::test_stack ... ok
[INFO] [stdout] test util::test::test_combine_u8_into_u16 ... ok
[INFO] [stdout] test util::test::test_overflow ... ok
[INFO] [stdout] test util::test::test_wrapping_add_same_page ... ok
[INFO] [stdout] test test::instructions::test_cmp ... FAILED
[INFO] [stdout] test test::instructions::test_php_plp ... FAILED
[INFO] [stdout] 
[INFO] [stdout] failures:
[INFO] [stdout] 
[INFO] [stdout] ---- test::instructions::test_cmp stdout ----
[INFO] [stdout] thread 'test::instructions::test_cmp' panicked at src/test/instructions.rs:259:5:
[INFO] [stdout] assertion failed: cpu.n_flag()
[INFO] [stdout] stack backtrace:
[INFO] [stdout]    0:     0x55aed4d6fa9a - std::backtrace_rs::backtrace::libunwind::trace::h207520d6e9873551
[INFO] [stdout]                                at /rustc/df4ca44d3fbc9301ee17f30f4d474e6ae4b05252/library/std/src/../../backtrace/src/backtrace/libunwind.rs:116:5
[INFO] [stdout]    1:     0x55aed4d6fa9a - std::backtrace_rs::backtrace::trace_unsynchronized::h2ed7433f370e3eca
[INFO] [stdout]                                at /rustc/df4ca44d3fbc9301ee17f30f4d474e6ae4b05252/library/std/src/../../backtrace/src/backtrace/mod.rs:66:5
[INFO] [stdout]    2:     0x55aed4d6fa9a - std::sys::backtrace::_print_fmt::h916fac51166b18d7
[INFO] [stdout]                                at /rustc/df4ca44d3fbc9301ee17f30f4d474e6ae4b05252/library/std/src/sys/backtrace.rs:66:9
[INFO] [stdout]    3:     0x55aed4d6fa9a - <std::sys::backtrace::BacktraceLock::print::DisplayBacktrace as core::fmt::Display>::fmt::ha0a4c9b8ce3802e6
[INFO] [stdout]                                at /rustc/df4ca44d3fbc9301ee17f30f4d474e6ae4b05252/library/std/src/sys/backtrace.rs:39:26
[INFO] [stdout]    4:     0x55aed4d95e33 - core::fmt::rt::Argument::fmt::h4cfc8587d52b3eb5
[INFO] [stdout]                                at /rustc/df4ca44d3fbc9301ee17f30f4d474e6ae4b05252/library/core/src/fmt/rt.rs:177:76
[INFO] [stdout]    5:     0x55aed4d95e33 - core::fmt::write::h522cc39e5b36ae9f
[INFO] [stdout]                                at /rustc/df4ca44d3fbc9301ee17f30f4d474e6ae4b05252/library/core/src/fmt/mod.rs:1190:21
[INFO] [stdout]    6:     0x55aed4d6c703 - std::io::Write::write_fmt::h7d3c26752da97734
[INFO] [stdout]                                at /rustc/df4ca44d3fbc9301ee17f30f4d474e6ae4b05252/library/std/src/io/mod.rs:1839:15
[INFO] [stdout]    7:     0x55aed4d6f8e2 - std::sys::backtrace::BacktraceLock::print::h4b9e00b29e9c0942
[INFO] [stdout]                                at /rustc/df4ca44d3fbc9301ee17f30f4d474e6ae4b05252/library/std/src/sys/backtrace.rs:42:9
[INFO] [stdout]    8:     0x55aed4d70f2a - std::panicking::default_hook::{{closure}}::hb59b88280d0324d9
[INFO] [stdout]                                at /rustc/df4ca44d3fbc9301ee17f30f4d474e6ae4b05252/library/std/src/panicking.rs:268:22
[INFO] [stdout]    9:     0x55aed4d70d34 - std::panicking::default_hook::he1dd496665be4a29
[INFO] [stdout]                                at /rustc/df4ca44d3fbc9301ee17f30f4d474e6ae4b05252/library/std/src/panicking.rs:292:9
[INFO] [stdout]   10:     0x55aed4d3ab29 - <alloc::boxed::Box<F,A> as core::ops::function::Fn<Args>>::call::h4ff71de18744e1dc
[INFO] [stdout]                                at /rustc/df4ca44d3fbc9301ee17f30f4d474e6ae4b05252/library/alloc/src/boxed.rs:2468:9
[INFO] [stdout]   11:     0x55aed4d3ab29 - test::test_main::{{closure}}::hcf7c055ce117aa81
[INFO] [stdout]                                at /rustc/df4ca44d3fbc9301ee17f30f4d474e6ae4b05252/library/test/src/lib.rs:133:21
[INFO] [stdout]   12:     0x55aed4d71628 - <alloc::boxed::Box<F,A> as core::ops::function::Fn<Args>>::call::h1d66c6bbd60c9692
[INFO] [stdout]                                at /rustc/df4ca44d3fbc9301ee17f30f4d474e6ae4b05252/library/alloc/src/boxed.rs:2468:9
[INFO] [stdout]   13:     0x55aed4d71628 - std::panicking::rust_panic_with_hook::h2ff17fe8f26dfcf8
[INFO] [stdout]                                at /rustc/df4ca44d3fbc9301ee17f30f4d474e6ae4b05252/library/std/src/panicking.rs:809:13
[INFO] [stderr] error: test failed, to rerun pass `--lib`
[INFO] [stdout]   14:     0x55aed4d713b6 - std::panicking::begin_panic_handler::{{closure}}::h4fad77951c07e101
[INFO] [stdout]                                at /rustc/df4ca44d3fbc9301ee17f30f4d474e6ae4b05252/library/std/src/panicking.rs:667:13
[INFO] [stdout]   15:     0x55aed4d6ff79 - std::sys::backtrace::__rust_end_short_backtrace::hb1a25b3da5d0ea08
[INFO] [stdout]                                at /rustc/df4ca44d3fbc9301ee17f30f4d474e6ae4b05252/library/std/src/sys/backtrace.rs:170:18
[INFO] [stdout]   16:     0x55aed4d7107c - rust_begin_unwind
[INFO] [stdout]                                at /rustc/df4ca44d3fbc9301ee17f30f4d474e6ae4b05252/library/std/src/panicking.rs:665:5
[INFO] [stdout]   17:     0x55aed4d948d0 - core::panicking::panic_fmt::ha9db07b529f9b256
[INFO] [stdout]                                at /rustc/df4ca44d3fbc9301ee17f30f4d474e6ae4b05252/library/core/src/panicking.rs:75:14
[INFO] [stdout]   18:     0x55aed4d9495c - core::panicking::panic::h993086813d94accc
[INFO] [stdout]                                at /rustc/df4ca44d3fbc9301ee17f30f4d474e6ae4b05252/library/core/src/panicking.rs:152:5
[INFO] [stdout]   19:     0x55aed4cf5818 - mini6502::test::instructions::test_cmp::hd3f3ddb9687d2889
[INFO] [stdout]                                at /opt/rustwide/workdir/src/test/instructions.rs:259:5
[INFO] [stdout]   20:     0x55aed4cf5687 - mini6502::test::instructions::test_cmp::{{closure}}::hc0d87955a83203a4
[INFO] [stdout]                                at /opt/rustwide/workdir/src/test/instructions.rs:250:18
[INFO] [stdout]   21:     0x55aed4ced066 - core::ops::function::FnOnce::call_once::h17f4bf60ac248736
[INFO] [stdout]                                at /rustc/df4ca44d3fbc9301ee17f30f4d474e6ae4b05252/library/core/src/ops/function.rs:250:5
[INFO] [stdout]   22:     0x55aed4d3f3fb - core::ops::function::FnOnce::call_once::h22c3ba5715e93f05
[INFO] [stdout]                                at /rustc/df4ca44d3fbc9301ee17f30f4d474e6ae4b05252/library/core/src/ops/function.rs:250:5
[INFO] [stdout]   23:     0x55aed4d3f3fb - test::__rust_begin_short_backtrace::h8e82d8113d0da17f
[INFO] [stdout]                                at /rustc/df4ca44d3fbc9301ee17f30f4d474e6ae4b05252/library/test/src/lib.rs:621:18
[INFO] [stdout]   24:     0x55aed4d3ed77 - test::run_test_in_process::{{closure}}::h33235f4f20b7b7c7
[INFO] [stdout]                                at /rustc/df4ca44d3fbc9301ee17f30f4d474e6ae4b05252/library/test/src/lib.rs:644:60
[INFO] [stdout]   25:     0x55aed4d3ed77 - <core::panic::unwind_safe::AssertUnwindSafe<F> as core::ops::function::FnOnce<()>>::call_once::hb5043206310c586f
[INFO] [stdout]                                at /rustc/df4ca44d3fbc9301ee17f30f4d474e6ae4b05252/library/core/src/panic/unwind_safe.rs:272:9
[INFO] [stdout]   26:     0x55aed4d3ed77 - std::panicking::try::do_call::h9ad4731a60ab23e2
[INFO] [stdout]                                at /rustc/df4ca44d3fbc9301ee17f30f4d474e6ae4b05252/library/std/src/panicking.rs:557:40
[INFO] [stdout]   27:     0x55aed4d3ed77 - std::panicking::try::h3824d23db772a716
[INFO] [stdout]                                at /rustc/df4ca44d3fbc9301ee17f30f4d474e6ae4b05252/library/std/src/panicking.rs:520:19
[INFO] [stdout]   28:     0x55aed4d3ed77 - std::panic::catch_unwind::h5afd514605fde46b
[INFO] [stdout]                                at /rustc/df4ca44d3fbc9301ee17f30f4d474e6ae4b05252/library/std/src/panic.rs:358:14
[INFO] [stdout]   29:     0x55aed4d3ed77 - test::run_test_in_process::h0d5cbfa7067d1720
[INFO] [stdout]                                at /rustc/df4ca44d3fbc9301ee17f30f4d474e6ae4b05252/library/test/src/lib.rs:644:27
[INFO] [stdout]   30:     0x55aed4d3ed77 - test::run_test::{{closure}}::h708eb8872708115d
[INFO] [stdout]                                at /rustc/df4ca44d3fbc9301ee17f30f4d474e6ae4b05252/library/test/src/lib.rs:565:43
[INFO] [stdout]   31:     0x55aed4d02494 - test::run_test::{{closure}}::h392c51cee94713ab
[INFO] [stdout]                                at /rustc/df4ca44d3fbc9301ee17f30f4d474e6ae4b05252/library/test/src/lib.rs:595:41
[INFO] [stdout]   32:     0x55aed4d02494 - std::sys::backtrace::__rust_begin_short_backtrace::h2f40290710935a8b
[INFO] [stdout]                                at /rustc/df4ca44d3fbc9301ee17f30f4d474e6ae4b05252/library/std/src/sys/backtrace.rs:154:18
[INFO] [stdout]   33:     0x55aed4d05c3e - std::thread::Builder::spawn_unchecked_::{{closure}}::{{closure}}::h3fd968d89053a903
[INFO] [stdout]                                at /rustc/df4ca44d3fbc9301ee17f30f4d474e6ae4b05252/library/std/src/thread/mod.rs:541:17
[INFO] [stdout]   34:     0x55aed4d05c3e - <core::panic::unwind_safe::AssertUnwindSafe<F> as core::ops::function::FnOnce<()>>::call_once::h743f637ba4229880
[INFO] [stdout]                                at /rustc/df4ca44d3fbc9301ee17f30f4d474e6ae4b05252/library/core/src/panic/unwind_safe.rs:272:9
[INFO] [stdout]   35:     0x55aed4d05c3e - std::panicking::try::do_call::h07440897322525a6
[INFO] [stdout]                                at /rustc/df4ca44d3fbc9301ee17f30f4d474e6ae4b05252/library/std/src/panicking.rs:557:40
[INFO] [stdout]   36:     0x55aed4d05c3e - std::panicking::try::he5a2e00188156637
[INFO] [stdout]                                at /rustc/df4ca44d3fbc9301ee17f30f4d474e6ae4b05252/library/std/src/panicking.rs:520:19
[INFO] [stdout]   37:     0x55aed4d05c3e - std::panic::catch_unwind::hbaf3cae49b3c6433
[INFO] [stdout]                                at /rustc/df4ca44d3fbc9301ee17f30f4d474e6ae4b05252/library/std/src/panic.rs:358:14
[INFO] [stdout]   38:     0x55aed4d05c3e - std::thread::Builder::spawn_unchecked_::{{closure}}::h8e141ea224820bce
[INFO] [stdout]                                at /rustc/df4ca44d3fbc9301ee17f30f4d474e6ae4b05252/library/std/src/thread/mod.rs:540:30
[INFO] [stdout]   39:     0x55aed4d05c3e - core::ops::function::FnOnce::call_once{{vtable.shim}}::h90d312fedd7b8ea8
[INFO] [stdout]                                at /rustc/df4ca44d3fbc9301ee17f30f4d474e6ae4b05252/library/core/src/ops/function.rs:250:5
[INFO] [stdout]   40:     0x55aed4d7541b - <alloc::boxed::Box<F,A> as core::ops::function::FnOnce<Args>>::call_once::h69aa08ddb6adb8b6
[INFO] [stdout]                                at /rustc/df4ca44d3fbc9301ee17f30f4d474e6ae4b05252/library/alloc/src/boxed.rs:2454:9
[INFO] [stdout]   41:     0x55aed4d7541b - <alloc::boxed::Box<F,A> as core::ops::function::FnOnce<Args>>::call_once::h5aa36efdb79c806f
[INFO] [stdout]                                at /rustc/df4ca44d3fbc9301ee17f30f4d474e6ae4b05252/library/alloc/src/boxed.rs:2454:9
[INFO] [stdout]   42:     0x55aed4d7541b - std::sys::pal::unix::thread::Thread::new::thread_start::h6cd80a1b4be5158d
[INFO] [stdout]                                at /rustc/df4ca44d3fbc9301ee17f30f4d474e6ae4b05252/library/std/src/sys/pal/unix/thread.rs:105:17
[INFO] [stdout]   43:     0x7f4050e53ac3 - <unknown>
[INFO] [stdout]   44:     0x7f4050ee4a04 - clone
[INFO] [stdout]   45:                0x0 - <unknown>
[INFO] [stdout] 
[INFO] [stdout] ---- test::instructions::test_php_plp stdout ----
[INFO] [stdout] thread 'test::instructions::test_php_plp' panicked at src/test/instructions.rs:518:5:
[INFO] [stdout] assertion `left == right` failed
[INFO] [stdout]   left: 184
[INFO] [stdout]  right: 168
[INFO] [stdout] stack backtrace:
[INFO] [stdout]    0:     0x55aed4d6fa9a - std::backtrace_rs::backtrace::libunwind::trace::h207520d6e9873551
[INFO] [stdout]                                at /rustc/df4ca44d3fbc9301ee17f30f4d474e6ae4b05252/library/std/src/../../backtrace/src/backtrace/libunwind.rs:116:5
[INFO] [stdout]    1:     0x55aed4d6fa9a - std::backtrace_rs::backtrace::trace_unsynchronized::h2ed7433f370e3eca
[INFO] [stdout]                                at /rustc/df4ca44d3fbc9301ee17f30f4d474e6ae4b05252/library/std/src/../../backtrace/src/backtrace/mod.rs:66:5
[INFO] [stdout]    2:     0x55aed4d6fa9a - std::sys::backtrace::_print_fmt::h916fac51166b18d7
[INFO] [stdout]                                at /rustc/df4ca44d3fbc9301ee17f30f4d474e6ae4b05252/library/std/src/sys/backtrace.rs:66:9
[INFO] [stdout]    3:     0x55aed4d6fa9a - <std::sys::backtrace::BacktraceLock::print::DisplayBacktrace as core::fmt::Display>::fmt::ha0a4c9b8ce3802e6
[INFO] [stdout]                                at /rustc/df4ca44d3fbc9301ee17f30f4d474e6ae4b05252/library/std/src/sys/backtrace.rs:39:26
[INFO] [stdout]    4:     0x55aed4d95e33 - core::fmt::rt::Argument::fmt::h4cfc8587d52b3eb5
[INFO] [stdout]                                at /rustc/df4ca44d3fbc9301ee17f30f4d474e6ae4b05252/library/core/src/fmt/rt.rs:177:76
[INFO] [stdout]    5:     0x55aed4d95e33 - core::fmt::write::h522cc39e5b36ae9f
[INFO] [stdout]                                at /rustc/df4ca44d3fbc9301ee17f30f4d474e6ae4b05252/library/core/src/fmt/mod.rs:1190:21
[INFO] [stdout]    6:     0x55aed4d6c703 - std::io::Write::write_fmt::h7d3c26752da97734
[INFO] [stdout]                                at /rustc/df4ca44d3fbc9301ee17f30f4d474e6ae4b05252/library/std/src/io/mod.rs:1839:15
[INFO] [stdout]    7:     0x55aed4d6f8e2 - std::sys::backtrace::BacktraceLock::print::h4b9e00b29e9c0942
[INFO] [stdout]                                at /rustc/df4ca44d3fbc9301ee17f30f4d474e6ae4b05252/library/std/src/sys/backtrace.rs:42:9
[INFO] [stdout]    8:     0x55aed4d70f2a - std::panicking::default_hook::{{closure}}::hb59b88280d0324d9
[INFO] [stdout]                                at /rustc/df4ca44d3fbc9301ee17f30f4d474e6ae4b05252/library/std/src/panicking.rs:268:22
[INFO] [stdout]    9:     0x55aed4d70d34 - std::panicking::default_hook::he1dd496665be4a29
[INFO] [stdout]                                at /rustc/df4ca44d3fbc9301ee17f30f4d474e6ae4b05252/library/std/src/panicking.rs:292:9
[INFO] [stdout]   10:     0x55aed4d3ab29 - <alloc::boxed::Box<F,A> as core::ops::function::Fn<Args>>::call::h4ff71de18744e1dc
[INFO] [stdout]                                at /rustc/df4ca44d3fbc9301ee17f30f4d474e6ae4b05252/library/alloc/src/boxed.rs:2468:9
[INFO] [stdout]   11:     0x55aed4d3ab29 - test::test_main::{{closure}}::hcf7c055ce117aa81
[INFO] [stdout]                                at /rustc/df4ca44d3fbc9301ee17f30f4d474e6ae4b05252/library/test/src/lib.rs:133:21
[INFO] [stdout]   12:     0x55aed4d71628 - <alloc::boxed::Box<F,A> as core::ops::function::Fn<Args>>::call::h1d66c6bbd60c9692
[INFO] [stdout]                                at /rustc/df4ca44d3fbc9301ee17f30f4d474e6ae4b05252/library/alloc/src/boxed.rs:2468:9
[INFO] [stdout]   13:     0x55aed4d71628 - std::panicking::rust_panic_with_hook::h2ff17fe8f26dfcf8
[INFO] [stdout]                                at /rustc/df4ca44d3fbc9301ee17f30f4d474e6ae4b05252/library/std/src/panicking.rs:809:13
[INFO] [stdout]   14:     0x55aed4d713ea - std::panicking::begin_panic_handler::{{closure}}::h4fad77951c07e101
[INFO] [stdout]                                at /rustc/df4ca44d3fbc9301ee17f30f4d474e6ae4b05252/library/std/src/panicking.rs:674:13
[INFO] [stdout]   15:     0x55aed4d6ff79 - std::sys::backtrace::__rust_end_short_backtrace::hb1a25b3da5d0ea08
[INFO] [stdout]                                at /rustc/df4ca44d3fbc9301ee17f30f4d474e6ae4b05252/library/std/src/sys/backtrace.rs:170:18
[INFO] [stdout]   16:     0x55aed4d7107c - rust_begin_unwind
[INFO] [stdout]                                at /rustc/df4ca44d3fbc9301ee17f30f4d474e6ae4b05252/library/std/src/panicking.rs:665:5
[INFO] [stdout]   17:     0x55aed4d948d0 - core::panicking::panic_fmt::ha9db07b529f9b256
[INFO] [stdout]                                at /rustc/df4ca44d3fbc9301ee17f30f4d474e6ae4b05252/library/core/src/panicking.rs:75:14
[INFO] [stdout]   18:     0x55aed4d94bfb - core::panicking::assert_failed_inner::h04f38944d74a80a8
[INFO] [stdout]   19:     0x55aed4ce3873 - core::panicking::assert_failed::h64f1cfaab923e0d5
[INFO] [stdout]                                at /rustc/df4ca44d3fbc9301ee17f30f4d474e6ae4b05252/library/core/src/panicking.rs:377:5
[INFO] [stdout]   20:     0x55aed4cf8aed - mini6502::test::instructions::test_php_plp::h138dd215c6d7b824
[INFO] [stdout]                                at /opt/rustwide/workdir/src/test/instructions.rs:518:5
[INFO] [stdout]   21:     0x55aed4cf88a7 - mini6502::test::instructions::test_php_plp::{{closure}}::ha433b4ef1db97f5c
[INFO] [stdout]                                at /opt/rustwide/workdir/src/test/instructions.rs:512:22
[INFO] [stdout]   22:     0x55aed4cedf36 - core::ops::function::FnOnce::call_once::hfa3a1c80e526af3e
[INFO] [stdout]                                at /rustc/df4ca44d3fbc9301ee17f30f4d474e6ae4b05252/library/core/src/ops/function.rs:250:5
[INFO] [stdout]   23:     0x55aed4d3f3fb - core::ops::function::FnOnce::call_once::h22c3ba5715e93f05
[INFO] [stdout]                                at /rustc/df4ca44d3fbc9301ee17f30f4d474e6ae4b05252/library/core/src/ops/function.rs:250:5
[INFO] [stdout]   24:     0x55aed4d3f3fb - test::__rust_begin_short_backtrace::h8e82d8113d0da17f
[INFO] [stdout]                                at /rustc/df4ca44d3fbc9301ee17f30f4d474e6ae4b05252/library/test/src/lib.rs:621:18
[INFO] [stdout]   25:     0x55aed4d3ed77 - test::run_test_in_process::{{closure}}::h33235f4f20b7b7c7
[INFO] [stdout]                                at /rustc/df4ca44d3fbc9301ee17f30f4d474e6ae4b05252/library/test/src/lib.rs:644:60
[INFO] [stdout]   26:     0x55aed4d3ed77 - <core::panic::unwind_safe::AssertUnwindSafe<F> as core::ops::function::FnOnce<()>>::call_once::hb5043206310c586f
[INFO] [stdout]                                at /rustc/df4ca44d3fbc9301ee17f30f4d474e6ae4b05252/library/core/src/panic/unwind_safe.rs:272:9
[INFO] [stdout]   27:     0x55aed4d3ed77 - std::panicking::try::do_call::h9ad4731a60ab23e2
[INFO] [stdout]                                at /rustc/df4ca44d3fbc9301ee17f30f4d474e6ae4b05252/library/std/src/panicking.rs:557:40
[INFO] [stdout]   28:     0x55aed4d3ed77 - std::panicking::try::h3824d23db772a716
[INFO] [stdout]                                at /rustc/df4ca44d3fbc9301ee17f30f4d474e6ae4b05252/library/std/src/panicking.rs:520:19
[INFO] [stdout]   29:     0x55aed4d3ed77 - std::panic::catch_unwind::h5afd514605fde46b
[INFO] [stdout]                                at /rustc/df4ca44d3fbc9301ee17f30f4d474e6ae4b05252/library/std/src/panic.rs:358:14
[INFO] [stdout]   30:     0x55aed4d3ed77 - test::run_test_in_process::h0d5cbfa7067d1720
[INFO] [stdout]                                at /rustc/df4ca44d3fbc9301ee17f30f4d474e6ae4b05252/library/test/src/lib.rs:644:27
[INFO] [stdout]   31:     0x55aed4d3ed77 - test::run_test::{{closure}}::h708eb8872708115d
[INFO] [stdout]                                at /rustc/df4ca44d3fbc9301ee17f30f4d474e6ae4b05252/library/test/src/lib.rs:565:43
[INFO] [stdout]   32:     0x55aed4d02494 - test::run_test::{{closure}}::h392c51cee94713ab
[INFO] [stdout]                                at /rustc/df4ca44d3fbc9301ee17f30f4d474e6ae4b05252/library/test/src/lib.rs:595:41
[INFO] [stdout]   33:     0x55aed4d02494 - std::sys::backtrace::__rust_begin_short_backtrace::h2f40290710935a8b
[INFO] [stdout]                                at /rustc/df4ca44d3fbc9301ee17f30f4d474e6ae4b05252/library/std/src/sys/backtrace.rs:154:18
[INFO] [stdout]   34:     0x55aed4d05c3e - std::thread::Builder::spawn_unchecked_::{{closure}}::{{closure}}::h3fd968d89053a903
[INFO] [stdout]                                at /rustc/df4ca44d3fbc9301ee17f30f4d474e6ae4b05252/library/std/src/thread/mod.rs:541:17
[INFO] [stdout]   35:     0x55aed4d05c3e - <core::panic::unwind_safe::AssertUnwindSafe<F> as core::ops::function::FnOnce<()>>::call_once::h743f637ba4229880
[INFO] [stdout]                                at /rustc/df4ca44d3fbc9301ee17f30f4d474e6ae4b05252/library/core/src/panic/unwind_safe.rs:272:9
[INFO] [stdout]   36:     0x55aed4d05c3e - std::panicking::try::do_call::h07440897322525a6
[INFO] [stdout]                                at /rustc/df4ca44d3fbc9301ee17f30f4d474e6ae4b05252/library/std/src/panicking.rs:557:40
[INFO] [stdout]   37:     0x55aed4d05c3e - std::panicking::try::he5a2e00188156637
[INFO] [stdout]                                at /rustc/df4ca44d3fbc9301ee17f30f4d474e6ae4b05252/library/std/src/panicking.rs:520:19
[INFO] [stdout]   38:     0x55aed4d05c3e - std::panic::catch_unwind::hbaf3cae49b3c6433
[INFO] [stdout]                                at /rustc/df4ca44d3fbc9301ee17f30f4d474e6ae4b05252/library/std/src/panic.rs:358:14
[INFO] [stdout]   39:     0x55aed4d05c3e - std::thread::Builder::spawn_unchecked_::{{closure}}::h8e141ea224820bce
[INFO] [stdout]                                at /rustc/df4ca44d3fbc9301ee17f30f4d474e6ae4b05252/library/std/src/thread/mod.rs:540:30
[INFO] [stdout]   40:     0x55aed4d05c3e - core::ops::function::FnOnce::call_once{{vtable.shim}}::h90d312fedd7b8ea8
[INFO] [stdout]                                at /rustc/df4ca44d3fbc9301ee17f30f4d474e6ae4b05252/library/core/src/ops/function.rs:250:5
[INFO] [stdout]   41:     0x55aed4d7541b - <alloc::boxed::Box<F,A> as core::ops::function::FnOnce<Args>>::call_once::h69aa08ddb6adb8b6
[INFO] [stdout]                                at /rustc/df4ca44d3fbc9301ee17f30f4d474e6ae4b05252/library/alloc/src/boxed.rs:2454:9
[INFO] [stdout]   42:     0x55aed4d7541b - <alloc::boxed::Box<F,A> as core::ops::function::FnOnce<Args>>::call_once::h5aa36efdb79c806f
[INFO] [stdout]                                at /rustc/df4ca44d3fbc9301ee17f30f4d474e6ae4b05252/library/alloc/src/boxed.rs:2454:9
[INFO] [stdout]   43:     0x55aed4d7541b - std::sys::pal::unix::thread::Thread::new::thread_start::h6cd80a1b4be5158d
[INFO] [stdout]                                at /rustc/df4ca44d3fbc9301ee17f30f4d474e6ae4b05252/library/std/src/sys/pal/unix/thread.rs:105:17
[INFO] [stdout]   44:     0x7f4050e53ac3 - <unknown>
[INFO] [stdout]   45:     0x7f4050ee4a04 - clone
[INFO] [stdout]   46:                0x0 - <unknown>
[INFO] [stdout] 
[INFO] [stdout] 
[INFO] [stdout] failures:
[INFO] [stdout]     test::instructions::test_cmp
[INFO] [stdout]     test::instructions::test_php_plp
[INFO] [stdout] 
[INFO] [stdout] test result: FAILED. 58 passed; 2 failed; 0 ignored; 0 measured; 0 filtered out; finished in 0.04s
[INFO] [stdout] 
[INFO] running `Command { std: "docker" "inspect" "e278e25f453113c88e510d825fb1bc75e4ab43f4ae0ed9bc482c6bb26f87e318", kill_on_drop: false }`
[INFO] running `Command { std: "docker" "rm" "-f" "e278e25f453113c88e510d825fb1bc75e4ab43f4ae0ed9bc482c6bb26f87e318", kill_on_drop: false }`
[INFO] [stdout] e278e25f453113c88e510d825fb1bc75e4ab43f4ae0ed9bc482c6bb26f87e318
