[INFO] cloning repository https://github.com/cattabiani/kfilesystem_rust
[INFO] running `Command { std: "git" "-c" "credential.helper=" "-c" "credential.helper=/workspace/cargo-home/bin/git-credential-null" "clone" "--bare" "https://github.com/cattabiani/kfilesystem_rust" "/workspace/cache/git-repos/https%3A%2F%2Fgithub.com%2Fcattabiani%2Fkfilesystem_rust", kill_on_drop: false }`
[INFO] [stderr] Cloning into bare repository '/workspace/cache/git-repos/https%3A%2F%2Fgithub.com%2Fcattabiani%2Fkfilesystem_rust'...
[INFO] running `Command { std: "git" "rev-parse" "HEAD", kill_on_drop: false }`
[INFO] [stdout] a4698e5854b1d363eb11d75084dd0efc1e43f7ef
[INFO] testing cattabiani/kfilesystem_rust/a4698e5854b1d363eb11d75084dd0efc1e43f7ef against nightly-2024-10-28+rustflags=-Zrandomize-layout for randomize-layout
[INFO] running `Command { std: "git" "clone" "/workspace/cache/git-repos/https%3A%2F%2Fgithub.com%2Fcattabiani%2Fkfilesystem_rust" "/workspace/builds/worker-2-tc2/source", kill_on_drop: false }`
[INFO] [stderr] Cloning into '/workspace/builds/worker-2-tc2/source'...
[INFO] [stderr] done.
[INFO] validating manifest of git repo https://github.com/cattabiani/kfilesystem_rust on toolchain nightly-2024-10-28
[INFO] running `Command { std: CARGO_HOME="/workspace/cargo-home" RUSTUP_HOME="/workspace/rustup-home" "/workspace/cargo-home/bin/cargo" "+nightly-2024-10-28" "metadata" "--manifest-path" "Cargo.toml" "--no-deps", kill_on_drop: false }`
[INFO] started tweaking git repo https://github.com/cattabiani/kfilesystem_rust
[INFO] finished tweaking git repo https://github.com/cattabiani/kfilesystem_rust
[INFO] tweaked toml for git repo https://github.com/cattabiani/kfilesystem_rust written to /workspace/builds/worker-2-tc2/source/Cargo.toml
[INFO] crate git repo https://github.com/cattabiani/kfilesystem_rust already has a lockfile, it will not be regenerated
[INFO] running `Command { std: CARGO_HOME="/workspace/cargo-home" RUSTUP_HOME="/workspace/rustup-home" "/workspace/cargo-home/bin/cargo" "+nightly-2024-10-28" "fetch" "--manifest-path" "Cargo.toml", kill_on_drop: false }`
[INFO] running `Command { std: "docker" "create" "-v" "/var/lib/crater-agent-workspace/builds/worker-2-tc2/target:/opt/rustwide/target:rw,Z" "-v" "/var/lib/crater-agent-workspace/builds/worker-2-tc2/source:/opt/rustwide/workdir:ro,Z" "-v" "/var/lib/crater-agent-workspace/cargo-home:/opt/rustwide/cargo-home:ro,Z" "-v" "/var/lib/crater-agent-workspace/rustup-home:/opt/rustwide/rustup-home:ro,Z" "-e" "SOURCE_DIR=/opt/rustwide/workdir" "-e" "CARGO_TARGET_DIR=/opt/rustwide/target" "-e" "CARGO_HOME=/opt/rustwide/cargo-home" "-e" "RUSTUP_HOME=/opt/rustwide/rustup-home" "-w" "/opt/rustwide/workdir" "-m" "1610612736" "--user" "0:0" "--network" "none" "ghcr.io/rust-lang/crates-build-env/linux@sha256:4a844ea9eb2546a2d2c7022eacef16ef2e8229c7fbb2c7d4d55a9ceca922f72d" "/opt/rustwide/cargo-home/bin/cargo" "+nightly-2024-10-28" "metadata" "--no-deps" "--format-version=1", kill_on_drop: false }`
[INFO] [stdout] 97f9e8f1f2c74c5c7d09632a5bc035fe16a147baf22a77c984776ea3a7a3811a
[INFO] running `Command { std: "docker" "start" "-a" "97f9e8f1f2c74c5c7d09632a5bc035fe16a147baf22a77c984776ea3a7a3811a", kill_on_drop: false }`
[INFO] running `Command { std: "docker" "inspect" "97f9e8f1f2c74c5c7d09632a5bc035fe16a147baf22a77c984776ea3a7a3811a", kill_on_drop: false }`
[INFO] running `Command { std: "docker" "rm" "-f" "97f9e8f1f2c74c5c7d09632a5bc035fe16a147baf22a77c984776ea3a7a3811a", kill_on_drop: false }`
[INFO] [stdout] 97f9e8f1f2c74c5c7d09632a5bc035fe16a147baf22a77c984776ea3a7a3811a
[INFO] running `Command { std: "docker" "create" "-v" "/var/lib/crater-agent-workspace/builds/worker-2-tc2/target:/opt/rustwide/target:rw,Z" "-v" "/var/lib/crater-agent-workspace/builds/worker-2-tc2/source:/opt/rustwide/workdir:ro,Z" "-v" "/var/lib/crater-agent-workspace/cargo-home:/opt/rustwide/cargo-home:ro,Z" "-v" "/var/lib/crater-agent-workspace/rustup-home:/opt/rustwide/rustup-home:ro,Z" "-e" "SOURCE_DIR=/opt/rustwide/workdir" "-e" "CARGO_TARGET_DIR=/opt/rustwide/target" "-e" "CARGO_INCREMENTAL=0" "-e" "RUST_BACKTRACE=full" "-e" "RUSTFLAGS=--cap-lints=forbid -Zrandomize-layout" "-e" "RUSTDOCFLAGS=--cap-lints=forbid" "-e" "CARGO_HOME=/opt/rustwide/cargo-home" "-e" "RUSTUP_HOME=/opt/rustwide/rustup-home" "-w" "/opt/rustwide/workdir" "-m" "1610612736" "--user" "0:0" "--network" "none" "ghcr.io/rust-lang/crates-build-env/linux@sha256:4a844ea9eb2546a2d2c7022eacef16ef2e8229c7fbb2c7d4d55a9ceca922f72d" "/opt/rustwide/cargo-home/bin/cargo" "+nightly-2024-10-28" "build" "--frozen" "--message-format=json", kill_on_drop: false }`
[INFO] [stdout] 365f32962039dccd9071c6c67f9cfa46c4fc46ecacb63cdbb49f5bcc5cb74ac5
[INFO] running `Command { std: "docker" "start" "-a" "365f32962039dccd9071c6c67f9cfa46c4fc46ecacb63cdbb49f5bcc5cb74ac5", kill_on_drop: false }`
[INFO] [stderr]    Compiling kfilesystem v0.1.0 (/opt/rustwide/workdir)
[INFO] [stdout] warning: unused import: `crate::node::Kfile`
[INFO] [stdout]  --> src/file_system.rs:1:5
[INFO] [stdout]   |
[INFO] [stdout] 1 | use crate::node::Kfile;
[INFO] [stdout]   |     ^^^^^^^^^^^^^^^^^^
[INFO] [stdout]   |
[INFO] [stdout]   = note: `#[warn(unused_imports)]` on by default
[INFO] [stdout] 
[INFO] [stdout] 
[INFO] [stdout] warning: variable does not need to be mutable
[INFO] [stdout]   --> src/file_system.rs:77:13
[INFO] [stdout]    |
[INFO] [stdout] 77 |         let mut s = String::from("/") + &self.pwd;
[INFO] [stdout]    |             ----^
[INFO] [stdout]    |             |
[INFO] [stdout]    |             help: remove this `mut`
[INFO] [stdout]    |
[INFO] [stdout]    = note: `#[warn(unused_mut)]` on by default
[INFO] [stdout] 
[INFO] [stdout] 
[INFO] [stdout] warning: unused variable: `p`
[INFO] [stdout]   --> src/file_system.rs:98:39
[INFO] [stdout]    |
[INFO] [stdout] 98 |                     Some(Knode::Kfile(p)) => {
[INFO] [stdout]    |                                       ^ help: if this is intentional, prefix it with an underscore: `_p`
[INFO] [stdout]    |
[INFO] [stdout]    = note: `#[warn(unused_variables)]` on by default
[INFO] [stdout] 
[INFO] [stdout] 
[INFO] [stdout] warning: unused variable: `args`
[INFO] [stdout]    --> src/file_system.rs:189:63
[INFO] [stdout]     |
[INFO] [stdout] 189 |             "pwd" => KfileSystem::call_string(0, &args, &mut |args: &Vec<&str>| self.pwd()),
[INFO] [stdout]     |                                                               ^^^^ help: if this is intentional, prefix it with an underscore: `_args`
[INFO] [stdout] 
[INFO] [stdout] 
[INFO] [stdout] warning: unreachable pattern
[INFO] [stdout]   --> src/node.rs:19:13
[INFO] [stdout]    |
[INFO] [stdout] 18 |             Kfolder => return true,
[INFO] [stdout]    |             ------- matches any value
[INFO] [stdout] 19 |             _ => return false,
[INFO] [stdout]    |             ^ no value can reach this
[INFO] [stdout]    |
[INFO] [stdout]    = note: `#[warn(unreachable_patterns)]` on by default
[INFO] [stdout] 
[INFO] [stdout] 
[INFO] [stdout] warning: unused variable: `Kfolder`
[INFO] [stdout]   --> src/node.rs:18:13
[INFO] [stdout]    |
[INFO] [stdout] 18 |             Kfolder => return true,
[INFO] [stdout]    |             ^^^^^^^ help: if this is intentional, prefix it with an underscore: `_Kfolder`
[INFO] [stdout] 
[INFO] [stdout] 
[INFO] [stdout] warning: unreachable pattern
[INFO] [stdout]   --> src/node.rs:25:13
[INFO] [stdout]    |
[INFO] [stdout] 24 |             Kfile => return true,
[INFO] [stdout]    |             ----- matches any value
[INFO] [stdout] 25 |             _ => return false,
[INFO] [stdout]    |             ^ no value can reach this
[INFO] [stdout] 
[INFO] [stdout] 
[INFO] [stdout] warning: unused variable: `Kfile`
[INFO] [stdout]   --> src/node.rs:24:13
[INFO] [stdout]    |
[INFO] [stdout] 24 |             Kfile => return true,
[INFO] [stdout]    |             ^^^^^ help: if this is intentional, prefix it with an underscore: `_Kfile`
[INFO] [stdout] 
[INFO] [stdout] 
[INFO] [stdout] warning: method `get_mut` is never used
[INFO] [stdout]   --> src/file_system.rs:46:8
[INFO] [stdout]    |
[INFO] [stdout] 10 | impl KfileSystem {
[INFO] [stdout]    | ---------------- method in this implementation
[INFO] [stdout] ...
[INFO] [stdout] 46 |     fn get_mut(&mut self, s: &str) -> Option<&mut Knode> {
[INFO] [stdout]    |        ^^^^^^^
[INFO] [stdout]    |
[INFO] [stdout]    = note: `#[warn(dead_code)]` on by default
[INFO] [stdout] 
[INFO] [stdout] 
[INFO] [stdout] warning: variant `Kfile` is never constructed
[INFO] [stdout]  --> src/node.rs:5:5
[INFO] [stdout]   |
[INFO] [stdout] 3 | pub enum Knode {
[INFO] [stdout]   |          ----- variant in this enum
[INFO] [stdout] 4 |     Kfolder(Kfolder),
[INFO] [stdout] 5 |     Kfile(Kfile),
[INFO] [stdout]   |     ^^^^^
[INFO] [stdout]   |
[INFO] [stdout]   = note: `Knode` has a derived impl for the trait `Debug`, but this is intentionally ignored during dead code analysis
[INFO] [stdout] 
[INFO] [stdout] 
[INFO] [stdout] warning: multiple associated items are never used
[INFO] [stdout]   --> src/node.rs:12:12
[INFO] [stdout]    |
[INFO] [stdout] 8  | impl Knode {
[INFO] [stdout]    | ---------- associated items in this implementation
[INFO] [stdout] ...
[INFO] [stdout] 12 |     pub fn new_kfile() -> Knode {
[INFO] [stdout]    |            ^^^^^^^^^
[INFO] [stdout] ...
[INFO] [stdout] 16 |     pub fn is_kfolder(&self) -> bool {
[INFO] [stdout]    |            ^^^^^^^^^^
[INFO] [stdout] ...
[INFO] [stdout] 22 |     pub fn is_kfile(&self) -> bool {
[INFO] [stdout]    |            ^^^^^^^^
[INFO] [stdout] ...
[INFO] [stdout] 29 |     pub fn as_kfolder_mut(&mut self) -> Option<&mut Kfolder> {
[INFO] [stdout]    |            ^^^^^^^^^^^^^^
[INFO] [stdout] ...
[INFO] [stdout] 36 |     pub fn as_kfile_mut(&mut self) -> Option<&mut Kfile> {
[INFO] [stdout]    |            ^^^^^^^^^^^^
[INFO] [stdout] ...
[INFO] [stdout] 43 |     pub fn as_kfolder(&self) -> Option<&Kfolder> {
[INFO] [stdout]    |            ^^^^^^^^^^
[INFO] [stdout] ...
[INFO] [stdout] 50 |     pub fn as_kfile(&self) -> Option<&Kfile> {
[INFO] [stdout]    |            ^^^^^^^^
[INFO] [stdout] 
[INFO] [stdout] 
[INFO] [stdout] warning: field `text` is never read
[INFO] [stdout]   --> src/node.rs:60:5
[INFO] [stdout]    |
[INFO] [stdout] 59 | pub struct Kfile {
[INFO] [stdout]    |            ----- field in this struct
[INFO] [stdout] 60 |     text: String,
[INFO] [stdout]    |     ^^^^
[INFO] [stdout]    |
[INFO] [stdout]    = note: `Kfile` has a derived impl for the trait `Debug`, but this is intentionally ignored during dead code analysis
[INFO] [stdout] 
[INFO] [stdout] 
[INFO] [stdout] warning: associated function `new` is never used
[INFO] [stdout]   --> src/node.rs:64:12
[INFO] [stdout]    |
[INFO] [stdout] 63 | impl Kfile {
[INFO] [stdout]    | ---------- associated function in this implementation
[INFO] [stdout] 64 |     pub fn new() -> Kfile {
[INFO] [stdout]    |            ^^^
[INFO] [stdout] 
[INFO] [stdout] 
[INFO] [stdout] warning: method `insert` is never used
[INFO] [stdout]   --> src/node.rs:90:12
[INFO] [stdout]    |
[INFO] [stdout] 76 | impl Kfolder {
[INFO] [stdout]    | ------------ method in this implementation
[INFO] [stdout] ...
[INFO] [stdout] 90 |     pub fn insert(&mut self, k: String, v: Knode) -> bool {
[INFO] [stdout]    |            ^^^^^^
[INFO] [stdout] 
[INFO] [stdout] 
[INFO] [stdout] warning: variable `Kfolder` should have a snake case name
[INFO] [stdout]   --> src/node.rs:18:13
[INFO] [stdout]    |
[INFO] [stdout] 18 |             Kfolder => return true,
[INFO] [stdout]    |             ^^^^^^^ help: convert the identifier to snake case (notice the capitalization): `kfolder`
[INFO] [stdout]    |
[INFO] [stdout]    = note: `#[warn(non_snake_case)]` on by default
[INFO] [stdout] 
[INFO] [stdout] 
[INFO] [stdout] warning: variable `Kfile` should have a snake case name
[INFO] [stdout]   --> src/node.rs:24:13
[INFO] [stdout]    |
[INFO] [stdout] 24 |             Kfile => return true,
[INFO] [stdout]    |             ^^^^^ help: convert the identifier to snake case (notice the capitalization): `kfile`
[INFO] [stdout] 
[INFO] [stdout] 
[INFO] [stderr]     Finished `dev` profile [unoptimized + debuginfo] target(s) in 0.21s
[INFO] running `Command { std: "docker" "inspect" "365f32962039dccd9071c6c67f9cfa46c4fc46ecacb63cdbb49f5bcc5cb74ac5", kill_on_drop: false }`
[INFO] running `Command { std: "docker" "rm" "-f" "365f32962039dccd9071c6c67f9cfa46c4fc46ecacb63cdbb49f5bcc5cb74ac5", kill_on_drop: false }`
[INFO] [stdout] 365f32962039dccd9071c6c67f9cfa46c4fc46ecacb63cdbb49f5bcc5cb74ac5
[INFO] running `Command { std: "docker" "create" "-v" "/var/lib/crater-agent-workspace/builds/worker-2-tc2/target:/opt/rustwide/target:rw,Z" "-v" "/var/lib/crater-agent-workspace/builds/worker-2-tc2/source:/opt/rustwide/workdir:ro,Z" "-v" "/var/lib/crater-agent-workspace/cargo-home:/opt/rustwide/cargo-home:ro,Z" "-v" "/var/lib/crater-agent-workspace/rustup-home:/opt/rustwide/rustup-home:ro,Z" "-e" "SOURCE_DIR=/opt/rustwide/workdir" "-e" "CARGO_TARGET_DIR=/opt/rustwide/target" "-e" "CARGO_INCREMENTAL=0" "-e" "RUST_BACKTRACE=full" "-e" "RUSTFLAGS=--cap-lints=forbid -Zrandomize-layout" "-e" "RUSTDOCFLAGS=--cap-lints=forbid" "-e" "CARGO_HOME=/opt/rustwide/cargo-home" "-e" "RUSTUP_HOME=/opt/rustwide/rustup-home" "-w" "/opt/rustwide/workdir" "-m" "1610612736" "--user" "0:0" "--network" "none" "ghcr.io/rust-lang/crates-build-env/linux@sha256:4a844ea9eb2546a2d2c7022eacef16ef2e8229c7fbb2c7d4d55a9ceca922f72d" "/opt/rustwide/cargo-home/bin/cargo" "+nightly-2024-10-28" "test" "--frozen" "--no-run" "--message-format=json", kill_on_drop: false }`
[INFO] [stdout] ee7eebf39e1949f90d1706be47e090a12282581dd3521dbe4e5e730b216a32d2
[INFO] running `Command { std: "docker" "start" "-a" "ee7eebf39e1949f90d1706be47e090a12282581dd3521dbe4e5e730b216a32d2", kill_on_drop: false }`
[INFO] [stderr]    Compiling kfilesystem v0.1.0 (/opt/rustwide/workdir)
[INFO] [stdout] warning: unused import: `crate::node::Kfile`
[INFO] [stdout]  --> src/file_system.rs:1:5
[INFO] [stdout]   |
[INFO] [stdout] 1 | use crate::node::Kfile;
[INFO] [stdout]   |     ^^^^^^^^^^^^^^^^^^
[INFO] [stdout]   |
[INFO] [stdout]   = note: `#[warn(unused_imports)]` on by default
[INFO] [stdout] 
[INFO] [stdout] 
[INFO] [stdout] warning: unused import: `crate::node::Kfile`
[INFO] [stdout]    --> src/file_system.rs:199:9
[INFO] [stdout]     |
[INFO] [stdout] 199 |     use crate::node::Kfile;
[INFO] [stdout]     |         ^^^^^^^^^^^^^^^^^^
[INFO] [stdout] 
[INFO] [stdout] 
[INFO] [stdout] warning: variable does not need to be mutable
[INFO] [stdout]   --> src/file_system.rs:77:13
[INFO] [stdout]    |
[INFO] [stdout] 77 |         let mut s = String::from("/") + &self.pwd;
[INFO] [stdout]    |             ----^
[INFO] [stdout]    |             |
[INFO] [stdout]    |             help: remove this `mut`
[INFO] [stdout]    |
[INFO] [stdout]    = note: `#[warn(unused_mut)]` on by default
[INFO] [stdout] 
[INFO] [stdout] 
[INFO] [stdout] warning: unused variable: `p`
[INFO] [stdout]   --> src/file_system.rs:98:39
[INFO] [stdout]    |
[INFO] [stdout] 98 |                     Some(Knode::Kfile(p)) => {
[INFO] [stdout]    |                                       ^ help: if this is intentional, prefix it with an underscore: `_p`
[INFO] [stdout]    |
[INFO] [stdout]    = note: `#[warn(unused_variables)]` on by default
[INFO] [stdout] 
[INFO] [stdout] 
[INFO] [stdout] warning: unused variable: `args`
[INFO] [stdout]    --> src/file_system.rs:189:63
[INFO] [stdout]     |
[INFO] [stdout] 189 |             "pwd" => KfileSystem::call_string(0, &args, &mut |args: &Vec<&str>| self.pwd()),
[INFO] [stdout]     |                                                               ^^^^ help: if this is intentional, prefix it with an underscore: `_args`
[INFO] [stdout] 
[INFO] [stdout] 
[INFO] [stdout] warning: unused variable: `v`
[INFO] [stdout]    --> src/file_system.rs:279:34
[INFO] [stdout]     |
[INFO] [stdout] 279 |         if let Some(Knode::Kfile(v)) = fs.get_mut("miao/bau/bau.txt") {
[INFO] [stdout]     |                                  ^ help: if this is intentional, prefix it with an underscore: `_v`
[INFO] [stdout] 
[INFO] [stdout] 
[INFO] [stdout] warning: unreachable pattern
[INFO] [stdout]   --> src/node.rs:19:13
[INFO] [stdout]    |
[INFO] [stdout] 18 |             Kfolder => return true,
[INFO] [stdout]    |             ------- matches any value
[INFO] [stdout] 19 |             _ => return false,
[INFO] [stdout]    |             ^ no value can reach this
[INFO] [stdout]    |
[INFO] [stdout]    = note: `#[warn(unreachable_patterns)]` on by default
[INFO] [stdout] 
[INFO] [stdout] 
[INFO] [stdout] warning: unused variable: `Kfolder`
[INFO] [stdout]   --> src/node.rs:18:13
[INFO] [stdout]    |
[INFO] [stdout] 18 |             Kfolder => return true,
[INFO] [stdout]    |             ^^^^^^^ help: if this is intentional, prefix it with an underscore: `_Kfolder`
[INFO] [stdout] 
[INFO] [stdout] 
[INFO] [stdout] warning: unreachable pattern
[INFO] [stdout]   --> src/node.rs:25:13
[INFO] [stdout]    |
[INFO] [stdout] 24 |             Kfile => return true,
[INFO] [stdout]    |             ----- matches any value
[INFO] [stdout] 25 |             _ => return false,
[INFO] [stdout]    |             ^ no value can reach this
[INFO] [stdout] 
[INFO] [stdout] 
[INFO] [stdout] warning: unused variable: `Kfile`
[INFO] [stdout]   --> src/node.rs:24:13
[INFO] [stdout]    |
[INFO] [stdout] 24 |             Kfile => return true,
[INFO] [stdout]    |             ^^^^^ help: if this is intentional, prefix it with an underscore: `_Kfile`
[INFO] [stdout] 
[INFO] [stdout] 
[INFO] [stdout] warning: methods `is_kfolder`, `is_kfile`, `as_kfolder_mut`, `as_kfile_mut`, `as_kfolder`, and `as_kfile` are never used
[INFO] [stdout]   --> src/node.rs:16:12
[INFO] [stdout]    |
[INFO] [stdout] 8  | impl Knode {
[INFO] [stdout]    | ---------- methods in this implementation
[INFO] [stdout] ...
[INFO] [stdout] 16 |     pub fn is_kfolder(&self) -> bool {
[INFO] [stdout]    |            ^^^^^^^^^^
[INFO] [stdout] ...
[INFO] [stdout] 22 |     pub fn is_kfile(&self) -> bool {
[INFO] [stdout]    |            ^^^^^^^^
[INFO] [stdout] ...
[INFO] [stdout] 29 |     pub fn as_kfolder_mut(&mut self) -> Option<&mut Kfolder> {
[INFO] [stdout]    |            ^^^^^^^^^^^^^^
[INFO] [stdout] ...
[INFO] [stdout] 36 |     pub fn as_kfile_mut(&mut self) -> Option<&mut Kfile> {
[INFO] [stdout]    |            ^^^^^^^^^^^^
[INFO] [stdout] ...
[INFO] [stdout] 43 |     pub fn as_kfolder(&self) -> Option<&Kfolder> {
[INFO] [stdout]    |            ^^^^^^^^^^
[INFO] [stdout] ...
[INFO] [stdout] 50 |     pub fn as_kfile(&self) -> Option<&Kfile> {
[INFO] [stdout]    |            ^^^^^^^^
[INFO] [stdout]    |
[INFO] [stdout]    = note: `#[warn(dead_code)]` on by default
[INFO] [stdout] 
[INFO] [stdout] 
[INFO] [stdout] warning: field `text` is never read
[INFO] [stdout]   --> src/node.rs:60:5
[INFO] [stdout]    |
[INFO] [stdout] 59 | pub struct Kfile {
[INFO] [stdout]    |            ----- field in this struct
[INFO] [stdout] 60 |     text: String,
[INFO] [stdout]    |     ^^^^
[INFO] [stdout]    |
[INFO] [stdout]    = note: `Kfile` has a derived impl for the trait `Debug`, but this is intentionally ignored during dead code analysis
[INFO] [stdout] 
[INFO] [stdout] 
[INFO] [stdout] warning: variable `Kfolder` should have a snake case name
[INFO] [stdout]   --> src/node.rs:18:13
[INFO] [stdout]    |
[INFO] [stdout] 18 |             Kfolder => return true,
[INFO] [stdout]    |             ^^^^^^^ help: convert the identifier to snake case (notice the capitalization): `kfolder`
[INFO] [stdout]    |
[INFO] [stdout]    = note: `#[warn(non_snake_case)]` on by default
[INFO] [stdout] 
[INFO] [stdout] 
[INFO] [stdout] warning: variable `Kfile` should have a snake case name
[INFO] [stdout]   --> src/node.rs:24:13
[INFO] [stdout]    |
[INFO] [stdout] 24 |             Kfile => return true,
[INFO] [stdout]    |             ^^^^^ help: convert the identifier to snake case (notice the capitalization): `kfile`
[INFO] [stdout] 
[INFO] [stdout] 
[INFO] [stderr]     Finished `test` profile [unoptimized + debuginfo] target(s) in 0.24s
[INFO] running `Command { std: "docker" "inspect" "ee7eebf39e1949f90d1706be47e090a12282581dd3521dbe4e5e730b216a32d2", kill_on_drop: false }`
[INFO] running `Command { std: "docker" "rm" "-f" "ee7eebf39e1949f90d1706be47e090a12282581dd3521dbe4e5e730b216a32d2", kill_on_drop: false }`
[INFO] [stdout] ee7eebf39e1949f90d1706be47e090a12282581dd3521dbe4e5e730b216a32d2
[INFO] running `Command { std: "docker" "create" "-v" "/var/lib/crater-agent-workspace/builds/worker-2-tc2/target:/opt/rustwide/target:rw,Z" "-v" "/var/lib/crater-agent-workspace/builds/worker-2-tc2/source:/opt/rustwide/workdir:ro,Z" "-v" "/var/lib/crater-agent-workspace/cargo-home:/opt/rustwide/cargo-home:ro,Z" "-v" "/var/lib/crater-agent-workspace/rustup-home:/opt/rustwide/rustup-home:ro,Z" "-e" "SOURCE_DIR=/opt/rustwide/workdir" "-e" "CARGO_TARGET_DIR=/opt/rustwide/target" "-e" "CARGO_INCREMENTAL=0" "-e" "RUST_BACKTRACE=full" "-e" "RUSTFLAGS=--cap-lints=forbid -Zrandomize-layout" "-e" "RUSTDOCFLAGS=--cap-lints=forbid" "-e" "CARGO_HOME=/opt/rustwide/cargo-home" "-e" "RUSTUP_HOME=/opt/rustwide/rustup-home" "-w" "/opt/rustwide/workdir" "-m" "1610612736" "--user" "0:0" "--network" "none" "ghcr.io/rust-lang/crates-build-env/linux@sha256:4a844ea9eb2546a2d2c7022eacef16ef2e8229c7fbb2c7d4d55a9ceca922f72d" "/opt/rustwide/cargo-home/bin/cargo" "+nightly-2024-10-28" "test" "--frozen", kill_on_drop: false }`
[INFO] [stdout] c1111442909f31b7bd45c847e0812e2d26749b52d1ac24f34c3c673b668f7b12
[INFO] running `Command { std: "docker" "start" "-a" "c1111442909f31b7bd45c847e0812e2d26749b52d1ac24f34c3c673b668f7b12", kill_on_drop: false }`
[INFO] [stderr] warning: unused import: `crate::node::Kfile`
[INFO] [stderr]  --> src/file_system.rs:1:5
[INFO] [stderr]   |
[INFO] [stderr] 1 | use crate::node::Kfile;
[INFO] [stderr]   |     ^^^^^^^^^^^^^^^^^^
[INFO] [stderr]   |
[INFO] [stderr]   = note: `#[warn(unused_imports)]` on by default
[INFO] [stderr] 
[INFO] [stderr] warning: unused import: `crate::node::Kfile`
[INFO] [stderr]    --> src/file_system.rs:199:9
[INFO] [stderr]     |
[INFO] [stderr] 199 |     use crate::node::Kfile;
[INFO] [stderr]     |         ^^^^^^^^^^^^^^^^^^
[INFO] [stderr] 
[INFO] [stderr] warning: variable does not need to be mutable
[INFO] [stderr]   --> src/file_system.rs:77:13
[INFO] [stderr]    |
[INFO] [stderr] 77 |         let mut s = String::from("/") + &self.pwd;
[INFO] [stderr]    |             ----^
[INFO] [stderr]    |             |
[INFO] [stderr]    |             help: remove this `mut`
[INFO] [stderr]    |
[INFO] [stderr]    = note: `#[warn(unused_mut)]` on by default
[INFO] [stderr] 
[INFO] [stderr] warning: unused variable: `p`
[INFO] [stderr]   --> src/file_system.rs:98:39
[INFO] [stderr]    |
[INFO] [stderr] 98 |                     Some(Knode::Kfile(p)) => {
[INFO] [stderr]    |                                       ^ help: if this is intentional, prefix it with an underscore: `_p`
[INFO] [stderr]    |
[INFO] [stderr]    = note: `#[warn(unused_variables)]` on by default
[INFO] [stderr] 
[INFO] [stderr] warning: unused variable: `args`
[INFO] [stderr]    --> src/file_system.rs:189:63
[INFO] [stderr]     |
[INFO] [stderr] 189 |             "pwd" => KfileSystem::call_string(0, &args, &mut |args: &Vec<&str>| self.pwd()),
[INFO] [stderr]     |                                                               ^^^^ help: if this is intentional, prefix it with an underscore: `_args`
[INFO] [stderr] 
[INFO] [stderr] warning: unused variable: `v`
[INFO] [stderr]    --> src/file_system.rs:279:34
[INFO] [stderr]     |
[INFO] [stderr] 279 |         if let Some(Knode::Kfile(v)) = fs.get_mut("miao/bau/bau.txt") {
[INFO] [stderr]     |                                  ^ help: if this is intentional, prefix it with an underscore: `_v`
[INFO] [stderr] 
[INFO] [stderr] warning: unreachable pattern
[INFO] [stderr]   --> src/node.rs:19:13
[INFO] [stderr]    |
[INFO] [stderr] 18 |             Kfolder => return true,
[INFO] [stderr]    |             ------- matches any value
[INFO] [stderr] 19 |             _ => return false,
[INFO] [stderr]    |             ^ no value can reach this
[INFO] [stderr]    |
[INFO] [stderr]    = note: `#[warn(unreachable_patterns)]` on by default
[INFO] [stderr] 
[INFO] [stderr] warning: unused variable: `Kfolder`
[INFO] [stderr]   --> src/node.rs:18:13
[INFO] [stderr]    |
[INFO] [stderr] 18 |             Kfolder => return true,
[INFO] [stderr]    |             ^^^^^^^ help: if this is intentional, prefix it with an underscore: `_Kfolder`
[INFO] [stderr] 
[INFO] [stderr] warning: unreachable pattern
[INFO] [stderr]   --> src/node.rs:25:13
[INFO] [stderr]    |
[INFO] [stderr] 24 |             Kfile => return true,
[INFO] [stderr]    |             ----- matches any value
[INFO] [stderr] 25 |             _ => return false,
[INFO] [stderr]    |             ^ no value can reach this
[INFO] [stderr] 
[INFO] [stderr] warning: unused variable: `Kfile`
[INFO] [stderr]   --> src/node.rs:24:13
[INFO] [stderr]    |
[INFO] [stderr] 24 |             Kfile => return true,
[INFO] [stderr]    |             ^^^^^ help: if this is intentional, prefix it with an underscore: `_Kfile`
[INFO] [stderr] 
[INFO] [stderr] warning: methods `is_kfolder`, `is_kfile`, `as_kfolder_mut`, `as_kfile_mut`, `as_kfolder`, and `as_kfile` are never used
[INFO] [stderr]   --> src/node.rs:16:12
[INFO] [stderr]    |
[INFO] [stderr] 8  | impl Knode {
[INFO] [stderr]    | ---------- methods in this implementation
[INFO] [stderr] ...
[INFO] [stderr] 16 |     pub fn is_kfolder(&self) -> bool {
[INFO] [stderr]    |            ^^^^^^^^^^
[INFO] [stderr] ...
[INFO] [stderr] 22 |     pub fn is_kfile(&self) -> bool {
[INFO] [stderr]    |            ^^^^^^^^
[INFO] [stderr] ...
[INFO] [stderr] 29 |     pub fn as_kfolder_mut(&mut self) -> Option<&mut Kfolder> {
[INFO] [stderr]    |            ^^^^^^^^^^^^^^
[INFO] [stderr] ...
[INFO] [stderr] 36 |     pub fn as_kfile_mut(&mut self) -> Option<&mut Kfile> {
[INFO] [stderr]    |            ^^^^^^^^^^^^
[INFO] [stderr] ...
[INFO] [stderr] 43 |     pub fn as_kfolder(&self) -> Option<&Kfolder> {
[INFO] [stderr]    |            ^^^^^^^^^^
[INFO] [stderr] ...
[INFO] [stderr] 50 |     pub fn as_kfile(&self) -> Option<&Kfile> {
[INFO] [stderr]    |            ^^^^^^^^
[INFO] [stderr]    |
[INFO] [stderr]    = note: `#[warn(dead_code)]` on by default
[INFO] [stderr] 
[INFO] [stderr] warning: field `text` is never read
[INFO] [stderr]   --> src/node.rs:60:5
[INFO] [stderr]    |
[INFO] [stderr] 59 | pub struct Kfile {
[INFO] [stderr]    |            ----- field in this struct
[INFO] [stderr] 60 |     text: String,
[INFO] [stderr]    |     ^^^^
[INFO] [stderr]    |
[INFO] [stderr]    = note: `Kfile` has a derived impl for the trait `Debug`, but this is intentionally ignored during dead code analysis
[INFO] [stderr] 
[INFO] [stderr] warning: variable `Kfolder` should have a snake case name
[INFO] [stderr]   --> src/node.rs:18:13
[INFO] [stderr]    |
[INFO] [stderr] 18 |             Kfolder => return true,
[INFO] [stderr]    |             ^^^^^^^ help: convert the identifier to snake case (notice the capitalization): `kfolder`
[INFO] [stderr]    |
[INFO] [stderr]    = note: `#[warn(non_snake_case)]` on by default
[INFO] [stderr] 
[INFO] [stderr] warning: variable `Kfile` should have a snake case name
[INFO] [stderr]   --> src/node.rs:24:13
[INFO] [stderr]    |
[INFO] [stderr] 24 |             Kfile => return true,
[INFO] [stderr]    |             ^^^^^ help: convert the identifier to snake case (notice the capitalization): `kfile`
[INFO] [stderr] 
[INFO] [stderr] warning: `kfilesystem` (bin "kfilesystem" test) generated 14 warnings (run `cargo fix --bin "kfilesystem" --tests` to apply 3 suggestions)
[INFO] [stderr]     Finished `test` profile [unoptimized + debuginfo] target(s) in 0.00s
[INFO] [stderr]      Running unittests src/main.rs (/opt/rustwide/target/debug/deps/kfilesystem-46800a9bb7bcb850)
[INFO] [stdout] 
[INFO] [stdout] running 6 tests
[INFO] [stdout] test file_system::tests::test_get_mut ... ok
[INFO] [stdout] test file_system::tests::test_tokenize ... ok
[INFO] [stdout] test node::tests::test_insert ... ok
[INFO] [stdout] test file_system::tests::test_sanitize ... ok
[INFO] [stdout] test node::tests::test_ls ... ok
[INFO] [stdout] test file_system::tests::test_to_abs_path ... FAILED
[INFO] [stdout] 
[INFO] [stdout] failures:
[INFO] [stdout] 
[INFO] [stdout] ---- file_system::tests::test_to_abs_path stdout ----
[INFO] [stdout] thread 'file_system::tests::test_to_abs_path' panicked at src/file_system.rs:224:9:
[INFO] [stdout] assertion `left == right` failed
[INFO] [stdout]   left: "miao/bau/one/two"
[INFO] [stdout]  right: "/miao/bau/one/two"
[INFO] [stdout] stack backtrace:
[INFO] [stdout]    0:     0x63567a094d3a - std::backtrace_rs::backtrace::libunwind::trace::h207520d6e9873551
[INFO] [stdout]                                at /rustc/df4ca44d3fbc9301ee17f30f4d474e6ae4b05252/library/std/src/../../backtrace/src/backtrace/libunwind.rs:116:5
[INFO] [stdout]    1:     0x63567a094d3a - std::backtrace_rs::backtrace::trace_unsynchronized::h2ed7433f370e3eca
[INFO] [stdout]                                at /rustc/df4ca44d3fbc9301ee17f30f4d474e6ae4b05252/library/std/src/../../backtrace/src/backtrace/mod.rs:66:5
[INFO] [stdout]    2:     0x63567a094d3a - std::sys::backtrace::_print_fmt::h916fac51166b18d7
[INFO] [stdout]                                at /rustc/df4ca44d3fbc9301ee17f30f4d474e6ae4b05252/library/std/src/sys/backtrace.rs:66:9
[INFO] [stdout]    3:     0x63567a094d3a - <std::sys::backtrace::BacktraceLock::print::DisplayBacktrace as core::fmt::Display>::fmt::ha0a4c9b8ce3802e6
[INFO] [stdout]                                at /rustc/df4ca44d3fbc9301ee17f30f4d474e6ae4b05252/library/std/src/sys/backtrace.rs:39:26
[INFO] [stdout]    4:     0x63567a0bb1e3 - core::fmt::rt::Argument::fmt::h4cfc8587d52b3eb5
[INFO] [stdout]                                at /rustc/df4ca44d3fbc9301ee17f30f4d474e6ae4b05252/library/core/src/fmt/rt.rs:177:76
[INFO] [stdout]    5:     0x63567a0bb1e3 - core::fmt::write::h522cc39e5b36ae9f
[INFO] [stdout]                                at /rustc/df4ca44d3fbc9301ee17f30f4d474e6ae4b05252/library/core/src/fmt/mod.rs:1190:21
[INFO] [stdout]    6:     0x63567a0919a3 - std::io::Write::write_fmt::h7d3c26752da97734
[INFO] [stdout]                                at /rustc/df4ca44d3fbc9301ee17f30f4d474e6ae4b05252/library/std/src/io/mod.rs:1839:15
[INFO] [stdout]    7:     0x63567a094b82 - std::sys::backtrace::BacktraceLock::print::h4b9e00b29e9c0942
[INFO] [stdout]                                at /rustc/df4ca44d3fbc9301ee17f30f4d474e6ae4b05252/library/std/src/sys/backtrace.rs:42:9
[INFO] [stdout]    8:     0x63567a0961ca - std::panicking::default_hook::{{closure}}::hb59b88280d0324d9
[INFO] [stdout]                                at /rustc/df4ca44d3fbc9301ee17f30f4d474e6ae4b05252/library/std/src/panicking.rs:268:22
[INFO] [stdout]    9:     0x63567a095fd4 - std::panicking::default_hook::he1dd496665be4a29
[INFO] [stdout]                                at /rustc/df4ca44d3fbc9301ee17f30f4d474e6ae4b05252/library/std/src/panicking.rs:292:9
[INFO] [stdout]   10:     0x63567a05fdc9 - <alloc::boxed::Box<F,A> as core::ops::function::Fn<Args>>::call::h4ff71de18744e1dc
[INFO] [stdout]                                at /rustc/df4ca44d3fbc9301ee17f30f4d474e6ae4b05252/library/alloc/src/boxed.rs:2468:9
[INFO] [stdout]   11:     0x63567a05fdc9 - test::test_main::{{closure}}::hcf7c055ce117aa81
[INFO] [stdout]                                at /rustc/df4ca44d3fbc9301ee17f30f4d474e6ae4b05252/library/test/src/lib.rs:133:21
[INFO] [stdout]   12:     0x63567a0968c8 - <alloc::boxed::Box<F,A> as core::ops::function::Fn<Args>>::call::h1d66c6bbd60c9692
[INFO] [stdout]                                at /rustc/df4ca44d3fbc9301ee17f30f4d474e6ae4b05252/library/alloc/src/boxed.rs:2468:9
[INFO] [stdout]   13:     0x63567a0968c8 - std::panicking::rust_panic_with_hook::h2ff17fe8f26dfcf8
[INFO] [stdout]                                at /rustc/df4ca44d3fbc9301ee17f30f4d474e6ae4b05252/library/std/src/panicking.rs:809:13
[INFO] [stdout]   14:     0x63567a09668a - std::panicking::begin_panic_handler::{{closure}}::h4fad77951c07e101
[INFO] [stdout]                                at /rustc/df4ca44d3fbc9301ee17f30f4d474e6ae4b05252/library/std/src/panicking.rs:674:13
[INFO] [stdout]   15:     0x63567a095219 - std::sys::backtrace::__rust_end_short_backtrace::hb1a25b3da5d0ea08
[INFO] [stdout]                                at /rustc/df4ca44d3fbc9301ee17f30f4d474e6ae4b05252/library/std/src/sys/backtrace.rs:170:18
[INFO] [stdout]   16:     0x63567a09631c - rust_begin_unwind
[INFO] [stdout]                                at /rustc/df4ca44d3fbc9301ee17f30f4d474e6ae4b05252/library/std/src/panicking.rs:665:5
[INFO] [stdout]   17:     0x63567a0b9be0 - core::panicking::panic_fmt::ha9db07b529f9b256
[INFO] [stdout]                                at /rustc/df4ca44d3fbc9301ee17f30f4d474e6ae4b05252/library/core/src/panicking.rs:75:14
[INFO] [stdout]   18:     0x63567a0b9fab - core::panicking::assert_failed_inner::h04f38944d74a80a8
[INFO] [stdout]   19:     0x63567a0210b1 - core::panicking::assert_failed::hc081a2ffc2fbfac5
[INFO] [stdout]                                at /rustc/df4ca44d3fbc9301ee17f30f4d474e6ae4b05252/library/core/src/panicking.rs:377:5
[INFO] [stdout]   20:     0x63567a024623 - kfilesystem::file_system::tests::test_to_abs_path::hf2a703e1dc3f4de1
[INFO] [stdout]                                at /opt/rustwide/workdir/src/file_system.rs:224:9
[INFO] [stdout]   21:     0x63567a0244b7 - kfilesystem::file_system::tests::test_to_abs_path::{{closure}}::hbcc02f2436a9f137
[INFO] [stdout]                                at /opt/rustwide/workdir/src/file_system.rs:220:26
[INFO] [stdout]   22:     0x63567a008ec6 - core::ops::function::FnOnce::call_once::h5a7d19ca7ef69103
[INFO] [stdout]                                at /rustc/df4ca44d3fbc9301ee17f30f4d474e6ae4b05252/library/core/src/ops/function.rs:250:5
[INFO] [stdout]   23:     0x63567a06469b - core::ops::function::FnOnce::call_once::h22c3ba5715e93f05
[INFO] [stdout]                                at /rustc/df4ca44d3fbc9301ee17f30f4d474e6ae4b05252/library/core/src/ops/function.rs:250:5
[INFO] [stdout]   24:     0x63567a06469b - test::__rust_begin_short_backtrace::h8e82d8113d0da17f
[INFO] [stdout]                                at /rustc/df4ca44d3fbc9301ee17f30f4d474e6ae4b05252/library/test/src/lib.rs:621:18
[INFO] [stdout]   25:     0x63567a064017 - test::run_test_in_process::{{closure}}::h33235f4f20b7b7c7
[INFO] [stdout]                                at /rustc/df4ca44d3fbc9301ee17f30f4d474e6ae4b05252/library/test/src/lib.rs:644:60
[INFO] [stdout]   26:     0x63567a064017 - <core::panic::unwind_safe::AssertUnwindSafe<F> as core::ops::function::FnOnce<()>>::call_once::hb5043206310c586f
[INFO] [stdout]                                at /rustc/df4ca44d3fbc9301ee17f30f4d474e6ae4b05252/library/core/src/panic/unwind_safe.rs:272:9
[INFO] [stdout]   27:     0x63567a064017 - std::panicking::try::do_call::h9ad4731a60ab23e2
[INFO] [stdout]                                at /rustc/df4ca44d3fbc9301ee17f30f4d474e6ae4b05252/library/std/src/panicking.rs:557:40
[INFO] [stdout]   28:     0x63567a064017 - std::panicking::try::h3824d23db772a716
[INFO] [stdout]                                at /rustc/df4ca44d3fbc9301ee17f30f4d474e6ae4b05252/library/std/src/panicking.rs:520:19
[INFO] [stdout]   29:     0x63567a064017 - std::panic::catch_unwind::h5afd514605fde46b
[INFO] [stdout]                                at /rustc/df4ca44d3fbc9301ee17f30f4d474e6ae4b05252/library/std/src/panic.rs:358:14
[INFO] [stdout]   30:     0x63567a064017 - test::run_test_in_process::h0d5cbfa7067d1720
[INFO] [stdout]                                at /rustc/df4ca44d3fbc9301ee17f30f4d474e6ae4b05252/library/test/src/lib.rs:644:27
[INFO] [stdout]   31:     0x63567a064017 - test::run_test::{{closure}}::h708eb8872708115d
[INFO] [stdout]                                at /rustc/df4ca44d3fbc9301ee17f30f4d474e6ae4b05252/library/test/src/lib.rs:565:43
[INFO] [stdout]   32:     0x63567a027734 - test::run_test::{{closure}}::h392c51cee94713ab
[INFO] [stdout]                                at /rustc/df4ca44d3fbc9301ee17f30f4d474e6ae4b05252/library/test/src/lib.rs:595:41
[INFO] [stdout]   33:     0x63567a027734 - std::sys::backtrace::__rust_begin_short_backtrace::h2f40290710935a8b
[INFO] [stdout]                                at /rustc/df4ca44d3fbc9301ee17f30f4d474e6ae4b05252/library/std/src/sys/backtrace.rs:154:18
[INFO] [stdout]   34:     0x63567a02aede - std::thread::Builder::spawn_unchecked_::{{closure}}::{{closure}}::h3fd968d89053a903
[INFO] [stdout]                                at /rustc/df4ca44d3fbc9301ee17f30f4d474e6ae4b05252/library/std/src/thread/mod.rs:541:17
[INFO] [stdout]   35:     0x63567a02aede - <core::panic::unwind_safe::AssertUnwindSafe<F> as core::ops::function::FnOnce<()>>::call_once::h743f637ba4229880
[INFO] [stdout]                                at /rustc/df4ca44d3fbc9301ee17f30f4d474e6ae4b05252/library/core/src/panic/unwind_safe.rs:272:9
[INFO] [stdout]   36:     0x63567a02aede - std::panicking::try::do_call::h07440897322525a6
[INFO] [stdout]                                at /rustc/df4ca44d3fbc9301ee17f30f4d474e6ae4b05252/library/std/src/panicking.rs:557:40
[INFO] [stdout]   37:     0x63567a02aede - std::panicking::try::he5a2e00188156637
[INFO] [stdout]                                at /rustc/df4ca44d3fbc9301ee17f30f4d474e6ae4b05252/library/std/src/panicking.rs:520:19
[INFO] [stdout]   38:     0x63567a02aede - std::panic::catch_unwind::hbaf3cae49b3c6433
[INFO] [stdout]                                at /rustc/df4ca44d3fbc9301ee17f30f4d474e6ae4b05252/library/std/src/panic.rs:358:14
[INFO] [stdout]   39:     0x63567a02aede - std::thread::Builder::spawn_unchecked_::{{closure}}::h8e141ea224820bce
[INFO] [stdout]                                at /rustc/df4ca44d3fbc9301ee17f30f4d474e6ae4b05252/library/std/src/thread/mod.rs:540:30
[INFO] [stdout]   40:     0x63567a02aede - core::ops::function::FnOnce::call_once{{vtable.shim}}::h90d312fedd7b8ea8
[INFO] [stdout]                                at /rustc/df4ca44d3fbc9301ee17f30f4d474e6ae4b05252/library/core/src/ops/function.rs:250:5
[INFO] [stdout]   41:     0x63567a09a6bb - <alloc::boxed::Box<F,A> as core::ops::function::FnOnce<Args>>::call_once::h69aa08ddb6adb8b6
[INFO] [stdout]                                at /rustc/df4ca44d3fbc9301ee17f30f4d474e6ae4b05252/library/alloc/src/boxed.rs:2454:9
[INFO] [stdout]   42:     0x63567a09a6bb - <alloc::boxed::Box<F,A> as core::ops::function::FnOnce<Args>>::call_once::h5aa36efdb79c806f
[INFO] [stdout]                                at /rustc/df4ca44d3fbc9301ee17f30f4d474e6ae4b05252/library/alloc/src/boxed.rs:2454:9
[INFO] [stdout]   43:     0x63567a09a6bb - std::sys::pal::unix::thread::Thread::new::thread_start::h6cd80a1b4be5158d
[INFO] [stdout]                                at /rustc/df4ca44d3fbc9301ee17f30f4d474e6ae4b05252/library/std/src/sys/pal/unix/thread.rs:105:17
[INFO] [stdout]   44:     0x7182942e3ac3 - <unknown>
[INFO] [stdout]   45:     0x718294374a04 - clone
[INFO] [stdout]   46:                0x0 - <unknown>
[INFO] [stdout] 
[INFO] [stdout] 
[INFO] [stdout] failures:
[INFO] [stdout]     file_system::tests::test_to_abs_path
[INFO] [stdout] 
[INFO] [stdout] test result: FAILED. 5 passed; 1 failed; 0 ignored; 0 measured; 0 filtered out; finished in 0.01s
[INFO] [stdout] 
[INFO] [stderr] error: test failed, to rerun pass `--bin kfilesystem`
[INFO] running `Command { std: "docker" "inspect" "c1111442909f31b7bd45c847e0812e2d26749b52d1ac24f34c3c673b668f7b12", kill_on_drop: false }`
[INFO] running `Command { std: "docker" "rm" "-f" "c1111442909f31b7bd45c847e0812e2d26749b52d1ac24f34c3c673b668f7b12", kill_on_drop: false }`
[INFO] [stdout] c1111442909f31b7bd45c847e0812e2d26749b52d1ac24f34c3c673b668f7b12
