[INFO] cloning repository https://github.com/carls-rodrigues/food-ordering-system
[INFO] running `Command { std: "git" "-c" "credential.helper=" "-c" "credential.helper=/workspace/cargo-home/bin/git-credential-null" "clone" "--bare" "https://github.com/carls-rodrigues/food-ordering-system" "/workspace/cache/git-repos/https%3A%2F%2Fgithub.com%2Fcarls-rodrigues%2Ffood-ordering-system", kill_on_drop: false }`
[INFO] [stderr] Cloning into bare repository '/workspace/cache/git-repos/https%3A%2F%2Fgithub.com%2Fcarls-rodrigues%2Ffood-ordering-system'...
[INFO] running `Command { std: "git" "rev-parse" "HEAD", kill_on_drop: false }`
[INFO] [stdout] 024288f0d4e01cdd1de74d8bc6592e080e185f70
[INFO] testing carls-rodrigues/food-ordering-system/024288f0d4e01cdd1de74d8bc6592e080e185f70 against nightly-2024-10-28 for randomize-layout
[INFO] running `Command { std: "git" "clone" "/workspace/cache/git-repos/https%3A%2F%2Fgithub.com%2Fcarls-rodrigues%2Ffood-ordering-system" "/workspace/builds/worker-1-tc1/source", kill_on_drop: false }`
[INFO] [stderr] Cloning into '/workspace/builds/worker-1-tc1/source'...
[INFO] [stderr] done.
[INFO] validating manifest of git repo https://github.com/carls-rodrigues/food-ordering-system on toolchain nightly-2024-10-28
[INFO] running `Command { std: CARGO_HOME="/workspace/cargo-home" RUSTUP_HOME="/workspace/rustup-home" "/workspace/cargo-home/bin/cargo" "+nightly-2024-10-28" "metadata" "--manifest-path" "Cargo.toml" "--no-deps", kill_on_drop: false }`
[INFO] started tweaking git repo https://github.com/carls-rodrigues/food-ordering-system
[INFO] finished tweaking git repo https://github.com/carls-rodrigues/food-ordering-system
[INFO] tweaked toml for git repo https://github.com/carls-rodrigues/food-ordering-system written to /workspace/builds/worker-1-tc1/source/Cargo.toml
[INFO] crate git repo https://github.com/carls-rodrigues/food-ordering-system already has a lockfile, it will not be regenerated
[INFO] running `Command { std: CARGO_HOME="/workspace/cargo-home" RUSTUP_HOME="/workspace/rustup-home" "/workspace/cargo-home/bin/cargo" "+nightly-2024-10-28" "fetch" "--manifest-path" "Cargo.toml", kill_on_drop: false }`
[INFO] running `Command { std: "docker" "create" "-v" "/var/lib/crater-agent-workspace/builds/worker-1-tc1/target:/opt/rustwide/target:rw,Z" "-v" "/var/lib/crater-agent-workspace/builds/worker-1-tc1/source:/opt/rustwide/workdir:ro,Z" "-v" "/var/lib/crater-agent-workspace/cargo-home:/opt/rustwide/cargo-home:ro,Z" "-v" "/var/lib/crater-agent-workspace/rustup-home:/opt/rustwide/rustup-home:ro,Z" "-e" "SOURCE_DIR=/opt/rustwide/workdir" "-e" "CARGO_TARGET_DIR=/opt/rustwide/target" "-e" "CARGO_HOME=/opt/rustwide/cargo-home" "-e" "RUSTUP_HOME=/opt/rustwide/rustup-home" "-w" "/opt/rustwide/workdir" "-m" "1610612736" "--user" "0:0" "--network" "none" "ghcr.io/rust-lang/crates-build-env/linux@sha256:4a844ea9eb2546a2d2c7022eacef16ef2e8229c7fbb2c7d4d55a9ceca922f72d" "/opt/rustwide/cargo-home/bin/cargo" "+nightly-2024-10-28" "metadata" "--no-deps" "--format-version=1", kill_on_drop: false }`
[INFO] [stdout] 589b70b5acfb1f1352f8433e9069a4845fdf0a6ca6ac11bcd9205c55726384bd
[INFO] running `Command { std: "docker" "start" "-a" "589b70b5acfb1f1352f8433e9069a4845fdf0a6ca6ac11bcd9205c55726384bd", kill_on_drop: false }`
[INFO] running `Command { std: "docker" "inspect" "589b70b5acfb1f1352f8433e9069a4845fdf0a6ca6ac11bcd9205c55726384bd", kill_on_drop: false }`
[INFO] running `Command { std: "docker" "rm" "-f" "589b70b5acfb1f1352f8433e9069a4845fdf0a6ca6ac11bcd9205c55726384bd", kill_on_drop: false }`
[INFO] [stdout] 589b70b5acfb1f1352f8433e9069a4845fdf0a6ca6ac11bcd9205c55726384bd
[INFO] running `Command { std: "docker" "create" "-v" "/var/lib/crater-agent-workspace/builds/worker-1-tc1/target:/opt/rustwide/target:rw,Z" "-v" "/var/lib/crater-agent-workspace/builds/worker-1-tc1/source:/opt/rustwide/workdir:ro,Z" "-v" "/var/lib/crater-agent-workspace/cargo-home:/opt/rustwide/cargo-home:ro,Z" "-v" "/var/lib/crater-agent-workspace/rustup-home:/opt/rustwide/rustup-home:ro,Z" "-e" "SOURCE_DIR=/opt/rustwide/workdir" "-e" "CARGO_TARGET_DIR=/opt/rustwide/target" "-e" "CARGO_INCREMENTAL=0" "-e" "RUST_BACKTRACE=full" "-e" "RUSTFLAGS=--cap-lints=forbid" "-e" "RUSTDOCFLAGS=--cap-lints=forbid" "-e" "CARGO_HOME=/opt/rustwide/cargo-home" "-e" "RUSTUP_HOME=/opt/rustwide/rustup-home" "-w" "/opt/rustwide/workdir" "-m" "1610612736" "--user" "0:0" "--network" "none" "ghcr.io/rust-lang/crates-build-env/linux@sha256:4a844ea9eb2546a2d2c7022eacef16ef2e8229c7fbb2c7d4d55a9ceca922f72d" "/opt/rustwide/cargo-home/bin/cargo" "+nightly-2024-10-28" "build" "--frozen" "--message-format=json", kill_on_drop: false }`
[INFO] [stdout] 3dcb0883112226e3163d0fc34730878d429e8e861057cbc990ea4de9781e0cd2
[INFO] running `Command { std: "docker" "start" "-a" "3dcb0883112226e3163d0fc34730878d429e8e861057cbc990ea4de9781e0cd2", kill_on_drop: false }`
[INFO] [stderr]    Compiling proc-macro2 v1.0.86
[INFO] [stderr]    Compiling unicode-ident v1.0.12
[INFO] [stderr]    Compiling autocfg v1.3.0
[INFO] [stderr]    Compiling libc v0.2.155
[INFO] [stderr]    Compiling version_check v0.9.4
[INFO] [stderr]    Compiling serde v1.0.204
[INFO] [stderr]    Compiling cfg-if v1.0.0
[INFO] [stderr]    Compiling fnv v1.0.7
[INFO] [stderr]    Compiling ident_case v1.0.1
[INFO] [stderr]    Compiling strsim v0.11.1
[INFO] [stderr]    Compiling syn v1.0.109
[INFO] [stderr]    Compiling once_cell v1.19.0
[INFO] [stderr]    Compiling smallvec v1.13.2
[INFO] [stderr]    Compiling libm v0.2.8
[INFO] [stderr]    Compiling tinyvec_macros v0.1.1
[INFO] [stderr]    Compiling thiserror v1.0.62
[INFO] [stderr]    Compiling tinyvec v1.8.0
[INFO] [stderr]    Compiling overload v0.1.1
[INFO] [stderr]    Compiling log v0.4.22
[INFO] [stderr]    Compiling lazy_static v1.5.0
[INFO] [stderr]    Compiling pin-project-lite v0.2.14
[INFO] [stderr]    Compiling parking_lot_core v0.9.10
[INFO] [stderr]    Compiling sharded-slab v0.1.7
[INFO] [stderr]    Compiling nu-ansi-term v0.46.0
[INFO] [stderr]    Compiling tracing-core v0.1.32
[INFO] [stderr]    Compiling thread_local v1.1.8
[INFO] [stderr]    Compiling serde_json v1.0.120
[INFO] [stderr]    Compiling iana-time-zone v0.1.60
[INFO] [stderr]    Compiling unicode-bidi v0.3.15
[INFO] [stderr]    Compiling regex-syntax v0.8.4
[INFO] [stderr]    Compiling percent-encoding v2.3.1
[INFO] [stderr]    Compiling proc-macro-error-attr v1.0.4
[INFO] [stderr]    Compiling num-traits v0.2.19
[INFO] [stderr]    Compiling proc-macro-error v1.0.4
[INFO] [stderr]    Compiling bigdecimal v0.4.5
[INFO] [stderr]    Compiling lock_api v0.4.12
[INFO] [stderr]    Compiling scopeguard v1.2.0
[INFO] [stderr]    Compiling form_urlencoded v1.2.1
[INFO] [stderr]    Compiling itoa v1.0.11
[INFO] [stderr]    Compiling ryu v1.0.18
[INFO] [stderr]    Compiling bytes v1.6.1
[INFO] [stderr]    Compiling tracing-log v0.2.0
[INFO] [stderr]    Compiling quote v1.0.36
[INFO] [stderr]    Compiling tracing-subscriber v0.3.18
[INFO] [stderr]    Compiling syn v2.0.71
[INFO] [stderr]    Compiling getrandom v0.2.15
[INFO] [stderr]    Compiling num_cpus v1.16.0
[INFO] [stderr]    Compiling signal-hook-registry v1.4.2
[INFO] [stderr]    Compiling mio v0.8.11
[INFO] [stderr]    Compiling socket2 v0.5.7
[INFO] [stderr]    Compiling unicode-normalization v0.1.23
[INFO] [stderr]    Compiling parking_lot v0.12.3
[INFO] [stderr]    Compiling idna v0.5.0
[INFO] [stderr]    Compiling num-integer v0.1.46
[INFO] [stderr]    Compiling regex-automata v0.4.7
[INFO] [stderr]    Compiling num-bigint v0.4.6
[INFO] [stderr]    Compiling url v2.5.2
[INFO] [stderr]    Compiling getset v0.1.2
[INFO] [stderr]    Compiling regex v1.10.5
[INFO] [stderr]    Compiling darling_core v0.20.10
[INFO] [stderr]    Compiling serde_derive v1.0.204
[INFO] [stderr]    Compiling thiserror-impl v1.0.62
[INFO] [stderr]    Compiling tracing-attributes v0.1.27
[INFO] [stderr]    Compiling async-trait v0.1.81
[INFO] [stderr]    Compiling tokio-macros v2.3.0
[INFO] [stderr]    Compiling tokio v1.38.1
[INFO] [stderr]    Compiling tracing v0.1.40
[INFO] [stderr]    Compiling darling_macro v0.20.10
[INFO] [stderr]    Compiling darling v0.20.10
[INFO] [stderr]    Compiling derive_builder_core v0.20.0
[INFO] [stderr]    Compiling validator_derive v0.18.1
[INFO] [stderr]    Compiling derive_builder_macro v0.20.0
[INFO] [stderr]    Compiling derive_builder v0.20.0
[INFO] [stderr]    Compiling uuid v1.10.0
[INFO] [stderr]    Compiling chrono v0.4.38
[INFO] [stderr]    Compiling common v0.1.0 (/opt/rustwide/workdir/common)
[INFO] [stderr]    Compiling validator v0.18.1
[INFO] [stderr]    Compiling order-domain-core v0.1.0 (/opt/rustwide/workdir/order-service/order-domain/domain-core)
[INFO] [stdout] warning: unused import: `Setters`
[INFO] [stdout]   --> order-service/order-domain/domain-core/src/domain/entity/order.rs:11:35
[INFO] [stdout]    |
[INFO] [stdout] 11 | use getset::{Getters, MutGetters, Setters};
[INFO] [stdout]    |                                   ^^^^^^^
[INFO] [stdout]    |
[INFO] [stdout]    = note: `#[warn(unused_imports)]` on by default
[INFO] [stdout] 
[INFO] [stdout] 
[INFO] [stderr]    Compiling order-domain-application-service v0.1.0 (/opt/rustwide/workdir/order-service/order-domain/domain-application-service)
[INFO] [stdout] warning: unused variable: `message`
[INFO] [stdout]   --> order-service/order-domain/domain-application-service/src/domain/payment_response_message_listener_impl.rs:10:33
[INFO] [stdout]    |
[INFO] [stdout] 10 |     fn payment_completed(&self, message: PaymentResponse) -> Result<(), String> {
[INFO] [stdout]    |                                 ^^^^^^^ help: if this is intentional, prefix it with an underscore: `_message`
[INFO] [stdout]    |
[INFO] [stdout]    = note: `#[warn(unused_variables)]` on by default
[INFO] [stdout] 
[INFO] [stdout] 
[INFO] [stdout] warning: unused variable: `message`
[INFO] [stdout]   --> order-service/order-domain/domain-application-service/src/domain/payment_response_message_listener_impl.rs:14:33
[INFO] [stdout]    |
[INFO] [stdout] 14 |     fn payment_cancelled(&self, message: PaymentResponse) -> Result<(), String> {
[INFO] [stdout]    |                                 ^^^^^^^ help: if this is intentional, prefix it with an underscore: `_message`
[INFO] [stdout] 
[INFO] [stdout] 
[INFO] [stdout] warning: unused variable: `restaurant_approval_response`
[INFO] [stdout]  --> order-service/order-domain/domain-application-service/src/domain/restaurant_approval_response_message_listener_impl.rs:8:9
[INFO] [stdout]   |
[INFO] [stdout] 8 |         restaurant_approval_response: RestaurantApprovalResponse,
[INFO] [stdout]   |         ^^^^^^^^^^^^^^^^^^^^^^^^^^^^ help: if this is intentional, prefix it with an underscore: `_restaurant_approval_response`
[INFO] [stdout] 
[INFO] [stdout] 
[INFO] [stdout] warning: unused variable: `restaurant_approval_response`
[INFO] [stdout]   --> order-service/order-domain/domain-application-service/src/domain/restaurant_approval_response_message_listener_impl.rs:14:9
[INFO] [stdout]    |
[INFO] [stdout] 14 |         restaurant_approval_response: RestaurantApprovalResponse,
[INFO] [stdout]    |         ^^^^^^^^^^^^^^^^^^^^^^^^^^^^ help: if this is intentional, prefix it with an underscore: `_restaurant_approval_response`
[INFO] [stdout] 
[INFO] [stdout] 
[INFO] [stderr]    Compiling order-messaging v0.1.0 (/opt/rustwide/workdir/order-service/order-messaging)
[INFO] [stderr]    Compiling order-dataaccess v0.1.0 (/opt/rustwide/workdir/order-service/order-dataaccess)
[INFO] [stderr]    Compiling order-application v0.1.0 (/opt/rustwide/workdir/order-service/order-application)
[INFO] [stderr]    Compiling order-container v0.1.0 (/opt/rustwide/workdir/order-service/order-container)
[INFO] [stderr]     Finished `dev` profile [unoptimized + debuginfo] target(s) in 9.82s
[INFO] running `Command { std: "docker" "inspect" "3dcb0883112226e3163d0fc34730878d429e8e861057cbc990ea4de9781e0cd2", kill_on_drop: false }`
[INFO] running `Command { std: "docker" "rm" "-f" "3dcb0883112226e3163d0fc34730878d429e8e861057cbc990ea4de9781e0cd2", kill_on_drop: false }`
[INFO] [stdout] 3dcb0883112226e3163d0fc34730878d429e8e861057cbc990ea4de9781e0cd2
[INFO] running `Command { std: "docker" "create" "-v" "/var/lib/crater-agent-workspace/builds/worker-1-tc1/target:/opt/rustwide/target:rw,Z" "-v" "/var/lib/crater-agent-workspace/builds/worker-1-tc1/source:/opt/rustwide/workdir:ro,Z" "-v" "/var/lib/crater-agent-workspace/cargo-home:/opt/rustwide/cargo-home:ro,Z" "-v" "/var/lib/crater-agent-workspace/rustup-home:/opt/rustwide/rustup-home:ro,Z" "-e" "SOURCE_DIR=/opt/rustwide/workdir" "-e" "CARGO_TARGET_DIR=/opt/rustwide/target" "-e" "CARGO_INCREMENTAL=0" "-e" "RUST_BACKTRACE=full" "-e" "RUSTFLAGS=--cap-lints=forbid" "-e" "RUSTDOCFLAGS=--cap-lints=forbid" "-e" "CARGO_HOME=/opt/rustwide/cargo-home" "-e" "RUSTUP_HOME=/opt/rustwide/rustup-home" "-w" "/opt/rustwide/workdir" "-m" "1610612736" "--user" "0:0" "--network" "none" "ghcr.io/rust-lang/crates-build-env/linux@sha256:4a844ea9eb2546a2d2c7022eacef16ef2e8229c7fbb2c7d4d55a9ceca922f72d" "/opt/rustwide/cargo-home/bin/cargo" "+nightly-2024-10-28" "test" "--frozen" "--no-run" "--message-format=json", kill_on_drop: false }`
[INFO] [stdout] 04563a66087134dc235b7b739403bfa41b08c21495f1b7c3855f4ac6cfd31d96
[INFO] running `Command { std: "docker" "start" "-a" "04563a66087134dc235b7b739403bfa41b08c21495f1b7c3855f4ac6cfd31d96", kill_on_drop: false }`
[INFO] [stderr]    Compiling predicates-core v1.0.6
[INFO] [stderr]    Compiling anstyle v1.0.7
[INFO] [stderr]    Compiling termtree v0.4.1
[INFO] [stderr]    Compiling mockall_derive v0.12.1
[INFO] [stderr]    Compiling fragile v2.0.0
[INFO] [stderr]    Compiling downcast v0.11.0
[INFO] [stderr]    Compiling common v0.1.0 (/opt/rustwide/workdir/common)
[INFO] [stdout] warning: unused import: `Setters`
[INFO] [stdout]   --> order-service/order-domain/domain-core/src/domain/entity/order.rs:11:35
[INFO] [stdout]    |
[INFO] [stdout] 11 | use getset::{Getters, MutGetters, Setters};
[INFO] [stdout]    |                                   ^^^^^^^
[INFO] [stdout]    |
[INFO] [stdout]    = note: `#[warn(unused_imports)]` on by default
[INFO] [stdout] 
[INFO] [stdout] 
[INFO] [stderr]    Compiling order-domain-core v0.1.0 (/opt/rustwide/workdir/order-service/order-domain/domain-core)
[INFO] [stdout] warning: unused variable: `message`
[INFO] [stdout]   --> order-service/order-domain/domain-application-service/src/domain/payment_response_message_listener_impl.rs:10:33
[INFO] [stdout]    |
[INFO] [stdout] 10 |     fn payment_completed(&self, message: PaymentResponse) -> Result<(), String> {
[INFO] [stdout]    |                                 ^^^^^^^ help: if this is intentional, prefix it with an underscore: `_message`
[INFO] [stdout]    |
[INFO] [stdout]    = note: `#[warn(unused_variables)]` on by default
[INFO] [stdout] 
[INFO] [stdout] 
[INFO] [stdout] warning: unused variable: `message`
[INFO] [stdout]   --> order-service/order-domain/domain-application-service/src/domain/payment_response_message_listener_impl.rs:14:33
[INFO] [stdout]    |
[INFO] [stdout] 14 |     fn payment_cancelled(&self, message: PaymentResponse) -> Result<(), String> {
[INFO] [stdout]    |                                 ^^^^^^^ help: if this is intentional, prefix it with an underscore: `_message`
[INFO] [stdout] 
[INFO] [stdout] 
[INFO] [stdout] warning: unused variable: `restaurant_approval_response`
[INFO] [stdout]  --> order-service/order-domain/domain-application-service/src/domain/restaurant_approval_response_message_listener_impl.rs:8:9
[INFO] [stdout]   |
[INFO] [stdout] 8 |         restaurant_approval_response: RestaurantApprovalResponse,
[INFO] [stdout]   |         ^^^^^^^^^^^^^^^^^^^^^^^^^^^^ help: if this is intentional, prefix it with an underscore: `_restaurant_approval_response`
[INFO] [stdout] 
[INFO] [stdout] 
[INFO] [stdout] warning: unused variable: `restaurant_approval_response`
[INFO] [stdout]   --> order-service/order-domain/domain-application-service/src/domain/restaurant_approval_response_message_listener_impl.rs:14:9
[INFO] [stdout]    |
[INFO] [stdout] 14 |         restaurant_approval_response: RestaurantApprovalResponse,
[INFO] [stdout]    |         ^^^^^^^^^^^^^^^^^^^^^^^^^^^^ help: if this is intentional, prefix it with an underscore: `_restaurant_approval_response`
[INFO] [stdout] 
[INFO] [stdout] 
[INFO] [stderr]    Compiling order-application v0.1.0 (/opt/rustwide/workdir/order-service/order-application)
[INFO] [stderr]    Compiling order-dataaccess v0.1.0 (/opt/rustwide/workdir/order-service/order-dataaccess)
[INFO] [stderr]    Compiling order-messaging v0.1.0 (/opt/rustwide/workdir/order-service/order-messaging)
[INFO] [stderr]    Compiling order-container v0.1.0 (/opt/rustwide/workdir/order-service/order-container)
[INFO] [stderr]    Compiling predicates-tree v1.0.9
[INFO] [stdout] warning: unused import: `Setters`
[INFO] [stdout]   --> order-service/order-domain/domain-core/src/domain/entity/order.rs:11:35
[INFO] [stdout]    |
[INFO] [stdout] 11 | use getset::{Getters, MutGetters, Setters};
[INFO] [stdout]    |                                   ^^^^^^^
[INFO] [stdout]    |
[INFO] [stdout]    = note: `#[warn(unused_imports)]` on by default
[INFO] [stdout] 
[INFO] [stdout] 
[INFO] [stderr]    Compiling predicates v3.1.0
[INFO] [stderr]    Compiling mockall v0.12.1
[INFO] [stderr]    Compiling order-domain-application-service v0.1.0 (/opt/rustwide/workdir/order-service/order-domain/domain-application-service)
[INFO] [stdout] warning: unused import: `OrderAddress`
[INFO] [stdout]  --> order-service/order-domain/domain-application-service/test/order_application_service_test.rs:5:52
[INFO] [stdout]   |
[INFO] [stdout] 5 |     CreateOrderCommand, CreateOrderCommandBuilder, OrderAddress, OrderAddressBuilder,
[INFO] [stdout]   |                                                    ^^^^^^^^^^^^
[INFO] [stdout]   |
[INFO] [stdout]   = note: `#[warn(unused_imports)]` on by default
[INFO] [stdout] 
[INFO] [stdout] 
[INFO] [stdout] warning: unused import: `order_domain_core::domain::order_domain_service::OrderDomainService`
[INFO] [stdout]   --> order-service/order-domain/domain-application-service/test/order_test_configuration.rs:20:9
[INFO] [stdout]    |
[INFO] [stdout] 20 |     use order_domain_core::domain::order_domain_service::OrderDomainService;
[INFO] [stdout]    |         ^^^^^^^^^^^^^^^^^^^^^^^^^^^^^^^^^^^^^^^^^^^^^^^^^^^^^^^^^^^^^^^^^^^
[INFO] [stdout] 
[INFO] [stdout] 
[INFO] [stdout] warning: unused import: `order_domain_core::domain::order_domain_service_impl::OrderDomainServiceImpl`
[INFO] [stdout]   --> order-service/order-domain/domain-application-service/test/order_test_configuration.rs:21:9
[INFO] [stdout]    |
[INFO] [stdout] 21 |     use order_domain_core::domain::order_domain_service_impl::OrderDomainServiceImpl;
[INFO] [stdout]    |         ^^^^^^^^^^^^^^^^^^^^^^^^^^^^^^^^^^^^^^^^^^^^^^^^^^^^^^^^^^^^^^^^^^^^^^^^^^^^
[INFO] [stdout] 
[INFO] [stdout] 
[INFO] [stdout] warning: unused import: `self`
[INFO] [stdout]   --> order-service/order-domain/domain-application-service/test/order_test_configuration.rs:28:21
[INFO] [stdout]    |
[INFO] [stdout] 28 |         predicate::{self, *},
[INFO] [stdout]    |                     ^^^^
[INFO] [stdout] 
[INFO] [stdout] 
[INFO] [stdout] warning: unused variable: `customer`
[INFO] [stdout]    --> order-service/order-domain/domain-application-service/test/order_application_service_test.rs:166:13
[INFO] [stdout]     |
[INFO] [stdout] 166 |         let customer = Customer::new(CustomerId::new(self.customer_id));
[INFO] [stdout]     |             ^^^^^^^^ help: if this is intentional, prefix it with an underscore: `_customer`
[INFO] [stdout]     |
[INFO] [stdout]     = note: `#[warn(unused_variables)]` on by default
[INFO] [stdout] 
[INFO] [stdout] 
[INFO] [stdout] warning: unused variable: `restaurant`
[INFO] [stdout]    --> order-service/order-domain/domain-application-service/test/order_application_service_test.rs:167:13
[INFO] [stdout]     |
[INFO] [stdout] 167 |         let restaurant = Restaurant::new(
[INFO] [stdout]     |             ^^^^^^^^^^ help: if this is intentional, prefix it with an underscore: `_restaurant`
[INFO] [stdout] 
[INFO] [stdout] 
[INFO] [stdout] warning: unused variable: `order`
[INFO] [stdout]    --> order-service/order-domain/domain-application-service/test/order_application_service_test.rs:182:13
[INFO] [stdout]     |
[INFO] [stdout] 182 |         let order = self
[INFO] [stdout]     |             ^^^^^ help: if this is intentional, prefix it with an underscore: `_order`
[INFO] [stdout] 
[INFO] [stdout] 
[INFO] [stdout] warning: unused variable: `customer`
[INFO] [stdout]    --> order-service/order-domain/domain-application-service/test/order_application_service_test.rs:186:13
[INFO] [stdout]     |
[INFO] [stdout] 186 |         let customer = self
[INFO] [stdout]     |             ^^^^^^^^ help: if this is intentional, prefix it with an underscore: `_customer`
[INFO] [stdout] 
[INFO] [stdout] 
[INFO] [stdout] warning: unused variable: `message`
[INFO] [stdout]   --> order-service/order-domain/domain-application-service/src/domain/payment_response_message_listener_impl.rs:10:33
[INFO] [stdout]    |
[INFO] [stdout] 10 |     fn payment_completed(&self, message: PaymentResponse) -> Result<(), String> {
[INFO] [stdout]    |                                 ^^^^^^^ help: if this is intentional, prefix it with an underscore: `_message`
[INFO] [stdout]    |
[INFO] [stdout]    = note: `#[warn(unused_variables)]` on by default
[INFO] [stdout] 
[INFO] [stdout] 
[INFO] [stdout] warning: unused variable: `message`
[INFO] [stdout]   --> order-service/order-domain/domain-application-service/src/domain/payment_response_message_listener_impl.rs:14:33
[INFO] [stdout]    |
[INFO] [stdout] 14 |     fn payment_cancelled(&self, message: PaymentResponse) -> Result<(), String> {
[INFO] [stdout]    |                                 ^^^^^^^ help: if this is intentional, prefix it with an underscore: `_message`
[INFO] [stdout] 
[INFO] [stdout] 
[INFO] [stdout] warning: unused variable: `restaurant_approval_response`
[INFO] [stdout]  --> order-service/order-domain/domain-application-service/src/domain/restaurant_approval_response_message_listener_impl.rs:8:9
[INFO] [stdout]   |
[INFO] [stdout] 8 |         restaurant_approval_response: RestaurantApprovalResponse,
[INFO] [stdout]   |         ^^^^^^^^^^^^^^^^^^^^^^^^^^^^ help: if this is intentional, prefix it with an underscore: `_restaurant_approval_response`
[INFO] [stdout] 
[INFO] [stdout] 
[INFO] [stdout] warning: unused variable: `restaurant_approval_response`
[INFO] [stdout]   --> order-service/order-domain/domain-application-service/src/domain/restaurant_approval_response_message_listener_impl.rs:14:9
[INFO] [stdout]    |
[INFO] [stdout] 14 |         restaurant_approval_response: RestaurantApprovalResponse,
[INFO] [stdout]    |         ^^^^^^^^^^^^^^^^^^^^^^^^^^^^ help: if this is intentional, prefix it with an underscore: `_restaurant_approval_response`
[INFO] [stdout] 
[INFO] [stdout] 
[INFO] [stdout] warning: unused variable: `order_data_mapper`
[INFO] [stdout]    --> order-service/order-domain/domain-application-service/test/order_test_configuration.rs:386:13
[INFO] [stdout]     |
[INFO] [stdout] 386 |         let order_data_mapper = output.order_data_mapper;
[INFO] [stdout]     |             ^^^^^^^^^^^^^^^^^ help: if this is intentional, prefix it with an underscore: `_order_data_mapper`
[INFO] [stdout] 
[INFO] [stdout] 
[INFO] [stdout] warning: struct `OrderApplicationServiceTest` is never constructed
[INFO] [stdout]   --> order-service/order-domain/domain-application-service/test/order_application_service_test.rs:18:12
[INFO] [stdout]    |
[INFO] [stdout] 18 | pub struct OrderApplicationServiceTest {
[INFO] [stdout]    |            ^^^^^^^^^^^^^^^^^^^^^^^^^^^
[INFO] [stdout]    |
[INFO] [stdout]    = note: `#[warn(dead_code)]` on by default
[INFO] [stdout] 
[INFO] [stdout] 
[INFO] [stdout] warning: associated items `new` and `before_all` are never used
[INFO] [stdout]   --> order-service/order-domain/domain-application-service/test/order_application_service_test.rs:46:12
[INFO] [stdout]    |
[INFO] [stdout] 45 | impl OrderApplicationServiceTest {
[INFO] [stdout]    | -------------------------------- associated items in this implementation
[INFO] [stdout] 46 |     pub fn new(
[INFO] [stdout]    |            ^^^
[INFO] [stdout] ...
[INFO] [stdout] 69 |     async fn before_all(&mut self) {
[INFO] [stdout]    |              ^^^^^^^^^^
[INFO] [stdout] 
[INFO] [stdout] 
[INFO] [stdout] warning: fields `mock_order_created_payment_request_message_publisher`, `mock_order_cancelled_payment_request_message_publisher`, and `mock_order_paid_restaurant_request_message_publisher` are never read
[INFO] [stdout]    --> order-service/order-domain/domain-application-service/test/order_test_configuration.rs:137:9
[INFO] [stdout]     |
[INFO] [stdout] 132 |     struct Output {
[INFO] [stdout]     |            ------ fields in this struct
[INFO] [stdout] ...
[INFO] [stdout] 137 |         mock_order_created_payment_request_message_publisher:
[INFO] [stdout]     |         ^^^^^^^^^^^^^^^^^^^^^^^^^^^^^^^^^^^^^^^^^^^^^^^^^^^^
[INFO] [stdout] 138 |             MockOrderCreatedPaymentRequestMessagePublisher,
[INFO] [stdout] 139 |         mock_order_cancelled_payment_request_message_publisher:
[INFO] [stdout]     |         ^^^^^^^^^^^^^^^^^^^^^^^^^^^^^^^^^^^^^^^^^^^^^^^^^^^^^^
[INFO] [stdout] 140 |             MockOrderCancelledPaymentRequestMessagePublisher,
[INFO] [stdout] 141 |         mock_order_paid_restaurant_request_message_publisher:
[INFO] [stdout]     |         ^^^^^^^^^^^^^^^^^^^^^^^^^^^^^^^^^^^^^^^^^^^^^^^^^^^^
[INFO] [stdout] 
[INFO] [stdout] 
[INFO] [stderr]     Finished `test` profile [unoptimized + debuginfo] target(s) in 2.41s
[INFO] running `Command { std: "docker" "inspect" "04563a66087134dc235b7b739403bfa41b08c21495f1b7c3855f4ac6cfd31d96", kill_on_drop: false }`
[INFO] running `Command { std: "docker" "rm" "-f" "04563a66087134dc235b7b739403bfa41b08c21495f1b7c3855f4ac6cfd31d96", kill_on_drop: false }`
[INFO] [stdout] 04563a66087134dc235b7b739403bfa41b08c21495f1b7c3855f4ac6cfd31d96
[INFO] running `Command { std: "docker" "create" "-v" "/var/lib/crater-agent-workspace/builds/worker-1-tc1/target:/opt/rustwide/target:rw,Z" "-v" "/var/lib/crater-agent-workspace/builds/worker-1-tc1/source:/opt/rustwide/workdir:ro,Z" "-v" "/var/lib/crater-agent-workspace/cargo-home:/opt/rustwide/cargo-home:ro,Z" "-v" "/var/lib/crater-agent-workspace/rustup-home:/opt/rustwide/rustup-home:ro,Z" "-e" "SOURCE_DIR=/opt/rustwide/workdir" "-e" "CARGO_TARGET_DIR=/opt/rustwide/target" "-e" "CARGO_INCREMENTAL=0" "-e" "RUST_BACKTRACE=full" "-e" "RUSTFLAGS=--cap-lints=forbid" "-e" "RUSTDOCFLAGS=--cap-lints=forbid" "-e" "CARGO_HOME=/opt/rustwide/cargo-home" "-e" "RUSTUP_HOME=/opt/rustwide/rustup-home" "-w" "/opt/rustwide/workdir" "-m" "1610612736" "--user" "0:0" "--network" "none" "ghcr.io/rust-lang/crates-build-env/linux@sha256:4a844ea9eb2546a2d2c7022eacef16ef2e8229c7fbb2c7d4d55a9ceca922f72d" "/opt/rustwide/cargo-home/bin/cargo" "+nightly-2024-10-28" "test" "--frozen", kill_on_drop: false }`
[INFO] [stdout] 808f5c2d8148e3afd4571a5ad2c8e710440fc4d2ee537ef43a256a2732cee178
[INFO] running `Command { std: "docker" "start" "-a" "808f5c2d8148e3afd4571a5ad2c8e710440fc4d2ee537ef43a256a2732cee178", kill_on_drop: false }`
[INFO] [stderr] warning: unused import: `Setters`
[INFO] [stderr]   --> order-service/order-domain/domain-core/src/domain/entity/order.rs:11:35
[INFO] [stderr]    |
[INFO] [stderr] 11 | use getset::{Getters, MutGetters, Setters};
[INFO] [stderr]    |                                   ^^^^^^^
[INFO] [stderr]    |
[INFO] [stderr]    = note: `#[warn(unused_imports)]` on by default
[INFO] [stderr] 
[INFO] [stderr] warning: `order-domain-core` (lib) generated 1 warning (run `cargo fix --lib -p order-domain-core` to apply 1 suggestion)
[INFO] [stderr] warning: `order-domain-core` (lib test) generated 1 warning (1 duplicate)
[INFO] [stderr] warning: unused variable: `message`
[INFO] [stderr]   --> order-service/order-domain/domain-application-service/src/domain/payment_response_message_listener_impl.rs:10:33
[INFO] [stderr]    |
[INFO] [stderr] 10 |     fn payment_completed(&self, message: PaymentResponse) -> Result<(), String> {
[INFO] [stderr]    |                                 ^^^^^^^ help: if this is intentional, prefix it with an underscore: `_message`
[INFO] [stderr]    |
[INFO] [stderr]    = note: `#[warn(unused_variables)]` on by default
[INFO] [stderr] 
[INFO] [stderr] warning: unused variable: `message`
[INFO] [stderr]   --> order-service/order-domain/domain-application-service/src/domain/payment_response_message_listener_impl.rs:14:33
[INFO] [stderr]    |
[INFO] [stderr] 14 |     fn payment_cancelled(&self, message: PaymentResponse) -> Result<(), String> {
[INFO] [stderr]    |                                 ^^^^^^^ help: if this is intentional, prefix it with an underscore: `_message`
[INFO] [stderr] 
[INFO] [stderr] warning: unused variable: `restaurant_approval_response`
[INFO] [stderr]  --> order-service/order-domain/domain-application-service/src/domain/restaurant_approval_response_message_listener_impl.rs:8:9
[INFO] [stderr]   |
[INFO] [stderr] 8 |         restaurant_approval_response: RestaurantApprovalResponse,
[INFO] [stderr]   |         ^^^^^^^^^^^^^^^^^^^^^^^^^^^^ help: if this is intentional, prefix it with an underscore: `_restaurant_approval_response`
[INFO] [stderr] 
[INFO] [stderr] warning: unused variable: `restaurant_approval_response`
[INFO] [stderr]   --> order-service/order-domain/domain-application-service/src/domain/restaurant_approval_response_message_listener_impl.rs:14:9
[INFO] [stderr]    |
[INFO] [stderr] 14 |         restaurant_approval_response: RestaurantApprovalResponse,
[INFO] [stderr]    |         ^^^^^^^^^^^^^^^^^^^^^^^^^^^^ help: if this is intentional, prefix it with an underscore: `_restaurant_approval_response`
[INFO] [stderr] 
[INFO] [stderr] warning: `order-domain-application-service` (lib) generated 4 warnings
[INFO] [stderr] warning: `order-domain-application-service` (lib test) generated 4 warnings (4 duplicates)
[INFO] [stderr] warning: unused import: `OrderAddress`
[INFO] [stderr]  --> order-service/order-domain/domain-application-service/test/order_application_service_test.rs:5:52
[INFO] [stderr]   |
[INFO] [stderr] 5 |     CreateOrderCommand, CreateOrderCommandBuilder, OrderAddress, OrderAddressBuilder,
[INFO] [stderr]   |                                                    ^^^^^^^^^^^^
[INFO] [stderr]   |
[INFO] [stderr]   = note: `#[warn(unused_imports)]` on by default
[INFO] [stderr] 
[INFO] [stderr] warning: unused import: `order_domain_core::domain::order_domain_service::OrderDomainService`
[INFO] [stderr]   --> order-service/order-domain/domain-application-service/test/order_test_configuration.rs:20:9
[INFO] [stderr]    |
[INFO] [stderr] 20 |     use order_domain_core::domain::order_domain_service::OrderDomainService;
[INFO] [stderr]    |         ^^^^^^^^^^^^^^^^^^^^^^^^^^^^^^^^^^^^^^^^^^^^^^^^^^^^^^^^^^^^^^^^^^^
[INFO] [stderr] 
[INFO] [stderr] warning: unused import: `order_domain_core::domain::order_domain_service_impl::OrderDomainServiceImpl`
[INFO] [stderr]   --> order-service/order-domain/domain-application-service/test/order_test_configuration.rs:21:9
[INFO] [stderr]    |
[INFO] [stderr] 21 |     use order_domain_core::domain::order_domain_service_impl::OrderDomainServiceImpl;
[INFO] [stderr]    |         ^^^^^^^^^^^^^^^^^^^^^^^^^^^^^^^^^^^^^^^^^^^^^^^^^^^^^^^^^^^^^^^^^^^^^^^^^^^^
[INFO] [stderr] 
[INFO] [stderr] warning: unused import: `self`
[INFO] [stderr]   --> order-service/order-domain/domain-application-service/test/order_test_configuration.rs:28:21
[INFO] [stderr]    |
[INFO] [stderr] 28 |         predicate::{self, *},
[INFO] [stderr]    |                     ^^^^
[INFO] [stderr] 
[INFO] [stderr] warning: unused variable: `customer`
[INFO] [stderr]    --> order-service/order-domain/domain-application-service/test/order_application_service_test.rs:166:13
[INFO] [stderr]     |
[INFO] [stderr] 166 |         let customer = Customer::new(CustomerId::new(self.customer_id));
[INFO] [stderr]     |             ^^^^^^^^ help: if this is intentional, prefix it with an underscore: `_customer`
[INFO] [stderr]     |
[INFO] [stderr]     = note: `#[warn(unused_variables)]` on by default
[INFO] [stderr] 
[INFO] [stderr] warning: unused variable: `restaurant`
[INFO] [stderr]    --> order-service/order-domain/domain-application-service/test/order_application_service_test.rs:167:13
[INFO] [stderr]     |
[INFO] [stderr] 167 |         let restaurant = Restaurant::new(
[INFO] [stderr]     |             ^^^^^^^^^^ help: if this is intentional, prefix it with an underscore: `_restaurant`
[INFO] [stderr] 
[INFO] [stderr] warning: unused variable: `order`
[INFO] [stderr]    --> order-service/order-domain/domain-application-service/test/order_application_service_test.rs:182:13
[INFO] [stderr]     |
[INFO] [stderr] 182 |         let order = self
[INFO] [stderr]     |             ^^^^^ help: if this is intentional, prefix it with an underscore: `_order`
[INFO] [stderr] 
[INFO] [stderr] warning: unused variable: `customer`
[INFO] [stderr]    --> order-service/order-domain/domain-application-service/test/order_application_service_test.rs:186:13
[INFO] [stderr]     |
[INFO] [stderr] 186 |         let customer = self
[INFO] [stderr]     |             ^^^^^^^^ help: if this is intentional, prefix it with an underscore: `_customer`
[INFO] [stderr] 
[INFO] [stderr] warning: unused variable: `order_data_mapper`
[INFO] [stderr]    --> order-service/order-domain/domain-application-service/test/order_test_configuration.rs:386:13
[INFO] [stderr]     |
[INFO] [stderr] 386 |         let order_data_mapper = output.order_data_mapper;
[INFO] [stderr]     |             ^^^^^^^^^^^^^^^^^ help: if this is intentional, prefix it with an underscore: `_order_data_mapper`
[INFO] [stderr] 
[INFO] [stderr] warning: struct `OrderApplicationServiceTest` is never constructed
[INFO] [stderr]   --> order-service/order-domain/domain-application-service/test/order_application_service_test.rs:18:12
[INFO] [stderr]    |
[INFO] [stderr] 18 | pub struct OrderApplicationServiceTest {
[INFO] [stderr]    |            ^^^^^^^^^^^^^^^^^^^^^^^^^^^
[INFO] [stderr]    |
[INFO] [stderr]    = note: `#[warn(dead_code)]` on by default
[INFO] [stderr] 
[INFO] [stderr] warning: associated items `new` and `before_all` are never used
[INFO] [stderr]   --> order-service/order-domain/domain-application-service/test/order_application_service_test.rs:46:12
[INFO] [stderr]    |
[INFO] [stderr] 45 | impl OrderApplicationServiceTest {
[INFO] [stderr]    | -------------------------------- associated items in this implementation
[INFO] [stderr] 46 |     pub fn new(
[INFO] [stderr]    |            ^^^
[INFO] [stderr] ...
[INFO] [stderr] 69 |     async fn before_all(&mut self) {
[INFO] [stderr]    |              ^^^^^^^^^^
[INFO] [stderr] 
[INFO] [stderr] warning: fields `mock_order_created_payment_request_message_publisher`, `mock_order_cancelled_payment_request_message_publisher`, and `mock_order_paid_restaurant_request_message_publisher` are never read
[INFO] [stderr]    --> order-service/order-domain/domain-application-service/test/order_test_configuration.rs:137:9
[INFO] [stderr]     |
[INFO] [stderr] 132 |     struct Output {
[INFO] [stderr]     |            ------ fields in this struct
[INFO] [stderr] ...
[INFO] [stderr] 137 |         mock_order_created_payment_request_message_publisher:
[INFO] [stderr]     |         ^^^^^^^^^^^^^^^^^^^^^^^^^^^^^^^^^^^^^^^^^^^^^^^^^^^^
[INFO] [stderr] 138 |             MockOrderCreatedPaymentRequestMessagePublisher,
[INFO] [stderr] 139 |         mock_order_cancelled_payment_request_message_publisher:
[INFO] [stderr]     |         ^^^^^^^^^^^^^^^^^^^^^^^^^^^^^^^^^^^^^^^^^^^^^^^^^^^^^^
[INFO] [stderr] 140 |             MockOrderCancelledPaymentRequestMessagePublisher,
[INFO] [stderr] 141 |         mock_order_paid_restaurant_request_message_publisher:
[INFO] [stderr]     |         ^^^^^^^^^^^^^^^^^^^^^^^^^^^^^^^^^^^^^^^^^^^^^^^^^^^^
[INFO] [stderr] 
[INFO] [stderr] warning: `order-domain-application-service` (test "test_order_application_service") generated 12 warnings (run `cargo fix --test "test_order_application_service"` to apply 4 suggestions)
[INFO] [stderr]     Finished `test` profile [unoptimized + debuginfo] target(s) in 0.07s
[INFO] [stderr]      Running unittests src/lib.rs (/opt/rustwide/target/debug/deps/common-868acf325d31701d)
[INFO] [stdout] 
[INFO] [stdout] running 13 tests
[INFO] [stdout] test domain::entity::aggregate_root::aggregate_root_tests::test_aggregate_root ... ok
[INFO] [stdout] test domain::value_object::customer_id::customer_id_tests::test_customer_id ... ok
[INFO] [stdout] test domain::value_object::money::money_tests::test_divide ... ok
[INFO] [stdout] test domain::value_object::money::money_tests::test_add ... ok
[INFO] [stdout] test domain::value_object::money::money_tests::test_is_greater_than ... ok
[INFO] [stdout] test domain::value_object::money::money_tests::test_is_greater_than_zero ... ok
[INFO] [stdout] test domain::value_object::money::money_tests::test_money ... ok
[INFO] [stdout] test domain::value_object::money::money_tests::test_multiply ... ok
[INFO] [stdout] test domain::value_object::money::money_tests::test_set_scale ... ok
[INFO] [stdout] test domain::value_object::money::money_tests::test_subtract ... ok
[INFO] [stdout] test domain::value_object::order_id::order_id_tests::test_order_id ... ok
[INFO] [stdout] test domain::value_object::product_id::product_id_tests::test_product_id ... ok
[INFO] [stdout] test domain::value_object::restaurant_id::restaurant_id_tests::test_restaurant_id ... ok
[INFO] [stdout] 
[INFO] [stdout] test result: ok. 13 passed; 0 failed; 0 ignored; 0 measured; 0 filtered out; finished in 0.00s
[INFO] [stdout] 
[INFO] [stderr]      Running unittests src/lib.rs (/opt/rustwide/target/debug/deps/order_application-a05e3dabc20cefa0)
[INFO] [stdout] 
[INFO] [stdout] running 0 tests
[INFO] [stdout] 
[INFO] [stdout] test result: ok. 0 passed; 0 failed; 0 ignored; 0 measured; 0 filtered out; finished in 0.00s
[INFO] [stdout] 
[INFO] [stderr]      Running unittests src/main.rs (/opt/rustwide/target/debug/deps/order_container-27057e8c519772e7)
[INFO] [stdout] 
[INFO] [stdout] running 0 tests
[INFO] [stdout] 
[INFO] [stdout] test result: ok. 0 passed; 0 failed; 0 ignored; 0 measured; 0 filtered out; finished in 0.00s
[INFO] [stdout] 
[INFO] [stderr]      Running unittests src/lib.rs (/opt/rustwide/target/debug/deps/order_dataaccess-95b4d1b26d9bacc8)
[INFO] [stdout] 
[INFO] [stdout] running 0 tests
[INFO] [stdout] 
[INFO] [stdout] test result: ok. 0 passed; 0 failed; 0 ignored; 0 measured; 0 filtered out; finished in 0.00s
[INFO] [stdout] 
[INFO] [stderr]      Running unittests src/lib.rs (/opt/rustwide/target/debug/deps/order_domain_application_service-52ca6e265739a4bd)
[INFO] [stdout] 
[INFO] [stdout] running 0 tests
[INFO] [stdout] 
[INFO] [stdout] test result: ok. 0 passed; 0 failed; 0 ignored; 0 measured; 0 filtered out; finished in 0.00s
[INFO] [stdout] 
[INFO] [stderr]      Running test/order_test_configuration.rs (/opt/rustwide/target/debug/deps/test_order_application_service-f422f221177e2dee)
[INFO] [stdout] 
[INFO] [stdout] running 4 tests
[INFO] [stdout] test order_test_configuration::test_create_order_with_wrong_product_price ... ok
[INFO] [stdout] test order_test_configuration::test_create_order ... ok
[INFO] [stdout] test order_test_configuration::test_create_order_with_wrong_total_price ... ok
[INFO] [stdout] test order_test_configuration::test_create_order_with_passive_restaurant ... FAILED
[INFO] [stdout] 
[INFO] [stdout] failures:
[INFO] [stdout] 
[INFO] [stdout] ---- order_test_configuration::test_create_order_with_passive_restaurant stdout ----
[INFO] [stdout] thread 'order_test_configuration::test_create_order_with_passive_restaurant' panicked at order-service/order-domain/domain-application-service/test/order_test_configuration.rs:57:5:
[INFO] [stdout] MockRestaurantRepository::find_restaurant_information: Expectation(<anything>) called 0 time(s) which is fewer than expected 1
[INFO] [stdout] stack backtrace:
[INFO] [stdout]    0:     0x63989b2785da - std::backtrace_rs::backtrace::libunwind::trace::h207520d6e9873551
[INFO] [stdout]                                at /rustc/df4ca44d3fbc9301ee17f30f4d474e6ae4b05252/library/std/src/../../backtrace/src/backtrace/libunwind.rs:116:5
[INFO] [stdout]    1:     0x63989b2785da - std::backtrace_rs::backtrace::trace_unsynchronized::h2ed7433f370e3eca
[INFO] [stdout]                                at /rustc/df4ca44d3fbc9301ee17f30f4d474e6ae4b05252/library/std/src/../../backtrace/src/backtrace/mod.rs:66:5
[INFO] [stdout]    2:     0x63989b2785da - std::sys::backtrace::_print_fmt::h916fac51166b18d7
[INFO] [stdout]                                at /rustc/df4ca44d3fbc9301ee17f30f4d474e6ae4b05252/library/std/src/sys/backtrace.rs:66:9
[INFO] [stdout]    3:     0x63989b2785da - <std::sys::backtrace::BacktraceLock::print::DisplayBacktrace as core::fmt::Display>::fmt::ha0a4c9b8ce3802e6
[INFO] [stdout]                                at /rustc/df4ca44d3fbc9301ee17f30f4d474e6ae4b05252/library/std/src/sys/backtrace.rs:39:26
[INFO] [stdout]    4:     0x63989b29f053 - core::fmt::rt::Argument::fmt::h4cfc8587d52b3eb5
[INFO] [stdout]                                at /rustc/df4ca44d3fbc9301ee17f30f4d474e6ae4b05252/library/core/src/fmt/rt.rs:177:76
[INFO] [stdout]    5:     0x63989b29f053 - core::fmt::write::h522cc39e5b36ae9f
[INFO] [stdout]                                at /rustc/df4ca44d3fbc9301ee17f30f4d474e6ae4b05252/library/core/src/fmt/mod.rs:1190:21
[INFO] [stdout]    6:     0x63989b274ed3 - std::io::Write::write_fmt::h7d3c26752da97734
[INFO] [stdout]                                at /rustc/df4ca44d3fbc9301ee17f30f4d474e6ae4b05252/library/std/src/io/mod.rs:1839:15
[INFO] [stdout]    7:     0x63989b278422 - std::sys::backtrace::BacktraceLock::print::h4b9e00b29e9c0942
[INFO] [stdout]                                at /rustc/df4ca44d3fbc9301ee17f30f4d474e6ae4b05252/library/std/src/sys/backtrace.rs:42:9
[INFO] [stdout]    8:     0x63989b279a6a - std::panicking::default_hook::{{closure}}::hb59b88280d0324d9
[INFO] [stdout]                                at /rustc/df4ca44d3fbc9301ee17f30f4d474e6ae4b05252/library/std/src/panicking.rs:268:22
[INFO] [stdout]    9:     0x63989b279874 - std::panicking::default_hook::he1dd496665be4a29
[INFO] [stdout]                                at /rustc/df4ca44d3fbc9301ee17f30f4d474e6ae4b05252/library/std/src/panicking.rs:292:9
[INFO] [stdout]   10:     0x63989b169919 - <alloc::boxed::Box<F,A> as core::ops::function::Fn<Args>>::call::h4ff71de18744e1dc
[INFO] [stdout]                                at /rustc/df4ca44d3fbc9301ee17f30f4d474e6ae4b05252/library/alloc/src/boxed.rs:2468:9
[INFO] [stdout]   11:     0x63989b169919 - test::test_main::{{closure}}::hcf7c055ce117aa81
[INFO] [stdout]                                at /rustc/df4ca44d3fbc9301ee17f30f4d474e6ae4b05252/library/test/src/lib.rs:133:21
[INFO] [stdout]   12:     0x63989b27a168 - <alloc::boxed::Box<F,A> as core::ops::function::Fn<Args>>::call::h1d66c6bbd60c9692
[INFO] [stdout]                                at /rustc/df4ca44d3fbc9301ee17f30f4d474e6ae4b05252/library/alloc/src/boxed.rs:2468:9
[INFO] [stdout]   13:     0x63989b27a168 - std::panicking::rust_panic_with_hook::h2ff17fe8f26dfcf8
[INFO] [stdout]                                at /rustc/df4ca44d3fbc9301ee17f30f4d474e6ae4b05252/library/std/src/panicking.rs:809:13
[INFO] [stdout]   14:     0x63989b279f2a - std::panicking::begin_panic_handler::{{closure}}::h4fad77951c07e101
[INFO] [stdout]                                at /rustc/df4ca44d3fbc9301ee17f30f4d474e6ae4b05252/library/std/src/panicking.rs:674:13
[INFO] [stdout]   15:     0x63989b278ab9 - std::sys::backtrace::__rust_end_short_backtrace::hb1a25b3da5d0ea08
[INFO] [stdout]                                at /rustc/df4ca44d3fbc9301ee17f30f4d474e6ae4b05252/library/std/src/sys/backtrace.rs:170:18
[INFO] [stdout]   16:     0x63989b279bbc - rust_begin_unwind
[INFO] [stdout]                                at /rustc/df4ca44d3fbc9301ee17f30f4d474e6ae4b05252/library/std/src/panicking.rs:665:5
[INFO] [stdout]   17:     0x63989b29d9f0 - core::panicking::panic_fmt::ha9db07b529f9b256
[INFO] [stdout]                                at /rustc/df4ca44d3fbc9301ee17f30f4d474e6ae4b05252/library/core/src/panicking.rs:75:14
[INFO] [stdout]   18:     0x63989b11e44c - <test_order_application_service::order_test_configuration::__mock_MockRestaurantRepository_RestaurantRepository::__find_restaurant_information::Common as core::ops::drop::Drop>::drop::h5a9541b43022c93b
[INFO] [stdout]                                at /opt/rustwide/workdir/order-service/order-domain/domain-application-service/test/order_test_configuration.rs:57:5
[INFO] [stdout]   19:     0x63989b12c153 - core::ptr::drop_in_place<test_order_application_service::order_test_configuration::__mock_MockRestaurantRepository_RestaurantRepository::__find_restaurant_information::Common>::h3d7fd6c9d33248f4
[INFO] [stdout]                                at /rustc/df4ca44d3fbc9301ee17f30f4d474e6ae4b05252/library/core/src/ptr/mod.rs:521:1
[INFO] [stdout]   20:     0x63989b12c3c3 - core::ptr::drop_in_place<test_order_application_service::order_test_configuration::__mock_MockRestaurantRepository_RestaurantRepository::__find_restaurant_information::Expectation>::h8443e2ceebd08c81
[INFO] [stdout]                                at /rustc/df4ca44d3fbc9301ee17f30f4d474e6ae4b05252/library/core/src/ptr/mod.rs:521:1
[INFO] [stdout]   21:     0x63989b12c769 - core::ptr::drop_in_place<[test_order_application_service::order_test_configuration::__mock_MockRestaurantRepository_RestaurantRepository::__find_restaurant_information::Expectation]>::h505202bd4b577d38
[INFO] [stdout]                                at /rustc/df4ca44d3fbc9301ee17f30f4d474e6ae4b05252/library/core/src/ptr/mod.rs:521:1
[INFO] [stdout]   22:     0x63989b107226 - <alloc::vec::Vec<T,A> as core::ops::drop::Drop>::drop::hc239c38ab622a83c
[INFO] [stdout]                                at /rustc/df4ca44d3fbc9301ee17f30f4d474e6ae4b05252/library/alloc/src/vec/mod.rs:3749:13
[INFO] [stdout]   23:     0x63989b12d0f3 - core::ptr::drop_in_place<alloc::vec::Vec<test_order_application_service::order_test_configuration::__mock_MockRestaurantRepository_RestaurantRepository::__find_restaurant_information::Expectation>>::hc4bb638e82661f27
[INFO] [stdout]                                at /rustc/df4ca44d3fbc9301ee17f30f4d474e6ae4b05252/library/core/src/ptr/mod.rs:521:1
[INFO] [stdout]   24:     0x63989b12c4ba - core::ptr::drop_in_place<test_order_application_service::order_test_configuration::__mock_MockRestaurantRepository_RestaurantRepository::__find_restaurant_information::Expectations>::h435540f96c937189
[INFO] [stdout]                                at /rustc/df4ca44d3fbc9301ee17f30f4d474e6ae4b05252/library/core/src/ptr/mod.rs:521:1
[INFO] [stdout]   25:     0x63989b12a70a - core::ptr::drop_in_place<test_order_application_service::order_test_configuration::MockRestaurantRepository_RestaurantRepository>::hed49ac49cabe6896
[INFO] [stdout]                                at /rustc/df4ca44d3fbc9301ee17f30f4d474e6ae4b05252/library/core/src/ptr/mod.rs:521:1
[INFO] [stdout]   26:     0x63989b12a41a - core::ptr::drop_in_place<test_order_application_service::order_test_configuration::MockRestaurantRepository>::hd05eb3b7fb33cd65
[INFO] [stdout]                                at /rustc/df4ca44d3fbc9301ee17f30f4d474e6ae4b05252/library/core/src/ptr/mod.rs:521:1
[INFO] [stdout]   27:     0x63989b12f853 - core::ptr::drop_in_place<test_order_application_service::order_test_configuration::Output>::hae05c09315db8323
[INFO] [stdout]                                at /rustc/df4ca44d3fbc9301ee17f30f4d474e6ae4b05252/library/core/src/ptr/mod.rs:521:1
[INFO] [stdout]   28:     0x63989b1103da - test_order_application_service::order_test_configuration::test_create_order_with_passive_restaurant::{{closure}}::h336335a9db273266
[INFO] [stdout]                                at /opt/rustwide/workdir/order-service/order-domain/domain-application-service/test/order_test_configuration.rs:410:5
[INFO] [stdout]   29:     0x63989b107332 - <core::pin::Pin<P> as core::future::future::Future>::poll::h0fa740e2cacca966
[INFO] [stdout]                                at /rustc/df4ca44d3fbc9301ee17f30f4d474e6ae4b05252/library/core/src/future/future.rs:123:9
[INFO] [stdout]   30:     0x63989b10736d - <core::pin::Pin<P> as core::future::future::Future>::poll::h59591e96b94933cf
[INFO] [stdout]                                at /rustc/df4ca44d3fbc9301ee17f30f4d474e6ae4b05252/library/core/src/future/future.rs:123:9
[INFO] [stdout]   31:     0x63989b1158ff - tokio::runtime::scheduler::current_thread::CoreGuard::block_on::{{closure}}::{{closure}}::{{closure}}::h241c27fe097fde18
[INFO] [stdout]                                at /opt/rustwide/cargo-home/registry/src/index.crates.io-6f17d22bba15001f/tokio-1.38.1/src/runtime/scheduler/current_thread/mod.rs:659:57
[INFO] [stdout]   32:     0x63989b115845 - tokio::runtime::coop::with_budget::hc1e8dae6407d6fc2
[INFO] [stdout]                                at /opt/rustwide/cargo-home/registry/src/index.crates.io-6f17d22bba15001f/tokio-1.38.1/src/runtime/coop.rs:107:5
[INFO] [stdout]   33:     0x63989b115845 - tokio::runtime::coop::budget::h12a194166fa21f37
[INFO] [stdout]                                at /opt/rustwide/cargo-home/registry/src/index.crates.io-6f17d22bba15001f/tokio-1.38.1/src/runtime/coop.rs:73:5
[INFO] [stdout]   34:     0x63989b115845 - tokio::runtime::scheduler::current_thread::CoreGuard::block_on::{{closure}}::{{closure}}::heaa4b83988131931
[INFO] [stdout]                                at /opt/rustwide/cargo-home/registry/src/index.crates.io-6f17d22bba15001f/tokio-1.38.1/src/runtime/scheduler/current_thread/mod.rs:659:25
[INFO] [stdout]   35:     0x63989b1142f0 - tokio::runtime::scheduler::current_thread::Context::enter::h54e40e2a7a9c1fde
[INFO] [stdout]                                at /opt/rustwide/cargo-home/registry/src/index.crates.io-6f17d22bba15001f/tokio-1.38.1/src/runtime/scheduler/current_thread/mod.rs:404:19
[INFO] [stdout]   36:     0x63989b11509e - tokio::runtime::scheduler::current_thread::CoreGuard::block_on::{{closure}}::h16976a882aa34a8f
[INFO] [stdout]                                at /opt/rustwide/cargo-home/registry/src/index.crates.io-6f17d22bba15001f/tokio-1.38.1/src/runtime/scheduler/current_thread/mod.rs:658:36
[INFO] [stdout]   37:     0x63989b114e14 - tokio::runtime::scheduler::current_thread::CoreGuard::enter::{{closure}}::hde14f62382af9a34
[INFO] [stdout]                                at /opt/rustwide/cargo-home/registry/src/index.crates.io-6f17d22bba15001f/tokio-1.38.1/src/runtime/scheduler/current_thread/mod.rs:737:68
[INFO] [stdout]   38:     0x63989b11bc0b - tokio::runtime::context::scoped::Scoped<T>::set::hf415f2ad7be8e15b
[INFO] [stdout]                                at /opt/rustwide/cargo-home/registry/src/index.crates.io-6f17d22bba15001f/tokio-1.38.1/src/runtime/context/scoped.rs:40:9
[INFO] [stdout]   39:     0x63989b1219c9 - tokio::runtime::context::set_scheduler::{{closure}}::h81ec0358410e10c7
[INFO] [stdout]                                at /opt/rustwide/cargo-home/registry/src/index.crates.io-6f17d22bba15001f/tokio-1.38.1/src/runtime/context.rs:180:26
[INFO] [stdout]   40:     0x63989b112a2d - std::thread::local::LocalKey<T>::try_with::h6b53c3e2c73b7777
[INFO] [stdout]                                at /rustc/df4ca44d3fbc9301ee17f30f4d474e6ae4b05252/library/std/src/thread/local.rs:283:12
[INFO] [stdout]   41:     0x63989b11249a - std::thread::local::LocalKey<T>::with::he1ce1025c4fd4876
[INFO] [stdout]                                at /rustc/df4ca44d3fbc9301ee17f30f4d474e6ae4b05252/library/std/src/thread/local.rs:260:9
[INFO] [stdout]   42:     0x63989b12197d - tokio::runtime::context::set_scheduler::hd1ea68f0b94223d5
[INFO] [stdout]                                at /opt/rustwide/cargo-home/registry/src/index.crates.io-6f17d22bba15001f/tokio-1.38.1/src/runtime/context.rs:180:9
[INFO] [stdout]   43:     0x63989b114bc0 - tokio::runtime::scheduler::current_thread::CoreGuard::enter::h969ee360b0c6bab9
[INFO] [stdout]                                at /opt/rustwide/cargo-home/registry/src/index.crates.io-6f17d22bba15001f/tokio-1.38.1/src/runtime/scheduler/current_thread/mod.rs:737:27
[INFO] [stdout]   44:     0x63989b114e33 - tokio::runtime::scheduler::current_thread::CoreGuard::block_on::h003d5ce42c4d80c8
[INFO] [stdout]                                at /opt/rustwide/cargo-home/registry/src/index.crates.io-6f17d22bba15001f/tokio-1.38.1/src/runtime/scheduler/current_thread/mod.rs:646:19
[INFO] [stdout]   45:     0x63989b113e2d - tokio::runtime::scheduler::current_thread::CurrentThread::block_on::{{closure}}::hd6c9e3e5f76bd9c3
[INFO] [stdout]                                at /opt/rustwide/cargo-home/registry/src/index.crates.io-6f17d22bba15001f/tokio-1.38.1/src/runtime/scheduler/current_thread/mod.rs:175:28
[INFO] [stdout]   46:     0x63989b113846 - tokio::runtime::context::runtime::enter_runtime::h1819bf3c9ef0460b
[INFO] [stdout]                                at /opt/rustwide/cargo-home/registry/src/index.crates.io-6f17d22bba15001f/tokio-1.38.1/src/runtime/context/runtime.rs:65:16
[INFO] [stdout]   47:     0x63989b113d41 - tokio::runtime::scheduler::current_thread::CurrentThread::block_on::h5b48dd4d35095d6e
[INFO] [stdout]                                at /opt/rustwide/cargo-home/registry/src/index.crates.io-6f17d22bba15001f/tokio-1.38.1/src/runtime/scheduler/current_thread/mod.rs:167:9
[INFO] [stdout]   48:     0x63989b121b6d - tokio::runtime::runtime::Runtime::block_on::hc36bf6b71bab97da
[INFO] [stdout]                                at /opt/rustwide/cargo-home/registry/src/index.crates.io-6f17d22bba15001f/tokio-1.38.1/src/runtime/runtime.rs:347:47
[INFO] [stdout]   49:     0x63989b10f979 - test_order_application_service::order_test_configuration::test_create_order_with_passive_restaurant::hd63a5d4823fa6f85
[INFO] [stdout]                                at /opt/rustwide/workdir/order-service/order-domain/domain-application-service/test/order_test_configuration.rs:405:9
[INFO] [stdout]   50:     0x63989b10f847 - test_order_application_service::order_test_configuration::test_create_order_with_passive_restaurant::{{closure}}::h3ba19e80bbfc1e48
[INFO] [stdout]                                at /opt/rustwide/workdir/order-service/order-domain/domain-application-service/test/order_test_configuration.rs:384:57
[INFO] [stdout]   51:     0x63989b12a396 - core::ops::function::FnOnce::call_once::hf4749c8ef37787d7
[INFO] [stdout]                                at /rustc/df4ca44d3fbc9301ee17f30f4d474e6ae4b05252/library/core/src/ops/function.rs:250:5
[INFO] [stdout]   52:     0x63989b16e1eb - core::ops::function::FnOnce::call_once::h22c3ba5715e93f05
[INFO] [stdout]                                at /rustc/df4ca44d3fbc9301ee17f30f4d474e6ae4b05252/library/core/src/ops/function.rs:250:5
[INFO] [stdout]   53:     0x63989b16e1eb - test::__rust_begin_short_backtrace::h8e82d8113d0da17f
[INFO] [stdout]                                at /rustc/df4ca44d3fbc9301ee17f30f4d474e6ae4b05252/library/test/src/lib.rs:621:18
[INFO] [stdout]   54:     0x63989b16db67 - test::run_test_in_process::{{closure}}::h33235f4f20b7b7c7
[INFO] [stdout]                                at /rustc/df4ca44d3fbc9301ee17f30f4d474e6ae4b05252/library/test/src/lib.rs:644:60
[INFO] [stdout]   55:     0x63989b16db67 - <core::panic::unwind_safe::AssertUnwindSafe<F> as core::ops::function::FnOnce<()>>::call_once::hb5043206310c586f
[INFO] [stdout]                                at /rustc/df4ca44d3fbc9301ee17f30f4d474e6ae4b05252/library/core/src/panic/unwind_safe.rs:272:9
[INFO] [stdout]   56:     0x63989b16db67 - std::panicking::try::do_call::h9ad4731a60ab23e2
[INFO] [stdout]                                at /rustc/df4ca44d3fbc9301ee17f30f4d474e6ae4b05252/library/std/src/panicking.rs:557:40
[INFO] [stdout]   57:     0x63989b16db67 - std::panicking::try::h3824d23db772a716
[INFO] [stdout]                                at /rustc/df4ca44d3fbc9301ee17f30f4d474e6ae4b05252/library/std/src/panicking.rs:520:19
[INFO] [stdout]   58:     0x63989b16db67 - std::panic::catch_unwind::h5afd514605fde46b
[INFO] [stdout]                                at /rustc/df4ca44d3fbc9301ee17f30f4d474e6ae4b05252/library/std/src/panic.rs:358:14
[INFO] [stdout]   59:     0x63989b16db67 - test::run_test_in_process::h0d5cbfa7067d1720
[INFO] [stdout]                                at /rustc/df4ca44d3fbc9301ee17f30f4d474e6ae4b05252/library/test/src/lib.rs:644:27
[INFO] [stdout]   60:     0x63989b16db67 - test::run_test::{{closure}}::h708eb8872708115d
[INFO] [stdout]                                at /rustc/df4ca44d3fbc9301ee17f30f4d474e6ae4b05252/library/test/src/lib.rs:565:43
[INFO] [stdout]   61:     0x63989b131284 - test::run_test::{{closure}}::h392c51cee94713ab
[INFO] [stdout]                                at /rustc/df4ca44d3fbc9301ee17f30f4d474e6ae4b05252/library/test/src/lib.rs:595:41
[INFO] [stdout]   62:     0x63989b131284 - std::sys::backtrace::__rust_begin_short_backtrace::h2f40290710935a8b
[INFO] [stdout]                                at /rustc/df4ca44d3fbc9301ee17f30f4d474e6ae4b05252/library/std/src/sys/backtrace.rs:154:18
[INFO] [stdout]   63:     0x63989b134a2e - std::thread::Builder::spawn_unchecked_::{{closure}}::{{closure}}::h3fd968d89053a903
[INFO] [stdout]                                at /rustc/df4ca44d3fbc9301ee17f30f4d474e6ae4b05252/library/std/src/thread/mod.rs:541:17
[INFO] [stdout]   64:     0x63989b134a2e - <core::panic::unwind_safe::AssertUnwindSafe<F> as core::ops::function::FnOnce<()>>::call_once::h743f637ba4229880
[INFO] [stdout]                                at /rustc/df4ca44d3fbc9301ee17f30f4d474e6ae4b05252/library/core/src/panic/unwind_safe.rs:272:9
[INFO] [stdout]   65:     0x63989b134a2e - std::panicking::try::do_call::h07440897322525a6
[INFO] [stdout]                                at /rustc/df4ca44d3fbc9301ee17f30f4d474e6ae4b05252/library/std/src/panicking.rs:557:40
[INFO] [stdout]   66:     0x63989b134a2e - std::panicking::try::he5a2e00188156637
[INFO] [stdout]                                at /rustc/df4ca44d3fbc9301ee17f30f4d474e6ae4b05252/library/std/src/panicking.rs:520:19
[INFO] [stdout]   67:     0x63989b134a2e - std::panic::catch_unwind::hbaf3cae49b3c6433
[INFO] [stdout]                                at /rustc/df4ca44d3fbc9301ee17f30f4d474e6ae4b05252/library/std/src/panic.rs:358:14
[INFO] [stdout]   68:     0x63989b134a2e - std::thread::Builder::spawn_unchecked_::{{closure}}::h8e141ea224820bce
[INFO] [stdout]                                at /rustc/df4ca44d3fbc9301ee17f30f4d474e6ae4b05252/library/std/src/thread/mod.rs:540:30
[INFO] [stdout]   69:     0x63989b134a2e - core::ops::function::FnOnce::call_once{{vtable.shim}}::h90d312fedd7b8ea8
[INFO] [stdout]                                at /rustc/df4ca44d3fbc9301ee17f30f4d474e6ae4b05252/library/core/src/ops/function.rs:250:5
[INFO] [stdout]   70:     0x63989b27e1eb - <alloc::boxed::Box<F,A> as core::ops::function::FnOnce<Args>>::call_once::h69aa08ddb6adb8b6
[INFO] [stdout]                                at /rustc/df4ca44d3fbc9301ee17f30f4d474e6ae4b05252/library/alloc/src/boxed.rs:2454:9
[INFO] [stdout]   71:     0x63989b27e1eb - <alloc::boxed::Box<F,A> as core::ops::function::FnOnce<Args>>::call_once::h5aa36efdb79c806f
[INFO] [stdout]                                at /rustc/df4ca44d3fbc9301ee17f30f4d474e6ae4b05252/library/alloc/src/boxed.rs:2454:9
[INFO] [stdout]   72:     0x63989b27e1eb - std::sys::pal::unix::thread::Thread::new::thread_start::h6cd80a1b4be5158d
[INFO] [stdout]                                at /rustc/df4ca44d3fbc9301ee17f30f4d474e6ae4b05252/library/std/src/sys/pal/unix/thread.rs:105:17
[INFO] [stdout]   73:     0x73cb3a309ac3 - <unknown>
[INFO] [stdout]   74:     0x73cb3a39aa04 - clone
[INFO] [stdout]   75:                0x0 - <unknown>
[INFO] [stdout] 
[INFO] [stdout] 
[INFO] [stdout] failures:
[INFO] [stdout]     order_test_configuration::test_create_order_with_passive_restaurant
[INFO] [stdout] 
[INFO] [stdout] test result: FAILED. 3 passed; 1 failed; 0 ignored; 0 measured; 0 filtered out; finished in 0.03s
[INFO] [stdout] 
[INFO] [stderr] error: test failed, to rerun pass `-p order-domain-application-service --test test_order_application_service`
[INFO] running `Command { std: "docker" "inspect" "808f5c2d8148e3afd4571a5ad2c8e710440fc4d2ee537ef43a256a2732cee178", kill_on_drop: false }`
[INFO] running `Command { std: "docker" "rm" "-f" "808f5c2d8148e3afd4571a5ad2c8e710440fc4d2ee537ef43a256a2732cee178", kill_on_drop: false }`
[INFO] [stdout] 808f5c2d8148e3afd4571a5ad2c8e710440fc4d2ee537ef43a256a2732cee178
