[INFO] cloning repository https://github.com/bombman/thai-year-conv
[INFO] running `Command { std: "git" "-c" "credential.helper=" "-c" "credential.helper=/workspace/cargo-home/bin/git-credential-null" "clone" "--bare" "https://github.com/bombman/thai-year-conv" "/workspace/cache/git-repos/https%3A%2F%2Fgithub.com%2Fbombman%2Fthai-year-conv", kill_on_drop: false }`
[INFO] [stderr] Cloning into bare repository '/workspace/cache/git-repos/https%3A%2F%2Fgithub.com%2Fbombman%2Fthai-year-conv'...
[INFO] running `Command { std: "git" "rev-parse" "HEAD", kill_on_drop: false }`
[INFO] [stdout] 7425041937360cbe69938053913b93ec4b829191
[INFO] testing bombman/thai-year-conv/7425041937360cbe69938053913b93ec4b829191 against nightly-2024-10-28 for randomize-layout
[INFO] running `Command { std: "git" "clone" "/workspace/cache/git-repos/https%3A%2F%2Fgithub.com%2Fbombman%2Fthai-year-conv" "/workspace/builds/worker-6-tc1/source", kill_on_drop: false }`
[INFO] [stderr] Cloning into '/workspace/builds/worker-6-tc1/source'...
[INFO] [stderr] done.
[INFO] validating manifest of git repo https://github.com/bombman/thai-year-conv on toolchain nightly-2024-10-28
[INFO] running `Command { std: CARGO_HOME="/workspace/cargo-home" RUSTUP_HOME="/workspace/rustup-home" "/workspace/cargo-home/bin/cargo" "+nightly-2024-10-28" "metadata" "--manifest-path" "Cargo.toml" "--no-deps", kill_on_drop: false }`
[INFO] started tweaking git repo https://github.com/bombman/thai-year-conv
[INFO] finished tweaking git repo https://github.com/bombman/thai-year-conv
[INFO] tweaked toml for git repo https://github.com/bombman/thai-year-conv written to /workspace/builds/worker-6-tc1/source/Cargo.toml
[INFO] crate git repo https://github.com/bombman/thai-year-conv already has a lockfile, it will not be regenerated
[INFO] running `Command { std: CARGO_HOME="/workspace/cargo-home" RUSTUP_HOME="/workspace/rustup-home" "/workspace/cargo-home/bin/cargo" "+nightly-2024-10-28" "fetch" "--manifest-path" "Cargo.toml", kill_on_drop: false }`
[INFO] [stderr] warning: no edition set: defaulting to the 2015 edition while the latest is 2021
[INFO] running `Command { std: "docker" "create" "-v" "/var/lib/crater-agent-workspace/builds/worker-6-tc1/target:/opt/rustwide/target:rw,Z" "-v" "/var/lib/crater-agent-workspace/builds/worker-6-tc1/source:/opt/rustwide/workdir:ro,Z" "-v" "/var/lib/crater-agent-workspace/cargo-home:/opt/rustwide/cargo-home:ro,Z" "-v" "/var/lib/crater-agent-workspace/rustup-home:/opt/rustwide/rustup-home:ro,Z" "-e" "SOURCE_DIR=/opt/rustwide/workdir" "-e" "CARGO_TARGET_DIR=/opt/rustwide/target" "-e" "CARGO_HOME=/opt/rustwide/cargo-home" "-e" "RUSTUP_HOME=/opt/rustwide/rustup-home" "-w" "/opt/rustwide/workdir" "-m" "1610612736" "--user" "0:0" "--network" "none" "ghcr.io/rust-lang/crates-build-env/linux@sha256:4a844ea9eb2546a2d2c7022eacef16ef2e8229c7fbb2c7d4d55a9ceca922f72d" "/opt/rustwide/cargo-home/bin/cargo" "+nightly-2024-10-28" "metadata" "--no-deps" "--format-version=1", kill_on_drop: false }`
[INFO] [stdout] 293c8f1f6cde9616793709882fb4f9e191903bd43837fcf46d5ce844793dc33b
[INFO] running `Command { std: "docker" "start" "-a" "293c8f1f6cde9616793709882fb4f9e191903bd43837fcf46d5ce844793dc33b", kill_on_drop: false }`
[INFO] running `Command { std: "docker" "inspect" "293c8f1f6cde9616793709882fb4f9e191903bd43837fcf46d5ce844793dc33b", kill_on_drop: false }`
[INFO] running `Command { std: "docker" "rm" "-f" "293c8f1f6cde9616793709882fb4f9e191903bd43837fcf46d5ce844793dc33b", kill_on_drop: false }`
[INFO] [stdout] 293c8f1f6cde9616793709882fb4f9e191903bd43837fcf46d5ce844793dc33b
[INFO] running `Command { std: "docker" "create" "-v" "/var/lib/crater-agent-workspace/builds/worker-6-tc1/target:/opt/rustwide/target:rw,Z" "-v" "/var/lib/crater-agent-workspace/builds/worker-6-tc1/source:/opt/rustwide/workdir:ro,Z" "-v" "/var/lib/crater-agent-workspace/cargo-home:/opt/rustwide/cargo-home:ro,Z" "-v" "/var/lib/crater-agent-workspace/rustup-home:/opt/rustwide/rustup-home:ro,Z" "-e" "SOURCE_DIR=/opt/rustwide/workdir" "-e" "CARGO_TARGET_DIR=/opt/rustwide/target" "-e" "CARGO_INCREMENTAL=0" "-e" "RUST_BACKTRACE=full" "-e" "RUSTFLAGS=--cap-lints=forbid" "-e" "RUSTDOCFLAGS=--cap-lints=forbid" "-e" "CARGO_HOME=/opt/rustwide/cargo-home" "-e" "RUSTUP_HOME=/opt/rustwide/rustup-home" "-w" "/opt/rustwide/workdir" "-m" "1610612736" "--user" "0:0" "--network" "none" "ghcr.io/rust-lang/crates-build-env/linux@sha256:4a844ea9eb2546a2d2c7022eacef16ef2e8229c7fbb2c7d4d55a9ceca922f72d" "/opt/rustwide/cargo-home/bin/cargo" "+nightly-2024-10-28" "build" "--frozen" "--message-format=json", kill_on_drop: false }`
[INFO] [stdout] 1a73ef1a765c95699cd6ada5109df7f61bf10e11584a9e76bb2198d9f35e4d32
[INFO] running `Command { std: "docker" "start" "-a" "1a73ef1a765c95699cd6ada5109df7f61bf10e11584a9e76bb2198d9f35e4d32", kill_on_drop: false }`
[INFO] [stderr] warning: no edition set: defaulting to the 2015 edition while the latest is 2021
[INFO] [stderr]    Compiling thai-year-conv v0.1.1 (/opt/rustwide/workdir)
[INFO] [stderr]     Finished `dev` profile [unoptimized + debuginfo] target(s) in 0.07s
[INFO] running `Command { std: "docker" "inspect" "1a73ef1a765c95699cd6ada5109df7f61bf10e11584a9e76bb2198d9f35e4d32", kill_on_drop: false }`
[INFO] running `Command { std: "docker" "rm" "-f" "1a73ef1a765c95699cd6ada5109df7f61bf10e11584a9e76bb2198d9f35e4d32", kill_on_drop: false }`
[INFO] [stdout] 1a73ef1a765c95699cd6ada5109df7f61bf10e11584a9e76bb2198d9f35e4d32
[INFO] running `Command { std: "docker" "create" "-v" "/var/lib/crater-agent-workspace/builds/worker-6-tc1/target:/opt/rustwide/target:rw,Z" "-v" "/var/lib/crater-agent-workspace/builds/worker-6-tc1/source:/opt/rustwide/workdir:ro,Z" "-v" "/var/lib/crater-agent-workspace/cargo-home:/opt/rustwide/cargo-home:ro,Z" "-v" "/var/lib/crater-agent-workspace/rustup-home:/opt/rustwide/rustup-home:ro,Z" "-e" "SOURCE_DIR=/opt/rustwide/workdir" "-e" "CARGO_TARGET_DIR=/opt/rustwide/target" "-e" "CARGO_INCREMENTAL=0" "-e" "RUST_BACKTRACE=full" "-e" "RUSTFLAGS=--cap-lints=forbid" "-e" "RUSTDOCFLAGS=--cap-lints=forbid" "-e" "CARGO_HOME=/opt/rustwide/cargo-home" "-e" "RUSTUP_HOME=/opt/rustwide/rustup-home" "-w" "/opt/rustwide/workdir" "-m" "1610612736" "--user" "0:0" "--network" "none" "ghcr.io/rust-lang/crates-build-env/linux@sha256:4a844ea9eb2546a2d2c7022eacef16ef2e8229c7fbb2c7d4d55a9ceca922f72d" "/opt/rustwide/cargo-home/bin/cargo" "+nightly-2024-10-28" "test" "--frozen" "--no-run" "--message-format=json", kill_on_drop: false }`
[INFO] [stdout] 86d83f22acb66412db68726185ec6fee7d0b793fc771964fa93aca7379d62313
[INFO] running `Command { std: "docker" "start" "-a" "86d83f22acb66412db68726185ec6fee7d0b793fc771964fa93aca7379d62313", kill_on_drop: false }`
[INFO] [stderr] warning: no edition set: defaulting to the 2015 edition while the latest is 2021
[INFO] [stderr]    Compiling thai-year-conv v0.1.1 (/opt/rustwide/workdir)
[INFO] [stderr]     Finished `test` profile [unoptimized + debuginfo] target(s) in 0.07s
[INFO] running `Command { std: "docker" "inspect" "86d83f22acb66412db68726185ec6fee7d0b793fc771964fa93aca7379d62313", kill_on_drop: false }`
[INFO] running `Command { std: "docker" "rm" "-f" "86d83f22acb66412db68726185ec6fee7d0b793fc771964fa93aca7379d62313", kill_on_drop: false }`
[INFO] [stdout] 86d83f22acb66412db68726185ec6fee7d0b793fc771964fa93aca7379d62313
[INFO] running `Command { std: "docker" "create" "-v" "/var/lib/crater-agent-workspace/builds/worker-6-tc1/target:/opt/rustwide/target:rw,Z" "-v" "/var/lib/crater-agent-workspace/builds/worker-6-tc1/source:/opt/rustwide/workdir:ro,Z" "-v" "/var/lib/crater-agent-workspace/cargo-home:/opt/rustwide/cargo-home:ro,Z" "-v" "/var/lib/crater-agent-workspace/rustup-home:/opt/rustwide/rustup-home:ro,Z" "-e" "SOURCE_DIR=/opt/rustwide/workdir" "-e" "CARGO_TARGET_DIR=/opt/rustwide/target" "-e" "CARGO_INCREMENTAL=0" "-e" "RUST_BACKTRACE=full" "-e" "RUSTFLAGS=--cap-lints=forbid" "-e" "RUSTDOCFLAGS=--cap-lints=forbid" "-e" "CARGO_HOME=/opt/rustwide/cargo-home" "-e" "RUSTUP_HOME=/opt/rustwide/rustup-home" "-w" "/opt/rustwide/workdir" "-m" "1610612736" "--user" "0:0" "--network" "none" "ghcr.io/rust-lang/crates-build-env/linux@sha256:4a844ea9eb2546a2d2c7022eacef16ef2e8229c7fbb2c7d4d55a9ceca922f72d" "/opt/rustwide/cargo-home/bin/cargo" "+nightly-2024-10-28" "test" "--frozen", kill_on_drop: false }`
[INFO] [stdout] 76dbbb5ebcaef9eb1b7d02c37faa31126623824b3e8ae3e2ba5a2a5d686265b4
[INFO] running `Command { std: "docker" "start" "-a" "76dbbb5ebcaef9eb1b7d02c37faa31126623824b3e8ae3e2ba5a2a5d686265b4", kill_on_drop: false }`
[INFO] [stderr] warning: no edition set: defaulting to the 2015 edition while the latest is 2021
[INFO] [stderr]     Finished `test` profile [unoptimized + debuginfo] target(s) in 0.00s
[INFO] [stderr]      Running unittests src/lib.rs (/opt/rustwide/target/debug/deps/thai_year_conv-a8eb0b6b7a8985a5)
[INFO] [stdout] 
[INFO] [stdout] running 0 tests
[INFO] [stdout] 
[INFO] [stdout] test result: ok. 0 passed; 0 failed; 0 ignored; 0 measured; 0 filtered out; finished in 0.00s
[INFO] [stdout] 
[INFO] [stderr]    Doc-tests thai_year_conv
[INFO] [stdout] 
[INFO] [stdout] running 3 tests
[INFO] [stdout] test src/lib.rs - YearConversion::to_christian_year (line 18) ... FAILED
[INFO] [stdout] test src/lib.rs - YearConversion::to_buddhist_year (line 7) ... FAILED
[INFO] [stdout] test src/lib.rs - Year::new (line 36) ... ok
[INFO] [stdout] 
[INFO] [stdout] failures:
[INFO] [stdout] 
[INFO] [stdout] ---- src/lib.rs - YearConversion::to_christian_year (line 18) stdout ----
[INFO] [stdout] error[E0599]: no method named `to_christian_year` found for struct `Year` in the current scope
[INFO] [stdout]   --> src/lib.rs:22:17
[INFO] [stdout]    |
[INFO] [stdout] 7  | assert_eq!(year.to_christian_year(), 2021);
[INFO] [stdout]    |                 ^^^^^^^^^^^^^^^^^ method not found in `Year`
[INFO] [stdout]    |
[INFO] [stdout]   ::: /opt/rustwide/workdir/src/lib.rs:23:8
[INFO] [stdout]    |
[INFO] [stdout] 23 |     fn to_christian_year(&self) -> i32;
[INFO] [stdout]    |        ----------------- the method is available for `Year` here
[INFO] [stdout]    |
[INFO] [stdout]    = help: items from traits can only be used if the trait is in scope
[INFO] [stdout] help: trait `YearConversion` which provides `to_christian_year` is implemented but not in scope; perhaps you want to import it
[INFO] [stdout]    |
[INFO] [stdout] 2  + use thai_year_conv::YearConversion;
[INFO] [stdout]    |
[INFO] [stdout] 
[INFO] [stdout] error: aborting due to 1 previous error
[INFO] [stdout] 
[INFO] [stdout] For more information about this error, try `rustc --explain E0599`.
[INFO] [stdout] Couldn't compile the test.
[INFO] [stdout] ---- src/lib.rs - YearConversion::to_buddhist_year (line 7) stdout ----
[INFO] [stdout] error[E0599]: no method named `to_buddhist_year` found for struct `Year` in the current scope
[INFO] [stdout]   --> src/lib.rs:11:17
[INFO] [stdout]    |
[INFO] [stdout] 7  | assert_eq!(year.to_buddhist_year(), 2564);
[INFO] [stdout]    |                 ^^^^^^^^^^^^^^^^ method not found in `Year`
[INFO] [stdout]    |
[INFO] [stdout]   ::: /opt/rustwide/workdir/src/lib.rs:12:8
[INFO] [stdout]    |
[INFO] [stdout] 12 |     fn to_buddhist_year(&self) -> i32;
[INFO] [stdout]    |        ---------------- the method is available for `Year` here
[INFO] [stdout]    |
[INFO] [stdout]    = help: items from traits can only be used if the trait is in scope
[INFO] [stdout] help: trait `YearConversion` which provides `to_buddhist_year` is implemented but not in scope; perhaps you want to import it
[INFO] [stdout]    |
[INFO] [stdout] 2  + use thai_year_conv::YearConversion;
[INFO] [stdout]    |
[INFO] [stdout] 
[INFO] [stdout] error: aborting due to 1 previous error
[INFO] [stdout] 
[INFO] [stdout] For more information about this error, try `rustc --explain E0599`.
[INFO] [stdout] Couldn't compile the test.
[INFO] [stdout] 
[INFO] [stdout] failures:
[INFO] [stdout]     src/lib.rs - YearConversion::to_buddhist_year (line 7)
[INFO] [stdout]     src/lib.rs - YearConversion::to_christian_year (line 18)
[INFO] [stdout] 
[INFO] [stdout] test result: FAILED. 1 passed; 2 failed; 0 ignored; 0 measured; 0 filtered out; finished in 0.07s
[INFO] [stdout] 
[INFO] [stderr] error: doctest failed, to rerun pass `--doc`
[INFO] running `Command { std: "docker" "inspect" "76dbbb5ebcaef9eb1b7d02c37faa31126623824b3e8ae3e2ba5a2a5d686265b4", kill_on_drop: false }`
[INFO] running `Command { std: "docker" "rm" "-f" "76dbbb5ebcaef9eb1b7d02c37faa31126623824b3e8ae3e2ba5a2a5d686265b4", kill_on_drop: false }`
[INFO] [stdout] 76dbbb5ebcaef9eb1b7d02c37faa31126623824b3e8ae3e2ba5a2a5d686265b4
