[INFO] cloning repository https://github.com/bluretrece/monkey_lang
[INFO] running `Command { std: "git" "-c" "credential.helper=" "-c" "credential.helper=/workspace/cargo-home/bin/git-credential-null" "clone" "--bare" "https://github.com/bluretrece/monkey_lang" "/workspace/cache/git-repos/https%3A%2F%2Fgithub.com%2Fbluretrece%2Fmonkey_lang", kill_on_drop: false }`
[INFO] [stderr] Cloning into bare repository '/workspace/cache/git-repos/https%3A%2F%2Fgithub.com%2Fbluretrece%2Fmonkey_lang'...
[INFO] running `Command { std: "git" "rev-parse" "HEAD", kill_on_drop: false }`
[INFO] [stdout] 77ea89b656fe510f4f6426898ee28f80ef0df520
[INFO] testing bluretrece/monkey_lang/77ea89b656fe510f4f6426898ee28f80ef0df520 against nightly-2024-10-28+rustflags=-Zrandomize-layout for randomize-layout
[INFO] running `Command { std: "git" "clone" "/workspace/cache/git-repos/https%3A%2F%2Fgithub.com%2Fbluretrece%2Fmonkey_lang" "/workspace/builds/worker-4-tc2/source", kill_on_drop: false }`
[INFO] [stderr] Cloning into '/workspace/builds/worker-4-tc2/source'...
[INFO] [stderr] done.
[INFO] validating manifest of git repo https://github.com/bluretrece/monkey_lang on toolchain nightly-2024-10-28
[INFO] running `Command { std: CARGO_HOME="/workspace/cargo-home" RUSTUP_HOME="/workspace/rustup-home" "/workspace/cargo-home/bin/cargo" "+nightly-2024-10-28" "metadata" "--manifest-path" "Cargo.toml" "--no-deps", kill_on_drop: false }`
[INFO] started tweaking git repo https://github.com/bluretrece/monkey_lang
[INFO] finished tweaking git repo https://github.com/bluretrece/monkey_lang
[INFO] tweaked toml for git repo https://github.com/bluretrece/monkey_lang written to /workspace/builds/worker-4-tc2/source/Cargo.toml
[INFO] crate git repo https://github.com/bluretrece/monkey_lang already has a lockfile, it will not be regenerated
[INFO] running `Command { std: CARGO_HOME="/workspace/cargo-home" RUSTUP_HOME="/workspace/rustup-home" "/workspace/cargo-home/bin/cargo" "+nightly-2024-10-28" "fetch" "--manifest-path" "Cargo.toml", kill_on_drop: false }`
[INFO] running `Command { std: "docker" "create" "-v" "/var/lib/crater-agent-workspace/builds/worker-4-tc2/target:/opt/rustwide/target:rw,Z" "-v" "/var/lib/crater-agent-workspace/builds/worker-4-tc2/source:/opt/rustwide/workdir:ro,Z" "-v" "/var/lib/crater-agent-workspace/cargo-home:/opt/rustwide/cargo-home:ro,Z" "-v" "/var/lib/crater-agent-workspace/rustup-home:/opt/rustwide/rustup-home:ro,Z" "-e" "SOURCE_DIR=/opt/rustwide/workdir" "-e" "CARGO_TARGET_DIR=/opt/rustwide/target" "-e" "CARGO_HOME=/opt/rustwide/cargo-home" "-e" "RUSTUP_HOME=/opt/rustwide/rustup-home" "-w" "/opt/rustwide/workdir" "-m" "1610612736" "--user" "0:0" "--network" "none" "ghcr.io/rust-lang/crates-build-env/linux@sha256:4a844ea9eb2546a2d2c7022eacef16ef2e8229c7fbb2c7d4d55a9ceca922f72d" "/opt/rustwide/cargo-home/bin/cargo" "+nightly-2024-10-28" "metadata" "--no-deps" "--format-version=1", kill_on_drop: false }`
[INFO] [stdout] eb8fed1f50b13f801e0932ebf3b3dd256c45d268635d776c14207c4fc010b92e
[INFO] running `Command { std: "docker" "start" "-a" "eb8fed1f50b13f801e0932ebf3b3dd256c45d268635d776c14207c4fc010b92e", kill_on_drop: false }`
[INFO] running `Command { std: "docker" "inspect" "eb8fed1f50b13f801e0932ebf3b3dd256c45d268635d776c14207c4fc010b92e", kill_on_drop: false }`
[INFO] running `Command { std: "docker" "rm" "-f" "eb8fed1f50b13f801e0932ebf3b3dd256c45d268635d776c14207c4fc010b92e", kill_on_drop: false }`
[INFO] [stdout] eb8fed1f50b13f801e0932ebf3b3dd256c45d268635d776c14207c4fc010b92e
[INFO] running `Command { std: "docker" "create" "-v" "/var/lib/crater-agent-workspace/builds/worker-4-tc2/target:/opt/rustwide/target:rw,Z" "-v" "/var/lib/crater-agent-workspace/builds/worker-4-tc2/source:/opt/rustwide/workdir:ro,Z" "-v" "/var/lib/crater-agent-workspace/cargo-home:/opt/rustwide/cargo-home:ro,Z" "-v" "/var/lib/crater-agent-workspace/rustup-home:/opt/rustwide/rustup-home:ro,Z" "-e" "SOURCE_DIR=/opt/rustwide/workdir" "-e" "CARGO_TARGET_DIR=/opt/rustwide/target" "-e" "CARGO_INCREMENTAL=0" "-e" "RUST_BACKTRACE=full" "-e" "RUSTFLAGS=--cap-lints=forbid -Zrandomize-layout" "-e" "RUSTDOCFLAGS=--cap-lints=forbid" "-e" "CARGO_HOME=/opt/rustwide/cargo-home" "-e" "RUSTUP_HOME=/opt/rustwide/rustup-home" "-w" "/opt/rustwide/workdir" "-m" "1610612736" "--user" "0:0" "--network" "none" "ghcr.io/rust-lang/crates-build-env/linux@sha256:4a844ea9eb2546a2d2c7022eacef16ef2e8229c7fbb2c7d4d55a9ceca922f72d" "/opt/rustwide/cargo-home/bin/cargo" "+nightly-2024-10-28" "build" "--frozen" "--message-format=json", kill_on_drop: false }`
[INFO] [stdout] 0a332df533414f6f7268ed9393903e6b810bd9a1f683f81bb22f9ddacc086a2d
[INFO] running `Command { std: "docker" "start" "-a" "0a332df533414f6f7268ed9393903e6b810bd9a1f683f81bb22f9ddacc086a2d", kill_on_drop: false }`
[INFO] [stderr]    Compiling toy_langu v0.1.0 (/opt/rustwide/workdir)
[INFO] [stdout] warning: unused import: `crate::parser::*`
[INFO] [stdout]  --> src/ast.rs:2:5
[INFO] [stdout]   |
[INFO] [stdout] 2 | use crate::parser::*;
[INFO] [stdout]   |     ^^^^^^^^^^^^^^^^
[INFO] [stdout]   |
[INFO] [stdout]   = note: `#[warn(unused_imports)]` on by default
[INFO] [stdout] 
[INFO] [stdout] 
[INFO] [stdout] warning: associated items `statement_node` and `token_literal` are never used
[INFO] [stdout]   --> src/ast.rs:23:8
[INFO] [stdout]    |
[INFO] [stdout] 22 | impl LetStatement {
[INFO] [stdout]    | ----------------- associated items in this implementation
[INFO] [stdout] 23 |     fn statement_node() {
[INFO] [stdout]    |        ^^^^^^^^^^^^^^
[INFO] [stdout] ...
[INFO] [stdout] 27 |     fn token_literal(&self) -> String {
[INFO] [stdout]    |        ^^^^^^^^^^^^^
[INFO] [stdout]    |
[INFO] [stdout]    = note: `#[warn(dead_code)]` on by default
[INFO] [stdout] 
[INFO] [stdout] 
[INFO] [stdout] warning: associated items `expression_node` and `token_literal` are never used
[INFO] [stdout]   --> src/ast.rs:39:8
[INFO] [stdout]    |
[INFO] [stdout] 38 | impl Identifier {
[INFO] [stdout]    | --------------- associated items in this implementation
[INFO] [stdout] 39 |     fn expression_node() {}
[INFO] [stdout]    |        ^^^^^^^^^^^^^^^
[INFO] [stdout] 40 |     fn token_literal(&self) -> String {
[INFO] [stdout]    |        ^^^^^^^^^^^^^
[INFO] [stdout] 
[INFO] [stdout] 
[INFO] [stdout] warning: function `output` is never used
[INFO] [stdout]  --> src/lexer.rs:3:4
[INFO] [stdout]   |
[INFO] [stdout] 3 | fn output() -> () {
[INFO] [stdout]   |    ^^^^^^
[INFO] [stdout] 
[INFO] [stdout] 
[INFO] [stdout] warning: function `main` is never used
[INFO] [stdout]    --> src/lexer.rs:113:4
[INFO] [stdout]     |
[INFO] [stdout] 113 | fn main() {
[INFO] [stdout]     |    ^^^^
[INFO] [stdout] 
[INFO] [stdout] 
[INFO] [stderr]     Finished `dev` profile [unoptimized + debuginfo] target(s) in 0.12s
[INFO] running `Command { std: "docker" "inspect" "0a332df533414f6f7268ed9393903e6b810bd9a1f683f81bb22f9ddacc086a2d", kill_on_drop: false }`
[INFO] running `Command { std: "docker" "rm" "-f" "0a332df533414f6f7268ed9393903e6b810bd9a1f683f81bb22f9ddacc086a2d", kill_on_drop: false }`
[INFO] [stdout] 0a332df533414f6f7268ed9393903e6b810bd9a1f683f81bb22f9ddacc086a2d
[INFO] running `Command { std: "docker" "create" "-v" "/var/lib/crater-agent-workspace/builds/worker-4-tc2/target:/opt/rustwide/target:rw,Z" "-v" "/var/lib/crater-agent-workspace/builds/worker-4-tc2/source:/opt/rustwide/workdir:ro,Z" "-v" "/var/lib/crater-agent-workspace/cargo-home:/opt/rustwide/cargo-home:ro,Z" "-v" "/var/lib/crater-agent-workspace/rustup-home:/opt/rustwide/rustup-home:ro,Z" "-e" "SOURCE_DIR=/opt/rustwide/workdir" "-e" "CARGO_TARGET_DIR=/opt/rustwide/target" "-e" "CARGO_INCREMENTAL=0" "-e" "RUST_BACKTRACE=full" "-e" "RUSTFLAGS=--cap-lints=forbid -Zrandomize-layout" "-e" "RUSTDOCFLAGS=--cap-lints=forbid" "-e" "CARGO_HOME=/opt/rustwide/cargo-home" "-e" "RUSTUP_HOME=/opt/rustwide/rustup-home" "-w" "/opt/rustwide/workdir" "-m" "1610612736" "--user" "0:0" "--network" "none" "ghcr.io/rust-lang/crates-build-env/linux@sha256:4a844ea9eb2546a2d2c7022eacef16ef2e8229c7fbb2c7d4d55a9ceca922f72d" "/opt/rustwide/cargo-home/bin/cargo" "+nightly-2024-10-28" "test" "--frozen" "--no-run" "--message-format=json", kill_on_drop: false }`
[INFO] [stdout] 52553da162a8cb9886687a5eb2db1363cf9d21de730e07a03f1cd04b716244e6
[INFO] running `Command { std: "docker" "start" "-a" "52553da162a8cb9886687a5eb2db1363cf9d21de730e07a03f1cd04b716244e6", kill_on_drop: false }`
[INFO] [stderr]    Compiling toy_langu v0.1.0 (/opt/rustwide/workdir)
[INFO] [stdout] warning: unused import: `crate::parser::*`
[INFO] [stdout]  --> src/ast.rs:2:5
[INFO] [stdout]   |
[INFO] [stdout] 2 | use crate::parser::*;
[INFO] [stdout]   |     ^^^^^^^^^^^^^^^^
[INFO] [stdout]   |
[INFO] [stdout]   = note: `#[warn(unused_imports)]` on by default
[INFO] [stdout] 
[INFO] [stdout] 
[INFO] [stdout] warning: unreachable pattern
[INFO] [stdout]    --> src/parser.rs:132:17
[INFO] [stdout]     |
[INFO] [stdout] 131 |                 Statement::LetStatement(x) => x,
[INFO] [stdout]     |                 -------------------------- matches all the relevant values
[INFO] [stdout] 132 |                 _ => panic!("Expected letStatement, found {:?}", &program.statements[1]),
[INFO] [stdout]     |                 ^ no value can reach this
[INFO] [stdout]     |
[INFO] [stdout]     = note: `#[warn(unreachable_patterns)]` on by default
[INFO] [stdout] 
[INFO] [stdout] 
[INFO] [stdout] warning: associated items `statement_node` and `token_literal` are never used
[INFO] [stdout]   --> src/ast.rs:23:8
[INFO] [stdout]    |
[INFO] [stdout] 22 | impl LetStatement {
[INFO] [stdout]    | ----------------- associated items in this implementation
[INFO] [stdout] 23 |     fn statement_node() {
[INFO] [stdout]    |        ^^^^^^^^^^^^^^
[INFO] [stdout] ...
[INFO] [stdout] 27 |     fn token_literal(&self) -> String {
[INFO] [stdout]    |        ^^^^^^^^^^^^^
[INFO] [stdout]    |
[INFO] [stdout]    = note: `#[warn(dead_code)]` on by default
[INFO] [stdout] 
[INFO] [stdout] 
[INFO] [stdout] warning: associated items `expression_node` and `token_literal` are never used
[INFO] [stdout]   --> src/ast.rs:39:8
[INFO] [stdout]    |
[INFO] [stdout] 38 | impl Identifier {
[INFO] [stdout]    | --------------- associated items in this implementation
[INFO] [stdout] 39 |     fn expression_node() {}
[INFO] [stdout]    |        ^^^^^^^^^^^^^^^
[INFO] [stdout] 40 |     fn token_literal(&self) -> String {
[INFO] [stdout]    |        ^^^^^^^^^^^^^
[INFO] [stdout] 
[INFO] [stdout] 
[INFO] [stdout] warning: function `output` is never used
[INFO] [stdout]  --> src/lexer.rs:3:4
[INFO] [stdout]   |
[INFO] [stdout] 3 | fn output() -> () {
[INFO] [stdout]   |    ^^^^^^
[INFO] [stdout] 
[INFO] [stdout] 
[INFO] [stdout] warning: function `main` is never used
[INFO] [stdout]    --> src/lexer.rs:113:4
[INFO] [stdout]     |
[INFO] [stdout] 113 | fn main() {
[INFO] [stdout]     |    ^^^^
[INFO] [stdout] 
[INFO] [stdout] 
[INFO] [stderr]     Finished `test` profile [unoptimized + debuginfo] target(s) in 0.16s
[INFO] running `Command { std: "docker" "inspect" "52553da162a8cb9886687a5eb2db1363cf9d21de730e07a03f1cd04b716244e6", kill_on_drop: false }`
[INFO] running `Command { std: "docker" "rm" "-f" "52553da162a8cb9886687a5eb2db1363cf9d21de730e07a03f1cd04b716244e6", kill_on_drop: false }`
[INFO] [stdout] 52553da162a8cb9886687a5eb2db1363cf9d21de730e07a03f1cd04b716244e6
[INFO] running `Command { std: "docker" "create" "-v" "/var/lib/crater-agent-workspace/builds/worker-4-tc2/target:/opt/rustwide/target:rw,Z" "-v" "/var/lib/crater-agent-workspace/builds/worker-4-tc2/source:/opt/rustwide/workdir:ro,Z" "-v" "/var/lib/crater-agent-workspace/cargo-home:/opt/rustwide/cargo-home:ro,Z" "-v" "/var/lib/crater-agent-workspace/rustup-home:/opt/rustwide/rustup-home:ro,Z" "-e" "SOURCE_DIR=/opt/rustwide/workdir" "-e" "CARGO_TARGET_DIR=/opt/rustwide/target" "-e" "CARGO_INCREMENTAL=0" "-e" "RUST_BACKTRACE=full" "-e" "RUSTFLAGS=--cap-lints=forbid -Zrandomize-layout" "-e" "RUSTDOCFLAGS=--cap-lints=forbid" "-e" "CARGO_HOME=/opt/rustwide/cargo-home" "-e" "RUSTUP_HOME=/opt/rustwide/rustup-home" "-w" "/opt/rustwide/workdir" "-m" "1610612736" "--user" "0:0" "--network" "none" "ghcr.io/rust-lang/crates-build-env/linux@sha256:4a844ea9eb2546a2d2c7022eacef16ef2e8229c7fbb2c7d4d55a9ceca922f72d" "/opt/rustwide/cargo-home/bin/cargo" "+nightly-2024-10-28" "test" "--frozen", kill_on_drop: false }`
[INFO] [stdout] 195eb7c8a0267bcf34042d5f821782cabf3fc0c342ecc8da0385c799435b343b
[INFO] running `Command { std: "docker" "start" "-a" "195eb7c8a0267bcf34042d5f821782cabf3fc0c342ecc8da0385c799435b343b", kill_on_drop: false }`
[INFO] [stderr] warning: unused import: `crate::parser::*`
[INFO] [stderr]  --> src/ast.rs:2:5
[INFO] [stderr]   |
[INFO] [stderr] 2 | use crate::parser::*;
[INFO] [stderr]   |     ^^^^^^^^^^^^^^^^
[INFO] [stderr]   |
[INFO] [stderr]   = note: `#[warn(unused_imports)]` on by default
[INFO] [stderr] 
[INFO] [stderr] warning: unreachable pattern
[INFO] [stderr]    --> src/parser.rs:132:17
[INFO] [stderr]     |
[INFO] [stderr] 131 |                 Statement::LetStatement(x) => x,
[INFO] [stderr]     |                 -------------------------- matches all the relevant values
[INFO] [stderr] 132 |                 _ => panic!("Expected letStatement, found {:?}", &program.statements[1]),
[INFO] [stderr]     |                 ^ no value can reach this
[INFO] [stderr]     |
[INFO] [stderr]     = note: `#[warn(unreachable_patterns)]` on by default
[INFO] [stderr] 
[INFO] [stderr] warning: associated items `statement_node` and `token_literal` are never used
[INFO] [stderr]   --> src/ast.rs:23:8
[INFO] [stderr]    |
[INFO] [stderr] 22 | impl LetStatement {
[INFO] [stderr]    | ----------------- associated items in this implementation
[INFO] [stderr] 23 |     fn statement_node() {
[INFO] [stderr]    |        ^^^^^^^^^^^^^^
[INFO] [stderr] ...
[INFO] [stderr] 27 |     fn token_literal(&self) -> String {
[INFO] [stderr]    |        ^^^^^^^^^^^^^
[INFO] [stderr]    |
[INFO] [stderr]    = note: `#[warn(dead_code)]` on by default
[INFO] [stderr] 
[INFO] [stderr] warning: associated items `expression_node` and `token_literal` are never used
[INFO] [stderr]   --> src/ast.rs:39:8
[INFO] [stderr]    |
[INFO] [stderr] 38 | impl Identifier {
[INFO] [stderr]    | --------------- associated items in this implementation
[INFO] [stderr] 39 |     fn expression_node() {}
[INFO] [stderr]    |        ^^^^^^^^^^^^^^^
[INFO] [stderr] 40 |     fn token_literal(&self) -> String {
[INFO] [stderr]    |        ^^^^^^^^^^^^^
[INFO] [stderr] 
[INFO] [stderr] warning: function `output` is never used
[INFO] [stderr]  --> src/lexer.rs:3:4
[INFO] [stderr]   |
[INFO] [stderr] 3 | fn output() -> () {
[INFO] [stderr]   |    ^^^^^^
[INFO] [stderr] 
[INFO] [stderr] warning: function `main` is never used
[INFO] [stderr]    --> src/lexer.rs:113:4
[INFO] [stderr]     |
[INFO] [stderr] 113 | fn main() {
[INFO] [stderr]     |    ^^^^
[INFO] [stderr] 
[INFO] [stderr] warning: `toy_langu` (bin "toy_langu" test) generated 6 warnings (run `cargo fix --bin "toy_langu" --tests` to apply 1 suggestion)
[INFO] [stderr]     Finished `test` profile [unoptimized + debuginfo] target(s) in 0.00s
[INFO] [stderr]      Running unittests src/main.rs (/opt/rustwide/target/debug/deps/toy_langu-7e819712dca58232)
[INFO] [stdout] 
[INFO] [stdout] running 2 tests
[INFO] [stdout] test lexer::test::lex ... ok
[INFO] [stdout] test parser::tests::test_let_statements ... FAILED
[INFO] [stdout] 
[INFO] [stdout] failures:
[INFO] [stdout] 
[INFO] [stdout] ---- parser::tests::test_let_statements stdout ----
[INFO] [stdout] thread 'parser::tests::test_let_statements' panicked at src/parser.rs:112:9:
[INFO] [stdout] assertion `left == right` failed: Program.statements does not contain 3 statements got=0
[INFO] [stdout]   left: 0
[INFO] [stdout]  right: 3
[INFO] [stdout] stack backtrace:
[INFO] [stdout]    0:     0x609db197765a - std::backtrace_rs::backtrace::libunwind::trace::h207520d6e9873551
[INFO] [stdout]                                at /rustc/df4ca44d3fbc9301ee17f30f4d474e6ae4b05252/library/std/src/../../backtrace/src/backtrace/libunwind.rs:116:5
[INFO] [stdout]    1:     0x609db197765a - std::backtrace_rs::backtrace::trace_unsynchronized::h2ed7433f370e3eca
[INFO] [stdout]                                at /rustc/df4ca44d3fbc9301ee17f30f4d474e6ae4b05252/library/std/src/../../backtrace/src/backtrace/mod.rs:66:5
[INFO] [stdout]    2:     0x609db197765a - std::sys::backtrace::_print_fmt::h916fac51166b18d7
[INFO] [stdout]                                at /rustc/df4ca44d3fbc9301ee17f30f4d474e6ae4b05252/library/std/src/sys/backtrace.rs:66:9
[INFO] [stdout]    3:     0x609db197765a - <std::sys::backtrace::BacktraceLock::print::DisplayBacktrace as core::fmt::Display>::fmt::ha0a4c9b8ce3802e6
[INFO] [stdout]                                at /rustc/df4ca44d3fbc9301ee17f30f4d474e6ae4b05252/library/std/src/sys/backtrace.rs:39:26
[INFO] [stdout]    4:     0x609db199dbd3 - core::fmt::rt::Argument::fmt::h4cfc8587d52b3eb5
[INFO] [stdout]                                at /rustc/df4ca44d3fbc9301ee17f30f4d474e6ae4b05252/library/core/src/fmt/rt.rs:177:76
[INFO] [stdout]    5:     0x609db199dbd3 - core::fmt::write::h522cc39e5b36ae9f
[INFO] [stdout]                                at /rustc/df4ca44d3fbc9301ee17f30f4d474e6ae4b05252/library/core/src/fmt/mod.rs:1190:21
[INFO] [stdout]    6:     0x609db19742c3 - std::io::Write::write_fmt::h7d3c26752da97734
[INFO] [stdout]                                at /rustc/df4ca44d3fbc9301ee17f30f4d474e6ae4b05252/library/std/src/io/mod.rs:1839:15
[INFO] [stdout]    7:     0x609db19774a2 - std::sys::backtrace::BacktraceLock::print::h4b9e00b29e9c0942
[INFO] [stdout]                                at /rustc/df4ca44d3fbc9301ee17f30f4d474e6ae4b05252/library/std/src/sys/backtrace.rs:42:9
[INFO] [stdout]    8:     0x609db1978aea - std::panicking::default_hook::{{closure}}::hb59b88280d0324d9
[INFO] [stdout]                                at /rustc/df4ca44d3fbc9301ee17f30f4d474e6ae4b05252/library/std/src/panicking.rs:268:22
[INFO] [stdout]    9:     0x609db19788f4 - std::panicking::default_hook::he1dd496665be4a29
[INFO] [stdout]                                at /rustc/df4ca44d3fbc9301ee17f30f4d474e6ae4b05252/library/std/src/panicking.rs:292:9
[INFO] [stdout]   10:     0x609db19426e9 - <alloc::boxed::Box<F,A> as core::ops::function::Fn<Args>>::call::h4ff71de18744e1dc
[INFO] [stdout]                                at /rustc/df4ca44d3fbc9301ee17f30f4d474e6ae4b05252/library/alloc/src/boxed.rs:2468:9
[INFO] [stdout]   11:     0x609db19426e9 - test::test_main::{{closure}}::hcf7c055ce117aa81
[INFO] [stdout]                                at /rustc/df4ca44d3fbc9301ee17f30f4d474e6ae4b05252/library/test/src/lib.rs:133:21
[INFO] [stdout]   12:     0x609db19791e8 - <alloc::boxed::Box<F,A> as core::ops::function::Fn<Args>>::call::h1d66c6bbd60c9692
[INFO] [stdout]                                at /rustc/df4ca44d3fbc9301ee17f30f4d474e6ae4b05252/library/alloc/src/boxed.rs:2468:9
[INFO] [stdout]   13:     0x609db19791e8 - std::panicking::rust_panic_with_hook::h2ff17fe8f26dfcf8
[INFO] [stdout]                                at /rustc/df4ca44d3fbc9301ee17f30f4d474e6ae4b05252/library/std/src/panicking.rs:809:13
[INFO] [stdout]   14:     0x609db1978faa - std::panicking::begin_panic_handler::{{closure}}::h4fad77951c07e101
[INFO] [stdout]                                at /rustc/df4ca44d3fbc9301ee17f30f4d474e6ae4b05252/library/std/src/panicking.rs:674:13
[INFO] [stdout]   15:     0x609db1977b39 - std::sys::backtrace::__rust_end_short_backtrace::hb1a25b3da5d0ea08
[INFO] [stdout]                                at /rustc/df4ca44d3fbc9301ee17f30f4d474e6ae4b05252/library/std/src/sys/backtrace.rs:170:18
[INFO] [stdout]   16:     0x609db1978c3c - rust_begin_unwind
[INFO] [stdout]                                at /rustc/df4ca44d3fbc9301ee17f30f4d474e6ae4b05252/library/std/src/panicking.rs:665:5
[INFO] [stdout]   17:     0x609db199c5d0 - core::panicking::panic_fmt::ha9db07b529f9b256
[INFO] [stdout]                                at /rustc/df4ca44d3fbc9301ee17f30f4d474e6ae4b05252/library/core/src/panicking.rs:75:14
[INFO] [stdout]   18:     0x609db199c99b - core::panicking::assert_failed_inner::h04f38944d74a80a8
[INFO] [stdout]   19:     0x609db190728e - core::panicking::assert_failed::h78e461f16d9697c4
[INFO] [stdout]                                at /rustc/df4ca44d3fbc9301ee17f30f4d474e6ae4b05252/library/core/src/panicking.rs:377:5
[INFO] [stdout]   20:     0x609db1904bd3 - toy_langu::parser::tests::test_let_statements::h68536fd87124ff03
[INFO] [stdout]                                at /opt/rustwide/workdir/src/parser.rs:112:9
[INFO] [stdout]   21:     0x609db1904947 - toy_langu::parser::tests::test_let_statements::{{closure}}::he41742d9542b4b68
[INFO] [stdout]                                at /opt/rustwide/workdir/src/parser.rs:103:29
[INFO] [stdout]   22:     0x609db19019f6 - core::ops::function::FnOnce::call_once::h80f8d83ad72cae89
[INFO] [stdout]                                at /rustc/df4ca44d3fbc9301ee17f30f4d474e6ae4b05252/library/core/src/ops/function.rs:250:5
[INFO] [stdout]   23:     0x609db1946fbb - core::ops::function::FnOnce::call_once::h22c3ba5715e93f05
[INFO] [stdout]                                at /rustc/df4ca44d3fbc9301ee17f30f4d474e6ae4b05252/library/core/src/ops/function.rs:250:5
[INFO] [stdout]   24:     0x609db1946fbb - test::__rust_begin_short_backtrace::h8e82d8113d0da17f
[INFO] [stdout]                                at /rustc/df4ca44d3fbc9301ee17f30f4d474e6ae4b05252/library/test/src/lib.rs:621:18
[INFO] [stdout]   25:     0x609db1946937 - test::run_test_in_process::{{closure}}::h33235f4f20b7b7c7
[INFO] [stdout]                                at /rustc/df4ca44d3fbc9301ee17f30f4d474e6ae4b05252/library/test/src/lib.rs:644:60
[INFO] [stdout]   26:     0x609db1946937 - <core::panic::unwind_safe::AssertUnwindSafe<F> as core::ops::function::FnOnce<()>>::call_once::hb5043206310c586f
[INFO] [stdout]                                at /rustc/df4ca44d3fbc9301ee17f30f4d474e6ae4b05252/library/core/src/panic/unwind_safe.rs:272:9
[INFO] [stdout]   27:     0x609db1946937 - std::panicking::try::do_call::h9ad4731a60ab23e2
[INFO] [stdout]                                at /rustc/df4ca44d3fbc9301ee17f30f4d474e6ae4b05252/library/std/src/panicking.rs:557:40
[INFO] [stdout]   28:     0x609db1946937 - std::panicking::try::h3824d23db772a716
[INFO] [stdout]                                at /rustc/df4ca44d3fbc9301ee17f30f4d474e6ae4b05252/library/std/src/panicking.rs:520:19
[INFO] [stdout]   29:     0x609db1946937 - std::panic::catch_unwind::h5afd514605fde46b
[INFO] [stdout]                                at /rustc/df4ca44d3fbc9301ee17f30f4d474e6ae4b05252/library/std/src/panic.rs:358:14
[INFO] [stdout]   30:     0x609db1946937 - test::run_test_in_process::h0d5cbfa7067d1720
[INFO] [stdout]                                at /rustc/df4ca44d3fbc9301ee17f30f4d474e6ae4b05252/library/test/src/lib.rs:644:27
[INFO] [stdout]   31:     0x609db1946937 - test::run_test::{{closure}}::h708eb8872708115d
[INFO] [stdout]                                at /rustc/df4ca44d3fbc9301ee17f30f4d474e6ae4b05252/library/test/src/lib.rs:565:43
[INFO] [stdout]   32:     0x609db190a054 - test::run_test::{{closure}}::h392c51cee94713ab
[INFO] [stdout]                                at /rustc/df4ca44d3fbc9301ee17f30f4d474e6ae4b05252/library/test/src/lib.rs:595:41
[INFO] [stdout]   33:     0x609db190a054 - std::sys::backtrace::__rust_begin_short_backtrace::h2f40290710935a8b
[INFO] [stdout]                                at /rustc/df4ca44d3fbc9301ee17f30f4d474e6ae4b05252/library/std/src/sys/backtrace.rs:154:18
[INFO] [stdout]   34:     0x609db190d7fe - std::thread::Builder::spawn_unchecked_::{{closure}}::{{closure}}::h3fd968d89053a903
[INFO] [stdout]                                at /rustc/df4ca44d3fbc9301ee17f30f4d474e6ae4b05252/library/std/src/thread/mod.rs:541:17
[INFO] [stdout]   35:     0x609db190d7fe - <core::panic::unwind_safe::AssertUnwindSafe<F> as core::ops::function::FnOnce<()>>::call_once::h743f637ba4229880
[INFO] [stdout]                                at /rustc/df4ca44d3fbc9301ee17f30f4d474e6ae4b05252/library/core/src/panic/unwind_safe.rs:272:9
[INFO] [stdout]   36:     0x609db190d7fe - std::panicking::try::do_call::h07440897322525a6
[INFO] [stdout]                                at /rustc/df4ca44d3fbc9301ee17f30f4d474e6ae4b05252/library/std/src/panicking.rs:557:40
[INFO] [stdout]   37:     0x609db190d7fe - std::panicking::try::he5a2e00188156637
[INFO] [stdout]                                at /rustc/df4ca44d3fbc9301ee17f30f4d474e6ae4b05252/library/std/src/panicking.rs:520:19
[INFO] [stdout]   38:     0x609db190d7fe - std::panic::catch_unwind::hbaf3cae49b3c6433
[INFO] [stdout]                                at /rustc/df4ca44d3fbc9301ee17f30f4d474e6ae4b05252/library/std/src/panic.rs:358:14
[INFO] [stdout]   39:     0x609db190d7fe - std::thread::Builder::spawn_unchecked_::{{closure}}::h8e141ea224820bce
[INFO] [stdout]                                at /rustc/df4ca44d3fbc9301ee17f30f4d474e6ae4b05252/library/std/src/thread/mod.rs:540:30
[INFO] [stdout]   40:     0x609db190d7fe - core::ops::function::FnOnce::call_once{{vtable.shim}}::h90d312fedd7b8ea8
[INFO] [stdout]                                at /rustc/df4ca44d3fbc9301ee17f30f4d474e6ae4b05252/library/core/src/ops/function.rs:250:5
[INFO] [stdout]   41:     0x609db197cfdb - <alloc::boxed::Box<F,A> as core::ops::function::FnOnce<Args>>::call_once::h69aa08ddb6adb8b6
[INFO] [stdout]                                at /rustc/df4ca44d3fbc9301ee17f30f4d474e6ae4b05252/library/alloc/src/boxed.rs:2454:9
[INFO] [stdout]   42:     0x609db197cfdb - <alloc::boxed::Box<F,A> as core::ops::function::FnOnce<Args>>::call_once::h5aa36efdb79c806f
[INFO] [stdout]                                at /rustc/df4ca44d3fbc9301ee17f30f4d474e6ae4b05252/library/alloc/src/boxed.rs:2454:9
[INFO] [stdout]   43:     0x609db197cfdb - std::sys::pal::unix::thread::Thread::new::thread_start::h6cd80a1b4be5158d
[INFO] [stdout]                                at /rustc/df4ca44d3fbc9301ee17f30f4d474e6ae4b05252/library/std/src/sys/pal/unix/thread.rs:105:17
[INFO] [stdout]   44:     0x7818ac92dac3 - <unknown>
[INFO] [stdout]   45:     0x7818ac9bea04 - clone
[INFO] [stdout]   46:                0x0 - <unknown>
[INFO] [stdout] 
[INFO] [stdout] 
[INFO] [stdout] failures:
[INFO] [stdout]     parser::tests::test_let_statements
[INFO] [stdout] 
[INFO] [stdout] test result: FAILED. 1 passed; 1 failed; 0 ignored; 0 measured; 0 filtered out; finished in 0.01s
[INFO] [stdout] 
[INFO] [stderr] error: test failed, to rerun pass `--bin toy_langu`
[INFO] running `Command { std: "docker" "inspect" "195eb7c8a0267bcf34042d5f821782cabf3fc0c342ecc8da0385c799435b343b", kill_on_drop: false }`
[INFO] running `Command { std: "docker" "rm" "-f" "195eb7c8a0267bcf34042d5f821782cabf3fc0c342ecc8da0385c799435b343b", kill_on_drop: false }`
[INFO] [stdout] 195eb7c8a0267bcf34042d5f821782cabf3fc0c342ecc8da0385c799435b343b
