[INFO] cloning repository https://github.com/blkmlk/match_err
[INFO] running `Command { std: "git" "-c" "credential.helper=" "-c" "credential.helper=/workspace/cargo-home/bin/git-credential-null" "clone" "--bare" "https://github.com/blkmlk/match_err" "/workspace/cache/git-repos/https%3A%2F%2Fgithub.com%2Fblkmlk%2Fmatch_err", kill_on_drop: false }`
[INFO] [stderr] Cloning into bare repository '/workspace/cache/git-repos/https%3A%2F%2Fgithub.com%2Fblkmlk%2Fmatch_err'...
[INFO] running `Command { std: "git" "rev-parse" "HEAD", kill_on_drop: false }`
[INFO] [stdout] 0131cb1541a9783d2c042811caa2190442ca0bb3
[INFO] testing blkmlk/match_err/0131cb1541a9783d2c042811caa2190442ca0bb3 against nightly-2024-10-28+rustflags=-Zrandomize-layout for randomize-layout
[INFO] running `Command { std: "git" "clone" "/workspace/cache/git-repos/https%3A%2F%2Fgithub.com%2Fblkmlk%2Fmatch_err" "/workspace/builds/worker-3-tc2/source", kill_on_drop: false }`
[INFO] [stderr] Cloning into '/workspace/builds/worker-3-tc2/source'...
[INFO] [stderr] done.
[INFO] validating manifest of git repo https://github.com/blkmlk/match_err on toolchain nightly-2024-10-28
[INFO] running `Command { std: CARGO_HOME="/workspace/cargo-home" RUSTUP_HOME="/workspace/rustup-home" "/workspace/cargo-home/bin/cargo" "+nightly-2024-10-28" "metadata" "--manifest-path" "Cargo.toml" "--no-deps", kill_on_drop: false }`
[INFO] started tweaking git repo https://github.com/blkmlk/match_err
[INFO] finished tweaking git repo https://github.com/blkmlk/match_err
[INFO] tweaked toml for git repo https://github.com/blkmlk/match_err written to /workspace/builds/worker-3-tc2/source/Cargo.toml
[INFO] crate git repo https://github.com/blkmlk/match_err already has a lockfile, it will not be regenerated
[INFO] running `Command { std: CARGO_HOME="/workspace/cargo-home" RUSTUP_HOME="/workspace/rustup-home" "/workspace/cargo-home/bin/cargo" "+nightly-2024-10-28" "fetch" "--manifest-path" "Cargo.toml", kill_on_drop: false }`
[INFO] running `Command { std: "docker" "create" "-v" "/var/lib/crater-agent-workspace/builds/worker-3-tc2/target:/opt/rustwide/target:rw,Z" "-v" "/var/lib/crater-agent-workspace/builds/worker-3-tc2/source:/opt/rustwide/workdir:ro,Z" "-v" "/var/lib/crater-agent-workspace/cargo-home:/opt/rustwide/cargo-home:ro,Z" "-v" "/var/lib/crater-agent-workspace/rustup-home:/opt/rustwide/rustup-home:ro,Z" "-e" "SOURCE_DIR=/opt/rustwide/workdir" "-e" "CARGO_TARGET_DIR=/opt/rustwide/target" "-e" "CARGO_HOME=/opt/rustwide/cargo-home" "-e" "RUSTUP_HOME=/opt/rustwide/rustup-home" "-w" "/opt/rustwide/workdir" "-m" "1610612736" "--user" "0:0" "--network" "none" "ghcr.io/rust-lang/crates-build-env/linux@sha256:4a844ea9eb2546a2d2c7022eacef16ef2e8229c7fbb2c7d4d55a9ceca922f72d" "/opt/rustwide/cargo-home/bin/cargo" "+nightly-2024-10-28" "metadata" "--no-deps" "--format-version=1", kill_on_drop: false }`
[INFO] [stdout] 477fdba7f4a7b8840662482c3cfcaa1ea74456a356db56491361fe0ba7e07aa9
[INFO] running `Command { std: "docker" "start" "-a" "477fdba7f4a7b8840662482c3cfcaa1ea74456a356db56491361fe0ba7e07aa9", kill_on_drop: false }`
[INFO] running `Command { std: "docker" "inspect" "477fdba7f4a7b8840662482c3cfcaa1ea74456a356db56491361fe0ba7e07aa9", kill_on_drop: false }`
[INFO] running `Command { std: "docker" "rm" "-f" "477fdba7f4a7b8840662482c3cfcaa1ea74456a356db56491361fe0ba7e07aa9", kill_on_drop: false }`
[INFO] [stdout] 477fdba7f4a7b8840662482c3cfcaa1ea74456a356db56491361fe0ba7e07aa9
[INFO] running `Command { std: "docker" "create" "-v" "/var/lib/crater-agent-workspace/builds/worker-3-tc2/target:/opt/rustwide/target:rw,Z" "-v" "/var/lib/crater-agent-workspace/builds/worker-3-tc2/source:/opt/rustwide/workdir:ro,Z" "-v" "/var/lib/crater-agent-workspace/cargo-home:/opt/rustwide/cargo-home:ro,Z" "-v" "/var/lib/crater-agent-workspace/rustup-home:/opt/rustwide/rustup-home:ro,Z" "-e" "SOURCE_DIR=/opt/rustwide/workdir" "-e" "CARGO_TARGET_DIR=/opt/rustwide/target" "-e" "CARGO_INCREMENTAL=0" "-e" "RUST_BACKTRACE=full" "-e" "RUSTFLAGS=--cap-lints=forbid -Zrandomize-layout" "-e" "RUSTDOCFLAGS=--cap-lints=forbid" "-e" "CARGO_HOME=/opt/rustwide/cargo-home" "-e" "RUSTUP_HOME=/opt/rustwide/rustup-home" "-w" "/opt/rustwide/workdir" "-m" "1610612736" "--user" "0:0" "--network" "none" "ghcr.io/rust-lang/crates-build-env/linux@sha256:4a844ea9eb2546a2d2c7022eacef16ef2e8229c7fbb2c7d4d55a9ceca922f72d" "/opt/rustwide/cargo-home/bin/cargo" "+nightly-2024-10-28" "build" "--frozen" "--message-format=json", kill_on_drop: false }`
[INFO] [stdout] 34fbb1337348a6aa1eb2d0cfd92257103f873861458edd8953e5d29e1af8fe0f
[INFO] running `Command { std: "docker" "start" "-a" "34fbb1337348a6aa1eb2d0cfd92257103f873861458edd8953e5d29e1af8fe0f", kill_on_drop: false }`
[INFO] [stderr]    Compiling match_err v0.1.9 (/opt/rustwide/workdir)
[INFO] [stderr]     Finished `dev` profile [unoptimized + debuginfo] target(s) in 0.06s
[INFO] running `Command { std: "docker" "inspect" "34fbb1337348a6aa1eb2d0cfd92257103f873861458edd8953e5d29e1af8fe0f", kill_on_drop: false }`
[INFO] running `Command { std: "docker" "rm" "-f" "34fbb1337348a6aa1eb2d0cfd92257103f873861458edd8953e5d29e1af8fe0f", kill_on_drop: false }`
[INFO] [stdout] 34fbb1337348a6aa1eb2d0cfd92257103f873861458edd8953e5d29e1af8fe0f
[INFO] running `Command { std: "docker" "create" "-v" "/var/lib/crater-agent-workspace/builds/worker-3-tc2/target:/opt/rustwide/target:rw,Z" "-v" "/var/lib/crater-agent-workspace/builds/worker-3-tc2/source:/opt/rustwide/workdir:ro,Z" "-v" "/var/lib/crater-agent-workspace/cargo-home:/opt/rustwide/cargo-home:ro,Z" "-v" "/var/lib/crater-agent-workspace/rustup-home:/opt/rustwide/rustup-home:ro,Z" "-e" "SOURCE_DIR=/opt/rustwide/workdir" "-e" "CARGO_TARGET_DIR=/opt/rustwide/target" "-e" "CARGO_INCREMENTAL=0" "-e" "RUST_BACKTRACE=full" "-e" "RUSTFLAGS=--cap-lints=forbid -Zrandomize-layout" "-e" "RUSTDOCFLAGS=--cap-lints=forbid" "-e" "CARGO_HOME=/opt/rustwide/cargo-home" "-e" "RUSTUP_HOME=/opt/rustwide/rustup-home" "-w" "/opt/rustwide/workdir" "-m" "1610612736" "--user" "0:0" "--network" "none" "ghcr.io/rust-lang/crates-build-env/linux@sha256:4a844ea9eb2546a2d2c7022eacef16ef2e8229c7fbb2c7d4d55a9ceca922f72d" "/opt/rustwide/cargo-home/bin/cargo" "+nightly-2024-10-28" "test" "--frozen" "--no-run" "--message-format=json", kill_on_drop: false }`
[INFO] [stdout] 0e8ec71532035b1dff299e71497613ef0ec59ad110779249ef6289371e749c8f
[INFO] running `Command { std: "docker" "start" "-a" "0e8ec71532035b1dff299e71497613ef0ec59ad110779249ef6289371e749c8f", kill_on_drop: false }`
[INFO] [stderr]    Compiling proc-macro2 v1.0.86
[INFO] [stderr]    Compiling unicode-ident v1.0.12
[INFO] [stderr]    Compiling thiserror v1.0.63
[INFO] [stderr]    Compiling anyhow v1.0.86
[INFO] [stderr]    Compiling quote v1.0.36
[INFO] [stderr]    Compiling syn v2.0.72
[INFO] [stderr]    Compiling thiserror-impl v1.0.63
[INFO] [stderr]    Compiling match_err v0.1.9 (/opt/rustwide/workdir)
[INFO] [stderr]     Finished `test` profile [unoptimized + debuginfo] target(s) in 2.06s
[INFO] running `Command { std: "docker" "inspect" "0e8ec71532035b1dff299e71497613ef0ec59ad110779249ef6289371e749c8f", kill_on_drop: false }`
[INFO] running `Command { std: "docker" "rm" "-f" "0e8ec71532035b1dff299e71497613ef0ec59ad110779249ef6289371e749c8f", kill_on_drop: false }`
[INFO] [stdout] 0e8ec71532035b1dff299e71497613ef0ec59ad110779249ef6289371e749c8f
[INFO] running `Command { std: "docker" "create" "-v" "/var/lib/crater-agent-workspace/builds/worker-3-tc2/target:/opt/rustwide/target:rw,Z" "-v" "/var/lib/crater-agent-workspace/builds/worker-3-tc2/source:/opt/rustwide/workdir:ro,Z" "-v" "/var/lib/crater-agent-workspace/cargo-home:/opt/rustwide/cargo-home:ro,Z" "-v" "/var/lib/crater-agent-workspace/rustup-home:/opt/rustwide/rustup-home:ro,Z" "-e" "SOURCE_DIR=/opt/rustwide/workdir" "-e" "CARGO_TARGET_DIR=/opt/rustwide/target" "-e" "CARGO_INCREMENTAL=0" "-e" "RUST_BACKTRACE=full" "-e" "RUSTFLAGS=--cap-lints=forbid -Zrandomize-layout" "-e" "RUSTDOCFLAGS=--cap-lints=forbid" "-e" "CARGO_HOME=/opt/rustwide/cargo-home" "-e" "RUSTUP_HOME=/opt/rustwide/rustup-home" "-w" "/opt/rustwide/workdir" "-m" "1610612736" "--user" "0:0" "--network" "none" "ghcr.io/rust-lang/crates-build-env/linux@sha256:4a844ea9eb2546a2d2c7022eacef16ef2e8229c7fbb2c7d4d55a9ceca922f72d" "/opt/rustwide/cargo-home/bin/cargo" "+nightly-2024-10-28" "test" "--frozen", kill_on_drop: false }`
[INFO] [stdout] e57c245c0141c8d66a4fb4f8241e5205782970cd7fe4e53798c89b03d50ef15a
[INFO] running `Command { std: "docker" "start" "-a" "e57c245c0141c8d66a4fb4f8241e5205782970cd7fe4e53798c89b03d50ef15a", kill_on_drop: false }`
[INFO] [stderr]     Finished `test` profile [unoptimized + debuginfo] target(s) in 0.01s
[INFO] [stderr]      Running unittests src/lib.rs (/opt/rustwide/target/debug/deps/match_err-71603392b97eb842)
[INFO] [stdout] 
[INFO] [stdout] running 0 tests
[INFO] [stdout] 
[INFO] [stdout] test result: ok. 0 passed; 0 failed; 0 ignored; 0 measured; 0 filtered out; finished in 0.00s
[INFO] [stdout] 
[INFO] [stderr]    Doc-tests match_err
[INFO] [stdout] 
[INFO] [stdout] running 6 tests
[INFO] [stdout] test src/lib.rs - (line 6) ... FAILED
[INFO] [stdout] test src/lib.rs - (line 18) ... ok
[INFO] [stdout] test src/lib.rs - match_err (line 43) ... ok
[INFO] [stdout] test src/lib.rs - match_if_err (line 95) ... ok
[INFO] [stdout] test src/lib.rs - assert_error (line 178) ... ok
[INFO] [stdout] test src/lib.rs - assert_if_error (line 143) ... ok
[INFO] [stdout] 
[INFO] [stdout] failures:
[INFO] [stdout] 
[INFO] [stdout] ---- src/lib.rs - (line 6) stdout ----
[INFO] [stdout] error: unexpected `...`
[INFO] [stdout]  --> src/lib.rs:10:13
[INFO] [stdout]   |
[INFO] [stdout] 6 |             ...
[INFO] [stdout]   |             ^^^ not a valid pattern
[INFO] [stdout]   |
[INFO] [stdout] help: for a rest pattern, use `..` instead of `...`
[INFO] [stdout]   |
[INFO] [stdout] 6 -             ...
[INFO] [stdout] 6 +             ..
[INFO] [stdout]   |
[INFO] [stdout] 
[INFO] [stdout] error[E0425]: cannot find value `err` in this scope
[INFO] [stdout]  --> src/lib.rs:7:17
[INFO] [stdout]   |
[INFO] [stdout] 3 | if let Err(e) = err {
[INFO] [stdout]   |                 ^^^ help: a tuple variant with a similar name exists: `Err`
[INFO] [stdout]  --> /rustc/df4ca44d3fbc9301ee17f30f4d474e6ae4b05252/library/core/src/result.rs:536:5
[INFO] [stdout]   |
[INFO] [stdout]   = note: similarly named tuple variant `Err` defined here
[INFO] [stdout] 
[INFO] [stdout] error[E0412]: cannot find type `Error` in this scope
[INFO] [stdout]  --> src/lib.rs:8:39
[INFO] [stdout]   |
[INFO] [stdout] 4 |     if let Some(e) = e.downcast_ref::<Error>() {
[INFO] [stdout]   |                                       ^^^^^ not found in this scope
[INFO] [stdout]   |
[INFO] [stdout] help: consider importing one of these items
[INFO] [stdout]   |
[INFO] [stdout] 2 + use std::error::Error;
[INFO] [stdout]   |
[INFO] [stdout] 2 + use std::fmt::Error;
[INFO] [stdout]   |
[INFO] [stdout] 2 + use std::io::Error;
[INFO] [stdout]   |
[INFO] [stdout] 2 + use core::error::Error;
[INFO] [stdout]   |
[INFO] [stdout]     and 2 other candidates
[INFO] [stdout] 
[INFO] [stdout] error: `match` arm with no body
[INFO] [stdout]  --> src/lib.rs:10:13
[INFO] [stdout]   |
[INFO] [stdout] 6 |             ...
[INFO] [stdout]   |             ^^^- help: add a body after the pattern: `=> todo!(),`
[INFO] [stdout] 
[INFO] [stdout] error: `..` patterns are not allowed here
[INFO] [stdout]  --> src/lib.rs:10:13
[INFO] [stdout]   |
[INFO] [stdout] 6 |             ...
[INFO] [stdout]   |             ^^^
[INFO] [stdout]   |
[INFO] [stdout]   = note: only allowed in tuple, tuple struct, and slice patterns
[INFO] [stdout] 
[INFO] [stdout] error: aborting due to 5 previous errors
[INFO] [stdout] 
[INFO] [stdout] Some errors have detailed explanations: E0412, E0425.
[INFO] [stdout] For more information about an error, try `rustc --explain E0412`.
[INFO] [stdout] Couldn't compile the test.
[INFO] [stdout] 
[INFO] [stdout] failures:
[INFO] [stdout]     src/lib.rs - (line 6)
[INFO] [stdout] 
[INFO] [stdout] test result: FAILED. 5 passed; 1 failed; 0 ignored; 0 measured; 0 filtered out; finished in 0.12s
[INFO] [stdout] 
[INFO] [stderr] error: doctest failed, to rerun pass `--doc`
[INFO] running `Command { std: "docker" "inspect" "e57c245c0141c8d66a4fb4f8241e5205782970cd7fe4e53798c89b03d50ef15a", kill_on_drop: false }`
[INFO] running `Command { std: "docker" "rm" "-f" "e57c245c0141c8d66a4fb4f8241e5205782970cd7fe4e53798c89b03d50ef15a", kill_on_drop: false }`
[INFO] [stdout] e57c245c0141c8d66a4fb4f8241e5205782970cd7fe4e53798c89b03d50ef15a
