[INFO] cloning repository https://github.com/beyarkay/attractors
[INFO] running `Command { std: "git" "-c" "credential.helper=" "-c" "credential.helper=/workspace/cargo-home/bin/git-credential-null" "clone" "--bare" "https://github.com/beyarkay/attractors" "/workspace/cache/git-repos/https%3A%2F%2Fgithub.com%2Fbeyarkay%2Fattractors", kill_on_drop: false }`
[INFO] [stderr] Cloning into bare repository '/workspace/cache/git-repos/https%3A%2F%2Fgithub.com%2Fbeyarkay%2Fattractors'...
[INFO] running `Command { std: "git" "rev-parse" "HEAD", kill_on_drop: false }`
[INFO] [stdout] 26cf0d1c7f92efdb9792baf1c8489943ca0b6d15
[INFO] testing beyarkay/attractors/26cf0d1c7f92efdb9792baf1c8489943ca0b6d15 against nightly-2024-10-28 for randomize-layout
[INFO] running `Command { std: "git" "clone" "/workspace/cache/git-repos/https%3A%2F%2Fgithub.com%2Fbeyarkay%2Fattractors" "/workspace/builds/worker-6-tc1/source", kill_on_drop: false }`
[INFO] [stderr] Cloning into '/workspace/builds/worker-6-tc1/source'...
[INFO] [stderr] done.
[INFO] validating manifest of git repo https://github.com/beyarkay/attractors on toolchain nightly-2024-10-28
[INFO] running `Command { std: CARGO_HOME="/workspace/cargo-home" RUSTUP_HOME="/workspace/rustup-home" "/workspace/cargo-home/bin/cargo" "+nightly-2024-10-28" "metadata" "--manifest-path" "Cargo.toml" "--no-deps", kill_on_drop: false }`
[INFO] started tweaking git repo https://github.com/beyarkay/attractors
[INFO] finished tweaking git repo https://github.com/beyarkay/attractors
[INFO] tweaked toml for git repo https://github.com/beyarkay/attractors written to /workspace/builds/worker-6-tc1/source/Cargo.toml
[INFO] crate git repo https://github.com/beyarkay/attractors already has a lockfile, it will not be regenerated
[INFO] running `Command { std: CARGO_HOME="/workspace/cargo-home" RUSTUP_HOME="/workspace/rustup-home" "/workspace/cargo-home/bin/cargo" "+nightly-2024-10-28" "fetch" "--manifest-path" "Cargo.toml", kill_on_drop: false }`
[INFO] [stderr]  Downloading crates ...
[INFO] [stderr]   Downloaded rgb v0.8.32
[INFO] [stderr]   Downloaded bytemuck v1.9.0
[INFO] running `Command { std: "docker" "create" "-v" "/var/lib/crater-agent-workspace/builds/worker-6-tc1/target:/opt/rustwide/target:rw,Z" "-v" "/var/lib/crater-agent-workspace/builds/worker-6-tc1/source:/opt/rustwide/workdir:ro,Z" "-v" "/var/lib/crater-agent-workspace/cargo-home:/opt/rustwide/cargo-home:ro,Z" "-v" "/var/lib/crater-agent-workspace/rustup-home:/opt/rustwide/rustup-home:ro,Z" "-e" "SOURCE_DIR=/opt/rustwide/workdir" "-e" "CARGO_TARGET_DIR=/opt/rustwide/target" "-e" "CARGO_HOME=/opt/rustwide/cargo-home" "-e" "RUSTUP_HOME=/opt/rustwide/rustup-home" "-w" "/opt/rustwide/workdir" "-m" "1610612736" "--user" "0:0" "--network" "none" "ghcr.io/rust-lang/crates-build-env/linux@sha256:4a844ea9eb2546a2d2c7022eacef16ef2e8229c7fbb2c7d4d55a9ceca922f72d" "/opt/rustwide/cargo-home/bin/cargo" "+nightly-2024-10-28" "metadata" "--no-deps" "--format-version=1", kill_on_drop: false }`
[INFO] [stdout] d4c5f488f3c436ab00489e6b934168592be4444c29bdb8be35ec20d7e5f33e1f
[INFO] running `Command { std: "docker" "start" "-a" "d4c5f488f3c436ab00489e6b934168592be4444c29bdb8be35ec20d7e5f33e1f", kill_on_drop: false }`
[INFO] running `Command { std: "docker" "inspect" "d4c5f488f3c436ab00489e6b934168592be4444c29bdb8be35ec20d7e5f33e1f", kill_on_drop: false }`
[INFO] running `Command { std: "docker" "rm" "-f" "d4c5f488f3c436ab00489e6b934168592be4444c29bdb8be35ec20d7e5f33e1f", kill_on_drop: false }`
[INFO] [stdout] d4c5f488f3c436ab00489e6b934168592be4444c29bdb8be35ec20d7e5f33e1f
[INFO] running `Command { std: "docker" "create" "-v" "/var/lib/crater-agent-workspace/builds/worker-6-tc1/target:/opt/rustwide/target:rw,Z" "-v" "/var/lib/crater-agent-workspace/builds/worker-6-tc1/source:/opt/rustwide/workdir:ro,Z" "-v" "/var/lib/crater-agent-workspace/cargo-home:/opt/rustwide/cargo-home:ro,Z" "-v" "/var/lib/crater-agent-workspace/rustup-home:/opt/rustwide/rustup-home:ro,Z" "-e" "SOURCE_DIR=/opt/rustwide/workdir" "-e" "CARGO_TARGET_DIR=/opt/rustwide/target" "-e" "CARGO_INCREMENTAL=0" "-e" "RUST_BACKTRACE=full" "-e" "RUSTFLAGS=--cap-lints=forbid" "-e" "RUSTDOCFLAGS=--cap-lints=forbid" "-e" "CARGO_HOME=/opt/rustwide/cargo-home" "-e" "RUSTUP_HOME=/opt/rustwide/rustup-home" "-w" "/opt/rustwide/workdir" "-m" "1610612736" "--user" "0:0" "--network" "none" "ghcr.io/rust-lang/crates-build-env/linux@sha256:4a844ea9eb2546a2d2c7022eacef16ef2e8229c7fbb2c7d4d55a9ceca922f72d" "/opt/rustwide/cargo-home/bin/cargo" "+nightly-2024-10-28" "build" "--frozen" "--message-format=json", kill_on_drop: false }`
[INFO] [stdout] 4ca03be24757e2204ba5dda0f35bf07285f2489fa418b5481237a10810675d46
[INFO] running `Command { std: "docker" "start" "-a" "4ca03be24757e2204ba5dda0f35bf07285f2489fa418b5481237a10810675d46", kill_on_drop: false }`
[INFO] [stderr]    Compiling autocfg v1.0.1
[INFO] [stderr]    Compiling libc v0.2.121
[INFO] [stderr]    Compiling proc-macro2 v1.0.34
[INFO] [stderr]    Compiling pkg-config v0.3.24
[INFO] [stderr]    Compiling bitflags v1.2.1
[INFO] [stderr]    Compiling xml-rs v0.8.4
[INFO] [stderr]    Compiling version_check v0.9.3
[INFO] [stderr]    Compiling once_cell v1.9.0
[INFO] [stderr]    Compiling smallvec v1.7.0
[INFO] [stderr]    Compiling crc32fast v1.3.0
[INFO] [stderr]    Compiling libloading v0.7.2
[INFO] [stderr]    Compiling cc v1.0.72
[INFO] [stderr]    Compiling deflate v1.0.0
[INFO] [stderr]    Compiling miniz_oxide v0.5.1
[INFO] [stderr]    Compiling bytemuck v1.9.0
[INFO] [stderr]    Compiling ppv-lite86 v0.2.15
[INFO] [stderr]    Compiling dlib v0.5.0
[INFO] [stderr]    Compiling rgb v0.8.32
[INFO] [stderr]    Compiling raw-window-handle v0.4.2
[INFO] [stderr]    Compiling nom v7.1.0
[INFO] [stderr]    Compiling memoffset v0.6.5
[INFO] [stderr]    Compiling num-traits v0.2.14
[INFO] [stderr]    Compiling num-integer v0.1.44
[INFO] [stderr]    Compiling num-iter v0.1.42
[INFO] [stderr]    Compiling num-rational v0.4.0
[INFO] [stderr]    Compiling wayland-sys v0.29.4
[INFO] [stderr]    Compiling x11-dl v2.19.1
[INFO] [stderr]    Compiling png v0.17.5
[INFO] [stderr]    Compiling quote v1.0.10
[INFO] [stderr]    Compiling minifb v0.23.0
[INFO] [stderr]    Compiling wayland-scanner v0.29.4
[INFO] [stderr]    Compiling nix v0.22.3
[INFO] [stderr]    Compiling getrandom v0.2.6
[INFO] [stderr]    Compiling tempfile v3.3.0
[INFO] [stderr]    Compiling rand_core v0.6.3
[INFO] [stderr]    Compiling rand_chacha v0.3.1
[INFO] [stderr]    Compiling image v0.24.1
[INFO] [stderr]    Compiling wayland-client v0.29.4
[INFO] [stderr]    Compiling wayland-protocols v0.29.4
[INFO] [stderr]    Compiling rand v0.8.4
[INFO] [stderr]    Compiling xcursor v0.3.4
[INFO] [stderr]    Compiling wayland-commons v0.29.4
[INFO] [stderr]    Compiling wayland-cursor v0.29.4
[INFO] [stderr]    Compiling attractors v0.1.0 (/opt/rustwide/workdir)
[INFO] [stdout] warning: unused import: `sleep_ms`
[INFO] [stdout]  --> src/main.rs:6:26
[INFO] [stdout]   |
[INFO] [stdout] 6 | use std::thread::{sleep, sleep_ms};
[INFO] [stdout]   |                          ^^^^^^^^
[INFO] [stdout]   |
[INFO] [stdout]   = note: `#[warn(unused_imports)]` on by default
[INFO] [stdout] 
[INFO] [stdout] 
[INFO] [stdout] warning: use of deprecated function `std::thread::sleep_ms`: replaced by `std::thread::sleep`
[INFO] [stdout]  --> src/main.rs:6:26
[INFO] [stdout]   |
[INFO] [stdout] 6 | use std::thread::{sleep, sleep_ms};
[INFO] [stdout]   |                          ^^^^^^^^
[INFO] [stdout]   |
[INFO] [stdout]   = note: `#[warn(deprecated)]` on by default
[INFO] [stdout] 
[INFO] [stdout] 
[INFO] [stdout] warning: unused variable: `avg_density`
[INFO] [stdout]    --> src/main.rs:375:13
[INFO] [stdout]     |
[INFO] [stdout] 375 |         let avg_density = densities.iter().sum::<f64>() / densities.len() as f64;
[INFO] [stdout]     |             ^^^^^^^^^^^ help: if this is intentional, prefix it with an underscore: `_avg_density`
[INFO] [stdout]     |
[INFO] [stdout]     = note: `#[warn(unused_variables)]` on by default
[INFO] [stdout] 
[INFO] [stdout] 
[INFO] [stdout] warning: enum `IsoPaper` is never used
[INFO] [stdout]   --> src/main.rs:16:6
[INFO] [stdout]    |
[INFO] [stdout] 16 | enum IsoPaper {
[INFO] [stdout]    |      ^^^^^^^^
[INFO] [stdout]    |
[INFO] [stdout]    = note: `#[warn(dead_code)]` on by default
[INFO] [stdout] 
[INFO] [stdout] 
[INFO] [stdout] warning: constant `A1_600_DPI` is never used
[INFO] [stdout]   --> src/main.rs:26:7
[INFO] [stdout]    |
[INFO] [stdout] 26 | const A1_600_DPI: (usize, usize) = (14043, 19866);
[INFO] [stdout]    |       ^^^^^^^^^^
[INFO] [stdout] 
[INFO] [stdout] 
[INFO] [stdout] warning: constant `REELS_WIDTH` is never used
[INFO] [stdout]   --> src/main.rs:32:7
[INFO] [stdout]    |
[INFO] [stdout] 32 | const REELS_WIDTH: usize = 506;
[INFO] [stdout]    |       ^^^^^^^^^^^
[INFO] [stdout] 
[INFO] [stdout] 
[INFO] [stdout] warning: constant `REELS_HEIGHT` is never used
[INFO] [stdout]   --> src/main.rs:33:7
[INFO] [stdout]    |
[INFO] [stdout] 33 | const REELS_HEIGHT: usize = 900;
[INFO] [stdout]    |       ^^^^^^^^^^^^
[INFO] [stdout] 
[INFO] [stdout] 
[INFO] [stdout] warning: constant `DIAG_WIDTH` is never used
[INFO] [stdout]   --> src/main.rs:36:7
[INFO] [stdout]    |
[INFO] [stdout] 36 | const DIAG_WIDTH: usize = 300;
[INFO] [stdout]    |       ^^^^^^^^^^
[INFO] [stdout] 
[INFO] [stdout] 
[INFO] [stdout] warning: constant `DIAG_HEIGHT` is never used
[INFO] [stdout]   --> src/main.rs:37:7
[INFO] [stdout]    |
[INFO] [stdout] 37 | const DIAG_HEIGHT: usize = 100;
[INFO] [stdout]    |       ^^^^^^^^^^^
[INFO] [stdout] 
[INFO] [stdout] 
[INFO] [stdout] warning: constant `SCREEN_WIDTH` is never used
[INFO] [stdout]   --> src/main.rs:38:7
[INFO] [stdout]    |
[INFO] [stdout] 38 | const SCREEN_WIDTH: usize = 900;
[INFO] [stdout]    |       ^^^^^^^^^^^^
[INFO] [stdout] 
[INFO] [stdout] 
[INFO] [stdout] warning: constant `SCREEN_HEIGHT` is never used
[INFO] [stdout]   --> src/main.rs:39:7
[INFO] [stdout]    |
[INFO] [stdout] 39 | const SCREEN_HEIGHT: usize = 900;
[INFO] [stdout]    |       ^^^^^^^^^^^^^
[INFO] [stdout] 
[INFO] [stdout] 
[INFO] [stdout] warning: constant `FIRST_DRAW_SIZE` is never used
[INFO] [stdout]   --> src/main.rs:42:7
[INFO] [stdout]    |
[INFO] [stdout] 42 | const FIRST_DRAW_SIZE: usize = 9_000_000;
[INFO] [stdout]    |       ^^^^^^^^^^^^^^^
[INFO] [stdout] 
[INFO] [stdout] 
[INFO] [stdout] warning: methods `get_densities` and `to_file` are never used
[INFO] [stdout]   --> src/attractors.rs:42:8
[INFO] [stdout]    |
[INFO] [stdout] 20 | pub trait Attractor {
[INFO] [stdout]    |           --------- methods in this trait
[INFO] [stdout] ...
[INFO] [stdout] 42 |     fn get_densities(&mut self, width: usize, height: usize) -> Vec<f64>;
[INFO] [stdout]    |        ^^^^^^^^^^^^^
[INFO] [stdout] ...
[INFO] [stdout] 73 |     fn to_file(&mut self, directory: String);
[INFO] [stdout]    |        ^^^^^^^
[INFO] [stdout] 
[INFO] [stdout] 
[INFO] [stderr]     Finished `dev` profile [unoptimized + debuginfo] target(s) in 36.64s
[INFO] running `Command { std: "docker" "inspect" "4ca03be24757e2204ba5dda0f35bf07285f2489fa418b5481237a10810675d46", kill_on_drop: false }`
[INFO] running `Command { std: "docker" "rm" "-f" "4ca03be24757e2204ba5dda0f35bf07285f2489fa418b5481237a10810675d46", kill_on_drop: false }`
[INFO] [stdout] 4ca03be24757e2204ba5dda0f35bf07285f2489fa418b5481237a10810675d46
[INFO] running `Command { std: "docker" "create" "-v" "/var/lib/crater-agent-workspace/builds/worker-6-tc1/target:/opt/rustwide/target:rw,Z" "-v" "/var/lib/crater-agent-workspace/builds/worker-6-tc1/source:/opt/rustwide/workdir:ro,Z" "-v" "/var/lib/crater-agent-workspace/cargo-home:/opt/rustwide/cargo-home:ro,Z" "-v" "/var/lib/crater-agent-workspace/rustup-home:/opt/rustwide/rustup-home:ro,Z" "-e" "SOURCE_DIR=/opt/rustwide/workdir" "-e" "CARGO_TARGET_DIR=/opt/rustwide/target" "-e" "CARGO_INCREMENTAL=0" "-e" "RUST_BACKTRACE=full" "-e" "RUSTFLAGS=--cap-lints=forbid" "-e" "RUSTDOCFLAGS=--cap-lints=forbid" "-e" "CARGO_HOME=/opt/rustwide/cargo-home" "-e" "RUSTUP_HOME=/opt/rustwide/rustup-home" "-w" "/opt/rustwide/workdir" "-m" "1610612736" "--user" "0:0" "--network" "none" "ghcr.io/rust-lang/crates-build-env/linux@sha256:4a844ea9eb2546a2d2c7022eacef16ef2e8229c7fbb2c7d4d55a9ceca922f72d" "/opt/rustwide/cargo-home/bin/cargo" "+nightly-2024-10-28" "test" "--frozen" "--no-run" "--message-format=json", kill_on_drop: false }`
[INFO] [stdout] 990c8095e30eb7606011f1dade0e766435bb0621e89c460b9499b033c3b89f12
[INFO] running `Command { std: "docker" "start" "-a" "990c8095e30eb7606011f1dade0e766435bb0621e89c460b9499b033c3b89f12", kill_on_drop: false }`
[INFO] [stderr]    Compiling attractors v0.1.0 (/opt/rustwide/workdir)
[INFO] [stdout] warning: unused import: `sleep_ms`
[INFO] [stdout]  --> src/main.rs:6:26
[INFO] [stdout]   |
[INFO] [stdout] 6 | use std::thread::{sleep, sleep_ms};
[INFO] [stdout]   |                          ^^^^^^^^
[INFO] [stdout]   |
[INFO] [stdout]   = note: `#[warn(unused_imports)]` on by default
[INFO] [stdout] 
[INFO] [stdout] 
[INFO] [stdout] warning: use of deprecated function `std::thread::sleep_ms`: replaced by `std::thread::sleep`
[INFO] [stdout]  --> src/main.rs:6:26
[INFO] [stdout]   |
[INFO] [stdout] 6 | use std::thread::{sleep, sleep_ms};
[INFO] [stdout]   |                          ^^^^^^^^
[INFO] [stdout]   |
[INFO] [stdout]   = note: `#[warn(deprecated)]` on by default
[INFO] [stdout] 
[INFO] [stdout] 
[INFO] [stdout] warning: unused variable: `avg_density`
[INFO] [stdout]    --> src/main.rs:375:13
[INFO] [stdout]     |
[INFO] [stdout] 375 |         let avg_density = densities.iter().sum::<f64>() / densities.len() as f64;
[INFO] [stdout]     |             ^^^^^^^^^^^ help: if this is intentional, prefix it with an underscore: `_avg_density`
[INFO] [stdout]     |
[INFO] [stdout]     = note: `#[warn(unused_variables)]` on by default
[INFO] [stdout] 
[INFO] [stdout] 
[INFO] [stdout] warning: enum `IsoPaper` is never used
[INFO] [stdout]   --> src/main.rs:16:6
[INFO] [stdout]    |
[INFO] [stdout] 16 | enum IsoPaper {
[INFO] [stdout]    |      ^^^^^^^^
[INFO] [stdout]    |
[INFO] [stdout]    = note: `#[warn(dead_code)]` on by default
[INFO] [stdout] 
[INFO] [stdout] 
[INFO] [stdout] warning: constant `A1_600_DPI` is never used
[INFO] [stdout]   --> src/main.rs:26:7
[INFO] [stdout]    |
[INFO] [stdout] 26 | const A1_600_DPI: (usize, usize) = (14043, 19866);
[INFO] [stdout]    |       ^^^^^^^^^^
[INFO] [stdout] 
[INFO] [stdout] 
[INFO] [stdout] warning: constant `REELS_WIDTH` is never used
[INFO] [stdout]   --> src/main.rs:32:7
[INFO] [stdout]    |
[INFO] [stdout] 32 | const REELS_WIDTH: usize = 506;
[INFO] [stdout]    |       ^^^^^^^^^^^
[INFO] [stdout] 
[INFO] [stdout] 
[INFO] [stdout] warning: constant `REELS_HEIGHT` is never used
[INFO] [stdout]   --> src/main.rs:33:7
[INFO] [stdout]    |
[INFO] [stdout] 33 | const REELS_HEIGHT: usize = 900;
[INFO] [stdout]    |       ^^^^^^^^^^^^
[INFO] [stdout] 
[INFO] [stdout] 
[INFO] [stdout] warning: constant `DIAG_WIDTH` is never used
[INFO] [stdout]   --> src/main.rs:36:7
[INFO] [stdout]    |
[INFO] [stdout] 36 | const DIAG_WIDTH: usize = 300;
[INFO] [stdout]    |       ^^^^^^^^^^
[INFO] [stdout] 
[INFO] [stdout] 
[INFO] [stdout] warning: constant `DIAG_HEIGHT` is never used
[INFO] [stdout]   --> src/main.rs:37:7
[INFO] [stdout]    |
[INFO] [stdout] 37 | const DIAG_HEIGHT: usize = 100;
[INFO] [stdout]    |       ^^^^^^^^^^^
[INFO] [stdout] 
[INFO] [stdout] 
[INFO] [stdout] warning: constant `SCREEN_WIDTH` is never used
[INFO] [stdout]   --> src/main.rs:38:7
[INFO] [stdout]    |
[INFO] [stdout] 38 | const SCREEN_WIDTH: usize = 900;
[INFO] [stdout]    |       ^^^^^^^^^^^^
[INFO] [stdout] 
[INFO] [stdout] 
[INFO] [stdout] warning: constant `SCREEN_HEIGHT` is never used
[INFO] [stdout]   --> src/main.rs:39:7
[INFO] [stdout]    |
[INFO] [stdout] 39 | const SCREEN_HEIGHT: usize = 900;
[INFO] [stdout]    |       ^^^^^^^^^^^^^
[INFO] [stdout] 
[INFO] [stdout] 
[INFO] [stdout] warning: constant `FIRST_DRAW_SIZE` is never used
[INFO] [stdout]   --> src/main.rs:42:7
[INFO] [stdout]    |
[INFO] [stdout] 42 | const FIRST_DRAW_SIZE: usize = 9_000_000;
[INFO] [stdout]    |       ^^^^^^^^^^^^^^^
[INFO] [stdout] 
[INFO] [stdout] 
[INFO] [stdout] warning: method `get_densities` is never used
[INFO] [stdout]   --> src/attractors.rs:42:8
[INFO] [stdout]    |
[INFO] [stdout] 20 | pub trait Attractor {
[INFO] [stdout]    |           --------- method in this trait
[INFO] [stdout] ...
[INFO] [stdout] 42 |     fn get_densities(&mut self, width: usize, height: usize) -> Vec<f64>;
[INFO] [stdout]    |        ^^^^^^^^^^^^^
[INFO] [stdout] 
[INFO] [stdout] 
[INFO] [stderr]     Finished `test` profile [unoptimized + debuginfo] target(s) in 0.37s
[INFO] running `Command { std: "docker" "inspect" "990c8095e30eb7606011f1dade0e766435bb0621e89c460b9499b033c3b89f12", kill_on_drop: false }`
[INFO] running `Command { std: "docker" "rm" "-f" "990c8095e30eb7606011f1dade0e766435bb0621e89c460b9499b033c3b89f12", kill_on_drop: false }`
[INFO] [stdout] 990c8095e30eb7606011f1dade0e766435bb0621e89c460b9499b033c3b89f12
[INFO] running `Command { std: "docker" "create" "-v" "/var/lib/crater-agent-workspace/builds/worker-6-tc1/target:/opt/rustwide/target:rw,Z" "-v" "/var/lib/crater-agent-workspace/builds/worker-6-tc1/source:/opt/rustwide/workdir:ro,Z" "-v" "/var/lib/crater-agent-workspace/cargo-home:/opt/rustwide/cargo-home:ro,Z" "-v" "/var/lib/crater-agent-workspace/rustup-home:/opt/rustwide/rustup-home:ro,Z" "-e" "SOURCE_DIR=/opt/rustwide/workdir" "-e" "CARGO_TARGET_DIR=/opt/rustwide/target" "-e" "CARGO_INCREMENTAL=0" "-e" "RUST_BACKTRACE=full" "-e" "RUSTFLAGS=--cap-lints=forbid" "-e" "RUSTDOCFLAGS=--cap-lints=forbid" "-e" "CARGO_HOME=/opt/rustwide/cargo-home" "-e" "RUSTUP_HOME=/opt/rustwide/rustup-home" "-w" "/opt/rustwide/workdir" "-m" "1610612736" "--user" "0:0" "--network" "none" "ghcr.io/rust-lang/crates-build-env/linux@sha256:4a844ea9eb2546a2d2c7022eacef16ef2e8229c7fbb2c7d4d55a9ceca922f72d" "/opt/rustwide/cargo-home/bin/cargo" "+nightly-2024-10-28" "test" "--frozen", kill_on_drop: false }`
[INFO] [stdout] 1cf9f48732b7c52fefb8bed4e7c37cd9b71e7ad00c5b30a7ae0cdaec2ca85066
[INFO] running `Command { std: "docker" "start" "-a" "1cf9f48732b7c52fefb8bed4e7c37cd9b71e7ad00c5b30a7ae0cdaec2ca85066", kill_on_drop: false }`
[INFO] [stderr] warning: unused import: `sleep_ms`
[INFO] [stderr]  --> src/main.rs:6:26
[INFO] [stderr]   |
[INFO] [stderr] 6 | use std::thread::{sleep, sleep_ms};
[INFO] [stderr]   |                          ^^^^^^^^
[INFO] [stderr]   |
[INFO] [stderr]   = note: `#[warn(unused_imports)]` on by default
[INFO] [stderr] 
[INFO] [stderr] warning: use of deprecated function `std::thread::sleep_ms`: replaced by `std::thread::sleep`
[INFO] [stderr]  --> src/main.rs:6:26
[INFO] [stderr]   |
[INFO] [stderr] 6 | use std::thread::{sleep, sleep_ms};
[INFO] [stderr]   |                          ^^^^^^^^
[INFO] [stderr]   |
[INFO] [stderr]   = note: `#[warn(deprecated)]` on by default
[INFO] [stderr] 
[INFO] [stderr] warning: unused variable: `avg_density`
[INFO] [stderr]    --> src/main.rs:375:13
[INFO] [stderr]     |
[INFO] [stderr] 375 |         let avg_density = densities.iter().sum::<f64>() / densities.len() as f64;
[INFO] [stderr]     |             ^^^^^^^^^^^ help: if this is intentional, prefix it with an underscore: `_avg_density`
[INFO] [stderr]     |
[INFO] [stderr]     = note: `#[warn(unused_variables)]` on by default
[INFO] [stderr] 
[INFO] [stderr] warning: enum `IsoPaper` is never used
[INFO] [stderr]   --> src/main.rs:16:6
[INFO] [stderr]    |
[INFO] [stderr] 16 | enum IsoPaper {
[INFO] [stderr]    |      ^^^^^^^^
[INFO] [stderr]    |
[INFO] [stderr]    = note: `#[warn(dead_code)]` on by default
[INFO] [stderr] 
[INFO] [stderr] warning: constant `A1_600_DPI` is never used
[INFO] [stderr]   --> src/main.rs:26:7
[INFO] [stderr]    |
[INFO] [stderr] 26 | const A1_600_DPI: (usize, usize) = (14043, 19866);
[INFO] [stderr]    |       ^^^^^^^^^^
[INFO] [stderr] 
[INFO] [stderr] warning: constant `REELS_WIDTH` is never used
[INFO] [stderr]   --> src/main.rs:32:7
[INFO] [stderr]    |
[INFO] [stderr] 32 | const REELS_WIDTH: usize = 506;
[INFO] [stderr]    |       ^^^^^^^^^^^
[INFO] [stderr] 
[INFO] [stderr] warning: constant `REELS_HEIGHT` is never used
[INFO] [stderr]   --> src/main.rs:33:7
[INFO] [stderr]    |
[INFO] [stderr] 33 | const REELS_HEIGHT: usize = 900;
[INFO] [stderr]    |       ^^^^^^^^^^^^
[INFO] [stderr] 
[INFO] [stderr] warning: constant `DIAG_WIDTH` is never used
[INFO] [stderr]   --> src/main.rs:36:7
[INFO] [stderr]    |
[INFO] [stderr] 36 | const DIAG_WIDTH: usize = 300;
[INFO] [stderr]    |       ^^^^^^^^^^
[INFO] [stderr] 
[INFO] [stderr] warning: constant `DIAG_HEIGHT` is never used
[INFO] [stderr]   --> src/main.rs:37:7
[INFO] [stderr]    |
[INFO] [stderr] 37 | const DIAG_HEIGHT: usize = 100;
[INFO] [stderr]    |       ^^^^^^^^^^^
[INFO] [stderr] 
[INFO] [stderr] warning: constant `SCREEN_WIDTH` is never used
[INFO] [stderr]   --> src/main.rs:38:7
[INFO] [stderr]    |
[INFO] [stderr] 38 | const SCREEN_WIDTH: usize = 900;
[INFO] [stderr]    |       ^^^^^^^^^^^^
[INFO] [stderr] 
[INFO] [stderr] warning: constant `SCREEN_HEIGHT` is never used
[INFO] [stderr]   --> src/main.rs:39:7
[INFO] [stderr]    |
[INFO] [stderr] 39 | const SCREEN_HEIGHT: usize = 900;
[INFO] [stderr]    |       ^^^^^^^^^^^^^
[INFO] [stderr] 
[INFO] [stderr] warning: constant `FIRST_DRAW_SIZE` is never used
[INFO] [stderr]   --> src/main.rs:42:7
[INFO] [stderr]    |
[INFO] [stderr] 42 | const FIRST_DRAW_SIZE: usize = 9_000_000;
[INFO] [stderr]    |       ^^^^^^^^^^^^^^^
[INFO] [stderr] 
[INFO] [stderr] warning: method `get_densities` is never used
[INFO] [stderr]   --> src/attractors.rs:42:8
[INFO] [stderr]    |
[INFO] [stderr] 20 | pub trait Attractor {
[INFO] [stderr]    |           --------- method in this trait
[INFO] [stderr] ...
[INFO] [stderr] 42 |     fn get_densities(&mut self, width: usize, height: usize) -> Vec<f64>;
[INFO] [stderr]    |        ^^^^^^^^^^^^^
[INFO] [stderr] 
[INFO] [stderr] warning: `attractors` (bin "attractors" test) generated 13 warnings (run `cargo fix --bin "attractors" --tests` to apply 1 suggestion)
[INFO] [stderr]     Finished `test` profile [unoptimized + debuginfo] target(s) in 0.05s
[INFO] [stderr]      Running unittests src/main.rs (/opt/rustwide/target/debug/deps/attractors-e4b28ba019e97e80)
[INFO] [stdout] 
[INFO] [stdout] running 2 tests
[INFO] [stdout] test attractors::tests::bench_clifford_iterate_10k ... ok
[INFO] [stdout] test attractors::tests::bench_clifford_write_to_file_10k ... FAILED
[INFO] [stdout] 
[INFO] [stdout] failures:
[INFO] [stdout] 
[INFO] [stdout] ---- attractors::tests::bench_clifford_write_to_file_10k stdout ----
[INFO] [stdout] thread 'attractors::tests::bench_clifford_write_to_file_10k' panicked at src/attractors.rs:258:56:
[INFO] [stdout] Failed to create file.: Os { code: 30, kind: ReadOnlyFilesystem, message: "Read-only file system" }
[INFO] [stdout] stack backtrace:
[INFO] [stdout]    0:     0x64a357a7644a - std::backtrace_rs::backtrace::libunwind::trace::h207520d6e9873551
[INFO] [stdout]                                at /rustc/df4ca44d3fbc9301ee17f30f4d474e6ae4b05252/library/std/src/../../backtrace/src/backtrace/libunwind.rs:116:5
[INFO] [stdout]    1:     0x64a357a7644a - std::backtrace_rs::backtrace::trace_unsynchronized::h2ed7433f370e3eca
[INFO] [stdout]                                at /rustc/df4ca44d3fbc9301ee17f30f4d474e6ae4b05252/library/std/src/../../backtrace/src/backtrace/mod.rs:66:5
[INFO] [stdout]    2:     0x64a357a7644a - std::sys::backtrace::_print_fmt::h916fac51166b18d7
[INFO] [stdout]                                at /rustc/df4ca44d3fbc9301ee17f30f4d474e6ae4b05252/library/std/src/sys/backtrace.rs:66:9
[INFO] [stdout]    3:     0x64a357a7644a - <std::sys::backtrace::BacktraceLock::print::DisplayBacktrace as core::fmt::Display>::fmt::ha0a4c9b8ce3802e6
[INFO] [stdout]                                at /rustc/df4ca44d3fbc9301ee17f30f4d474e6ae4b05252/library/std/src/sys/backtrace.rs:39:26
[INFO] [stdout]    4:     0x64a357a9d043 - core::fmt::rt::Argument::fmt::h4cfc8587d52b3eb5
[INFO] [stdout]                                at /rustc/df4ca44d3fbc9301ee17f30f4d474e6ae4b05252/library/core/src/fmt/rt.rs:177:76
[INFO] [stdout]    5:     0x64a357a9d043 - core::fmt::write::h522cc39e5b36ae9f
[INFO] [stdout]                                at /rustc/df4ca44d3fbc9301ee17f30f4d474e6ae4b05252/library/core/src/fmt/mod.rs:1190:21
[INFO] [stdout]    6:     0x64a357a73003 - std::io::Write::write_fmt::h7d3c26752da97734
[INFO] [stdout]                                at /rustc/df4ca44d3fbc9301ee17f30f4d474e6ae4b05252/library/std/src/io/mod.rs:1839:15
[INFO] [stdout]    7:     0x64a357a76292 - std::sys::backtrace::BacktraceLock::print::h4b9e00b29e9c0942
[INFO] [stdout]                                at /rustc/df4ca44d3fbc9301ee17f30f4d474e6ae4b05252/library/std/src/sys/backtrace.rs:42:9
[INFO] [stdout]    8:     0x64a357a778da - std::panicking::default_hook::{{closure}}::hb59b88280d0324d9
[INFO] [stdout]                                at /rustc/df4ca44d3fbc9301ee17f30f4d474e6ae4b05252/library/std/src/panicking.rs:268:22
[INFO] [stdout]    9:     0x64a357a776e4 - std::panicking::default_hook::he1dd496665be4a29
[INFO] [stdout]                                at /rustc/df4ca44d3fbc9301ee17f30f4d474e6ae4b05252/library/std/src/panicking.rs:292:9
[INFO] [stdout]   10:     0x64a357a3d6b9 - <alloc::boxed::Box<F,A> as core::ops::function::Fn<Args>>::call::h4ff71de18744e1dc
[INFO] [stdout]                                at /rustc/df4ca44d3fbc9301ee17f30f4d474e6ae4b05252/library/alloc/src/boxed.rs:2468:9
[INFO] [stdout]   11:     0x64a357a3d6b9 - test::test_main::{{closure}}::hcf7c055ce117aa81
[INFO] [stdout]                                at /rustc/df4ca44d3fbc9301ee17f30f4d474e6ae4b05252/library/test/src/lib.rs:133:21
[INFO] [stdout]   12:     0x64a357a77fd8 - <alloc::boxed::Box<F,A> as core::ops::function::Fn<Args>>::call::h1d66c6bbd60c9692
[INFO] [stdout]                                at /rustc/df4ca44d3fbc9301ee17f30f4d474e6ae4b05252/library/alloc/src/boxed.rs:2468:9
[INFO] [stdout]   13:     0x64a357a77fd8 - std::panicking::rust_panic_with_hook::h2ff17fe8f26dfcf8
[INFO] [stdout]                                at /rustc/df4ca44d3fbc9301ee17f30f4d474e6ae4b05252/library/std/src/panicking.rs:809:13
[INFO] [stdout]   14:     0x64a357a77d9a - std::panicking::begin_panic_handler::{{closure}}::h4fad77951c07e101
[INFO] [stdout]                                at /rustc/df4ca44d3fbc9301ee17f30f4d474e6ae4b05252/library/std/src/panicking.rs:674:13
[INFO] [stdout]   15:     0x64a357a76929 - std::sys::backtrace::__rust_end_short_backtrace::hb1a25b3da5d0ea08
[INFO] [stdout]                                at /rustc/df4ca44d3fbc9301ee17f30f4d474e6ae4b05252/library/std/src/sys/backtrace.rs:170:18
[INFO] [stdout]   16:     0x64a357a77a2c - rust_begin_unwind
[INFO] [stdout]                                at /rustc/df4ca44d3fbc9301ee17f30f4d474e6ae4b05252/library/std/src/panicking.rs:665:5
[INFO] [stdout]   17:     0x64a357a9ba40 - core::panicking::panic_fmt::ha9db07b529f9b256
[INFO] [stdout]                                at /rustc/df4ca44d3fbc9301ee17f30f4d474e6ae4b05252/library/core/src/panicking.rs:75:14
[INFO] [stdout]   18:     0x64a357a9be86 - core::result::unwrap_failed::h5e8218e4d4338b8a
[INFO] [stdout]                                at /rustc/df4ca44d3fbc9301ee17f30f4d474e6ae4b05252/library/core/src/result.rs:1698:5
[INFO] [stdout]   19:     0x64a3579c610d - core::result::Result<T,E>::expect::h0b820269e94f8b1f
[INFO] [stdout]                                at /rustc/df4ca44d3fbc9301ee17f30f4d474e6ae4b05252/library/core/src/result.rs:1060:23
[INFO] [stdout]   20:     0x64a3579c9354 - <attractors::attractors::CliffordAttractor as attractors::attractors::Attractor>::to_file::h64c834ce836762fc
[INFO] [stdout]                                at /opt/rustwide/workdir/src/attractors.rs:258:24
[INFO] [stdout]   21:     0x64a3579ca19c - attractors::attractors::tests::bench_clifford_write_to_file_10k::{{closure}}::h214e840eae04c7fe
[INFO] [stdout]                                at /opt/rustwide/workdir/src/attractors.rs:493:19
[INFO] [stdout]   22:     0x64a3579c65c1 - test::bench::ns_iter_inner::hab78fbc689dba86e
[INFO] [stdout]                                at /rustc/df4ca44d3fbc9301ee17f30f4d474e6ae4b05252/library/test/src/bench.rs:118:19
[INFO] [stdout]   23:     0x64a3579c7821 - test::bench::Bencher::iter::h563c7b9882fceea2
[INFO] [stdout]                                at /rustc/df4ca44d3fbc9301ee17f30f4d474e6ae4b05252/library/test/src/bench.rs:43:13
[INFO] [stdout]   24:     0x64a3579ca0b0 - attractors::attractors::tests::bench_clifford_write_to_file_10k::h6cccecca2e5eba4b
[INFO] [stdout]                                at /opt/rustwide/workdir/src/attractors.rs:493:9
[INFO] [stdout]   25:     0x64a3579c9bc8 - attractors::attractors::tests::bench_clifford_write_to_file_10k::{{closure}}::hbdd39ca56e70d056
[INFO] [stdout]                                at /opt/rustwide/workdir/src/attractors.rs:474:57
[INFO] [stdout]   26:     0x64a3579c573f - core::ops::function::FnOnce::call_once::h1623a2deb260e885
[INFO] [stdout]                                at /rustc/df4ca44d3fbc9301ee17f30f4d474e6ae4b05252/library/core/src/ops/function.rs:250:5
[INFO] [stdout]   27:     0x64a357a41f01 - test::types::RunnableTest::run::{{closure}}::{{closure}}::h901981d1440e1488
[INFO] [stdout]                                at /rustc/df4ca44d3fbc9301ee17f30f4d474e6ae4b05252/library/test/src/types.rs:148:76
[INFO] [stdout]   28:     0x64a357a41f01 - test::__rust_begin_short_backtrace::h25faf78152b8f968
[INFO] [stdout]                                at /rustc/df4ca44d3fbc9301ee17f30f4d474e6ae4b05252/library/test/src/lib.rs:621:18
[INFO] [stdout]   29:     0x64a357a3c499 - test::types::RunnableTest::run::{{closure}}::h3facc247c1d27ccd
[INFO] [stdout]                                at /rustc/df4ca44d3fbc9301ee17f30f4d474e6ae4b05252/library/test/src/types.rs:148:44
[INFO] [stdout]   30:     0x64a357a3c499 - test::bench::Bencher::bench::h998761e94f43501c
[INFO] [stdout]                                at /rustc/df4ca44d3fbc9301ee17f30f4d474e6ae4b05252/library/test/src/bench.rs:54:22
[INFO] [stdout]   31:     0x64a357a3c499 - test::bench::run_once::hb00624ab8c3ff226
[INFO] [stdout]                                at /rustc/df4ca44d3fbc9301ee17f30f4d474e6ae4b05252/library/test/src/bench.rs:243:5
[INFO] [stdout]   32:     0x64a357a3c499 - test::types::RunnableTest::run::h1b7d3770922d0f48
[INFO] [stdout]                                at /rustc/df4ca44d3fbc9301ee17f30f4d474e6ae4b05252/library/test/src/types.rs:148:17
[INFO] [stdout]   33:     0x64a357a41907 - test::run_test_in_process::{{closure}}::h33235f4f20b7b7c7
[INFO] [stdout]                                at /rustc/df4ca44d3fbc9301ee17f30f4d474e6ae4b05252/library/test/src/lib.rs:644:60
[INFO] [stdout]   34:     0x64a357a41907 - <core::panic::unwind_safe::AssertUnwindSafe<F> as core::ops::function::FnOnce<()>>::call_once::hb5043206310c586f
[INFO] [stdout]                                at /rustc/df4ca44d3fbc9301ee17f30f4d474e6ae4b05252/library/core/src/panic/unwind_safe.rs:272:9
[INFO] [stdout]   35:     0x64a357a41907 - std::panicking::try::do_call::h9ad4731a60ab23e2
[INFO] [stdout]                                at /rustc/df4ca44d3fbc9301ee17f30f4d474e6ae4b05252/library/std/src/panicking.rs:557:40
[INFO] [stdout]   36:     0x64a357a41907 - std::panicking::try::h3824d23db772a716
[INFO] [stdout]                                at /rustc/df4ca44d3fbc9301ee17f30f4d474e6ae4b05252/library/std/src/panicking.rs:520:19
[INFO] [stdout]   37:     0x64a357a41907 - std::panic::catch_unwind::h5afd514605fde46b
[INFO] [stdout]                                at /rustc/df4ca44d3fbc9301ee17f30f4d474e6ae4b05252/library/std/src/panic.rs:358:14
[INFO] [stdout]   38:     0x64a357a41907 - test::run_test_in_process::h0d5cbfa7067d1720
[INFO] [stdout]                                at /rustc/df4ca44d3fbc9301ee17f30f4d474e6ae4b05252/library/test/src/lib.rs:644:27
[INFO] [stdout]   39:     0x64a357a41907 - test::run_test::{{closure}}::h708eb8872708115d
[INFO] [stdout]                                at /rustc/df4ca44d3fbc9301ee17f30f4d474e6ae4b05252/library/test/src/lib.rs:565:43
[INFO] [stdout]   40:     0x64a357a04da4 - test::run_test::{{closure}}::h392c51cee94713ab
[INFO] [stdout]                                at /rustc/df4ca44d3fbc9301ee17f30f4d474e6ae4b05252/library/test/src/lib.rs:595:41
[INFO] [stdout]   41:     0x64a357a04da4 - std::sys::backtrace::__rust_begin_short_backtrace::h2f40290710935a8b
[INFO] [stdout]                                at /rustc/df4ca44d3fbc9301ee17f30f4d474e6ae4b05252/library/std/src/sys/backtrace.rs:154:18
[INFO] [stdout]   42:     0x64a357a0854e - std::thread::Builder::spawn_unchecked_::{{closure}}::{{closure}}::h3fd968d89053a903
[INFO] [stdout]                                at /rustc/df4ca44d3fbc9301ee17f30f4d474e6ae4b05252/library/std/src/thread/mod.rs:541:17
[INFO] [stdout]   43:     0x64a357a0854e - <core::panic::unwind_safe::AssertUnwindSafe<F> as core::ops::function::FnOnce<()>>::call_once::h743f637ba4229880
[INFO] [stdout]                                at /rustc/df4ca44d3fbc9301ee17f30f4d474e6ae4b05252/library/core/src/panic/unwind_safe.rs:272:9
[INFO] [stdout]   44:     0x64a357a0854e - std::panicking::try::do_call::h07440897322525a6
[INFO] [stdout]                                at /rustc/df4ca44d3fbc9301ee17f30f4d474e6ae4b05252/library/std/src/panicking.rs:557:40
[INFO] [stdout]   45:     0x64a357a0854e - std::panicking::try::he5a2e00188156637
[INFO] [stdout]                                at /rustc/df4ca44d3fbc9301ee17f30f4d474e6ae4b05252/library/std/src/panicking.rs:520:19
[INFO] [stdout]   46:     0x64a357a0854e - std::panic::catch_unwind::hbaf3cae49b3c6433
[INFO] [stdout]                                at /rustc/df4ca44d3fbc9301ee17f30f4d474e6ae4b05252/library/std/src/panic.rs:358:14
[INFO] [stdout]   47:     0x64a357a0854e - std::thread::Builder::spawn_unchecked_::{{closure}}::h8e141ea224820bce
[INFO] [stdout]                                at /rustc/df4ca44d3fbc9301ee17f30f4d474e6ae4b05252/library/std/src/thread/mod.rs:540:30
[INFO] [stdout]   48:     0x64a357a0854e - core::ops::function::FnOnce::call_once{{vtable.shim}}::h90d312fedd7b8ea8
[INFO] [stdout]                                at /rustc/df4ca44d3fbc9301ee17f30f4d474e6ae4b05252/library/core/src/ops/function.rs:250:5
[INFO] [stdout]   49:     0x64a357a7bebb - <alloc::boxed::Box<F,A> as core::ops::function::FnOnce<Args>>::call_once::h69aa08ddb6adb8b6
[INFO] [stdout]                                at /rustc/df4ca44d3fbc9301ee17f30f4d474e6ae4b05252/library/alloc/src/boxed.rs:2454:9
[INFO] [stdout]   50:     0x64a357a7bebb - <alloc::boxed::Box<F,A> as core::ops::function::FnOnce<Args>>::call_once::h5aa36efdb79c806f
[INFO] [stdout]                                at /rustc/df4ca44d3fbc9301ee17f30f4d474e6ae4b05252/library/alloc/src/boxed.rs:2454:9
[INFO] [stdout]   51:     0x64a357a7bebb - std::sys::pal::unix::thread::Thread::new::thread_start::h6cd80a1b4be5158d
[INFO] [stdout]                                at /rustc/df4ca44d3fbc9301ee17f30f4d474e6ae4b05252/library/std/src/sys/pal/unix/thread.rs:105:17
[INFO] [stdout]   52:     0x70a2f0f90ac3 - <unknown>
[INFO] [stdout]   53:     0x70a2f1021a04 - clone
[INFO] [stdout]   54:                0x0 - <unknown>
[INFO] [stdout] 
[INFO] [stdout] 
[INFO] [stdout] failures:
[INFO] [stdout]     attractors::tests::bench_clifford_write_to_file_10k
[INFO] [stdout] 
[INFO] [stdout] test result: FAILED. 1 passed; 1 failed; 0 ignored; 0 measured; 0 filtered out; finished in 0.03s
[INFO] [stdout] 
[INFO] [stderr] error: test failed, to rerun pass `--bin attractors`
[INFO] running `Command { std: "docker" "inspect" "1cf9f48732b7c52fefb8bed4e7c37cd9b71e7ad00c5b30a7ae0cdaec2ca85066", kill_on_drop: false }`
[INFO] running `Command { std: "docker" "rm" "-f" "1cf9f48732b7c52fefb8bed4e7c37cd9b71e7ad00c5b30a7ae0cdaec2ca85066", kill_on_drop: false }`
[INFO] [stdout] 1cf9f48732b7c52fefb8bed4e7c37cd9b71e7ad00c5b30a7ae0cdaec2ca85066
