[INFO] cloning repository https://github.com/bbustin/pmsa003i
[INFO] running `Command { std: "git" "-c" "credential.helper=" "-c" "credential.helper=/workspace/cargo-home/bin/git-credential-null" "clone" "--bare" "https://github.com/bbustin/pmsa003i" "/workspace/cache/git-repos/https%3A%2F%2Fgithub.com%2Fbbustin%2Fpmsa003i", kill_on_drop: false }`
[INFO] [stderr] Cloning into bare repository '/workspace/cache/git-repos/https%3A%2F%2Fgithub.com%2Fbbustin%2Fpmsa003i'...
[INFO] running `Command { std: "git" "rev-parse" "HEAD", kill_on_drop: false }`
[INFO] [stdout] 1e85ce167896fe6c2bd9f88ec83d65c713ea9732
[INFO] testing bbustin/pmsa003i/1e85ce167896fe6c2bd9f88ec83d65c713ea9732 against nightly-2024-10-28 for randomize-layout
[INFO] running `Command { std: "git" "clone" "/workspace/cache/git-repos/https%3A%2F%2Fgithub.com%2Fbbustin%2Fpmsa003i" "/workspace/builds/worker-7-tc1/source", kill_on_drop: false }`
[INFO] [stderr] Cloning into '/workspace/builds/worker-7-tc1/source'...
[INFO] [stderr] done.
[INFO] validating manifest of git repo https://github.com/bbustin/pmsa003i on toolchain nightly-2024-10-28
[INFO] running `Command { std: CARGO_HOME="/workspace/cargo-home" RUSTUP_HOME="/workspace/rustup-home" "/workspace/cargo-home/bin/cargo" "+nightly-2024-10-28" "metadata" "--manifest-path" "Cargo.toml" "--no-deps", kill_on_drop: false }`
[INFO] started tweaking git repo https://github.com/bbustin/pmsa003i
[INFO] finished tweaking git repo https://github.com/bbustin/pmsa003i
[INFO] tweaked toml for git repo https://github.com/bbustin/pmsa003i written to /workspace/builds/worker-7-tc1/source/Cargo.toml
[INFO] crate git repo https://github.com/bbustin/pmsa003i already has a lockfile, it will not be regenerated
[INFO] running `Command { std: CARGO_HOME="/workspace/cargo-home" RUSTUP_HOME="/workspace/rustup-home" "/workspace/cargo-home/bin/cargo" "+nightly-2024-10-28" "fetch" "--manifest-path" "Cargo.toml", kill_on_drop: false }`
[INFO] [stderr]     Updating crates.io index
[INFO] [stderr]  Downloading crates ...
[INFO] [stderr]   Downloaded aqi v0.2.0
[INFO] running `Command { std: "docker" "create" "-v" "/var/lib/crater-agent-workspace/builds/worker-7-tc1/target:/opt/rustwide/target:rw,Z" "-v" "/var/lib/crater-agent-workspace/builds/worker-7-tc1/source:/opt/rustwide/workdir:ro,Z" "-v" "/var/lib/crater-agent-workspace/cargo-home:/opt/rustwide/cargo-home:ro,Z" "-v" "/var/lib/crater-agent-workspace/rustup-home:/opt/rustwide/rustup-home:ro,Z" "-e" "SOURCE_DIR=/opt/rustwide/workdir" "-e" "CARGO_TARGET_DIR=/opt/rustwide/target" "-e" "CARGO_HOME=/opt/rustwide/cargo-home" "-e" "RUSTUP_HOME=/opt/rustwide/rustup-home" "-w" "/opt/rustwide/workdir" "-m" "1610612736" "--user" "0:0" "--network" "none" "ghcr.io/rust-lang/crates-build-env/linux@sha256:4a844ea9eb2546a2d2c7022eacef16ef2e8229c7fbb2c7d4d55a9ceca922f72d" "/opt/rustwide/cargo-home/bin/cargo" "+nightly-2024-10-28" "metadata" "--no-deps" "--format-version=1", kill_on_drop: false }`
[INFO] [stdout] 3d0f8b516f7c4b2fca3105c8ae24ac0ffcafc0d373512c59d6bb44a9c12baf28
[INFO] running `Command { std: "docker" "start" "-a" "3d0f8b516f7c4b2fca3105c8ae24ac0ffcafc0d373512c59d6bb44a9c12baf28", kill_on_drop: false }`
[INFO] running `Command { std: "docker" "inspect" "3d0f8b516f7c4b2fca3105c8ae24ac0ffcafc0d373512c59d6bb44a9c12baf28", kill_on_drop: false }`
[INFO] running `Command { std: "docker" "rm" "-f" "3d0f8b516f7c4b2fca3105c8ae24ac0ffcafc0d373512c59d6bb44a9c12baf28", kill_on_drop: false }`
[INFO] [stdout] 3d0f8b516f7c4b2fca3105c8ae24ac0ffcafc0d373512c59d6bb44a9c12baf28
[INFO] running `Command { std: "docker" "create" "-v" "/var/lib/crater-agent-workspace/builds/worker-7-tc1/target:/opt/rustwide/target:rw,Z" "-v" "/var/lib/crater-agent-workspace/builds/worker-7-tc1/source:/opt/rustwide/workdir:ro,Z" "-v" "/var/lib/crater-agent-workspace/cargo-home:/opt/rustwide/cargo-home:ro,Z" "-v" "/var/lib/crater-agent-workspace/rustup-home:/opt/rustwide/rustup-home:ro,Z" "-e" "SOURCE_DIR=/opt/rustwide/workdir" "-e" "CARGO_TARGET_DIR=/opt/rustwide/target" "-e" "CARGO_INCREMENTAL=0" "-e" "RUST_BACKTRACE=full" "-e" "RUSTFLAGS=--cap-lints=forbid" "-e" "RUSTDOCFLAGS=--cap-lints=forbid" "-e" "CARGO_HOME=/opt/rustwide/cargo-home" "-e" "RUSTUP_HOME=/opt/rustwide/rustup-home" "-w" "/opt/rustwide/workdir" "-m" "1610612736" "--user" "0:0" "--network" "none" "ghcr.io/rust-lang/crates-build-env/linux@sha256:4a844ea9eb2546a2d2c7022eacef16ef2e8229c7fbb2c7d4d55a9ceca922f72d" "/opt/rustwide/cargo-home/bin/cargo" "+nightly-2024-10-28" "build" "--frozen" "--message-format=json", kill_on_drop: false }`
[INFO] [stdout] 33cdfe59d3ac53affac6d06fc6f8ad5a38fc8447fccd97ece851c54298d2edda
[INFO] running `Command { std: "docker" "start" "-a" "33cdfe59d3ac53affac6d06fc6f8ad5a38fc8447fccd97ece851c54298d2edda", kill_on_drop: false }`
[INFO] [stderr]    Compiling litrs v0.4.1
[INFO] [stderr]    Compiling embedded-hal v1.0.0
[INFO] [stderr]    Compiling document-features v0.2.10
[INFO] [stderr]    Compiling pmsa003i v0.1.9 (/opt/rustwide/workdir)
[INFO] [stderr]     Finished `dev` profile [unoptimized + debuginfo] target(s) in 0.59s
[INFO] running `Command { std: "docker" "inspect" "33cdfe59d3ac53affac6d06fc6f8ad5a38fc8447fccd97ece851c54298d2edda", kill_on_drop: false }`
[INFO] running `Command { std: "docker" "rm" "-f" "33cdfe59d3ac53affac6d06fc6f8ad5a38fc8447fccd97ece851c54298d2edda", kill_on_drop: false }`
[INFO] [stdout] 33cdfe59d3ac53affac6d06fc6f8ad5a38fc8447fccd97ece851c54298d2edda
[INFO] running `Command { std: "docker" "create" "-v" "/var/lib/crater-agent-workspace/builds/worker-7-tc1/target:/opt/rustwide/target:rw,Z" "-v" "/var/lib/crater-agent-workspace/builds/worker-7-tc1/source:/opt/rustwide/workdir:ro,Z" "-v" "/var/lib/crater-agent-workspace/cargo-home:/opt/rustwide/cargo-home:ro,Z" "-v" "/var/lib/crater-agent-workspace/rustup-home:/opt/rustwide/rustup-home:ro,Z" "-e" "SOURCE_DIR=/opt/rustwide/workdir" "-e" "CARGO_TARGET_DIR=/opt/rustwide/target" "-e" "CARGO_INCREMENTAL=0" "-e" "RUST_BACKTRACE=full" "-e" "RUSTFLAGS=--cap-lints=forbid" "-e" "RUSTDOCFLAGS=--cap-lints=forbid" "-e" "CARGO_HOME=/opt/rustwide/cargo-home" "-e" "RUSTUP_HOME=/opt/rustwide/rustup-home" "-w" "/opt/rustwide/workdir" "-m" "1610612736" "--user" "0:0" "--network" "none" "ghcr.io/rust-lang/crates-build-env/linux@sha256:4a844ea9eb2546a2d2c7022eacef16ef2e8229c7fbb2c7d4d55a9ceca922f72d" "/opt/rustwide/cargo-home/bin/cargo" "+nightly-2024-10-28" "test" "--frozen" "--no-run" "--message-format=json", kill_on_drop: false }`
[INFO] [stdout] c3916c0dbf45a12b4b16fafcf3e3a96b7031e9d30dce31347f905ae637e32ba9
[INFO] running `Command { std: "docker" "start" "-a" "c3916c0dbf45a12b4b16fafcf3e3a96b7031e9d30dce31347f905ae637e32ba9", kill_on_drop: false }`
[INFO] [stderr]    Compiling pmsa003i v0.1.9 (/opt/rustwide/workdir)
[INFO] [stderr]     Finished `test` profile [unoptimized + debuginfo] target(s) in 0.12s
[INFO] running `Command { std: "docker" "inspect" "c3916c0dbf45a12b4b16fafcf3e3a96b7031e9d30dce31347f905ae637e32ba9", kill_on_drop: false }`
[INFO] running `Command { std: "docker" "rm" "-f" "c3916c0dbf45a12b4b16fafcf3e3a96b7031e9d30dce31347f905ae637e32ba9", kill_on_drop: false }`
[INFO] [stdout] c3916c0dbf45a12b4b16fafcf3e3a96b7031e9d30dce31347f905ae637e32ba9
[INFO] running `Command { std: "docker" "create" "-v" "/var/lib/crater-agent-workspace/builds/worker-7-tc1/target:/opt/rustwide/target:rw,Z" "-v" "/var/lib/crater-agent-workspace/builds/worker-7-tc1/source:/opt/rustwide/workdir:ro,Z" "-v" "/var/lib/crater-agent-workspace/cargo-home:/opt/rustwide/cargo-home:ro,Z" "-v" "/var/lib/crater-agent-workspace/rustup-home:/opt/rustwide/rustup-home:ro,Z" "-e" "SOURCE_DIR=/opt/rustwide/workdir" "-e" "CARGO_TARGET_DIR=/opt/rustwide/target" "-e" "CARGO_INCREMENTAL=0" "-e" "RUST_BACKTRACE=full" "-e" "RUSTFLAGS=--cap-lints=forbid" "-e" "RUSTDOCFLAGS=--cap-lints=forbid" "-e" "CARGO_HOME=/opt/rustwide/cargo-home" "-e" "RUSTUP_HOME=/opt/rustwide/rustup-home" "-w" "/opt/rustwide/workdir" "-m" "1610612736" "--user" "0:0" "--network" "none" "ghcr.io/rust-lang/crates-build-env/linux@sha256:4a844ea9eb2546a2d2c7022eacef16ef2e8229c7fbb2c7d4d55a9ceca922f72d" "/opt/rustwide/cargo-home/bin/cargo" "+nightly-2024-10-28" "test" "--frozen", kill_on_drop: false }`
[INFO] [stdout] 3c04acc0e9114a582e3043b8160bee3c236381b0401ea6f3598a722d0c27ea29
[INFO] running `Command { std: "docker" "start" "-a" "3c04acc0e9114a582e3043b8160bee3c236381b0401ea6f3598a722d0c27ea29", kill_on_drop: false }`
[INFO] [stderr]     Finished `test` profile [unoptimized + debuginfo] target(s) in 0.01s
[INFO] [stderr]      Running unittests src/lib.rs (/opt/rustwide/target/debug/deps/pmsa003i-55febb9385616ef5)
[INFO] [stdout] 
[INFO] [stdout] running 0 tests
[INFO] [stdout] 
[INFO] [stdout] test result: ok. 0 passed; 0 failed; 0 ignored; 0 measured; 0 filtered out; finished in 0.00s
[INFO] [stdout] 
[INFO] [stderr]    Doc-tests pmsa003i
[INFO] [stdout] 
[INFO] [stdout] running 2 tests
[INFO] [stdout] test src/pmsa003i.rs - pmsa003i::Pmsa003i (line 27) ... FAILED
[INFO] [stdout] test src/pmsa003i.rs - pmsa003i::Pmsa003i (line 15) ... FAILED
[INFO] [stdout] 
[INFO] [stdout] failures:
[INFO] [stdout] 
[INFO] [stdout] ---- src/pmsa003i.rs - pmsa003i::Pmsa003i (line 27) stdout ----
[INFO] [stdout] error: cannot find macro `error` in this scope
[INFO] [stdout]   --> src/pmsa003i.rs:35:22
[INFO] [stdout]    |
[INFO] [stdout] 11 |        Err(error) => error!("Unable to read PMSA003I sensor. Error: {error:?}"),
[INFO] [stdout]    |                      ^^^^^
[INFO] [stdout] 
[INFO] [stdout] error: cannot find macro `info` in this scope
[INFO] [stdout]   --> src/pmsa003i.rs:34:22
[INFO] [stdout]    |
[INFO] [stdout] 10 |        Ok(result) => info!("PMSA003I reading: {reading:?}"),
[INFO] [stdout]    |                      ^^^^
[INFO] [stdout] 
[INFO] [stdout] error: cannot find macro `info` in this scope
[INFO] [stdout]  --> src/pmsa003i.rs:32:4
[INFO] [stdout]   |
[INFO] [stdout] 8 |    info!("Reading PMSA003I sensor");
[INFO] [stdout]   |    ^^^^
[INFO] [stdout] 
[INFO] [stdout] error: cannot find macro `info` in this scope
[INFO] [stdout]  --> src/pmsa003i.rs:29:1
[INFO] [stdout]   |
[INFO] [stdout] 5 | info!("Setting up PMSA003I sensor");
[INFO] [stdout]   | ^^^^
[INFO] [stdout] 
[INFO] [stdout] error[E0433]: failed to resolve: use of undeclared type `Pmsa003i`
[INFO] [stdout]  --> src/pmsa003i.rs:30:23
[INFO] [stdout]   |
[INFO] [stdout] 6 |    let mut pmsa003i = Pmsa003i::new(i2c);
[INFO] [stdout]   |                       ^^^^^^^^ use of undeclared type `Pmsa003i`
[INFO] [stdout]   |
[INFO] [stdout] help: consider importing this struct
[INFO] [stdout]   |
[INFO] [stdout] 2 + use pmsa003i::Pmsa003i;
[INFO] [stdout]   |
[INFO] [stdout] 
[INFO] [stdout] error[E0425]: cannot find value `i2c` in this scope
[INFO] [stdout]  --> src/pmsa003i.rs:30:37
[INFO] [stdout]   |
[INFO] [stdout] 6 |    let mut pmsa003i = Pmsa003i::new(i2c);
[INFO] [stdout]   |                                     ^^^ not found in this scope
[INFO] [stdout] 
[INFO] [stdout] error[E0728]: `await` is only allowed inside `async` functions and blocks
[INFO] [stdout]  --> src/pmsa003i.rs:33:26
[INFO] [stdout]   |
[INFO] [stdout] 4 | fn main() { #[allow(non_snake_case)] fn _doctest_main_src_pmsa003i_rs_27_0() {
[INFO] [stdout]   |                                      --------------------------------------- this is not `async`
[INFO] [stdout] ...
[INFO] [stdout] 9 |    match pmsa003i.read().await {
[INFO] [stdout]   |                          ^^^^^ only allowed inside `async` functions and blocks
[INFO] [stdout] 
[INFO] [stdout] error: aborting due to 7 previous errors
[INFO] [stdout] 
[INFO] [stdout] Some errors have detailed explanations: E0425, E0433, E0728.
[INFO] [stdout] For more information about an error, try `rustc --explain E0425`.
[INFO] [stdout] Couldn't compile the test.
[INFO] [stdout] ---- src/pmsa003i.rs - pmsa003i::Pmsa003i (line 15) stdout ----
[INFO] [stdout] error: cannot find macro `error` in this scope
[INFO] [stdout]   --> src/pmsa003i.rs:23:22
[INFO] [stdout]    |
[INFO] [stdout] 11 |        Err(error) => error!("Unable to read PMSA003I sensor. Error: {error:?}"),
[INFO] [stdout]    |                      ^^^^^
[INFO] [stdout] 
[INFO] [stdout] error: cannot find macro `info` in this scope
[INFO] [stdout]   --> src/pmsa003i.rs:22:22
[INFO] [stdout]    |
[INFO] [stdout] 10 |        Ok(result) => info!("PMSA003I reading: {reading:?}"),
[INFO] [stdout]    |                      ^^^^
[INFO] [stdout] 
[INFO] [stdout] error: cannot find macro `info` in this scope
[INFO] [stdout]  --> src/pmsa003i.rs:20:4
[INFO] [stdout]   |
[INFO] [stdout] 8 |    info!("Reading PMSA003I sensor");
[INFO] [stdout]   |    ^^^^
[INFO] [stdout] 
[INFO] [stdout] error: cannot find macro `info` in this scope
[INFO] [stdout]  --> src/pmsa003i.rs:17:1
[INFO] [stdout]   |
[INFO] [stdout] 5 | info!("Setting up PMSA003I sensor");
[INFO] [stdout]   | ^^^^
[INFO] [stdout] 
[INFO] [stdout] error[E0433]: failed to resolve: use of undeclared type `Pmsa003i`
[INFO] [stdout]  --> src/pmsa003i.rs:18:23
[INFO] [stdout]   |
[INFO] [stdout] 6 |    let mut pmsa003i = Pmsa003i::new(i2c);
[INFO] [stdout]   |                       ^^^^^^^^ use of undeclared type `Pmsa003i`
[INFO] [stdout]   |
[INFO] [stdout] help: consider importing this struct
[INFO] [stdout]   |
[INFO] [stdout] 2 + use pmsa003i::Pmsa003i;
[INFO] [stdout]   |
[INFO] [stdout] 
[INFO] [stdout] error[E0425]: cannot find value `i2c` in this scope
[INFO] [stdout]  --> src/pmsa003i.rs:18:37
[INFO] [stdout]   |
[INFO] [stdout] 6 |    let mut pmsa003i = Pmsa003i::new(i2c);
[INFO] [stdout]   |                                     ^^^ not found in this scope
[INFO] [stdout] 
[INFO] [stdout] error: aborting due to 6 previous errors
[INFO] [stdout] 
[INFO] [stdout] Some errors have detailed explanations: E0425, E0433.
[INFO] [stdout] For more information about an error, try `rustc --explain E0425`.
[INFO] [stdout] Couldn't compile the test.
[INFO] [stdout] 
[INFO] [stdout] failures:
[INFO] [stdout]     src/pmsa003i.rs - pmsa003i::Pmsa003i (line 15)
[INFO] [stdout]     src/pmsa003i.rs - pmsa003i::Pmsa003i (line 27)
[INFO] [stdout] 
[INFO] [stdout] test result: FAILED. 0 passed; 2 failed; 0 ignored; 0 measured; 0 filtered out; finished in 0.05s
[INFO] [stdout] 
[INFO] [stderr] error: doctest failed, to rerun pass `--doc`
[INFO] running `Command { std: "docker" "inspect" "3c04acc0e9114a582e3043b8160bee3c236381b0401ea6f3598a722d0c27ea29", kill_on_drop: false }`
[INFO] running `Command { std: "docker" "rm" "-f" "3c04acc0e9114a582e3043b8160bee3c236381b0401ea6f3598a722d0c27ea29", kill_on_drop: false }`
[INFO] [stdout] 3c04acc0e9114a582e3043b8160bee3c236381b0401ea6f3598a722d0c27ea29
