[INFO] cloning repository https://github.com/ashupednekar/sql-cached-crud
[INFO] running `Command { std: "git" "-c" "credential.helper=" "-c" "credential.helper=/workspace/cargo-home/bin/git-credential-null" "clone" "--bare" "https://github.com/ashupednekar/sql-cached-crud" "/workspace/cache/git-repos/https%3A%2F%2Fgithub.com%2Fashupednekar%2Fsql-cached-crud", kill_on_drop: false }`
[INFO] [stderr] Cloning into bare repository '/workspace/cache/git-repos/https%3A%2F%2Fgithub.com%2Fashupednekar%2Fsql-cached-crud'...
[INFO] running `Command { std: "git" "rev-parse" "HEAD", kill_on_drop: false }`
[INFO] [stdout] c2d121b8b361ca001c48fdc9d9f111e1a64fc32b
[INFO] testing ashupednekar/sql-cached-crud/c2d121b8b361ca001c48fdc9d9f111e1a64fc32b against nightly-2024-10-28 for randomize-layout
[INFO] running `Command { std: "git" "clone" "/workspace/cache/git-repos/https%3A%2F%2Fgithub.com%2Fashupednekar%2Fsql-cached-crud" "/workspace/builds/worker-7-tc1/source", kill_on_drop: false }`
[INFO] [stderr] Cloning into '/workspace/builds/worker-7-tc1/source'...
[INFO] [stderr] done.
[INFO] validating manifest of git repo https://github.com/ashupednekar/sql-cached-crud on toolchain nightly-2024-10-28
[INFO] running `Command { std: CARGO_HOME="/workspace/cargo-home" RUSTUP_HOME="/workspace/rustup-home" "/workspace/cargo-home/bin/cargo" "+nightly-2024-10-28" "metadata" "--manifest-path" "Cargo.toml" "--no-deps", kill_on_drop: false }`
[INFO] started tweaking git repo https://github.com/ashupednekar/sql-cached-crud
[INFO] finished tweaking git repo https://github.com/ashupednekar/sql-cached-crud
[INFO] tweaked toml for git repo https://github.com/ashupednekar/sql-cached-crud written to /workspace/builds/worker-7-tc1/source/Cargo.toml
[INFO] crate git repo https://github.com/ashupednekar/sql-cached-crud already has a lockfile, it will not be regenerated
[INFO] running `Command { std: CARGO_HOME="/workspace/cargo-home" RUSTUP_HOME="/workspace/rustup-home" "/workspace/cargo-home/bin/cargo" "+nightly-2024-10-28" "fetch" "--manifest-path" "Cargo.toml", kill_on_drop: false }`
[INFO] [stderr]     Updating crates.io index
[INFO] [stderr]  Downloading crates ...
[INFO] [stderr]   Downloaded sqlx-crud v0.4.0
[INFO] [stderr]   Downloaded const-random v0.1.18
[INFO] [stderr]   Downloaded standard-error v0.1.1
[INFO] [stderr]   Downloaded dlv-list v0.5.2
[INFO] [stderr]   Downloaded const-random-macro v0.1.16
[INFO] [stderr]   Downloaded ordered-multimap v0.6.0
[INFO] [stderr]   Downloaded rust-ini v0.19.0
[INFO] [stderr]   Downloaded sqlx-macros v0.8.0
[INFO] [stderr]   Downloaded config v0.14.0
[INFO] [stderr]   Downloaded sqlx-macros-core v0.8.0
[INFO] [stderr]   Downloaded sqlx-sqlite v0.8.0
[INFO] [stderr]   Downloaded sqlx-mysql v0.8.0
[INFO] [stderr]   Downloaded sqlx-crud-macros v0.4.0
[INFO] [stderr]   Downloaded sqlx-postgres v0.8.0
[INFO] [stderr]   Downloaded sqlx-core v0.8.0
[INFO] [stderr]   Downloaded sqlx v0.8.0
[INFO] [stderr]   Downloaded libsqlite3-sys v0.28.0
[INFO] running `Command { std: "docker" "create" "-v" "/var/lib/crater-agent-workspace/builds/worker-7-tc1/target:/opt/rustwide/target:rw,Z" "-v" "/var/lib/crater-agent-workspace/builds/worker-7-tc1/source:/opt/rustwide/workdir:ro,Z" "-v" "/var/lib/crater-agent-workspace/cargo-home:/opt/rustwide/cargo-home:ro,Z" "-v" "/var/lib/crater-agent-workspace/rustup-home:/opt/rustwide/rustup-home:ro,Z" "-e" "SOURCE_DIR=/opt/rustwide/workdir" "-e" "CARGO_TARGET_DIR=/opt/rustwide/target" "-e" "CARGO_HOME=/opt/rustwide/cargo-home" "-e" "RUSTUP_HOME=/opt/rustwide/rustup-home" "-w" "/opt/rustwide/workdir" "-m" "1610612736" "--user" "0:0" "--network" "none" "ghcr.io/rust-lang/crates-build-env/linux@sha256:4a844ea9eb2546a2d2c7022eacef16ef2e8229c7fbb2c7d4d55a9ceca922f72d" "/opt/rustwide/cargo-home/bin/cargo" "+nightly-2024-10-28" "metadata" "--no-deps" "--format-version=1", kill_on_drop: false }`
[INFO] [stdout] 0126f479724067eeff2c0c9727da523cb51b07a8d5e13e155b9c03bc64c1d9a2
[INFO] running `Command { std: "docker" "start" "-a" "0126f479724067eeff2c0c9727da523cb51b07a8d5e13e155b9c03bc64c1d9a2", kill_on_drop: false }`
[INFO] running `Command { std: "docker" "inspect" "0126f479724067eeff2c0c9727da523cb51b07a8d5e13e155b9c03bc64c1d9a2", kill_on_drop: false }`
[INFO] running `Command { std: "docker" "rm" "-f" "0126f479724067eeff2c0c9727da523cb51b07a8d5e13e155b9c03bc64c1d9a2", kill_on_drop: false }`
[INFO] [stdout] 0126f479724067eeff2c0c9727da523cb51b07a8d5e13e155b9c03bc64c1d9a2
[INFO] running `Command { std: "docker" "create" "-v" "/var/lib/crater-agent-workspace/builds/worker-7-tc1/target:/opt/rustwide/target:rw,Z" "-v" "/var/lib/crater-agent-workspace/builds/worker-7-tc1/source:/opt/rustwide/workdir:ro,Z" "-v" "/var/lib/crater-agent-workspace/cargo-home:/opt/rustwide/cargo-home:ro,Z" "-v" "/var/lib/crater-agent-workspace/rustup-home:/opt/rustwide/rustup-home:ro,Z" "-e" "SOURCE_DIR=/opt/rustwide/workdir" "-e" "CARGO_TARGET_DIR=/opt/rustwide/target" "-e" "CARGO_INCREMENTAL=0" "-e" "RUST_BACKTRACE=full" "-e" "RUSTFLAGS=--cap-lints=forbid" "-e" "RUSTDOCFLAGS=--cap-lints=forbid" "-e" "CARGO_HOME=/opt/rustwide/cargo-home" "-e" "RUSTUP_HOME=/opt/rustwide/rustup-home" "-w" "/opt/rustwide/workdir" "-m" "1610612736" "--user" "0:0" "--network" "none" "ghcr.io/rust-lang/crates-build-env/linux@sha256:4a844ea9eb2546a2d2c7022eacef16ef2e8229c7fbb2c7d4d55a9ceca922f72d" "/opt/rustwide/cargo-home/bin/cargo" "+nightly-2024-10-28" "build" "--frozen" "--message-format=json", kill_on_drop: false }`
[INFO] [stdout] 672f8c5b7675e9f5f4d61ecca4781cb2ca5a798a4e1368c8bc2460d265311555
[INFO] running `Command { std: "docker" "start" "-a" "672f8c5b7675e9f5f4d61ecca4781cb2ca5a798a4e1368c8bc2460d265311555", kill_on_drop: false }`
[INFO] [stderr]    Compiling libc v0.2.156
[INFO] [stderr]    Compiling serde v1.0.208
[INFO] [stderr]    Compiling lock_api v0.4.12
[INFO] [stderr]    Compiling pin-project-lite v0.2.14
[INFO] [stderr]    Compiling shlex v1.3.0
[INFO] [stderr]    Compiling bytes v1.7.1
[INFO] [stderr]    Compiling syn v2.0.74
[INFO] [stderr]    Compiling generic-array v0.14.7
[INFO] [stderr]    Compiling slab v0.4.9
[INFO] [stderr]    Compiling cc v1.1.13
[INFO] [stderr]    Compiling parking_lot_core v0.9.10
[INFO] [stderr]    Compiling byteorder v1.5.0
[INFO] [stderr]    Compiling spin v0.9.8
[INFO] [stderr]    Compiling futures-io v0.3.30
[INFO] [stderr]    Compiling untrusted v0.9.0
[INFO] [stderr]    Compiling subtle v2.6.1
[INFO] [stderr]    Compiling thiserror v1.0.63
[INFO] [stderr]    Compiling allocator-api2 v0.2.18
[INFO] [stderr]    Compiling num-traits v0.2.19
[INFO] [stderr]    Compiling futures-sink v0.3.30
[INFO] [stderr]    Compiling tinyvec v1.8.0
[INFO] [stderr]    Compiling block-buffer v0.10.4
[INFO] [stderr]    Compiling nom v7.1.3
[INFO] [stderr]    Compiling getrandom v0.2.15
[INFO] [stderr]    Compiling mio v1.0.2
[INFO] [stderr]    Compiling socket2 v0.5.7
[INFO] [stderr]    Compiling futures-channel v0.3.30
[INFO] [stderr]    Compiling log v0.4.22
[INFO] [stderr]    Compiling signal-hook-registry v1.4.2
[INFO] [stderr]    Compiling ring v0.17.8
[INFO] [stderr]    Compiling paste v1.0.15
[INFO] [stderr]    Compiling cpufeatures v0.2.13
[INFO] [stderr]    Compiling unicode-normalization v0.1.23
[INFO] [stderr]    Compiling crypto-common v0.1.6
[INFO] [stderr]    Compiling crc-catalog v2.4.0
[INFO] [stderr]    Compiling unicode_categories v0.1.1
[INFO] [stderr]    Compiling crc v3.2.1
[INFO] [stderr]    Compiling digest v0.10.7
[INFO] [stderr]    Compiling ring v0.16.20
[INFO] [stderr]    Compiling crossbeam-queue v0.3.11
[INFO] [stderr]    Compiling idna v0.5.0
[INFO] [stderr]    Compiling rustls-pemfile v1.0.4
[INFO] [stderr]    Compiling serde_json v1.0.125
[INFO] [stderr]    Compiling hex v0.4.3
[INFO] [stderr]    Compiling tokio v1.39.2
[INFO] [stderr]    Compiling rustls v0.20.9
[INFO] [stderr]    Compiling futures-util v0.3.30
[INFO] [stderr]    Compiling sqlformat v0.2.4
[INFO] [stderr]    Compiling url v2.5.2
[INFO] [stderr]    Compiling instant v0.1.13
[INFO] [stderr]    Compiling rustls v0.21.12
[INFO] [stderr]    Compiling unicode-properties v0.1.1
[INFO] [stderr]    Compiling stringprep v0.1.5
[INFO] [stderr]    Compiling sha2 v0.10.8
[INFO] [stderr]    Compiling concurrent-queue v2.5.0
[INFO] [stderr]    Compiling aho-corasick v1.1.3
[INFO] [stderr]    Compiling crunchy v0.2.2
[INFO] [stderr]    Compiling dotenvy v0.15.7
[INFO] [stderr]    Compiling iana-time-zone v0.1.60
[INFO] [stderr]    Compiling parking v2.2.0
[INFO] [stderr]    Compiling event-listener v5.3.1
[INFO] [stderr]    Compiling chrono v0.4.38
[INFO] [stderr]    Compiling atoi v2.0.0
[INFO] [stderr]    Compiling tiny-keccak v2.0.2
[INFO] [stderr]    Compiling sct v0.7.1
[INFO] [stderr]    Compiling serde_derive v1.0.208
[INFO] [stderr]    Compiling zerocopy-derive v0.7.35
[INFO] [stderr]    Compiling thiserror-impl v1.0.63
[INFO] [stderr]    Compiling zerocopy v0.7.35
[INFO] [stderr]    Compiling futures-macro v0.3.30
[INFO] [stderr]    Compiling tokio-macros v2.4.0
[INFO] [stderr]    Compiling tracing-attributes v0.1.27
[INFO] [stderr]    Compiling webpki v0.22.4
[INFO] [stderr]    Compiling tokio-stream v0.1.15
[INFO] [stderr]    Compiling ahash v0.8.11
[INFO] [stderr]    Compiling hashbrown v0.14.5
[INFO] [stderr]    Compiling rustls-webpki v0.101.7
[INFO] [stderr]    Compiling webpki-roots v0.25.4
[INFO] [stderr]    Compiling rustversion v1.0.17
[INFO] [stderr]    Compiling uuid v1.10.0
[INFO] [stderr]    Compiling pkg-config v0.3.30
[INFO] [stderr]    Compiling indexmap v2.4.0
[INFO] [stderr]    Compiling hashlink v0.9.1
[INFO] [stderr]    Compiling tracing v0.1.40
[INFO] [stderr]    Compiling libsqlite3-sys v0.28.0
[INFO] [stderr]    Compiling http v1.1.0
[INFO] [stderr]    Compiling ppv-lite86 v0.2.20
[INFO] [stderr]    Compiling rand_core v0.6.4
[INFO] [stderr]    Compiling ahash v0.7.8
[INFO] [stderr]    Compiling indexmap v1.9.3
[INFO] [stderr]    Compiling ucd-trie v0.1.6
[INFO] [stderr]    Compiling rand_chacha v0.3.1
[INFO] [stderr]    Compiling pest v2.7.11
[INFO] [stderr]    Compiling const-random-macro v0.1.16
[INFO] [stderr]    Compiling http-body v1.0.1
[INFO] [stderr]    Compiling httparse v1.9.4
[INFO] [stderr]    Compiling rustix v0.38.34
[INFO] [stderr]    Compiling const-random v0.1.18
[INFO] [stderr]    Compiling rand v0.8.5
[INFO] [stderr]    Compiling hashlink v0.8.4
[INFO] [stderr]    Compiling pest_meta v2.7.11
[INFO] [stderr]    Compiling webpki-roots v0.22.6
[INFO] [stderr]    Compiling hmac v0.12.1
[INFO] [stderr]    Compiling atoi v1.0.0
[INFO] [stderr]    Compiling whoami v1.5.1
[INFO] [stderr]    Compiling regex-syntax v0.8.4
[INFO] [stderr]    Compiling event-listener v2.5.3
[INFO] [stderr]    Compiling base64 v0.22.1
[INFO] [stderr]    Compiling tokio-rustls v0.23.4
[INFO] [stderr]    Compiling smallvec v1.13.2
[INFO] [stderr]    Compiling parking_lot v0.12.3
[INFO] [stderr]    Compiling either v1.13.0
[INFO] [stderr]    Compiling serde_urlencoded v0.7.1
[INFO] [stderr]    Compiling futures-intrusive v0.5.0
[INFO] [stderr]    Compiling parking_lot_core v0.8.6
[INFO] [stderr]    Compiling parking_lot v0.11.2
[INFO] [stderr]    Compiling bitflags v2.6.0
[INFO] [stderr]    Compiling syn v1.0.109
[INFO] [stderr]    Compiling sqlx-core v0.8.0
[INFO] [stderr]    Compiling bitflags v1.3.2
[INFO] [stderr]    Compiling futures-intrusive v0.4.2
[INFO] [stderr]    Compiling regex-automata v0.4.7
[INFO] [stderr]    Compiling serde_spanned v0.6.7
[INFO] [stderr]    Compiling toml_datetime v0.6.8
[INFO] [stderr]    Compiling sqlx-rt v0.6.3
[INFO] [stderr]    Compiling pest_generator v2.7.11
[INFO] [stderr]    Compiling hkdf v0.12.4
[INFO] [stderr]    Compiling futures-executor v0.3.30
[INFO] [stderr]    Compiling dlv-list v0.5.2
[INFO] [stderr]    Compiling axum-core v0.4.3
[INFO] [stderr]    Compiling pin-project-internal v1.1.5
[INFO] [stderr]    Compiling async-trait v0.1.81
[INFO] [stderr]    Compiling flume v0.11.0
[INFO] [stderr]    Compiling md-5 v0.10.6
[INFO] [stderr]    Compiling fastrand v2.1.0
[INFO] [stderr]    Compiling tower-layer v0.3.3
[INFO] [stderr]    Compiling tower-service v0.3.3
[INFO] [stderr]    Compiling hashbrown v0.13.2
[INFO] [stderr]    Compiling winnow v0.6.18
[INFO] [stderr]    Compiling tempfile v3.12.0
[INFO] [stderr]    Compiling hyper v1.4.1
[INFO] [stderr]    Compiling sqlx-postgres v0.8.0
[INFO] [stderr]    Compiling ordered-multimap v0.6.0
[INFO] [stderr]    Compiling anstyle-parse v0.2.5
[INFO] [stderr]    Compiling pin-project v1.1.5
[INFO] [stderr]    Compiling sqlx-sqlite v0.8.0
[INFO] [stderr]    Compiling regex v1.10.6
[INFO] [stderr]    Compiling toml_edit v0.22.20
[INFO] [stderr]    Compiling pest_derive v2.7.11
[INFO] [stderr]    Compiling sqlx-core v0.6.3
[INFO] [stderr]    Compiling http-body-util v0.1.2
[INFO] [stderr]    Compiling heck v0.4.1
[INFO] [stderr]    Compiling axum v0.7.5
[INFO] [stderr]    Compiling colorchoice v1.0.2
[INFO] [stderr]    Compiling anstyle-query v1.1.1
[INFO] [stderr]    Compiling sync_wrapper v0.1.2
[INFO] [stderr]    Compiling anstyle v1.0.8
[INFO] [stderr]    Compiling anstream v0.6.15
[INFO] [stderr]    Compiling toml v0.8.19
[INFO] [stderr]    Compiling yaml-rust v0.4.5
[INFO] [stderr]    Compiling sqlx-macros-core v0.8.0
[INFO] [stderr]    Compiling json5 v0.4.1
[INFO] [stderr]    Compiling Inflector v0.11.4
[INFO] [stderr]    Compiling env_filter v0.1.2
[INFO] [stderr]    Compiling rust-ini v0.19.0
[INFO] [stderr]    Compiling hyper-util v0.1.7
[INFO] [stderr]    Compiling tower v0.4.13
[INFO] [stderr]    Compiling ron v0.8.1
[INFO] [stderr]    Compiling serde_path_to_error v0.1.16
[INFO] [stderr]    Compiling convert_case v0.6.0
[INFO] [stderr]    Compiling sqlx-macros v0.6.3
[INFO] [stderr]    Compiling humantime v2.1.0
[INFO] [stderr]    Compiling unsafe-libyaml v0.2.11
[INFO] [stderr]    Compiling sync_wrapper v1.0.1
[INFO] [stderr]    Compiling pathdiff v0.2.1
[INFO] [stderr]    Compiling matchit v0.7.3
[INFO] [stderr]    Compiling env_logger v0.11.5
[INFO] [stderr]    Compiling config v0.14.0
[INFO] [stderr]    Compiling sqlx-macros v0.8.0
[INFO] [stderr]    Compiling serde_yaml v0.9.34+deprecated
[INFO] [stderr]    Compiling sqlx-crud-macros v0.4.0
[INFO] [stderr]    Compiling futures v0.3.30
[INFO] [stderr]    Compiling sqlx v0.6.3
[INFO] [stderr]    Compiling sqlx-crud v0.4.0
[INFO] [stderr]    Compiling sqlx v0.8.0
[INFO] [stderr]    Compiling standard-error v0.1.1
[INFO] [stderr]    Compiling sqlx-cached-crud v0.1.0 (/opt/rustwide/workdir)
[INFO] [stdout] warning: unused variable: `model`
[INFO] [stdout]  --> src/adaptors/selectors.rs:2:29
[INFO] [stdout]   |
[INFO] [stdout] 2 |     async fn list<T>(&self, model: T) {}
[INFO] [stdout]   |                             ^^^^^ help: if this is intentional, prefix it with an underscore: `_model`
[INFO] [stdout]   |
[INFO] [stdout]   = note: `#[warn(unused_variables)]` on by default
[INFO] [stdout] 
[INFO] [stdout] 
[INFO] [stdout] warning: unused variable: `model`
[INFO] [stdout]  --> src/adaptors/selectors.rs:3:33
[INFO] [stdout]   |
[INFO] [stdout] 3 |     async fn retrieve<T>(&self, model: T) {}
[INFO] [stdout]   |                                 ^^^^^ help: if this is intentional, prefix it with an underscore: `_model`
[INFO] [stdout] 
[INFO] [stdout] 
[INFO] [stdout] warning: unused variable: `model`
[INFO] [stdout]  --> src/adaptors/mutators.rs:3:31
[INFO] [stdout]   |
[INFO] [stdout] 3 |     async fn create<T>(&self, model: T) {}
[INFO] [stdout]   |                               ^^^^^ help: if this is intentional, prefix it with an underscore: `_model`
[INFO] [stdout] 
[INFO] [stdout] 
[INFO] [stdout] warning: unused variable: `model`
[INFO] [stdout]  --> src/adaptors/mutators.rs:4:31
[INFO] [stdout]   |
[INFO] [stdout] 4 |     async fn update<T>(&self, model: T) {}
[INFO] [stdout]   |                               ^^^^^ help: if this is intentional, prefix it with an underscore: `_model`
[INFO] [stdout] 
[INFO] [stdout] 
[INFO] [stdout] warning: unused variable: `model`
[INFO] [stdout]  --> src/adaptors/mutators.rs:5:31
[INFO] [stdout]   |
[INFO] [stdout] 5 |     async fn delete<T>(&self, model: T) {}
[INFO] [stdout]   |                               ^^^^^ help: if this is intentional, prefix it with an underscore: `_model`
[INFO] [stdout] 
[INFO] [stdout] 
[INFO] [stdout] warning: trait `CrudSelector` is never used
[INFO] [stdout]  --> src/adaptors/selectors.rs:1:11
[INFO] [stdout]   |
[INFO] [stdout] 1 | pub trait CrudSelector{
[INFO] [stdout]   |           ^^^^^^^^^^^^
[INFO] [stdout]   |
[INFO] [stdout]   = note: `#[warn(dead_code)]` on by default
[INFO] [stdout] 
[INFO] [stdout] 
[INFO] [stdout] warning: trait `CrudMutator` is never used
[INFO] [stdout]  --> src/adaptors/mutators.rs:1:11
[INFO] [stdout]   |
[INFO] [stdout] 1 | pub trait CrudMutator{
[INFO] [stdout]   |           ^^^^^^^^^^^
[INFO] [stdout] 
[INFO] [stdout] 
[INFO] [stderr]     Finished `dev` profile [unoptimized + debuginfo] target(s) in 31.98s
[INFO] running `Command { std: "docker" "inspect" "672f8c5b7675e9f5f4d61ecca4781cb2ca5a798a4e1368c8bc2460d265311555", kill_on_drop: false }`
[INFO] running `Command { std: "docker" "rm" "-f" "672f8c5b7675e9f5f4d61ecca4781cb2ca5a798a4e1368c8bc2460d265311555", kill_on_drop: false }`
[INFO] [stdout] 672f8c5b7675e9f5f4d61ecca4781cb2ca5a798a4e1368c8bc2460d265311555
[INFO] running `Command { std: "docker" "create" "-v" "/var/lib/crater-agent-workspace/builds/worker-7-tc1/target:/opt/rustwide/target:rw,Z" "-v" "/var/lib/crater-agent-workspace/builds/worker-7-tc1/source:/opt/rustwide/workdir:ro,Z" "-v" "/var/lib/crater-agent-workspace/cargo-home:/opt/rustwide/cargo-home:ro,Z" "-v" "/var/lib/crater-agent-workspace/rustup-home:/opt/rustwide/rustup-home:ro,Z" "-e" "SOURCE_DIR=/opt/rustwide/workdir" "-e" "CARGO_TARGET_DIR=/opt/rustwide/target" "-e" "CARGO_INCREMENTAL=0" "-e" "RUST_BACKTRACE=full" "-e" "RUSTFLAGS=--cap-lints=forbid" "-e" "RUSTDOCFLAGS=--cap-lints=forbid" "-e" "CARGO_HOME=/opt/rustwide/cargo-home" "-e" "RUSTUP_HOME=/opt/rustwide/rustup-home" "-w" "/opt/rustwide/workdir" "-m" "1610612736" "--user" "0:0" "--network" "none" "ghcr.io/rust-lang/crates-build-env/linux@sha256:4a844ea9eb2546a2d2c7022eacef16ef2e8229c7fbb2c7d4d55a9ceca922f72d" "/opt/rustwide/cargo-home/bin/cargo" "+nightly-2024-10-28" "test" "--frozen" "--no-run" "--message-format=json", kill_on_drop: false }`
[INFO] [stdout] 0d0653513d62c85bfbe14699db8993a9fe5b98681ceeaa8db3eb21265bea71d5
[INFO] running `Command { std: "docker" "start" "-a" "0d0653513d62c85bfbe14699db8993a9fe5b98681ceeaa8db3eb21265bea71d5", kill_on_drop: false }`
[INFO] [stdout] warning: unused variable: `model`
[INFO] [stdout]  --> src/adaptors/selectors.rs:2:29
[INFO] [stdout]   |
[INFO] [stdout] 2 |     async fn list<T>(&self, model: T) {}
[INFO] [stdout]   |                             ^^^^^ help: if this is intentional, prefix it with an underscore: `_model`
[INFO] [stdout]   |
[INFO] [stdout]   = note: `#[warn(unused_variables)]` on by default
[INFO] [stdout] 
[INFO] [stdout] 
[INFO] [stdout] warning: unused variable: `model`
[INFO] [stdout]  --> src/adaptors/selectors.rs:3:33
[INFO] [stdout]   |
[INFO] [stdout] 3 |     async fn retrieve<T>(&self, model: T) {}
[INFO] [stdout]   |                                 ^^^^^ help: if this is intentional, prefix it with an underscore: `_model`
[INFO] [stdout] 
[INFO] [stdout] 
[INFO] [stdout] warning: unused variable: `model`
[INFO] [stdout]  --> src/adaptors/mutators.rs:3:31
[INFO] [stdout]   |
[INFO] [stdout] 3 |     async fn create<T>(&self, model: T) {}
[INFO] [stdout]   |                               ^^^^^ help: if this is intentional, prefix it with an underscore: `_model`
[INFO] [stdout] 
[INFO] [stdout] 
[INFO] [stdout] warning: unused variable: `model`
[INFO] [stdout]  --> src/adaptors/mutators.rs:4:31
[INFO] [stdout]   |
[INFO] [stdout] 4 |     async fn update<T>(&self, model: T) {}
[INFO] [stdout]   |                               ^^^^^ help: if this is intentional, prefix it with an underscore: `_model`
[INFO] [stdout] 
[INFO] [stdout] 
[INFO] [stdout] warning: unused variable: `model`
[INFO] [stdout]  --> src/adaptors/mutators.rs:5:31
[INFO] [stdout]   |
[INFO] [stdout] 5 |     async fn delete<T>(&self, model: T) {}
[INFO] [stdout]   |                               ^^^^^ help: if this is intentional, prefix it with an underscore: `_model`
[INFO] [stdout] 
[INFO] [stdout] 
[INFO] [stdout] warning: trait `CrudSelector` is never used
[INFO] [stdout]  --> src/adaptors/selectors.rs:1:11
[INFO] [stdout]   |
[INFO] [stdout] 1 | pub trait CrudSelector{
[INFO] [stdout]   |           ^^^^^^^^^^^^
[INFO] [stdout]   |
[INFO] [stdout]   = note: `#[warn(dead_code)]` on by default
[INFO] [stdout] 
[INFO] [stdout] 
[INFO] [stderr]    Compiling sqlx-cached-crud v0.1.0 (/opt/rustwide/workdir)
[INFO] [stdout] warning: trait `CrudMutator` is never used
[INFO] [stdout]  --> src/adaptors/mutators.rs:1:11
[INFO] [stdout]   |
[INFO] [stdout] 1 | pub trait CrudMutator{
[INFO] [stdout]   |           ^^^^^^^^^^^
[INFO] [stdout] 
[INFO] [stdout] 
[INFO] [stdout] warning: unused import: `super::*`
[INFO] [stdout]  --> src/lib.rs:8:9
[INFO] [stdout]   |
[INFO] [stdout] 8 |     use super::*;
[INFO] [stdout]   |         ^^^^^^^^
[INFO] [stdout]   |
[INFO] [stdout]   = note: `#[warn(unused_imports)]` on by default
[INFO] [stdout] 
[INFO] [stdout] 
[INFO] [stdout] warning: unused variable: `model`
[INFO] [stdout]  --> src/adaptors/selectors.rs:2:29
[INFO] [stdout]   |
[INFO] [stdout] 2 |     async fn list<T>(&self, model: T) {}
[INFO] [stdout]   |                             ^^^^^ help: if this is intentional, prefix it with an underscore: `_model`
[INFO] [stdout]   |
[INFO] [stdout]   = note: `#[warn(unused_variables)]` on by default
[INFO] [stdout] 
[INFO] [stdout] 
[INFO] [stdout] warning: unused variable: `model`
[INFO] [stdout]  --> src/adaptors/selectors.rs:3:33
[INFO] [stdout]   |
[INFO] [stdout] 3 |     async fn retrieve<T>(&self, model: T) {}
[INFO] [stdout]   |                                 ^^^^^ help: if this is intentional, prefix it with an underscore: `_model`
[INFO] [stdout] 
[INFO] [stdout] 
[INFO] [stdout] warning: unused variable: `model`
[INFO] [stdout]  --> src/adaptors/mutators.rs:3:31
[INFO] [stdout]   |
[INFO] [stdout] 3 |     async fn create<T>(&self, model: T) {}
[INFO] [stdout]   |                               ^^^^^ help: if this is intentional, prefix it with an underscore: `_model`
[INFO] [stdout] 
[INFO] [stdout] 
[INFO] [stdout] warning: unused variable: `model`
[INFO] [stdout]  --> src/adaptors/mutators.rs:4:31
[INFO] [stdout]   |
[INFO] [stdout] 4 |     async fn update<T>(&self, model: T) {}
[INFO] [stdout]   |                               ^^^^^ help: if this is intentional, prefix it with an underscore: `_model`
[INFO] [stdout] 
[INFO] [stdout] 
[INFO] [stdout] warning: unused variable: `model`
[INFO] [stdout]  --> src/adaptors/mutators.rs:5:31
[INFO] [stdout]   |
[INFO] [stdout] 5 |     async fn delete<T>(&self, model: T) {}
[INFO] [stdout]   |                               ^^^^^ help: if this is intentional, prefix it with an underscore: `_model`
[INFO] [stdout] 
[INFO] [stdout] 
[INFO] [stdout] warning: trait `CrudSelector` is never used
[INFO] [stdout]  --> src/adaptors/selectors.rs:1:11
[INFO] [stdout]   |
[INFO] [stdout] 1 | pub trait CrudSelector{
[INFO] [stdout]   |           ^^^^^^^^^^^^
[INFO] [stdout]   |
[INFO] [stdout]   = note: `#[warn(dead_code)]` on by default
[INFO] [stdout] 
[INFO] [stdout] 
[INFO] [stdout] warning: trait `CrudMutator` is never used
[INFO] [stdout]  --> src/adaptors/mutators.rs:1:11
[INFO] [stdout]   |
[INFO] [stdout] 1 | pub trait CrudMutator{
[INFO] [stdout]   |           ^^^^^^^^^^^
[INFO] [stdout] 
[INFO] [stdout] 
[INFO] [stdout] warning: function `init` is never used
[INFO] [stdout]   --> src/conn/postgres.rs:33:8
[INFO] [stdout]    |
[INFO] [stdout] 33 |     fn init() {
[INFO] [stdout]    |        ^^^^
[INFO] [stdout] 
[INFO] [stdout] 
[INFO] [stderr]     Finished `test` profile [unoptimized + debuginfo] target(s) in 1.06s
[INFO] running `Command { std: "docker" "inspect" "0d0653513d62c85bfbe14699db8993a9fe5b98681ceeaa8db3eb21265bea71d5", kill_on_drop: false }`
[INFO] running `Command { std: "docker" "rm" "-f" "0d0653513d62c85bfbe14699db8993a9fe5b98681ceeaa8db3eb21265bea71d5", kill_on_drop: false }`
[INFO] [stdout] 0d0653513d62c85bfbe14699db8993a9fe5b98681ceeaa8db3eb21265bea71d5
[INFO] running `Command { std: "docker" "create" "-v" "/var/lib/crater-agent-workspace/builds/worker-7-tc1/target:/opt/rustwide/target:rw,Z" "-v" "/var/lib/crater-agent-workspace/builds/worker-7-tc1/source:/opt/rustwide/workdir:ro,Z" "-v" "/var/lib/crater-agent-workspace/cargo-home:/opt/rustwide/cargo-home:ro,Z" "-v" "/var/lib/crater-agent-workspace/rustup-home:/opt/rustwide/rustup-home:ro,Z" "-e" "SOURCE_DIR=/opt/rustwide/workdir" "-e" "CARGO_TARGET_DIR=/opt/rustwide/target" "-e" "CARGO_INCREMENTAL=0" "-e" "RUST_BACKTRACE=full" "-e" "RUSTFLAGS=--cap-lints=forbid" "-e" "RUSTDOCFLAGS=--cap-lints=forbid" "-e" "CARGO_HOME=/opt/rustwide/cargo-home" "-e" "RUSTUP_HOME=/opt/rustwide/rustup-home" "-w" "/opt/rustwide/workdir" "-m" "1610612736" "--user" "0:0" "--network" "none" "ghcr.io/rust-lang/crates-build-env/linux@sha256:4a844ea9eb2546a2d2c7022eacef16ef2e8229c7fbb2c7d4d55a9ceca922f72d" "/opt/rustwide/cargo-home/bin/cargo" "+nightly-2024-10-28" "test" "--frozen", kill_on_drop: false }`
[INFO] [stdout] 48fa61d7a88c09e2a8ea56cfa56c6aec2f50b20a178f13f2527c0ba9b65ad982
[INFO] running `Command { std: "docker" "start" "-a" "48fa61d7a88c09e2a8ea56cfa56c6aec2f50b20a178f13f2527c0ba9b65ad982", kill_on_drop: false }`
[INFO] [stderr] warning: unused variable: `model`
[INFO] [stderr]  --> src/adaptors/selectors.rs:2:29
[INFO] [stderr]   |
[INFO] [stderr] 2 |     async fn list<T>(&self, model: T) {}
[INFO] [stderr]   |                             ^^^^^ help: if this is intentional, prefix it with an underscore: `_model`
[INFO] [stderr]   |
[INFO] [stderr]   = note: `#[warn(unused_variables)]` on by default
[INFO] [stderr] 
[INFO] [stderr] warning: unused variable: `model`
[INFO] [stderr]  --> src/adaptors/selectors.rs:3:33
[INFO] [stderr]   |
[INFO] [stderr] 3 |     async fn retrieve<T>(&self, model: T) {}
[INFO] [stderr]   |                                 ^^^^^ help: if this is intentional, prefix it with an underscore: `_model`
[INFO] [stderr] 
[INFO] [stderr] warning: unused variable: `model`
[INFO] [stderr]  --> src/adaptors/mutators.rs:3:31
[INFO] [stderr]   |
[INFO] [stderr] 3 |     async fn create<T>(&self, model: T) {}
[INFO] [stderr]   |                               ^^^^^ help: if this is intentional, prefix it with an underscore: `_model`
[INFO] [stderr] 
[INFO] [stderr] warning: unused variable: `model`
[INFO] [stderr]  --> src/adaptors/mutators.rs:4:31
[INFO] [stderr]   |
[INFO] [stderr] 4 |     async fn update<T>(&self, model: T) {}
[INFO] [stderr]   |                               ^^^^^ help: if this is intentional, prefix it with an underscore: `_model`
[INFO] [stderr] 
[INFO] [stderr] warning: unused variable: `model`
[INFO] [stderr]  --> src/adaptors/mutators.rs:5:31
[INFO] [stderr]   |
[INFO] [stderr] 5 |     async fn delete<T>(&self, model: T) {}
[INFO] [stderr]   |                               ^^^^^ help: if this is intentional, prefix it with an underscore: `_model`
[INFO] [stderr] 
[INFO] [stderr] warning: trait `CrudSelector` is never used
[INFO] [stderr]  --> src/adaptors/selectors.rs:1:11
[INFO] [stderr]   |
[INFO] [stderr] 1 | pub trait CrudSelector{
[INFO] [stderr]   |           ^^^^^^^^^^^^
[INFO] [stderr]   |
[INFO] [stderr]   = note: `#[warn(dead_code)]` on by default
[INFO] [stderr] 
[INFO] [stderr] warning: trait `CrudMutator` is never used
[INFO] [stderr]  --> src/adaptors/mutators.rs:1:11
[INFO] [stderr]   |
[INFO] [stderr] 1 | pub trait CrudMutator{
[INFO] [stderr]   |           ^^^^^^^^^^^
[INFO] [stderr] 
[INFO] [stderr] warning: unused import: `super::*`
[INFO] [stderr]  --> src/lib.rs:8:9
[INFO] [stderr]   |
[INFO] [stderr] 8 |     use super::*;
[INFO] [stderr]   |         ^^^^^^^^
[INFO] [stderr]   |
[INFO] [stderr]   = note: `#[warn(unused_imports)]` on by default
[INFO] [stderr] 
[INFO] [stderr] warning: function `init` is never used
[INFO] [stderr]   --> src/conn/postgres.rs:33:8
[INFO] [stderr]    |
[INFO] [stderr] 33 |     fn init() {
[INFO] [stderr]    |        ^^^^
[INFO] [stderr] 
[INFO] [stderr] warning: `sqlx-cached-crud` (lib) generated 7 warnings
[INFO] [stderr] warning: `sqlx-cached-crud` (lib test) generated 9 warnings (7 duplicates) (run `cargo fix --lib -p sqlx-cached-crud --tests` to apply 1 suggestion)
[INFO] [stderr]     Finished `test` profile [unoptimized + debuginfo] target(s) in 0.15s
[INFO] [stderr]      Running unittests src/lib.rs (/opt/rustwide/target/debug/deps/sqlx_cached_crud-5ccdba69900dbcd3)
[INFO] [stdout] 
[INFO] [stdout] running 2 tests
[INFO] [stdout] test conn::postgres::tests::test_get_pool ... FAILED
[INFO] [stdout] test conn::postgres::tests::test_create_schema ... FAILED
[INFO] [stdout] 
[INFO] [stdout] failures:
[INFO] [stdout] 
[INFO] [stdout] ---- conn::postgres::tests::test_get_pool stdout ----
[INFO] [stdout] thread 'conn::postgres::tests::test_get_pool' panicked at src/conf.rs:21:57:
[INFO] [stdout] improperly configured: missing field `database_url`
[INFO] [stdout] stack backtrace:
[INFO] [stdout]    0:     0x633be1c1934a - std::backtrace_rs::backtrace::libunwind::trace::h207520d6e9873551
[INFO] [stdout]                                at /rustc/df4ca44d3fbc9301ee17f30f4d474e6ae4b05252/library/std/src/../../backtrace/src/backtrace/libunwind.rs:116:5
[INFO] [stdout]    1:     0x633be1c1934a - std::backtrace_rs::backtrace::trace_unsynchronized::h2ed7433f370e3eca
[INFO] [stdout]                                at /rustc/df4ca44d3fbc9301ee17f30f4d474e6ae4b05252/library/std/src/../../backtrace/src/backtrace/mod.rs:66:5
[INFO] [stdout]    2:     0x633be1c1934a - std::sys::backtrace::_print_fmt::h916fac51166b18d7
[INFO] [stdout]                                at /rustc/df4ca44d3fbc9301ee17f30f4d474e6ae4b05252/library/std/src/sys/backtrace.rs:66:9
[INFO] [stdout]    3:     0x633be1c1934a - <std::sys::backtrace::BacktraceLock::print::DisplayBacktrace as core::fmt::Display>::fmt::ha0a4c9b8ce3802e6
[INFO] [stdout]                                at /rustc/df4ca44d3fbc9301ee17f30f4d474e6ae4b05252/library/std/src/sys/backtrace.rs:39:26
[INFO] [stdout]    4:     0x633be1c44853 - core::fmt::rt::Argument::fmt::h4cfc8587d52b3eb5
[INFO] [stdout]                                at /rustc/df4ca44d3fbc9301ee17f30f4d474e6ae4b05252/library/core/src/fmt/rt.rs:177:76
[INFO] [stdout]    5:     0x633be1c44853 - core::fmt::write::h522cc39e5b36ae9f
[INFO] [stdout]                                at /rustc/df4ca44d3fbc9301ee17f30f4d474e6ae4b05252/library/core/src/fmt/mod.rs:1190:21
[INFO] [stdout]    6:     0x633be1c151b3 - std::io::Write::write_fmt::h7d3c26752da97734
[INFO] [stdout]                                at /rustc/df4ca44d3fbc9301ee17f30f4d474e6ae4b05252/library/std/src/io/mod.rs:1839:15
[INFO] [stdout]    7:     0x633be1c19192 - std::sys::backtrace::BacktraceLock::print::h4b9e00b29e9c0942
[INFO] [stdout]                                at /rustc/df4ca44d3fbc9301ee17f30f4d474e6ae4b05252/library/std/src/sys/backtrace.rs:42:9
[INFO] [stdout]    8:     0x633be1c1a7da - std::panicking::default_hook::{{closure}}::hb59b88280d0324d9
[INFO] [stdout]                                at /rustc/df4ca44d3fbc9301ee17f30f4d474e6ae4b05252/library/std/src/panicking.rs:268:22
[INFO] [stdout]    9:     0x633be1c1a5e4 - std::panicking::default_hook::he1dd496665be4a29
[INFO] [stdout]                                at /rustc/df4ca44d3fbc9301ee17f30f4d474e6ae4b05252/library/std/src/panicking.rs:292:9
[INFO] [stdout]   10:     0x633be16f4899 - <alloc::boxed::Box<F,A> as core::ops::function::Fn<Args>>::call::h4ff71de18744e1dc
[INFO] [stdout]                                at /rustc/df4ca44d3fbc9301ee17f30f4d474e6ae4b05252/library/alloc/src/boxed.rs:2468:9
[INFO] [stdout]   11:     0x633be16f4899 - test::test_main::{{closure}}::hcf7c055ce117aa81
[INFO] [stdout]                                at /rustc/df4ca44d3fbc9301ee17f30f4d474e6ae4b05252/library/test/src/lib.rs:133:21
[INFO] [stdout]   12:     0x633be1c1aed8 - <alloc::boxed::Box<F,A> as core::ops::function::Fn<Args>>::call::h1d66c6bbd60c9692
[INFO] [stdout]                                at /rustc/df4ca44d3fbc9301ee17f30f4d474e6ae4b05252/library/alloc/src/boxed.rs:2468:9
[INFO] [stdout]   13:     0x633be1c1aed8 - std::panicking::rust_panic_with_hook::h2ff17fe8f26dfcf8
[INFO] [stdout]                                at /rustc/df4ca44d3fbc9301ee17f30f4d474e6ae4b05252/library/std/src/panicking.rs:809:13
[INFO] [stdout]   14:     0x633be1c1ac9a - std::panicking::begin_panic_handler::{{closure}}::h4fad77951c07e101
[INFO] [stdout]                                at /rustc/df4ca44d3fbc9301ee17f30f4d474e6ae4b05252/library/std/src/panicking.rs:674:13
[INFO] [stdout]   15:     0x633be1c19829 - std::sys::backtrace::__rust_end_short_backtrace::hb1a25b3da5d0ea08
[INFO] [stdout]                                at /rustc/df4ca44d3fbc9301ee17f30f4d474e6ae4b05252/library/std/src/sys/backtrace.rs:170:18
[INFO] [stdout]   16:     0x633be1c1a92c - rust_begin_unwind
[INFO] [stdout]                                at /rustc/df4ca44d3fbc9301ee17f30f4d474e6ae4b05252/library/std/src/panicking.rs:665:5
[INFO] [stdout]   17:     0x633be1c42500 - core::panicking::panic_fmt::ha9db07b529f9b256
[INFO] [stdout]                                at /rustc/df4ca44d3fbc9301ee17f30f4d474e6ae4b05252/library/core/src/panicking.rs:75:14
[INFO] [stdout]   18:     0x633be1c429e6 - core::result::unwrap_failed::h5e8218e4d4338b8a
[INFO] [stdout]                                at /rustc/df4ca44d3fbc9301ee17f30f4d474e6ae4b05252/library/core/src/result.rs:1698:5
[INFO] [stdout]   19:     0x633be16a7398 - core::result::Result<T,E>::expect::hfce0b1ba46c2c40f
[INFO] [stdout]                                at /rustc/df4ca44d3fbc9301ee17f30f4d474e6ae4b05252/library/core/src/result.rs:1060:23
[INFO] [stdout]   20:     0x633be16a1c6d - <sqlx_cached_crud::conf::settings as core::ops::deref::Deref>::deref::__static_ref_initialize::h62c1b83fe0740f1f
[INFO] [stdout]                                at /opt/rustwide/workdir/src/conf.rs:21:41
[INFO] [stdout]   21:     0x633be16a1c6d - core::ops::function::FnOnce::call_once::hd775df7527570387
[INFO] [stdout]                                at /rustc/df4ca44d3fbc9301ee17f30f4d474e6ae4b05252/library/core/src/ops/function.rs:250:5
[INFO] [stdout]   22:     0x633be16adcb0 - lazy_static::lazy::Lazy<T>::get::{{closure}}::h7bff0e227507567e
[INFO] [stdout]                                at /opt/rustwide/cargo-home/registry/src/index.crates.io-6f17d22bba15001f/lazy_static-1.5.0/src/inline_lazy.rs:31:41
[INFO] [stdout]   23:     0x633be16b40a8 - std::sync::once::Once::call_once::{{closure}}::h99c0ccf8f2255eff
[INFO] [stdout]                                at /rustc/df4ca44d3fbc9301ee17f30f4d474e6ae4b05252/library/std/src/sync/once.rs:158:41
[INFO] [stdout]   24:     0x633be1c23043 - std::sys::sync::once::futex::Once::call::h71269da0f72c5b8f
[INFO] [stdout]                                at /rustc/df4ca44d3fbc9301ee17f30f4d474e6ae4b05252/library/std/src/sys/sync/once/futex.rs:176:21
[INFO] [stdout]   25:     0x633be16b4014 - std::sync::once::Once::call_once::h68826aa4ff08e7c0
[INFO] [stdout]                                at /rustc/df4ca44d3fbc9301ee17f30f4d474e6ae4b05252/library/std/src/sync/once.rs:158:9
[INFO] [stdout]   26:     0x633be16a6b0e - lazy_static::lazy::Lazy<T>::get::h7509e660a3347803
[INFO] [stdout]                                at /opt/rustwide/cargo-home/registry/src/index.crates.io-6f17d22bba15001f/lazy_static-1.5.0/src/inline_lazy.rs:30:9
[INFO] [stdout]   27:     0x633be16a6b0e - <sqlx_cached_crud::conf::settings as core::ops::deref::Deref>::deref::__stability::h27e4ffcee2206a52
[INFO] [stdout]                                at /opt/rustwide/cargo-home/registry/src/index.crates.io-6f17d22bba15001f/lazy_static-1.5.0/src/lib.rs:135:21
[INFO] [stdout]   28:     0x633be16a6b0e - <sqlx_cached_crud::conf::settings as core::ops::deref::Deref>::deref::h663471853ff34c0f
[INFO] [stdout]                                at /opt/rustwide/cargo-home/registry/src/index.crates.io-6f17d22bba15001f/lazy_static-1.5.0/src/lib.rs:137:17
[INFO] [stdout]   29:     0x633be16b224b - sqlx_cached_crud::conn::postgres::get_pool::{{closure}}::h92d1d6b5d9cdf9a6
[INFO] [stdout]                                at /opt/rustwide/workdir/src/conn/postgres.rs:12:17
[INFO] [stdout]   30:     0x633be16b81cc - sqlx_cached_crud::conn::postgres::tests::test_get_pool::{{closure}}::h189a5704b5b213a3
[INFO] [stdout]                                at /opt/rustwide/workdir/src/conn/postgres.rs:39:35
[INFO] [stdout]   31:     0x633be16a57cf - <core::pin::Pin<P> as core::future::future::Future>::poll::hce80c37513e930c6
[INFO] [stdout]                                at /rustc/df4ca44d3fbc9301ee17f30f4d474e6ae4b05252/library/core/src/future/future.rs:123:9
[INFO] [stdout]   32:     0x633be16a576b - <core::pin::Pin<P> as core::future::future::Future>::poll::h672a17adfa37e535
[INFO] [stdout]                                at /rustc/df4ca44d3fbc9301ee17f30f4d474e6ae4b05252/library/core/src/future/future.rs:123:9
[INFO] [stdout]   33:     0x633be16ac13e - tokio::runtime::scheduler::current_thread::CoreGuard::block_on::{{closure}}::{{closure}}::{{closure}}::hfe2d66ff4e21e49d
[INFO] [stdout]                                at /opt/rustwide/cargo-home/registry/src/index.crates.io-6f17d22bba15001f/tokio-1.39.2/src/runtime/scheduler/current_thread/mod.rs:673:57
[INFO] [stdout]   34:     0x633be16abe35 - tokio::runtime::coop::with_budget::h53f9f55d89198144
[INFO] [stdout]                                at /opt/rustwide/cargo-home/registry/src/index.crates.io-6f17d22bba15001f/tokio-1.39.2/src/runtime/coop.rs:107:5
[INFO] [stdout]   35:     0x633be16abe35 - tokio::runtime::coop::budget::h1ebfc68d834a5652
[INFO] [stdout]                                at /opt/rustwide/cargo-home/registry/src/index.crates.io-6f17d22bba15001f/tokio-1.39.2/src/runtime/coop.rs:73:5
[INFO] [stdout]   36:     0x633be16abe35 - tokio::runtime::scheduler::current_thread::CoreGuard::block_on::{{closure}}::{{closure}}::h3305de3292cb1ba7
[INFO] [stdout]                                at /opt/rustwide/cargo-home/registry/src/index.crates.io-6f17d22bba15001f/tokio-1.39.2/src/runtime/scheduler/current_thread/mod.rs:673:25
[INFO] [stdout]   37:     0x633be16a8fcd - tokio::runtime::scheduler::current_thread::Context::enter::h235950a9c99103ba
[INFO] [stdout]                                at /opt/rustwide/cargo-home/registry/src/index.crates.io-6f17d22bba15001f/tokio-1.39.2/src/runtime/scheduler/current_thread/mod.rs:412:19
[INFO] [stdout]   38:     0x633be16ab5ce - tokio::runtime::scheduler::current_thread::CoreGuard::block_on::{{closure}}::h62766a525e690370
[INFO] [stdout]                                at /opt/rustwide/cargo-home/registry/src/index.crates.io-6f17d22bba15001f/tokio-1.39.2/src/runtime/scheduler/current_thread/mod.rs:672:36
[INFO] [stdout]   39:     0x633be16aa8fb - tokio::runtime::scheduler::current_thread::CoreGuard::enter::{{closure}}::had4356abd7d229b8
[INFO] [stdout]                                at /opt/rustwide/cargo-home/registry/src/index.crates.io-6f17d22bba15001f/tokio-1.39.2/src/runtime/scheduler/current_thread/mod.rs:751:68
[INFO] [stdout]   40:     0x633be16b518a - tokio::runtime::context::scoped::Scoped<T>::set::h71404914f7e6d82d
[INFO] [stdout]                                at /opt/rustwide/cargo-home/registry/src/index.crates.io-6f17d22bba15001f/tokio-1.39.2/src/runtime/context/scoped.rs:40:9
[INFO] [stdout]   41:     0x633be16a450a - tokio::runtime::context::set_scheduler::{{closure}}::hb0d6d1280cd6e170
[INFO] [stdout]                                at /opt/rustwide/cargo-home/registry/src/index.crates.io-6f17d22bba15001f/tokio-1.39.2/src/runtime/context.rs:180:26
[INFO] [stdout]   42:     0x633be16a0be6 - std::thread::local::LocalKey<T>::try_with::h16ee4ca91d7aae1c
[INFO] [stdout]                                at /rustc/df4ca44d3fbc9301ee17f30f4d474e6ae4b05252/library/std/src/thread/local.rs:283:12
[INFO] [stdout]   43:     0x633be16a094c - std::thread::local::LocalKey<T>::with::h88606161d3fe2b81
[INFO] [stdout]                                at /rustc/df4ca44d3fbc9301ee17f30f4d474e6ae4b05252/library/std/src/thread/local.rs:260:9
[INFO] [stdout]   44:     0x633be16a4401 - tokio::runtime::context::set_scheduler::h0a52e4c875f62928
[INFO] [stdout]                                at /opt/rustwide/cargo-home/registry/src/index.crates.io-6f17d22bba15001f/tokio-1.39.2/src/runtime/context.rs:180:9
[INFO] [stdout]   45:     0x633be16aa1be - tokio::runtime::scheduler::current_thread::CoreGuard::enter::h4228df14613809a1
[INFO] [stdout]                                at /opt/rustwide/cargo-home/registry/src/index.crates.io-6f17d22bba15001f/tokio-1.39.2/src/runtime/scheduler/current_thread/mod.rs:751:27
[INFO] [stdout]   46:     0x633be16aa9d8 - tokio::runtime::scheduler::current_thread::CoreGuard::block_on::he2a095ec2044b9bd
[INFO] [stdout]                                at /opt/rustwide/cargo-home/registry/src/index.crates.io-6f17d22bba15001f/tokio-1.39.2/src/runtime/scheduler/current_thread/mod.rs:660:19
[INFO] [stdout]   47:     0x633be16a8871 - tokio::runtime::scheduler::current_thread::CurrentThread::block_on::{{closure}}::h9e94c77780455c1e
[INFO] [stdout]                                at /opt/rustwide/cargo-home/registry/src/index.crates.io-6f17d22bba15001f/tokio-1.39.2/src/runtime/scheduler/current_thread/mod.rs:180:28
[INFO] [stdout]   48:     0x633be16a49f7 - tokio::runtime::context::runtime::enter_runtime::h40a088383413c803
[INFO] [stdout]                                at /opt/rustwide/cargo-home/registry/src/index.crates.io-6f17d22bba15001f/tokio-1.39.2/src/runtime/context/runtime.rs:65:16
[INFO] [stdout]   49:     0x633be16a8096 - tokio::runtime::scheduler::current_thread::CurrentThread::block_on::hfd726d8220b41f14
[INFO] [stdout]                                at /opt/rustwide/cargo-home/registry/src/index.crates.io-6f17d22bba15001f/tokio-1.39.2/src/runtime/scheduler/current_thread/mod.rs:168:9
[INFO] [stdout]   50:     0x633be16aff5a - tokio::runtime::runtime::Runtime::block_on_inner::h1abb3a4580a7640a
[INFO] [stdout]                                at /opt/rustwide/cargo-home/registry/src/index.crates.io-6f17d22bba15001f/tokio-1.39.2/src/runtime/runtime.rs:361:47
[INFO] [stdout]   51:     0x633be16b01c4 - tokio::runtime::runtime::Runtime::block_on::h6c9637e15f3de7ee
[INFO] [stdout]                                at /opt/rustwide/cargo-home/registry/src/index.crates.io-6f17d22bba15001f/tokio-1.39.2/src/runtime/runtime.rs:335:13
[INFO] [stdout]   52:     0x633be16b7faa - sqlx_cached_crud::conn::postgres::tests::test_get_pool::h93b6654dd3f49310
[INFO] [stdout]                                at /opt/rustwide/workdir/src/conn/postgres.rs:44:9
[INFO] [stdout]   53:     0x633be16b7e0d - sqlx_cached_crud::conn::postgres::tests::test_get_pool::{{closure}}::h5f8ae88883b3dc10
[INFO] [stdout]                                at /opt/rustwide/workdir/src/conn/postgres.rs:38:33
[INFO] [stdout]   54:     0x633be16a1b66 - core::ops::function::FnOnce::call_once::h445162d52c1cadbd
[INFO] [stdout]                                at /rustc/df4ca44d3fbc9301ee17f30f4d474e6ae4b05252/library/core/src/ops/function.rs:250:5
[INFO] [stdout]   55:     0x633be16f916b - core::ops::function::FnOnce::call_once::h22c3ba5715e93f05
[INFO] [stdout]                                at /rustc/df4ca44d3fbc9301ee17f30f4d474e6ae4b05252/library/core/src/ops/function.rs:250:5
[INFO] [stdout]   56:     0x633be16f916b - test::__rust_begin_short_backtrace::h8e82d8113d0da17f
[INFO] [stdout]                                at /rustc/df4ca44d3fbc9301ee17f30f4d474e6ae4b05252/library/test/src/lib.rs:621:18
[INFO] [stdout]   57:     0x633be16f8ae7 - test::run_test_in_process::{{closure}}::h33235f4f20b7b7c7
[INFO] [stdout]                                at /rustc/df4ca44d3fbc9301ee17f30f4d474e6ae4b05252/library/test/src/lib.rs:644:60
[INFO] [stdout]   58:     0x633be16f8ae7 - <core::panic::unwind_safe::AssertUnwindSafe<F> as core::ops::function::FnOnce<()>>::call_once::hb5043206310c586f
[INFO] [stdout]                                at /rustc/df4ca44d3fbc9301ee17f30f4d474e6ae4b05252/library/core/src/panic/unwind_safe.rs:272:9
[INFO] [stdout]   59:     0x633be16f8ae7 - std::panicking::try::do_call::h9ad4731a60ab23e2
[INFO] [stdout]                                at /rustc/df4ca44d3fbc9301ee17f30f4d474e6ae4b05252/library/std/src/panicking.rs:557:40
[INFO] [stdout]   60:     0x633be16f8ae7 - std::panicking::try::h3824d23db772a716
[INFO] [stdout]                                at /rustc/df4ca44d3fbc9301ee17f30f4d474e6ae4b05252/library/std/src/panicking.rs:520:19
[INFO] [stdout]   61:     0x633be16f8ae7 - std::panic::catch_unwind::h5afd514605fde46b
[INFO] [stdout]                                at /rustc/df4ca44d3fbc9301ee17f30f4d474e6ae4b05252/library/std/src/panic.rs:358:14
[INFO] [stdout]   62:     0x633be16f8ae7 - test::run_test_in_process::h0d5cbfa7067d1720
[INFO] [stdout]                                at /rustc/df4ca44d3fbc9301ee17f30f4d474e6ae4b05252/library/test/src/lib.rs:644:27
[INFO] [stdout]   63:     0x633be16f8ae7 - test::run_test::{{closure}}::h708eb8872708115d
[INFO] [stdout]                                at /rustc/df4ca44d3fbc9301ee17f30f4d474e6ae4b05252/library/test/src/lib.rs:565:43
[INFO] [stdout]   64:     0x633be16bc204 - test::run_test::{{closure}}::h392c51cee94713ab
[INFO] [stdout]                                at /rustc/df4ca44d3fbc9301ee17f30f4d474e6ae4b05252/library/test/src/lib.rs:595:41
[INFO] [stdout]   65:     0x633be16bc204 - std::sys::backtrace::__rust_begin_short_backtrace::h2f40290710935a8b
[INFO] [stdout]                                at /rustc/df4ca44d3fbc9301ee17f30f4d474e6ae4b05252/library/std/src/sys/backtrace.rs:154:18
[INFO] [stdout]   66:     0x633be16bf9ae - std::thread::Builder::spawn_unchecked_::{{closure}}::{{closure}}::h3fd968d89053a903
[INFO] [stdout]                                at /rustc/df4ca44d3fbc9301ee17f30f4d474e6ae4b05252/library/std/src/thread/mod.rs:541:17
[INFO] [stdout]   67:     0x633be16bf9ae - <core::panic::unwind_safe::AssertUnwindSafe<F> as core::ops::function::FnOnce<()>>::call_once::h743f637ba4229880
[INFO] [stdout]                                at /rustc/df4ca44d3fbc9301ee17f30f4d474e6ae4b05252/library/core/src/panic/unwind_safe.rs:272:9
[INFO] [stdout]   68:     0x633be16bf9ae - std::panicking::try::do_call::h07440897322525a6
[INFO] [stdout]                                at /rustc/df4ca44d3fbc9301ee17f30f4d474e6ae4b05252/library/std/src/panicking.rs:557:40
[INFO] [stdout]   69:     0x633be16bf9ae - std::panicking::try::he5a2e00188156637
[INFO] [stdout]                                at /rustc/df4ca44d3fbc9301ee17f30f4d474e6ae4b05252/library/std/src/panicking.rs:520:19
[INFO] [stdout]   70:     0x633be16bf9ae - std::panic::catch_unwind::hbaf3cae49b3c6433
[INFO] [stdout]                                at /rustc/df4ca44d3fbc9301ee17f30f4d474e6ae4b05252/library/std/src/panic.rs:358:14
[INFO] [stdout]   71:     0x633be16bf9ae - std::thread::Builder::spawn_unchecked_::{{closure}}::h8e141ea224820bce
[INFO] [stdout]                                at /rustc/df4ca44d3fbc9301ee17f30f4d474e6ae4b05252/library/std/src/thread/mod.rs:540:30
[INFO] [stdout]   72:     0x633be16bf9ae - core::ops::function::FnOnce::call_once{{vtable.shim}}::h90d312fedd7b8ea8
[INFO] [stdout]                                at /rustc/df4ca44d3fbc9301ee17f30f4d474e6ae4b05252/library/core/src/ops/function.rs:250:5
[INFO] [stdout]   73:     0x633be1c1efeb - <alloc::boxed::Box<F,A> as core::ops::function::FnOnce<Args>>::call_once::h69aa08ddb6adb8b6
[INFO] [stdout]                                at /rustc/df4ca44d3fbc9301ee17f30f4d474e6ae4b05252/library/alloc/src/boxed.rs:2454:9
[INFO] [stdout]   74:     0x633be1c1efeb - <alloc::boxed::Box<F,A> as core::ops::function::FnOnce<Args>>::call_once::h5aa36efdb79c806f
[INFO] [stdout]                                at /rustc/df4ca44d3fbc9301ee17f30f4d474e6ae4b05252/library/alloc/src/boxed.rs:2454:9
[INFO] [stdout]   75:     0x633be1c1efeb - std::sys::pal::unix::thread::Thread::new::thread_start::h6cd80a1b4be5158d
[INFO] [stdout]                                at /rustc/df4ca44d3fbc9301ee17f30f4d474e6ae4b05252/library/std/src/sys/pal/unix/thread.rs:105:17
[INFO] [stdout]   76:     0x7eaa9cb13ac3 - <unknown>
[INFO] [stdout]   77:     0x7eaa9cba4a04 - clone
[INFO] [stdout]   78:                0x0 - <unknown>
[INFO] [stdout] 
[INFO] [stdout] ---- conn::postgres::tests::test_create_schema stdout ----
[INFO] [stdout] thread 'conn::postgres::tests::test_create_schema' panicked at /opt/rustwide/cargo-home/registry/src/index.crates.io-6f17d22bba15001f/lazy_static-1.5.0/src/inline_lazy.rs:30:16:
[INFO] [stdout] Once instance has previously been poisoned
[INFO] [stdout] stack backtrace:
[INFO] [stdout]    0:     0x633be1c1934a - std::backtrace_rs::backtrace::libunwind::trace::h207520d6e9873551
[INFO] [stdout]                                at /rustc/df4ca44d3fbc9301ee17f30f4d474e6ae4b05252/library/std/src/../../backtrace/src/backtrace/libunwind.rs:116:5
[INFO] [stdout]    1:     0x633be1c1934a - std::backtrace_rs::backtrace::trace_unsynchronized::h2ed7433f370e3eca
[INFO] [stdout]                                at /rustc/df4ca44d3fbc9301ee17f30f4d474e6ae4b05252/library/std/src/../../backtrace/src/backtrace/mod.rs:66:5
[INFO] [stdout]    2:     0x633be1c1934a - std::sys::backtrace::_print_fmt::h916fac51166b18d7
[INFO] [stdout]                                at /rustc/df4ca44d3fbc9301ee17f30f4d474e6ae4b05252/library/std/src/sys/backtrace.rs:66:9
[INFO] [stdout]    3:     0x633be1c1934a - <std::sys::backtrace::BacktraceLock::print::DisplayBacktrace as core::fmt::Display>::fmt::ha0a4c9b8ce3802e6
[INFO] [stdout]                                at /rustc/df4ca44d3fbc9301ee17f30f4d474e6ae4b05252/library/std/src/sys/backtrace.rs:39:26
[INFO] [stdout]    4:     0x633be1c44853 - core::fmt::rt::Argument::fmt::h4cfc8587d52b3eb5
[INFO] [stdout]                                at /rustc/df4ca44d3fbc9301ee17f30f4d474e6ae4b05252/library/core/src/fmt/rt.rs:177:76
[INFO] [stdout]    5:     0x633be1c44853 - core::fmt::write::h522cc39e5b36ae9f
[INFO] [stdout]                                at /rustc/df4ca44d3fbc9301ee17f30f4d474e6ae4b05252/library/core/src/fmt/mod.rs:1190:21
[INFO] [stdout]    6:     0x633be1c151b3 - std::io::Write::write_fmt::h7d3c26752da97734
[INFO] [stdout]                                at /rustc/df4ca44d3fbc9301ee17f30f4d474e6ae4b05252/library/std/src/io/mod.rs:1839:15
[INFO] [stdout]    7:     0x633be1c19192 - std::sys::backtrace::BacktraceLock::print::h4b9e00b29e9c0942
[INFO] [stdout]                                at /rustc/df4ca44d3fbc9301ee17f30f4d474e6ae4b05252/library/std/src/sys/backtrace.rs:42:9
[INFO] [stdout]    8:     0x633be1c1a7da - std::panicking::default_hook::{{closure}}::hb59b88280d0324d9
[INFO] [stdout]                                at /rustc/df4ca44d3fbc9301ee17f30f4d474e6ae4b05252/library/std/src/panicking.rs:268:22
[INFO] [stdout]    9:     0x633be1c1a5e4 - std::panicking::default_hook::he1dd496665be4a29
[INFO] [stdout]                                at /rustc/df4ca44d3fbc9301ee17f30f4d474e6ae4b05252/library/std/src/panicking.rs:292:9
[INFO] [stdout]   10:     0x633be16f4899 - <alloc::boxed::Box<F,A> as core::ops::function::Fn<Args>>::call::h4ff71de18744e1dc
[INFO] [stdout]                                at /rustc/df4ca44d3fbc9301ee17f30f4d474e6ae4b05252/library/alloc/src/boxed.rs:2468:9
[INFO] [stdout]   11:     0x633be16f4899 - test::test_main::{{closure}}::hcf7c055ce117aa81
[INFO] [stdout]                                at /rustc/df4ca44d3fbc9301ee17f30f4d474e6ae4b05252/library/test/src/lib.rs:133:21
[INFO] [stdout]   12:     0x633be1c1aed8 - <alloc::boxed::Box<F,A> as core::ops::function::Fn<Args>>::call::h1d66c6bbd60c9692
[INFO] [stdout]                                at /rustc/df4ca44d3fbc9301ee17f30f4d474e6ae4b05252/library/alloc/src/boxed.rs:2468:9
[INFO] [stdout]   13:     0x633be1c1aed8 - std::panicking::rust_panic_with_hook::h2ff17fe8f26dfcf8
[INFO] [stdout]                                at /rustc/df4ca44d3fbc9301ee17f30f4d474e6ae4b05252/library/std/src/panicking.rs:809:13
[INFO] [stdout]   14:     0x633be1c1ac66 - std::panicking::begin_panic_handler::{{closure}}::h4fad77951c07e101
[INFO] [stdout]                                at /rustc/df4ca44d3fbc9301ee17f30f4d474e6ae4b05252/library/std/src/panicking.rs:667:13
[INFO] [stdout]   15:     0x633be1c19829 - std::sys::backtrace::__rust_end_short_backtrace::hb1a25b3da5d0ea08
[INFO] [stdout]                                at /rustc/df4ca44d3fbc9301ee17f30f4d474e6ae4b05252/library/std/src/sys/backtrace.rs:170:18
[INFO] [stdout]   16:     0x633be1c1a92c - rust_begin_unwind
[INFO] [stdout]                                at /rustc/df4ca44d3fbc9301ee17f30f4d474e6ae4b05252/library/std/src/panicking.rs:665:5
[INFO] [stdout]   17:     0x633be1c42500 - core::panicking::panic_fmt::ha9db07b529f9b256
[INFO] [stdout]                                at /rustc/df4ca44d3fbc9301ee17f30f4d474e6ae4b05252/library/core/src/panicking.rs:75:14
[INFO] [stdout]   18:     0x633be1c23020 - std::sys::sync::once::futex::Once::call::h71269da0f72c5b8f
[INFO] [stdout]                                at /rustc/df4ca44d3fbc9301ee17f30f4d474e6ae4b05252/library/std/src/sys/sync/once/futex.rs:148:21
[INFO] [stdout]   19:     0x633be16b4014 - std::sync::once::Once::call_once::h68826aa4ff08e7c0
[INFO] [stdout]                                at /rustc/df4ca44d3fbc9301ee17f30f4d474e6ae4b05252/library/std/src/sync/once.rs:158:9
[INFO] [stdout]   20:     0x633be16a6b0e - lazy_static::lazy::Lazy<T>::get::h7509e660a3347803
[INFO] [stdout]                                at /opt/rustwide/cargo-home/registry/src/index.crates.io-6f17d22bba15001f/lazy_static-1.5.0/src/inline_lazy.rs:30:9
[INFO] [stdout]   21:     0x633be16a6b0e - <sqlx_cached_crud::conf::settings as core::ops::deref::Deref>::deref::__stability::h27e4ffcee2206a52
[INFO] [stdout]                                at /opt/rustwide/cargo-home/registry/src/index.crates.io-6f17d22bba15001f/lazy_static-1.5.0/src/lib.rs:135:21
[INFO] [stdout]   22:     0x633be16a6b0e - <sqlx_cached_crud::conf::settings as core::ops::deref::Deref>::deref::h663471853ff34c0f
[INFO] [stdout]                                at /opt/rustwide/cargo-home/registry/src/index.crates.io-6f17d22bba15001f/lazy_static-1.5.0/src/lib.rs:137:17
[INFO] [stdout]   23:     0x633be16b224b - sqlx_cached_crud::conn::postgres::get_pool::{{closure}}::h92d1d6b5d9cdf9a6
[INFO] [stdout]                                at /opt/rustwide/workdir/src/conn/postgres.rs:12:17
[INFO] [stdout]   24:     0x633be16b2b4d - sqlx_cached_crud::conn::postgres::create_schema::{{closure}}::hf5478294e14f8424
[INFO] [stdout]                                at /opt/rustwide/workdir/src/conn/postgres.rs:23:34
[INFO] [stdout]   25:     0x633be16b87d2 - sqlx_cached_crud::conn::postgres::tests::test_create_schema::{{closure}}::h4569bd06d5df0035
[INFO] [stdout]                                at /opt/rustwide/workdir/src/conn/postgres.rs:49:31
[INFO] [stdout]   26:     0x633be16a57cf - <core::pin::Pin<P> as core::future::future::Future>::poll::hce80c37513e930c6
[INFO] [stdout]                                at /rustc/df4ca44d3fbc9301ee17f30f4d474e6ae4b05252/library/core/src/future/future.rs:123:9
[INFO] [stdout]   27:     0x633be16a576b - <core::pin::Pin<P> as core::future::future::Future>::poll::h672a17adfa37e535
[INFO] [stdout]                                at /rustc/df4ca44d3fbc9301ee17f30f4d474e6ae4b05252/library/core/src/future/future.rs:123:9
[INFO] [stdout]   28:     0x633be16ac13e - tokio::runtime::scheduler::current_thread::CoreGuard::block_on::{{closure}}::{{closure}}::{{closure}}::hfe2d66ff4e21e49d
[INFO] [stdout]                                at /opt/rustwide/cargo-home/registry/src/index.crates.io-6f17d22bba15001f/tokio-1.39.2/src/runtime/scheduler/current_thread/mod.rs:673:57
[INFO] [stdout]   29:     0x633be16abe35 - tokio::runtime::coop::with_budget::h53f9f55d89198144
[INFO] [stdout]                                at /opt/rustwide/cargo-home/registry/src/index.crates.io-6f17d22bba15001f/tokio-1.39.2/src/runtime/coop.rs:107:5
[INFO] [stdout]   30:     0x633be16abe35 - tokio::runtime::coop::budget::h1ebfc68d834a5652
[INFO] [stdout]                                at /opt/rustwide/cargo-home/registry/src/index.crates.io-6f17d22bba15001f/tokio-1.39.2/src/runtime/coop.rs:73:5
[INFO] [stdout]   31:     0x633be16abe35 - tokio::runtime::scheduler::current_thread::CoreGuard::block_on::{{closure}}::{{closure}}::h3305de3292cb1ba7
[INFO] [stdout]                                at /opt/rustwide/cargo-home/registry/src/index.crates.io-6f17d22bba15001f/tokio-1.39.2/src/runtime/scheduler/current_thread/mod.rs:673:25
[INFO] [stdout]   32:     0x633be16a8fcd - tokio::runtime::scheduler::current_thread::Context::enter::h235950a9c99103ba
[INFO] [stdout]                                at /opt/rustwide/cargo-home/registry/src/index.crates.io-6f17d22bba15001f/tokio-1.39.2/src/runtime/scheduler/current_thread/mod.rs:412:19
[INFO] [stdout]   33:     0x633be16ab5ce - tokio::runtime::scheduler::current_thread::CoreGuard::block_on::{{closure}}::h62766a525e690370
[INFO] [stdout]                                at /opt/rustwide/cargo-home/registry/src/index.crates.io-6f17d22bba15001f/tokio-1.39.2/src/runtime/scheduler/current_thread/mod.rs:672:36
[INFO] [stdout]   34:     0x633be16aa8fb - tokio::runtime::scheduler::current_thread::CoreGuard::enter::{{closure}}::had4356abd7d229b8
[INFO] [stdout]                                at /opt/rustwide/cargo-home/registry/src/index.crates.io-6f17d22bba15001f/tokio-1.39.2/src/runtime/scheduler/current_thread/mod.rs:751:68
[INFO] [stdout]   35:     0x633be16b518a - tokio::runtime::context::scoped::Scoped<T>::set::h71404914f7e6d82d
[INFO] [stdout]                                at /opt/rustwide/cargo-home/registry/src/index.crates.io-6f17d22bba15001f/tokio-1.39.2/src/runtime/context/scoped.rs:40:9
[INFO] [stdout]   36:     0x633be16a450a - tokio::runtime::context::set_scheduler::{{closure}}::hb0d6d1280cd6e170
[INFO] [stdout]                                at /opt/rustwide/cargo-home/registry/src/index.crates.io-6f17d22bba15001f/tokio-1.39.2/src/runtime/context.rs:180:26
[INFO] [stdout]   37:     0x633be16a0be6 - std::thread::local::LocalKey<T>::try_with::h16ee4ca91d7aae1c
[INFO] [stdout]                                at /rustc/df4ca44d3fbc9301ee17f30f4d474e6ae4b05252/library/std/src/thread/local.rs:283:12
[INFO] [stdout]   38:     0x633be16a094c - std::thread::local::LocalKey<T>::with::h88606161d3fe2b81
[INFO] [stdout]                                at /rustc/df4ca44d3fbc9301ee17f30f4d474e6ae4b05252/library/std/src/thread/local.rs:260:9
[INFO] [stdout]   39:     0x633be16a4401 - tokio::runtime::context::set_scheduler::h0a52e4c875f62928
[INFO] [stdout]                                at /opt/rustwide/cargo-home/registry/src/index.crates.io-6f17d22bba15001f/tokio-1.39.2/src/runtime/context.rs:180:9
[INFO] [stdout]   40:     0x633be16aa1be - tokio::runtime::scheduler::current_thread::CoreGuard::enter::h4228df14613809a1
[INFO] [stdout]                                at /opt/rustwide/cargo-home/registry/src/index.crates.io-6f17d22bba15001f/tokio-1.39.2/src/runtime/scheduler/current_thread/mod.rs:751:27
[INFO] [stdout]   41:     0x633be16aa9d8 - tokio::runtime::scheduler::current_thread::CoreGuard::block_on::he2a095ec2044b9bd
[INFO] [stdout]                                at /opt/rustwide/cargo-home/registry/src/index.crates.io-6f17d22bba15001f/tokio-1.39.2/src/runtime/scheduler/current_thread/mod.rs:660:19
[INFO] [stdout]   42:     0x633be16a8871 - tokio::runtime::scheduler::current_thread::CurrentThread::block_on::{{closure}}::h9e94c77780455c1e
[INFO] [stdout]                                at /opt/rustwide/cargo-home/registry/src/index.crates.io-6f17d22bba15001f/tokio-1.39.2/src/runtime/scheduler/current_thread/mod.rs:180:28
[INFO] [stdout]   43:     0x633be16a49f7 - tokio::runtime::context::runtime::enter_runtime::h40a088383413c803
[INFO] [stdout]                                at /opt/rustwide/cargo-home/registry/src/index.crates.io-6f17d22bba15001f/tokio-1.39.2/src/runtime/context/runtime.rs:65:16
[INFO] [stdout]   44:     0x633be16a8096 - tokio::runtime::scheduler::current_thread::CurrentThread::block_on::hfd726d8220b41f14
[INFO] [stdout]                                at /opt/rustwide/cargo-home/registry/src/index.crates.io-6f17d22bba15001f/tokio-1.39.2/src/runtime/scheduler/current_thread/mod.rs:168:9
[INFO] [stdout]   45:     0x633be16aff5a - tokio::runtime::runtime::Runtime::block_on_inner::h1abb3a4580a7640a
[INFO] [stdout]                                at /opt/rustwide/cargo-home/registry/src/index.crates.io-6f17d22bba15001f/tokio-1.39.2/src/runtime/runtime.rs:361:47
[INFO] [stdout]   46:     0x633be16b01c4 - tokio::runtime::runtime::Runtime::block_on::h6c9637e15f3de7ee
[INFO] [stdout]                                at /opt/rustwide/cargo-home/registry/src/index.crates.io-6f17d22bba15001f/tokio-1.39.2/src/runtime/runtime.rs:335:13
[INFO] [stdout]   47:     0x633be16b857a - sqlx_cached_crud::conn::postgres::tests::test_create_schema::h8e7a0f0b86d5c948
[INFO] [stdout]                                at /opt/rustwide/workdir/src/conn/postgres.rs:56:9
[INFO] [stdout]   48:     0x633be16b83dd - sqlx_cached_crud::conn::postgres::tests::test_create_schema::{{closure}}::hba27bb693f1e730c
[INFO] [stdout]                                at /opt/rustwide/workdir/src/conn/postgres.rs:48:38
[INFO] [stdout]   49:     0x633be16a1b26 - core::ops::function::FnOnce::call_once::h2c507d47553fb0b2
[INFO] [stdout]                                at /rustc/df4ca44d3fbc9301ee17f30f4d474e6ae4b05252/library/core/src/ops/function.rs:250:5
[INFO] [stdout]   50:     0x633be16f916b - core::ops::function::FnOnce::call_once::h22c3ba5715e93f05
[INFO] [stdout]                                at /rustc/df4ca44d3fbc9301ee17f30f4d474e6ae4b05252/library/core/src/ops/function.rs:250:5
[INFO] [stdout]   51:     0x633be16f916b - test::__rust_begin_short_backtrace::h8e82d8113d0da17f
[INFO] [stdout]                                at /rustc/df4ca44d3fbc9301ee17f30f4d474e6ae4b05252/library/test/src/lib.rs:621:18
[INFO] [stdout]   52:     0x633be16f8ae7 - test::run_test_in_process::{{closure}}::h33235f4f20b7b7c7
[INFO] [stdout]                                at /rustc/df4ca44d3fbc9301ee17f30f4d474e6ae4b05252/library/test/src/lib.rs:644:60
[INFO] [stdout]   53:     0x633be16f8ae7 - <core::panic::unwind_safe::AssertUnwindSafe<F> as core::ops::function::FnOnce<()>>::call_once::hb5043206310c586f
[INFO] [stdout]                                at /rustc/df4ca44d3fbc9301ee17f30f4d474e6ae4b05252/library/core/src/panic/unwind_safe.rs:272:9
[INFO] [stdout]   54:     0x633be16f8ae7 - std::panicking::try::do_call::h9ad4731a60ab23e2
[INFO] [stdout]                                at /rustc/df4ca44d3fbc9301ee17f30f4d474e6ae4b05252/library/std/src/panicking.rs:557:40
[INFO] [stdout]   55:     0x633be16f8ae7 - std::panicking::try::h3824d23db772a716
[INFO] [stdout]                                at /rustc/df4ca44d3fbc9301ee17f30f4d474e6ae4b05252/library/std/src/panicking.rs:520:19
[INFO] [stdout]   56:     0x633be16f8ae7 - std::panic::catch_unwind::h5afd514605fde46b
[INFO] [stdout]                                at /rustc/df4ca44d3fbc9301ee17f30f4d474e6ae4b05252/library/std/src/panic.rs:358:14
[INFO] [stdout]   57:     0x633be16f8ae7 - test::run_test_in_process::h0d5cbfa7067d1720
[INFO] [stdout]                                at /rustc/df4ca44d3fbc9301ee17f30f4d474e6ae4b05252/library/test/src/lib.rs:644:27
[INFO] [stdout]   58:     0x633be16f8ae7 - test::run_test::{{closure}}::h708eb8872708115d
[INFO] [stdout]                                at /rustc/df4ca44d3fbc9301ee17f30f4d474e6ae4b05252/library/test/src/lib.rs:565:43
[INFO] [stdout]   59:     0x633be16bc204 - test::run_test::{{closure}}::h392c51cee94713ab
[INFO] [stdout]                                at /rustc/df4ca44d3fbc9301ee17f30f4d474e6ae4b05252/library/test/src/lib.rs:595:41
[INFO] [stdout]   60:     0x633be16bc204 - std::sys::backtrace::__rust_begin_short_backtrace::h2f40290710935a8b
[INFO] [stdout]                                at /rustc/df4ca44d3fbc9301ee17f30f4d474e6ae4b05252/library/std/src/sys/backtrace.rs:154:18
[INFO] [stdout]   61:     0x633be16bf9ae - std::thread::Builder::spawn_unchecked_::{{closure}}::{{closure}}::h3fd968d89053a903
[INFO] [stdout]                                at /rustc/df4ca44d3fbc9301ee17f30f4d474e6ae4b05252/library/std/src/thread/mod.rs:541:17
[INFO] [stdout]   62:     0x633be16bf9ae - <core::panic::unwind_safe::AssertUnwindSafe<F> as core::ops::function::FnOnce<()>>::call_once::h743f637ba4229880
[INFO] [stdout]                                at /rustc/df4ca44d3fbc9301ee17f30f4d474e6ae4b05252/library/core/src/panic/unwind_safe.rs:272:9
[INFO] [stdout]   63:     0x633be16bf9ae - std::panicking::try::do_call::h07440897322525a6
[INFO] [stdout]                                at /rustc/df4ca44d3fbc9301ee17f30f4d474e6ae4b05252/library/std/src/panicking.rs:557:40
[INFO] [stdout]   64:     0x633be16bf9ae - std::panicking::try::he5a2e00188156637
[INFO] [stdout]                                at /rustc/df4ca44d3fbc9301ee17f30f4d474e6ae4b05252/library/std/src/panicking.rs:520:19
[INFO] [stdout]   65:     0x633be16bf9ae - std::panic::catch_unwind::hbaf3cae49b3c6433
[INFO] [stdout]                                at /rustc/df4ca44d3fbc9301ee17f30f4d474e6ae4b05252/library/std/src/panic.rs:358:14
[INFO] [stdout]   66:     0x633be16bf9ae - std::thread::Builder::spawn_unchecked_::{{closure}}::h8e141ea224820bce
[INFO] [stdout]                                at /rustc/df4ca44d3fbc9301ee17f30f4d474e6ae4b05252/library/std/src/thread/mod.rs:540:30
[INFO] [stdout]   67:     0x633be16bf9ae - core::ops::function::FnOnce::call_once{{vtable.shim}}::h90d312fedd7b8ea8
[INFO] [stdout]                                at /rustc/df4ca44d3fbc9301ee17f30f4d474e6ae4b05252/library/core/src/ops/function.rs:250:5
[INFO] [stdout]   68:     0x633be1c1efeb - <alloc::boxed::Box<F,A> as core::ops::function::FnOnce<Args>>::call_once::h69aa08ddb6adb8b6
[INFO] [stdout]                                at /rustc/df4ca44d3fbc9301ee17f30f4d474e6ae4b05252/library/alloc/src/boxed.rs:2454:9
[INFO] [stdout]   69:     0x633be1c1efeb - <alloc::boxed::Box<F,A> as core::ops::function::FnOnce<Args>>::call_once::h5aa36efdb79c806f
[INFO] [stdout]                                at /rustc/df4ca44d3fbc9301ee17f30f4d474e6ae4b05252/library/alloc/src/boxed.rs:2454:9
[INFO] [stdout]   70:     0x633be1c1efeb - std::sys::pal::unix::thread::Thread::new::thread_start::h6cd80a1b4be5158d
[INFO] [stdout]                                at /rustc/df4ca44d3fbc9301ee17f30f4d474e6ae4b05252/library/std/src/sys/pal/unix/thread.rs:105:17
[INFO] [stdout]   71:     0x7eaa9cb13ac3 - <unknown>
[INFO] [stdout]   72:     0x7eaa9cba4a04 - clone
[INFO] [stdout]   73:                0x0 - <unknown>
[INFO] [stdout] 
[INFO] [stdout] 
[INFO] [stdout] failures:
[INFO] [stdout]     conn::postgres::tests::test_create_schema
[INFO] [stdout]     conn::postgres::tests::test_get_pool
[INFO] [stdout] 
[INFO] [stdout] test result: FAILED. 0 passed; 2 failed; 0 ignored; 0 measured; 0 filtered out; finished in 0.04s
[INFO] [stdout] 
[INFO] [stderr] error: test failed, to rerun pass `--lib`
[INFO] running `Command { std: "docker" "inspect" "48fa61d7a88c09e2a8ea56cfa56c6aec2f50b20a178f13f2527c0ba9b65ad982", kill_on_drop: false }`
[INFO] running `Command { std: "docker" "rm" "-f" "48fa61d7a88c09e2a8ea56cfa56c6aec2f50b20a178f13f2527c0ba9b65ad982", kill_on_drop: false }`
[INFO] [stdout] 48fa61d7a88c09e2a8ea56cfa56c6aec2f50b20a178f13f2527c0ba9b65ad982
