[INFO] cloning repository https://github.com/arewelangyet/awlyc
[INFO] running `Command { std: "git" "-c" "credential.helper=" "-c" "credential.helper=/workspace/cargo-home/bin/git-credential-null" "clone" "--bare" "https://github.com/arewelangyet/awlyc" "/workspace/cache/git-repos/https%3A%2F%2Fgithub.com%2Farewelangyet%2Fawlyc", kill_on_drop: false }`
[INFO] [stderr] Cloning into bare repository '/workspace/cache/git-repos/https%3A%2F%2Fgithub.com%2Farewelangyet%2Fawlyc'...
[INFO] running `Command { std: "git" "rev-parse" "HEAD", kill_on_drop: false }`
[INFO] [stdout] 31d9f5ddfdeb36701f2cd463126cc69c9ceea514
[INFO] testing arewelangyet/awlyc/31d9f5ddfdeb36701f2cd463126cc69c9ceea514 against nightly-2024-10-28 for randomize-layout
[INFO] running `Command { std: "git" "clone" "/workspace/cache/git-repos/https%3A%2F%2Fgithub.com%2Farewelangyet%2Fawlyc" "/workspace/builds/worker-3-tc1/source", kill_on_drop: false }`
[INFO] [stderr] Cloning into '/workspace/builds/worker-3-tc1/source'...
[INFO] [stderr] done.
[INFO] validating manifest of git repo https://github.com/arewelangyet/awlyc on toolchain nightly-2024-10-28
[INFO] running `Command { std: CARGO_HOME="/workspace/cargo-home" RUSTUP_HOME="/workspace/rustup-home" "/workspace/cargo-home/bin/cargo" "+nightly-2024-10-28" "metadata" "--manifest-path" "Cargo.toml" "--no-deps", kill_on_drop: false }`
[INFO] started tweaking git repo https://github.com/arewelangyet/awlyc
[INFO] finished tweaking git repo https://github.com/arewelangyet/awlyc
[INFO] tweaked toml for git repo https://github.com/arewelangyet/awlyc written to /workspace/builds/worker-3-tc1/source/Cargo.toml
[INFO] crate git repo https://github.com/arewelangyet/awlyc already has a lockfile, it will not be regenerated
[INFO] running `Command { std: CARGO_HOME="/workspace/cargo-home" RUSTUP_HOME="/workspace/rustup-home" "/workspace/cargo-home/bin/cargo" "+nightly-2024-10-28" "fetch" "--manifest-path" "Cargo.toml", kill_on_drop: false }`
[INFO] [stderr] warning: virtual workspace defaulting to `resolver = "1"` despite one or more workspace members being on edition 2021 which implies `resolver = "2"`
[INFO] [stderr] note: to keep the current resolver, specify `workspace.resolver = "1"` in the workspace root's manifest
[INFO] [stderr] note: to use the edition 2021 resolver, specify `workspace.resolver = "2"` in the workspace root's manifest
[INFO] [stderr] note: for more details see https://doc.rust-lang.org/cargo/reference/resolver.html#resolver-versions
[INFO] [stderr]     Updating crates.io index
[INFO] [stderr]  Downloading crates ...
[INFO] [stderr]   Downloaded smol_str v0.1.23
[INFO] [stderr]   Downloaded serde_yaml v0.8.25
[INFO] [stderr]   Downloaded la-arena v0.2.1
[INFO] [stderr]   Downloaded ariadne v0.1.5
[INFO] [stderr]   Downloaded insta v1.15.0
[INFO] running `Command { std: "docker" "create" "-v" "/var/lib/crater-agent-workspace/builds/worker-3-tc1/target:/opt/rustwide/target:rw,Z" "-v" "/var/lib/crater-agent-workspace/builds/worker-3-tc1/source:/opt/rustwide/workdir:ro,Z" "-v" "/var/lib/crater-agent-workspace/cargo-home:/opt/rustwide/cargo-home:ro,Z" "-v" "/var/lib/crater-agent-workspace/rustup-home:/opt/rustwide/rustup-home:ro,Z" "-e" "SOURCE_DIR=/opt/rustwide/workdir" "-e" "CARGO_TARGET_DIR=/opt/rustwide/target" "-e" "CARGO_HOME=/opt/rustwide/cargo-home" "-e" "RUSTUP_HOME=/opt/rustwide/rustup-home" "-w" "/opt/rustwide/workdir" "-m" "1610612736" "--user" "0:0" "--network" "none" "ghcr.io/rust-lang/crates-build-env/linux@sha256:4a844ea9eb2546a2d2c7022eacef16ef2e8229c7fbb2c7d4d55a9ceca922f72d" "/opt/rustwide/cargo-home/bin/cargo" "+nightly-2024-10-28" "metadata" "--no-deps" "--format-version=1", kill_on_drop: false }`
[INFO] [stdout] 2bb4336a2fcc5b6dbb1d8ba6a2fc6fa0902f46c8c3e43f2f44f85270cccb2041
[INFO] running `Command { std: "docker" "start" "-a" "2bb4336a2fcc5b6dbb1d8ba6a2fc6fa0902f46c8c3e43f2f44f85270cccb2041", kill_on_drop: false }`
[INFO] running `Command { std: "docker" "inspect" "2bb4336a2fcc5b6dbb1d8ba6a2fc6fa0902f46c8c3e43f2f44f85270cccb2041", kill_on_drop: false }`
[INFO] running `Command { std: "docker" "rm" "-f" "2bb4336a2fcc5b6dbb1d8ba6a2fc6fa0902f46c8c3e43f2f44f85270cccb2041", kill_on_drop: false }`
[INFO] [stdout] 2bb4336a2fcc5b6dbb1d8ba6a2fc6fa0902f46c8c3e43f2f44f85270cccb2041
[INFO] running `Command { std: "docker" "create" "-v" "/var/lib/crater-agent-workspace/builds/worker-3-tc1/target:/opt/rustwide/target:rw,Z" "-v" "/var/lib/crater-agent-workspace/builds/worker-3-tc1/source:/opt/rustwide/workdir:ro,Z" "-v" "/var/lib/crater-agent-workspace/cargo-home:/opt/rustwide/cargo-home:ro,Z" "-v" "/var/lib/crater-agent-workspace/rustup-home:/opt/rustwide/rustup-home:ro,Z" "-e" "SOURCE_DIR=/opt/rustwide/workdir" "-e" "CARGO_TARGET_DIR=/opt/rustwide/target" "-e" "CARGO_INCREMENTAL=0" "-e" "RUST_BACKTRACE=full" "-e" "RUSTFLAGS=--cap-lints=forbid" "-e" "RUSTDOCFLAGS=--cap-lints=forbid" "-e" "CARGO_HOME=/opt/rustwide/cargo-home" "-e" "RUSTUP_HOME=/opt/rustwide/rustup-home" "-w" "/opt/rustwide/workdir" "-m" "1610612736" "--user" "0:0" "--network" "none" "ghcr.io/rust-lang/crates-build-env/linux@sha256:4a844ea9eb2546a2d2c7022eacef16ef2e8229c7fbb2c7d4d55a9ceca922f72d" "/opt/rustwide/cargo-home/bin/cargo" "+nightly-2024-10-28" "build" "--frozen" "--message-format=json", kill_on_drop: false }`
[INFO] [stdout] fdc6e7002ec1fd8a35fa991f29c4daefb73314003bcbb9d5d244222f78c3666f
[INFO] running `Command { std: "docker" "start" "-a" "fdc6e7002ec1fd8a35fa991f29c4daefb73314003bcbb9d5d244222f78c3666f", kill_on_drop: false }`
[INFO] [stderr] warning: virtual workspace defaulting to `resolver = "1"` despite one or more workspace members being on edition 2021 which implies `resolver = "2"`
[INFO] [stderr] note: to keep the current resolver, specify `workspace.resolver = "1"` in the workspace root's manifest
[INFO] [stderr] note: to use the edition 2021 resolver, specify `workspace.resolver = "2"` in the workspace root's manifest
[INFO] [stderr] note: for more details see https://doc.rust-lang.org/cargo/reference/resolver.html#resolver-versions
[INFO] [stderr]    Compiling proc-macro2 v1.0.40
[INFO] [stderr]    Compiling quote v1.0.20
[INFO] [stderr]    Compiling unicode-ident v1.0.1
[INFO] [stderr]    Compiling syn v1.0.98
[INFO] [stderr]    Compiling serde_derive v1.0.139
[INFO] [stderr]    Compiling serde v1.0.139
[INFO] [stderr]    Compiling beef v0.5.2
[INFO] [stderr]    Compiling regex-syntax v0.6.27
[INFO] [stderr]    Compiling text-size v1.1.0
[INFO] [stderr]    Compiling yansi v0.5.1
[INFO] [stderr]    Compiling smallvec v1.9.0
[INFO] [stderr]    Compiling la-arena v0.2.1
[INFO] [stderr]    Compiling either v1.7.0
[INFO] [stderr]    Compiling itertools v0.10.3
[INFO] [stderr]    Compiling ariadne v0.1.5
[INFO] [stderr]    Compiling logos-derive v0.12.1
[INFO] [stderr]    Compiling logos v0.12.1
[INFO] [stderr]    Compiling smol_str v0.1.23
[INFO] [stderr]    Compiling awlyc-error v0.1.0 (/opt/rustwide/workdir/crates/awlyc-error)
[INFO] [stderr]    Compiling awlyc-lexer v0.1.0 (/opt/rustwide/workdir/crates/awlyc-lexer)
[INFO] [stderr]    Compiling awlyc-parser v0.1.0 (/opt/rustwide/workdir/crates/awlyc-parser)
[INFO] [stderr]    Compiling awlyc-values v0.1.0 (/opt/rustwide/workdir/crates/awlyc-values)
[INFO] [stderr]    Compiling awlyc v0.1.0 (/opt/rustwide/workdir/crates/awlyc)
[INFO] [stderr]     Finished `dev` profile [unoptimized + debuginfo] target(s) in 7.42s
[INFO] running `Command { std: "docker" "inspect" "fdc6e7002ec1fd8a35fa991f29c4daefb73314003bcbb9d5d244222f78c3666f", kill_on_drop: false }`
[INFO] running `Command { std: "docker" "rm" "-f" "fdc6e7002ec1fd8a35fa991f29c4daefb73314003bcbb9d5d244222f78c3666f", kill_on_drop: false }`
[INFO] [stdout] fdc6e7002ec1fd8a35fa991f29c4daefb73314003bcbb9d5d244222f78c3666f
[INFO] running `Command { std: "docker" "create" "-v" "/var/lib/crater-agent-workspace/builds/worker-3-tc1/target:/opt/rustwide/target:rw,Z" "-v" "/var/lib/crater-agent-workspace/builds/worker-3-tc1/source:/opt/rustwide/workdir:ro,Z" "-v" "/var/lib/crater-agent-workspace/cargo-home:/opt/rustwide/cargo-home:ro,Z" "-v" "/var/lib/crater-agent-workspace/rustup-home:/opt/rustwide/rustup-home:ro,Z" "-e" "SOURCE_DIR=/opt/rustwide/workdir" "-e" "CARGO_TARGET_DIR=/opt/rustwide/target" "-e" "CARGO_INCREMENTAL=0" "-e" "RUST_BACKTRACE=full" "-e" "RUSTFLAGS=--cap-lints=forbid" "-e" "RUSTDOCFLAGS=--cap-lints=forbid" "-e" "CARGO_HOME=/opt/rustwide/cargo-home" "-e" "RUSTUP_HOME=/opt/rustwide/rustup-home" "-w" "/opt/rustwide/workdir" "-m" "1610612736" "--user" "0:0" "--network" "none" "ghcr.io/rust-lang/crates-build-env/linux@sha256:4a844ea9eb2546a2d2c7022eacef16ef2e8229c7fbb2c7d4d55a9ceca922f72d" "/opt/rustwide/cargo-home/bin/cargo" "+nightly-2024-10-28" "test" "--frozen" "--no-run" "--message-format=json", kill_on_drop: false }`
[INFO] [stdout] 2ec4adf2b81ec14277b8c184c6626a640dc1f526e356dc04e49fcf20e92fc3fb
[INFO] running `Command { std: "docker" "start" "-a" "2ec4adf2b81ec14277b8c184c6626a640dc1f526e356dc04e49fcf20e92fc3fb", kill_on_drop: false }`
[INFO] [stderr] warning: virtual workspace defaulting to `resolver = "1"` despite one or more workspace members being on edition 2021 which implies `resolver = "2"`
[INFO] [stderr] note: to keep the current resolver, specify `workspace.resolver = "1"` in the workspace root's manifest
[INFO] [stderr] note: to use the edition 2021 resolver, specify `workspace.resolver = "2"` in the workspace root's manifest
[INFO] [stderr] note: for more details see https://doc.rust-lang.org/cargo/reference/resolver.html#resolver-versions
[INFO] [stderr]    Compiling libc v0.2.126
[INFO] [stderr]    Compiling hashbrown v0.12.2
[INFO] [stderr]    Compiling linked-hash-map v0.5.6
[INFO] [stderr]    Compiling serde_json v1.0.82
[INFO] [stderr]    Compiling ryu v1.0.10
[INFO] [stderr]    Compiling itoa v1.0.2
[INFO] [stderr]    Compiling indexmap v1.9.1
[INFO] [stderr]    Compiling once_cell v1.13.0
[INFO] [stderr]    Compiling similar v2.1.0
[INFO] [stderr]    Compiling paste v1.0.7
[INFO] [stderr]    Compiling awlyc-error v0.1.0 (/opt/rustwide/workdir/crates/awlyc-error)
[INFO] [stderr]    Compiling awlyc-values v0.1.0 (/opt/rustwide/workdir/crates/awlyc-values)
[INFO] [stderr]    Compiling awlyc v0.1.0 (/opt/rustwide/workdir/crates/awlyc)
[INFO] [stdout] warning: fields `title` and `author` are never read
[INFO] [stdout]    --> crates/awlyc/src/lib.rs:111:13
[INFO] [stdout]     |
[INFO] [stdout] 110 |         struct Project {
[INFO] [stdout]     |                ------- fields in this struct
[INFO] [stdout] 111 |             title: String,
[INFO] [stdout]     |             ^^^^^
[INFO] [stdout] 112 |             author: String,
[INFO] [stdout]     |             ^^^^^^
[INFO] [stdout]     |
[INFO] [stdout]     = note: `Project` has a derived impl for the trait `Debug`, but this is intentionally ignored during dead code analysis
[INFO] [stdout]     = note: `#[warn(dead_code)]` on by default
[INFO] [stdout] 
[INFO] [stdout] 
[INFO] [stderr]    Compiling yaml-rust v0.4.5
[INFO] [stderr]    Compiling terminal_size v0.1.17
[INFO] [stderr]    Compiling console v0.15.0
[INFO] [stderr]    Compiling serde_yaml v0.8.25
[INFO] [stderr]    Compiling insta v1.15.0
[INFO] [stderr]    Compiling awlyc-lexer v0.1.0 (/opt/rustwide/workdir/crates/awlyc-lexer)
[INFO] [stderr]    Compiling awlyc-parser v0.1.0 (/opt/rustwide/workdir/crates/awlyc-parser)
[INFO] [stderr]     Finished `test` profile [unoptimized + debuginfo] target(s) in 2.60s
[INFO] running `Command { std: "docker" "inspect" "2ec4adf2b81ec14277b8c184c6626a640dc1f526e356dc04e49fcf20e92fc3fb", kill_on_drop: false }`
[INFO] running `Command { std: "docker" "rm" "-f" "2ec4adf2b81ec14277b8c184c6626a640dc1f526e356dc04e49fcf20e92fc3fb", kill_on_drop: false }`
[INFO] [stdout] 2ec4adf2b81ec14277b8c184c6626a640dc1f526e356dc04e49fcf20e92fc3fb
[INFO] running `Command { std: "docker" "create" "-v" "/var/lib/crater-agent-workspace/builds/worker-3-tc1/target:/opt/rustwide/target:rw,Z" "-v" "/var/lib/crater-agent-workspace/builds/worker-3-tc1/source:/opt/rustwide/workdir:ro,Z" "-v" "/var/lib/crater-agent-workspace/cargo-home:/opt/rustwide/cargo-home:ro,Z" "-v" "/var/lib/crater-agent-workspace/rustup-home:/opt/rustwide/rustup-home:ro,Z" "-e" "SOURCE_DIR=/opt/rustwide/workdir" "-e" "CARGO_TARGET_DIR=/opt/rustwide/target" "-e" "CARGO_INCREMENTAL=0" "-e" "RUST_BACKTRACE=full" "-e" "RUSTFLAGS=--cap-lints=forbid" "-e" "RUSTDOCFLAGS=--cap-lints=forbid" "-e" "CARGO_HOME=/opt/rustwide/cargo-home" "-e" "RUSTUP_HOME=/opt/rustwide/rustup-home" "-w" "/opt/rustwide/workdir" "-m" "1610612736" "--user" "0:0" "--network" "none" "ghcr.io/rust-lang/crates-build-env/linux@sha256:4a844ea9eb2546a2d2c7022eacef16ef2e8229c7fbb2c7d4d55a9ceca922f72d" "/opt/rustwide/cargo-home/bin/cargo" "+nightly-2024-10-28" "test" "--frozen", kill_on_drop: false }`
[INFO] [stdout] 58b9b6df1377140ac56c9504ce888d113c879f62f3d798659f30fc994dadc90b
[INFO] running `Command { std: "docker" "start" "-a" "58b9b6df1377140ac56c9504ce888d113c879f62f3d798659f30fc994dadc90b", kill_on_drop: false }`
[INFO] [stderr] warning: virtual workspace defaulting to `resolver = "1"` despite one or more workspace members being on edition 2021 which implies `resolver = "2"`
[INFO] [stderr] note: to keep the current resolver, specify `workspace.resolver = "1"` in the workspace root's manifest
[INFO] [stderr] note: to use the edition 2021 resolver, specify `workspace.resolver = "2"` in the workspace root's manifest
[INFO] [stderr] note: for more details see https://doc.rust-lang.org/cargo/reference/resolver.html#resolver-versions
[INFO] [stderr] warning: fields `title` and `author` are never read
[INFO] [stderr]    --> crates/awlyc/src/lib.rs:111:13
[INFO] [stderr]     |
[INFO] [stderr] 110 |         struct Project {
[INFO] [stderr]     |                ------- fields in this struct
[INFO] [stderr] 111 |             title: String,
[INFO] [stderr]     |             ^^^^^
[INFO] [stderr] 112 |             author: String,
[INFO] [stderr]     |             ^^^^^^
[INFO] [stderr]     |
[INFO] [stderr]     = note: `Project` has a derived impl for the trait `Debug`, but this is intentionally ignored during dead code analysis
[INFO] [stderr]     = note: `#[warn(dead_code)]` on by default
[INFO] [stderr] 
[INFO] [stderr] warning: `awlyc` (lib test) generated 1 warning
[INFO] [stderr]     Finished `test` profile [unoptimized + debuginfo] target(s) in 0.03s
[INFO] [stderr]      Running unittests src/lib.rs (/opt/rustwide/target/debug/deps/awlyc-7bbb8de6c389e51b)
[INFO] [stdout] 
[INFO] [stdout] running 1 test
[INFO] [stdout] test tests::basic ... ok
[INFO] [stdout] 
[INFO] [stdout] test result: ok. 1 passed; 0 failed; 0 ignored; 0 measured; 0 filtered out; finished in 0.00s
[INFO] [stdout] 
[INFO] [stderr]      Running unittests src/lib.rs (/opt/rustwide/target/debug/deps/awlyc_error-645fca9f7a675f91)
[INFO] [stdout] 
[INFO] [stdout] running 0 tests
[INFO] [stdout] 
[INFO] [stdout] test result: ok. 0 passed; 0 failed; 0 ignored; 0 measured; 0 filtered out; finished in 0.00s
[INFO] [stdout] 
[INFO] [stderr]      Running unittests src/lib.rs (/opt/rustwide/target/debug/deps/awlyc_lexer-e8b5429410ea0143)
[INFO] [stdout] 
[INFO] [stdout] running 3 tests
[INFO] [stdout] test tests::test_lex_separators ... ok
[INFO] [stdout] test tests::test_lex_basic_input ... ok
[INFO] [stdout] test tests::test_lex_keywords ... ok
[INFO] [stdout] 
[INFO] [stdout] test result: ok. 3 passed; 0 failed; 0 ignored; 0 measured; 0 filtered out; finished in 0.01s
[INFO] [stdout] 
[INFO] [stderr]      Running unittests src/lib.rs (/opt/rustwide/target/debug/deps/awlyc_parser-26761363207fb7ba)
[INFO] [stdout] 
[INFO] [stdout] running 1 test
[INFO] [stdout] test tests::test_parse_basic_fn_decl ... FAILED
[INFO] [stdout] 
[INFO] [stdout] failures:
[INFO] [stdout] 
[INFO] [stdout] ---- tests::test_parse_basic_fn_decl stdout ----
[INFO] [stdout] ━━━━━━━━━━━━━━━━━━━━━━━━━━━━━ Snapshot Differences ━━━━━━━━━━━━━━━━━━━━━━━━━━━━━
[INFO] [stdout] Snapshot file: crates/awlyc-parser/src/snapshots/awlyc_parser__tests__parse_basic_fn_decl.snap
[INFO] [stdout] Snapshot: parse_basic_fn_decl
[INFO] [stdout] Source: crates/awlyc-parser/src/lib.rs:179
[INFO] [stdout] -old snapshot
[INFO] [stdout] +new results
[INFO] [stdout] ────────────────────────────────────────────────────────────────────────────────
[INFO] [stdout] s
[INFO] [stdout] ────────────┬───────────────────────────────────────────────────────────────────
[INFO] [stdout]     0     0 │ Arena {
[INFO] [stdout]     1       │-    len: 2,
[INFO] [stdout]           1 │+    len: 1,
[INFO] [stdout]     2     2 │     data: [
[INFO] [stdout]     3       │-        String(
[INFO] [stdout]     4       │-            "https://arewelangyet.com",
[INFO] [stdout]     5       │-        ),
[INFO] [stdout]     6       │-        Error,
[INFO] [stdout]           3 │+        Spanned {
[INFO] [stdout]           4 │+            inner: Error,
[INFO] [stdout]           5 │+            span: Span {
[INFO] [stdout]           6 │+                range: 44..45,
[INFO] [stdout]           7 │+                file_id: FileId(
[INFO] [stdout]           8 │+                    "main",
[INFO] [stdout]           9 │+                ),
[INFO] [stdout]          10 │+            },
[INFO] [stdout]          11 │+        },
[INFO] [stdout]     7    12 │     ],
[INFO] [stdout]     8    13 │ }
[INFO] [stdout]     9    14 │ Module {
[INFO] [stdout]    10    15 │     imports: [],
[INFO] [stdout]    11    16 │     functions: [
[INFO] [stdout]    12    17 │         FnDecl {
[INFO] [stdout]    13       │-            name: "host",
[INFO] [stdout]    14       │-            params: FnParams(
[INFO] [stdout]    15       │-                [
[INFO] [stdout]    16       │-                    FnParam(
[INFO] [stdout]    17       │-                        "foo",
[INFO] [stdout]          18 │+            name: Spanned {
[INFO] [stdout]          19 │+                inner: "host",
[INFO] [stdout]          20 │+                span: Span {
[INFO] [stdout]          21 │+                    range: 3..7,
[INFO] [stdout]          22 │+                    file_id: FileId(
[INFO] [stdout]          23 │+                        "main",
[INFO] [stdout]    18    24 │                     ),
[INFO] [stdout]    19       │-                    FnParam(
[INFO] [stdout]    20       │-                        "bar",
[INFO] [stdout]          25 │+                },
[INFO] [stdout]          26 │+            },
[INFO] [stdout]          27 │+            params: Spanned {
[INFO] [stdout]          28 │+                inner: FnParams(
[INFO] [stdout]          29 │+                    [
[INFO] [stdout]          30 │+                        FnParam(
[INFO] [stdout]          31 │+                            "foo",
[INFO] [stdout]          32 │+                        ),
[INFO] [stdout]          33 │+                        FnParam(
[INFO] [stdout]          34 │+                            "bar",
[INFO] [stdout]          35 │+                        ),
[INFO] [stdout]          36 │+                    ],
[INFO] [stdout]          37 │+                ),
[INFO] [stdout]          38 │+                span: Span {
[INFO] [stdout]          39 │+                    range: 7..18,
[INFO] [stdout]          40 │+                    file_id: FileId(
[INFO] [stdout]          41 │+                        "main",
[INFO] [stdout]    21    42 │                     ),
[INFO] [stdout]    22       │-                ],
[INFO] [stdout]    23       │-            ),
[INFO] [stdout]    24       │-            body: Idx::<Expr>(0),
[INFO] [stdout]          43 │+                },
[INFO] [stdout]          44 │+            },
[INFO] [stdout]          45 │+            body: Idx::<Expr>>(0),
[INFO] [stdout]    25    46 │         },
[INFO] [stdout]    26    47 │     ],
[INFO] [stdout]    27       │-    expr: Idx::<Expr>(1),
[INFO] [stdout]          48 │+    expr: None,
[INFO] [stdout]    28    49 │ }
[INFO] [stdout]    29    50 │ [
[INFO] [stdout]    30    51 │     Diagnostic {
[INFO] [stdout]    31    52 │         kind: Error,
[INFO] [stdout]    32       │-        msg: "missing expression (nothing to evaluate)",
[INFO] [stdout]          53 │+        msg: "expected `LCurly`",
[INFO] [stdout]          54 │+        span: Span {
[INFO] [stdout]          55 │+            range: 17..18,
[INFO] [stdout]          56 │+            file_id: FileId(
[INFO] [stdout]          57 │+                "main",
[INFO] [stdout]          58 │+            ),
[INFO] [stdout]          59 │+        },
[INFO] [stdout]          60 │+    },
[INFO] [stdout]          61 │+    Diagnostic {
[INFO] [stdout]          62 │+        kind: Error,
[INFO] [stdout]          63 │+        msg: "expected expression",
[INFO] [stdout]          64 │+        span: Span {
[INFO] [stdout]          65 │+            range: 44..45,
[INFO] [stdout]          66 │+            file_id: FileId(
[INFO] [stdout]          67 │+                "main",
[INFO] [stdout]          68 │+            ),
[INFO] [stdout]          69 │+        },
[INFO] [stdout]          70 │+    },
[INFO] [stdout]          71 │+    Diagnostic {
[INFO] [stdout]          72 │+        kind: Error,
[INFO] [stdout]          73 │+        msg: "expected `LParen, RCurly`",
[INFO] [stdout]    33    74 │         span: Span {
[INFO] [stdout]    34    75 │             range: 44..45,
[INFO] [stdout]    35    76 │             file_id: FileId(
[INFO] [stdout]    36    77 │                 "main",
[INFO] [stdout] ────────────┴───────────────────────────────────────────────────────────────────
[INFO] [stdout] thread 'tests::test_parse_basic_fn_decl' panicked at crates/awlyc-parser/src/lib.rs:179:5:
[INFO] [stdout] called `Result::unwrap()` on an `Err` value: Os { code: 30, kind: ReadOnlyFilesystem, message: "Read-only file system" }
[INFO] [stdout] stack backtrace:
[INFO] [stdout]    0:     0x6507f020e88a - std::backtrace_rs::backtrace::libunwind::trace::h207520d6e9873551
[INFO] [stdout]                                at /rustc/df4ca44d3fbc9301ee17f30f4d474e6ae4b05252/library/std/src/../../backtrace/src/backtrace/libunwind.rs:116:5
[INFO] [stdout]    1:     0x6507f020e88a - std::backtrace_rs::backtrace::trace_unsynchronized::h2ed7433f370e3eca
[INFO] [stdout]                                at /rustc/df4ca44d3fbc9301ee17f30f4d474e6ae4b05252/library/std/src/../../backtrace/src/backtrace/mod.rs:66:5
[INFO] [stdout]    2:     0x6507f020e88a - std::sys::backtrace::_print_fmt::h916fac51166b18d7
[INFO] [stdout]                                at /rustc/df4ca44d3fbc9301ee17f30f4d474e6ae4b05252/library/std/src/sys/backtrace.rs:66:9
[INFO] [stdout]    3:     0x6507f020e88a - <std::sys::backtrace::BacktraceLock::print::DisplayBacktrace as core::fmt::Display>::fmt::ha0a4c9b8ce3802e6
[INFO] [stdout]                                at /rustc/df4ca44d3fbc9301ee17f30f4d474e6ae4b05252/library/std/src/sys/backtrace.rs:39:26
[INFO] [stdout]    4:     0x6507f0237ca3 - core::fmt::rt::Argument::fmt::h4cfc8587d52b3eb5
[INFO] [stdout]                                at /rustc/df4ca44d3fbc9301ee17f30f4d474e6ae4b05252/library/core/src/fmt/rt.rs:177:76
[INFO] [stdout]    5:     0x6507f0237ca3 - core::fmt::write::h522cc39e5b36ae9f
[INFO] [stdout]                                at /rustc/df4ca44d3fbc9301ee17f30f4d474e6ae4b05252/library/core/src/fmt/mod.rs:1190:21
[INFO] [stdout]    6:     0x6507f020acc3 - std::io::Write::write_fmt::h7d3c26752da97734
[INFO] [stdout]                                at /rustc/df4ca44d3fbc9301ee17f30f4d474e6ae4b05252/library/std/src/io/mod.rs:1839:15
[INFO] [stdout]    7:     0x6507f020e6d2 - std::sys::backtrace::BacktraceLock::print::h4b9e00b29e9c0942
[INFO] [stdout]                                at /rustc/df4ca44d3fbc9301ee17f30f4d474e6ae4b05252/library/std/src/sys/backtrace.rs:42:9
[INFO] [stdout]    8:     0x6507f020fd1a - std::panicking::default_hook::{{closure}}::hb59b88280d0324d9
[INFO] [stdout]                                at /rustc/df4ca44d3fbc9301ee17f30f4d474e6ae4b05252/library/std/src/panicking.rs:268:22
[INFO] [stdout]    9:     0x6507f020fb24 - std::panicking::default_hook::he1dd496665be4a29
[INFO] [stdout]                                at /rustc/df4ca44d3fbc9301ee17f30f4d474e6ae4b05252/library/std/src/panicking.rs:292:9
[INFO] [stdout]   10:     0x6507f01c8519 - <alloc::boxed::Box<F,A> as core::ops::function::Fn<Args>>::call::h4ff71de18744e1dc
[INFO] [stdout]                                at /rustc/df4ca44d3fbc9301ee17f30f4d474e6ae4b05252/library/alloc/src/boxed.rs:2468:9
[INFO] [stdout]   11:     0x6507f01c8519 - test::test_main::{{closure}}::hcf7c055ce117aa81
[INFO] [stdout]                                at /rustc/df4ca44d3fbc9301ee17f30f4d474e6ae4b05252/library/test/src/lib.rs:133:21
[INFO] [stdout]   12:     0x6507f0210418 - <alloc::boxed::Box<F,A> as core::ops::function::Fn<Args>>::call::h1d66c6bbd60c9692
[INFO] [stdout]                                at /rustc/df4ca44d3fbc9301ee17f30f4d474e6ae4b05252/library/alloc/src/boxed.rs:2468:9
[INFO] [stdout]   13:     0x6507f0210418 - std::panicking::rust_panic_with_hook::h2ff17fe8f26dfcf8
[INFO] [stdout]                                at /rustc/df4ca44d3fbc9301ee17f30f4d474e6ae4b05252/library/std/src/panicking.rs:809:13
[INFO] [stdout]   14:     0x6507f02101da - std::panicking::begin_panic_handler::{{closure}}::h4fad77951c07e101
[INFO] [stdout]                                at /rustc/df4ca44d3fbc9301ee17f30f4d474e6ae4b05252/library/std/src/panicking.rs:674:13
[INFO] [stdout]   15:     0x6507f020ed69 - std::sys::backtrace::__rust_end_short_backtrace::hb1a25b3da5d0ea08
[INFO] [stdout]                                at /rustc/df4ca44d3fbc9301ee17f30f4d474e6ae4b05252/library/std/src/sys/backtrace.rs:170:18
[INFO] [stdout]   16:     0x6507f020fe6c - rust_begin_unwind
[INFO] [stdout]                                at /rustc/df4ca44d3fbc9301ee17f30f4d474e6ae4b05252/library/std/src/panicking.rs:665:5
[INFO] [stdout]   17:     0x6507f0235b20 - core::panicking::panic_fmt::ha9db07b529f9b256
[INFO] [stdout]                                at /rustc/df4ca44d3fbc9301ee17f30f4d474e6ae4b05252/library/core/src/panicking.rs:75:14
[INFO] [stdout]   18:     0x6507f0235f66 - core::result::unwrap_failed::h5e8218e4d4338b8a
[INFO] [stdout]                                at /rustc/df4ca44d3fbc9301ee17f30f4d474e6ae4b05252/library/core/src/result.rs:1698:5
[INFO] [stdout]   19:     0x6507f006284c - core::result::Result<T,E>::unwrap::h95c0a1cdca7e4685
[INFO] [stdout]                                at /rustc/df4ca44d3fbc9301ee17f30f4d474e6ae4b05252/library/core/src/result.rs:1103:23
[INFO] [stdout]   20:     0x6507f006284c - awlyc_parser::tests::test_parse_basic_fn_decl::h97d858284aee2361
[INFO] [stdout]                                at /opt/rustwide/workdir/crates/awlyc-parser/src/lib.rs:173:25
[INFO] [stdout]   21:     0x6507f0061ee7 - awlyc_parser::tests::test_parse_basic_fn_decl::{{closure}}::h044028f3122f97f2
[INFO] [stdout]                                at /opt/rustwide/workdir/crates/awlyc-parser/src/lib.rs:169:47
[INFO] [stdout]   22:     0x6507f0057326 - core::ops::function::FnOnce::call_once::h9fb2da7c4cfede14
[INFO] [stdout]                                at /rustc/df4ca44d3fbc9301ee17f30f4d474e6ae4b05252/library/core/src/ops/function.rs:250:5
[INFO] [stdout]   23:     0x6507f01ccdeb - core::ops::function::FnOnce::call_once::h22c3ba5715e93f05
[INFO] [stdout]                                at /rustc/df4ca44d3fbc9301ee17f30f4d474e6ae4b05252/library/core/src/ops/function.rs:250:5
[INFO] [stdout]   24:     0x6507f01ccdeb - test::__rust_begin_short_backtrace::h8e82d8113d0da17f
[INFO] [stdout]                                at /rustc/df4ca44d3fbc9301ee17f30f4d474e6ae4b05252/library/test/src/lib.rs:621:18
[INFO] [stdout]   25:     0x6507f01cc767 - test::run_test_in_process::{{closure}}::h33235f4f20b7b7c7
[INFO] [stdout]                                at /rustc/df4ca44d3fbc9301ee17f30f4d474e6ae4b05252/library/test/src/lib.rs:644:60
[INFO] [stdout]   26:     0x6507f01cc767 - <core::panic::unwind_safe::AssertUnwindSafe<F> as core::ops::function::FnOnce<()>>::call_once::hb5043206310c586f
[INFO] [stdout]                                at /rustc/df4ca44d3fbc9301ee17f30f4d474e6ae4b05252/library/core/src/panic/unwind_safe.rs:272:9
[INFO] [stdout]   27:     0x6507f01cc767 - std::panicking::try::do_call::h9ad4731a60ab23e2
[INFO] [stdout]                                at /rustc/df4ca44d3fbc9301ee17f30f4d474e6ae4b05252/library/std/src/panicking.rs:557:40
[INFO] [stdout]   28:     0x6507f01cc767 - std::panicking::try::h3824d23db772a716
[INFO] [stdout]                                at /rustc/df4ca44d3fbc9301ee17f30f4d474e6ae4b05252/library/std/src/panicking.rs:520:19
[INFO] [stdout]   29:     0x6507f01cc767 - std::panic::catch_unwind::h5afd514605fde46b
[INFO] [stdout]                                at /rustc/df4ca44d3fbc9301ee17f30f4d474e6ae4b05252/library/std/src/panic.rs:358:14
[INFO] [stdout]   30:     0x6507f01cc767 - test::run_test_in_process::h0d5cbfa7067d1720
[INFO] [stdout]                                at /rustc/df4ca44d3fbc9301ee17f30f4d474e6ae4b05252/library/test/src/lib.rs:644:27
[INFO] [stdout]   31:     0x6507f01cc767 - test::run_test::{{closure}}::h708eb8872708115d
[INFO] [stdout]                                at /rustc/df4ca44d3fbc9301ee17f30f4d474e6ae4b05252/library/test/src/lib.rs:565:43
[INFO] [stdout]   32:     0x6507f018fe84 - test::run_test::{{closure}}::h392c51cee94713ab
[INFO] [stdout]                                at /rustc/df4ca44d3fbc9301ee17f30f4d474e6ae4b05252/library/test/src/lib.rs:595:41
[INFO] [stdout]   33:     0x6507f018fe84 - std::sys::backtrace::__rust_begin_short_backtrace::h2f40290710935a8b
[INFO] [stdout]                                at /rustc/df4ca44d3fbc9301ee17f30f4d474e6ae4b05252/library/std/src/sys/backtrace.rs:154:18
[INFO] [stdout]   34:     0x6507f019362e - std::thread::Builder::spawn_unchecked_::{{closure}}::{{closure}}::h3fd968d89053a903
[INFO] [stdout]                                at /rustc/df4ca44d3fbc9301ee17f30f4d474e6ae4b05252/library/std/src/thread/mod.rs:541:17
[INFO] [stdout]   35:     0x6507f019362e - <core::panic::unwind_safe::AssertUnwindSafe<F> as core::ops::function::FnOnce<()>>::call_once::h743f637ba4229880
[INFO] [stdout]                                at /rustc/df4ca44d3fbc9301ee17f30f4d474e6ae4b05252/library/core/src/panic/unwind_safe.rs:272:9
[INFO] [stdout]   36:     0x6507f019362e - std::panicking::try::do_call::h07440897322525a6
[INFO] [stdout]                                at /rustc/df4ca44d3fbc9301ee17f30f4d474e6ae4b05252/library/std/src/panicking.rs:557:40
[INFO] [stdout]   37:     0x6507f019362e - std::panicking::try::he5a2e00188156637
[INFO] [stdout]                                at /rustc/df4ca44d3fbc9301ee17f30f4d474e6ae4b05252/library/std/src/panicking.rs:520:19
[INFO] [stdout]   38:     0x6507f019362e - std::panic::catch_unwind::hbaf3cae49b3c6433
[INFO] [stdout]                                at /rustc/df4ca44d3fbc9301ee17f30f4d474e6ae4b05252/library/std/src/panic.rs:358:14
[INFO] [stdout]   39:     0x6507f019362e - std::thread::Builder::spawn_unchecked_::{{closure}}::h8e141ea224820bce
[INFO] [stdout]                                at /rustc/df4ca44d3fbc9301ee17f30f4d474e6ae4b05252/library/std/src/thread/mod.rs:540:30
[INFO] [stdout]   40:     0x6507f019362e - core::ops::function::FnOnce::call_once{{vtable.shim}}::h90d312fedd7b8ea8
[INFO] [stdout]                                at /rustc/df4ca44d3fbc9301ee17f30f4d474e6ae4b05252/library/core/src/ops/function.rs:250:5
[INFO] [stdout]   41:     0x6507f021455b - <alloc::boxed::Box<F,A> as core::ops::function::FnOnce<Args>>::call_once::h69aa08ddb6adb8b6
[INFO] [stdout]                                at /rustc/df4ca44d3fbc9301ee17f30f4d474e6ae4b05252/library/alloc/src/boxed.rs:2454:9
[INFO] [stdout]   42:     0x6507f021455b - <alloc::boxed::Box<F,A> as core::ops::function::FnOnce<Args>>::call_once::h5aa36efdb79c806f
[INFO] [stdout]                                at /rustc/df4ca44d3fbc9301ee17f30f4d474e6ae4b05252/library/alloc/src/boxed.rs:2454:9
[INFO] [stdout]   43:     0x6507f021455b - std::sys::pal::unix::thread::Thread::new::thread_start::h6cd80a1b4be5158d
[INFO] [stdout]                                at /rustc/df4ca44d3fbc9301ee17f30f4d474e6ae4b05252/library/std/src/sys/pal/unix/thread.rs:105:17
[INFO] [stdout]   44:     0x771ef5f59ac3 - <unknown>
[INFO] [stdout]   45:     0x771ef5feaa04 - clone
[INFO] [stdout]   46:                0x0 - <unknown>
[INFO] [stdout] 
[INFO] [stdout] 
[INFO] [stdout] failures:
[INFO] [stdout]     tests::test_parse_basic_fn_decl
[INFO] [stdout] 
[INFO] [stdout] test result: FAILED. 0 passed; 1 failed; 0 ignored; 0 measured; 0 filtered out; finished in 0.93s
[INFO] [stdout] 
[INFO] [stderr] error: test failed, to rerun pass `-p awlyc-parser --lib`
[INFO] running `Command { std: "docker" "inspect" "58b9b6df1377140ac56c9504ce888d113c879f62f3d798659f30fc994dadc90b", kill_on_drop: false }`
[INFO] running `Command { std: "docker" "rm" "-f" "58b9b6df1377140ac56c9504ce888d113c879f62f3d798659f30fc994dadc90b", kill_on_drop: false }`
[INFO] [stdout] 58b9b6df1377140ac56c9504ce888d113c879f62f3d798659f30fc994dadc90b
