[INFO] cloning repository https://github.com/arena-rs/octane
[INFO] running `Command { std: "git" "-c" "credential.helper=" "-c" "credential.helper=/workspace/cargo-home/bin/git-credential-null" "clone" "--bare" "https://github.com/arena-rs/octane" "/workspace/cache/git-repos/https%3A%2F%2Fgithub.com%2Farena-rs%2Foctane", kill_on_drop: false }`
[INFO] [stderr] Cloning into bare repository '/workspace/cache/git-repos/https%3A%2F%2Fgithub.com%2Farena-rs%2Foctane'...
[INFO] running `Command { std: "git" "rev-parse" "HEAD", kill_on_drop: false }`
[INFO] [stdout] 4640896b9e12c88885cd6227fd03068081780f9a
[INFO] testing arena-rs/octane/4640896b9e12c88885cd6227fd03068081780f9a against nightly-2024-10-28+rustflags=-Zrandomize-layout for randomize-layout
[INFO] running `Command { std: "git" "clone" "/workspace/cache/git-repos/https%3A%2F%2Fgithub.com%2Farena-rs%2Foctane" "/workspace/builds/worker-0-tc2/source", kill_on_drop: false }`
[INFO] [stderr] Cloning into '/workspace/builds/worker-0-tc2/source'...
[INFO] [stderr] done.
[INFO] validating manifest of git repo https://github.com/arena-rs/octane on toolchain nightly-2024-10-28
[INFO] running `Command { std: CARGO_HOME="/workspace/cargo-home" RUSTUP_HOME="/workspace/rustup-home" "/workspace/cargo-home/bin/cargo" "+nightly-2024-10-28" "metadata" "--manifest-path" "Cargo.toml" "--no-deps", kill_on_drop: false }`
[INFO] started tweaking git repo https://github.com/arena-rs/octane
[INFO] finished tweaking git repo https://github.com/arena-rs/octane
[INFO] tweaked toml for git repo https://github.com/arena-rs/octane written to /workspace/builds/worker-0-tc2/source/Cargo.toml
[INFO] crate git repo https://github.com/arena-rs/octane already has a lockfile, it will not be regenerated
[INFO] running `Command { std: CARGO_HOME="/workspace/cargo-home" RUSTUP_HOME="/workspace/rustup-home" "/workspace/cargo-home/bin/cargo" "+nightly-2024-10-28" "fetch" "--manifest-path" "Cargo.toml", kill_on_drop: false }`
[INFO] running `Command { std: "docker" "create" "-v" "/var/lib/crater-agent-workspace/builds/worker-0-tc2/target:/opt/rustwide/target:rw,Z" "-v" "/var/lib/crater-agent-workspace/builds/worker-0-tc2/source:/opt/rustwide/workdir:ro,Z" "-v" "/var/lib/crater-agent-workspace/cargo-home:/opt/rustwide/cargo-home:ro,Z" "-v" "/var/lib/crater-agent-workspace/rustup-home:/opt/rustwide/rustup-home:ro,Z" "-e" "SOURCE_DIR=/opt/rustwide/workdir" "-e" "CARGO_TARGET_DIR=/opt/rustwide/target" "-e" "CARGO_HOME=/opt/rustwide/cargo-home" "-e" "RUSTUP_HOME=/opt/rustwide/rustup-home" "-w" "/opt/rustwide/workdir" "-m" "1610612736" "--user" "0:0" "--network" "none" "ghcr.io/rust-lang/crates-build-env/linux@sha256:4a844ea9eb2546a2d2c7022eacef16ef2e8229c7fbb2c7d4d55a9ceca922f72d" "/opt/rustwide/cargo-home/bin/cargo" "+nightly-2024-10-28" "metadata" "--no-deps" "--format-version=1", kill_on_drop: false }`
[INFO] [stdout] 8cf28bb6f00140700638cb553f6666c529f1057abbc83d1742aef944b4530675
[INFO] running `Command { std: "docker" "start" "-a" "8cf28bb6f00140700638cb553f6666c529f1057abbc83d1742aef944b4530675", kill_on_drop: false }`
[INFO] running `Command { std: "docker" "inspect" "8cf28bb6f00140700638cb553f6666c529f1057abbc83d1742aef944b4530675", kill_on_drop: false }`
[INFO] running `Command { std: "docker" "rm" "-f" "8cf28bb6f00140700638cb553f6666c529f1057abbc83d1742aef944b4530675", kill_on_drop: false }`
[INFO] [stdout] 8cf28bb6f00140700638cb553f6666c529f1057abbc83d1742aef944b4530675
[INFO] running `Command { std: "docker" "create" "-v" "/var/lib/crater-agent-workspace/builds/worker-0-tc2/target:/opt/rustwide/target:rw,Z" "-v" "/var/lib/crater-agent-workspace/builds/worker-0-tc2/source:/opt/rustwide/workdir:ro,Z" "-v" "/var/lib/crater-agent-workspace/cargo-home:/opt/rustwide/cargo-home:ro,Z" "-v" "/var/lib/crater-agent-workspace/rustup-home:/opt/rustwide/rustup-home:ro,Z" "-e" "SOURCE_DIR=/opt/rustwide/workdir" "-e" "CARGO_TARGET_DIR=/opt/rustwide/target" "-e" "CARGO_INCREMENTAL=0" "-e" "RUST_BACKTRACE=full" "-e" "RUSTFLAGS=--cap-lints=forbid -Zrandomize-layout" "-e" "RUSTDOCFLAGS=--cap-lints=forbid" "-e" "CARGO_HOME=/opt/rustwide/cargo-home" "-e" "RUSTUP_HOME=/opt/rustwide/rustup-home" "-w" "/opt/rustwide/workdir" "-m" "1610612736" "--user" "0:0" "--network" "none" "ghcr.io/rust-lang/crates-build-env/linux@sha256:4a844ea9eb2546a2d2c7022eacef16ef2e8229c7fbb2c7d4d55a9ceca922f72d" "/opt/rustwide/cargo-home/bin/cargo" "+nightly-2024-10-28" "build" "--frozen" "--message-format=json", kill_on_drop: false }`
[INFO] [stdout] 8d8d9d0b7295c1885c35be256d985161565bf1137a34189acd25e77ab3534c5c
[INFO] running `Command { std: "docker" "start" "-a" "8d8d9d0b7295c1885c35be256d985161565bf1137a34189acd25e77ab3534c5c", kill_on_drop: false }`
[INFO] [stderr]    Compiling proc-macro2 v1.0.86
[INFO] [stderr]    Compiling unicode-ident v1.0.12
[INFO] [stderr]    Compiling libc v0.2.155
[INFO] [stderr]    Compiling cfg-if v1.0.0
[INFO] [stderr]    Compiling version_check v0.9.4
[INFO] [stderr]    Compiling serde v1.0.204
[INFO] [stderr]    Compiling typenum v1.17.0
[INFO] [stderr]    Compiling itoa v1.0.11
[INFO] [stderr]    Compiling subtle v2.6.1
[INFO] [stderr]    Compiling const-oid v0.9.6
[INFO] [stderr]    Compiling cpufeatures v0.2.12
[INFO] [stderr]    Compiling cc v1.0.105
[INFO] [stderr]    Compiling once_cell v1.19.0
[INFO] [stderr]    Compiling crunchy v0.2.2
[INFO] [stderr]    Compiling tiny-keccak v2.0.2
[INFO] [stderr]    Compiling generic-array v0.14.7
[INFO] [stderr]    Compiling ruint-macro v1.2.1
[INFO] [stderr]    Compiling convert_case v0.4.0
[INFO] [stderr]    Compiling hex-literal v0.4.1
[INFO] [stderr]    Compiling base16ct v0.2.0
[INFO] [stderr]    Compiling ryu v1.0.18
[INFO] [stderr]    Compiling pin-project-lite v0.2.14
[INFO] [stderr]    Compiling quote v1.0.36
[INFO] [stderr]    Compiling arrayvec v0.7.4
[INFO] [stderr]    Compiling autocfg v1.3.0
[INFO] [stderr]    Compiling syn v2.0.69
[INFO] [stderr]    Compiling log v0.4.22
[INFO] [stderr]    Compiling futures-core v0.3.30
[INFO] [stderr]    Compiling serde_json v1.0.120
[INFO] [stderr]    Compiling heck v0.5.0
[INFO] [stderr]    Compiling paste v1.0.15
[INFO] [stderr]    Compiling proc-macro-error-attr v1.0.4
[INFO] [stderr]    Compiling winnow v0.6.13
[INFO] [stderr]    Compiling syn v1.0.109
[INFO] [stderr]    Compiling futures-sink v0.3.30
[INFO] [stderr]    Compiling slab v0.4.9
[INFO] [stderr]    Compiling proc-macro-error v1.0.4
[INFO] [stderr]    Compiling tracing-core v0.1.32
[INFO] [stderr]    Compiling dunce v1.0.4
[INFO] [stderr]    Compiling getrandom v0.2.15
[INFO] [stderr]    Compiling rand_core v0.6.4
[INFO] [stderr]    Compiling mio v0.8.11
[INFO] [stderr]    Compiling socket2 v0.5.7
[INFO] [stderr]    Compiling thiserror v1.0.61
[INFO] [stderr]    Compiling ff v0.13.0
[INFO] [stderr]    Compiling equivalent v1.0.1
[INFO] [stderr]    Compiling group v0.13.0
[INFO] [stderr]    Compiling hashbrown v0.14.5
[INFO] [stderr]    Compiling futures-channel v0.3.30
[INFO] [stderr]    Compiling futures-task v0.3.30
[INFO] [stderr]    Compiling memchr v2.7.4
[INFO] [stderr]    Compiling pin-utils v0.1.0
[INFO] [stderr]    Compiling futures-io v0.3.30
[INFO] [stderr]    Compiling tinyvec_macros v0.1.1
[INFO] [stderr]    Compiling pkg-config v0.3.30
[INFO] [stderr]    Compiling vcpkg v0.2.15
[INFO] [stderr]    Compiling fnv v1.0.7
[INFO] [stderr]    Compiling tinyvec v1.7.0
[INFO] [stderr]    Compiling indexmap v2.2.6
[INFO] [stderr]    Compiling httparse v1.9.4
[INFO] [stderr]    Compiling rustls-pki-types v1.7.0
[INFO] [stderr]    Compiling percent-encoding v2.3.1
[INFO] [stderr]    Compiling blst v0.3.12
[INFO] [stderr]    Compiling form_urlencoded v1.2.1
[INFO] [stderr]    Compiling openssl-sys v0.9.102
[INFO] [stderr]    Compiling ring v0.17.8
[INFO] [stderr]    Compiling unicode-normalization v0.1.23
[INFO] [stderr]    Compiling unicode-bidi v0.3.15
[INFO] [stderr]    Compiling tower-service v0.3.2
[INFO] [stderr]    Compiling tower-layer v0.3.2
[INFO] [stderr]    Compiling bitflags v2.6.0
[INFO] [stderr]    Compiling num_cpus v1.16.0
[INFO] [stderr]    Compiling idna v0.5.0
[INFO] [stderr]    Compiling smallvec v1.13.2
[INFO] [stderr]    Compiling threadpool v1.8.1
[INFO] [stderr]    Compiling c-kzg v1.0.2
[INFO] [stderr]    Compiling spin v0.9.8
[INFO] [stderr]    Compiling futures-utils-wasm v0.1.0
[INFO] [stderr]    Compiling foreign-types-shared v0.1.1
[INFO] [stderr]    Compiling base64 v0.22.1
[INFO] [stderr]    Compiling untrusted v0.9.0
[INFO] [stderr]    Compiling openssl v0.10.64
[INFO] [stderr]    Compiling url v2.5.2
[INFO] [stderr]    Compiling syn-solidity v0.7.7
[INFO] [stderr]    Compiling foreign-types v0.3.2
[INFO] [stderr]    Compiling try-lock v0.2.5
[INFO] [stderr]    Compiling native-tls v0.2.12
[INFO] [stderr]    Compiling hex v0.4.3
[INFO] [stderr]    Compiling ppv-lite86 v0.2.17
[INFO] [stderr]    Compiling rustls v0.23.10
[INFO] [stderr]    Compiling want v0.3.1
[INFO] [stderr]    Compiling rand_chacha v0.3.1
[INFO] [stderr]    Compiling openssl-probe v0.1.5
[INFO] [stderr]    Compiling ahash v0.8.11
[INFO] [stderr]    Compiling rand v0.8.5
[INFO] [stderr]    Compiling rustversion v1.0.17
[INFO] [stderr]    Compiling either v1.13.0
[INFO] [stderr]    Compiling zerocopy v0.7.35
[INFO] [stderr]    Compiling itertools v0.13.0
[INFO] [stderr]    Compiling rustix v0.38.34
[INFO] [stderr]    Compiling data-encoding v2.6.0
[INFO] [stderr]    Compiling byteorder v1.5.0
[INFO] [stderr]    Compiling utf-8 v0.7.6
[INFO] [stderr]    Compiling bimap v0.6.3
[INFO] [stderr]    Compiling rustls-pemfile v2.1.2
[INFO] [stderr]    Compiling webpki-roots v0.26.3
[INFO] [stderr]    Compiling lock_api v0.4.12
[INFO] [stderr]    Compiling ipnet v2.9.0
[INFO] [stderr]    Compiling parking_lot_core v0.9.10
[INFO] [stderr]    Compiling linux-raw-sys v0.4.14
[INFO] [stderr]    Compiling mime v0.3.17
[INFO] [stderr]    Compiling serde_derive v1.0.204
[INFO] [stderr]    Compiling zeroize_derive v1.4.2
[INFO] [stderr]    Compiling derive_more v0.99.18
[INFO] [stderr]    Compiling alloy-rlp-derive v0.3.7
[INFO] [stderr]    Compiling tokio-macros v2.3.0
[INFO] [stderr]    Compiling thiserror-impl v1.0.61
[INFO] [stderr]    Compiling zeroize v1.8.1
[INFO] [stderr]    Compiling futures-macro v0.3.30
[INFO] [stderr]    Compiling der v0.7.9
[INFO] [stderr]    Compiling tracing-attributes v0.1.27
[INFO] [stderr]    Compiling pin-project-internal v1.1.5
[INFO] [stderr]    Compiling block-buffer v0.10.4
[INFO] [stderr]    Compiling crypto-common v0.1.6
[INFO] [stderr]    Compiling digest v0.10.7
[INFO] [stderr]    Compiling crypto-bigint v0.5.5
[INFO] [stderr]    Compiling hmac v0.12.1
[INFO] [stderr]    Compiling signature v2.2.0
[INFO] [stderr]    Compiling sec1 v0.7.3
[INFO] [stderr]    Compiling rfc6979 v0.4.0
[INFO] [stderr]    Compiling spki v0.7.3
[INFO] [stderr]    Compiling sha2 v0.10.8
[INFO] [stderr]    Compiling futures-util v0.3.30
[INFO] [stderr]    Compiling pin-project v1.1.5
[INFO] [stderr]    Compiling openssl-macros v0.1.1
[INFO] [stderr]    Compiling rustls-webpki v0.102.5
[INFO] [stderr]    Compiling tracing v0.1.40
[INFO] [stderr]    Compiling sha1 v0.10.6
[INFO] [stderr]    Compiling auto_impl v1.2.0
[INFO] [stderr]    Compiling elliptic-curve v0.13.8
[INFO] [stderr]    Compiling ecdsa v0.16.9
[INFO] [stderr]    Compiling async-trait v0.1.80
[INFO] [stderr]    Compiling allocator-api2 v0.2.18
[INFO] [stderr]    Compiling k256 v0.13.3
[INFO] [stderr]    Compiling sync_wrapper v1.0.1
[INFO] [stderr]    Compiling doctest-file v1.0.0
[INFO] [stderr]    Compiling futures-executor v0.3.30
[INFO] [stderr]    Compiling strum_macros v0.26.4
[INFO] [stderr]    Compiling futures v0.3.30
[INFO] [stderr]    Compiling num_enum_derive v0.7.2
[INFO] [stderr]    Compiling fastrand v2.1.0
[INFO] [stderr]    Compiling scopeguard v1.2.0
[INFO] [stderr]    Compiling bytes v1.6.0
[INFO] [stderr]    Compiling const-hex v1.12.0
[INFO] [stderr]    Compiling ruint v1.12.3
[INFO] [stderr]    Compiling alloy-rlp v0.3.7
[INFO] [stderr]    Compiling alloy-sol-type-parser v0.7.7
[INFO] [stderr]    Compiling alloy-primitives v0.7.7
[INFO] [stderr]    Compiling tokio v1.38.0
[INFO] [stderr]    Compiling http v1.1.0
[INFO] [stderr]    Compiling serde_urlencoded v0.7.1
[INFO] [stderr]    Compiling alloy-json-abi v0.7.7
[INFO] [stderr]    Compiling strum v0.26.3
[INFO] [stderr]    Compiling tempfile v3.10.1
[INFO] [stderr]    Compiling num_enum v0.7.2
[INFO] [stderr]    Compiling http-body v1.0.0
[INFO] [stderr]    Compiling tungstenite v0.23.0
[INFO] [stderr]    Compiling http-body-util v0.1.2
[INFO] [stderr]    Compiling async-stream-impl v0.3.5
[INFO] [stderr]    Compiling alloy-chains v0.1.23
[INFO] [stderr]    Compiling alloy-sol-macro-input v0.7.7
[INFO] [stderr]    Compiling alloy-serde v0.2.1
[INFO] [stderr]    Compiling alloy-signer v0.2.1
[INFO] [stderr]    Compiling alloy-sol-macro-expander v0.7.7
[INFO] [stderr]    Compiling alloy-eips v0.2.1
[INFO] [stderr]    Compiling alloy-network-primitives v0.2.1
[INFO] [stderr]    Compiling alloy-genesis v0.2.1
[INFO] [stderr]    Compiling alloy-rpc-types-anvil v0.2.1
[INFO] [stderr]    Compiling async-stream v0.3.5
[INFO] [stderr]    Compiling dashmap v5.5.3
[INFO] [stderr]    Compiling alloy-node-bindings v0.2.1
[INFO] [stderr]    Compiling lru v0.12.3
[INFO] [stderr]    Compiling lazy_static v1.5.0
[INFO] [stderr]    Compiling overload v0.1.1
[INFO] [stderr]    Compiling anyhow v1.0.86
[INFO] [stderr]    Compiling alloy-consensus v0.2.1
[INFO] [stderr]    Compiling nu-ansi-term v0.46.0
[INFO] [stderr]    Compiling tower v0.4.13
[INFO] [stderr]    Compiling tokio-util v0.7.11
[INFO] [stderr]    Compiling hyper v1.4.0
[INFO] [stderr]    Compiling tokio-native-tls v0.3.1
[INFO] [stderr]    Compiling tokio-rustls v0.26.0
[INFO] [stderr]    Compiling tokio-stream v0.1.15
[INFO] [stderr]    Compiling interprocess v2.2.0
[INFO] [stderr]    Compiling sharded-slab v0.1.7
[INFO] [stderr]    Compiling tokio-tungstenite v0.23.1
[INFO] [stderr]    Compiling tracing-log v0.2.0
[INFO] [stderr]    Compiling thread_local v1.1.8
[INFO] [stderr]    Compiling hyper-util v0.1.6
[INFO] [stderr]    Compiling tracing-subscriber v0.3.18
[INFO] [stderr]    Compiling alloy-sol-macro v0.7.7
[INFO] [stderr]    Compiling alloy-sol-types v0.7.7
[INFO] [stderr]    Compiling hyper-tls v0.6.0
[INFO] [stderr]    Compiling reqwest v0.12.5
[INFO] [stderr]    Compiling alloy-json-rpc v0.2.1
[INFO] [stderr]    Compiling alloy-rpc-types-eth v0.2.1
[INFO] [stderr]    Compiling alloy-dyn-abi v0.7.7
[INFO] [stderr]    Compiling alloy-transport v0.2.1
[INFO] [stderr]    Compiling alloy-core v0.7.7
[INFO] [stderr]    Compiling alloy-pubsub v0.2.1
[INFO] [stderr]    Compiling alloy-transport-http v0.2.1
[INFO] [stderr]    Compiling alloy-transport-ipc v0.2.1
[INFO] [stderr]    Compiling alloy-transport-ws v0.2.1
[INFO] [stderr]    Compiling alloy-rpc-client v0.2.1
[INFO] [stderr]    Compiling alloy-network v0.2.1
[INFO] [stderr]    Compiling alloy-rpc-types v0.2.1
[INFO] [stderr]    Compiling alloy-signer-local v0.2.1
[INFO] [stderr]    Compiling alloy-provider v0.2.1
[INFO] [stderr]    Compiling alloy-contract v0.2.1
[INFO] [stderr]    Compiling alloy v0.2.1
[INFO] [stderr]    Compiling octane v0.1.0 (/opt/rustwide/workdir)
[INFO] [stdout] warning: unused import: `Identity`
[INFO] [stdout]  --> src/lib.rs:7:9
[INFO] [stdout]   |
[INFO] [stdout] 7 |         Identity, RootProvider,
[INFO] [stdout]   |         ^^^^^^^^
[INFO] [stdout]   |
[INFO] [stdout]   = note: `#[warn(unused_imports)]` on by default
[INFO] [stdout] 
[INFO] [stdout] 
[INFO] [stdout] warning: method `with_engine` is never used
[INFO] [stdout]    --> src/agent.rs:110:19
[INFO] [stdout]     |
[INFO] [stdout] 76  | impl AgentBuilder {
[INFO] [stdout]     | ----------------- method in this implementation
[INFO] [stdout] ...
[INFO] [stdout] 110 |     pub(crate) fn with_engine(mut self, engine: Box<dyn StateMachine>) -> Self {
[INFO] [stdout]     |                   ^^^^^^^^^^^
[INFO] [stdout]     |
[INFO] [stdout]     = note: `#[warn(dead_code)]` on by default
[INFO] [stdout] 
[INFO] [stdout] 
[INFO] [stderr]     Finished `dev` profile [unoptimized + debuginfo] target(s) in 25.25s
[INFO] running `Command { std: "docker" "inspect" "8d8d9d0b7295c1885c35be256d985161565bf1137a34189acd25e77ab3534c5c", kill_on_drop: false }`
[INFO] running `Command { std: "docker" "rm" "-f" "8d8d9d0b7295c1885c35be256d985161565bf1137a34189acd25e77ab3534c5c", kill_on_drop: false }`
[INFO] [stdout] 8d8d9d0b7295c1885c35be256d985161565bf1137a34189acd25e77ab3534c5c
[INFO] running `Command { std: "docker" "create" "-v" "/var/lib/crater-agent-workspace/builds/worker-0-tc2/target:/opt/rustwide/target:rw,Z" "-v" "/var/lib/crater-agent-workspace/builds/worker-0-tc2/source:/opt/rustwide/workdir:ro,Z" "-v" "/var/lib/crater-agent-workspace/cargo-home:/opt/rustwide/cargo-home:ro,Z" "-v" "/var/lib/crater-agent-workspace/rustup-home:/opt/rustwide/rustup-home:ro,Z" "-e" "SOURCE_DIR=/opt/rustwide/workdir" "-e" "CARGO_TARGET_DIR=/opt/rustwide/target" "-e" "CARGO_INCREMENTAL=0" "-e" "RUST_BACKTRACE=full" "-e" "RUSTFLAGS=--cap-lints=forbid -Zrandomize-layout" "-e" "RUSTDOCFLAGS=--cap-lints=forbid" "-e" "CARGO_HOME=/opt/rustwide/cargo-home" "-e" "RUSTUP_HOME=/opt/rustwide/rustup-home" "-w" "/opt/rustwide/workdir" "-m" "1610612736" "--user" "0:0" "--network" "none" "ghcr.io/rust-lang/crates-build-env/linux@sha256:4a844ea9eb2546a2d2c7022eacef16ef2e8229c7fbb2c7d4d55a9ceca922f72d" "/opt/rustwide/cargo-home/bin/cargo" "+nightly-2024-10-28" "test" "--frozen" "--no-run" "--message-format=json", kill_on_drop: false }`
[INFO] [stdout] 82982df4be127b83e47c3d679a3336d42a3905555b734b818aceeb4799439574
[INFO] running `Command { std: "docker" "start" "-a" "82982df4be127b83e47c3d679a3336d42a3905555b734b818aceeb4799439574", kill_on_drop: false }`
[INFO] [stdout] warning: unused import: `Identity`
[INFO] [stdout]  --> src/lib.rs:7:9
[INFO] [stdout]   |
[INFO] [stdout] 7 |         Identity, RootProvider,
[INFO] [stdout]   |         ^^^^^^^^
[INFO] [stdout]   |
[INFO] [stdout]   = note: `#[warn(unused_imports)]` on by default
[INFO] [stdout] 
[INFO] [stdout] 
[INFO] [stdout] warning: method `with_engine` is never used
[INFO] [stdout]    --> src/agent.rs:110:19
[INFO] [stdout]     |
[INFO] [stdout] 76  | impl AgentBuilder {
[INFO] [stdout]     | ----------------- method in this implementation
[INFO] [stdout] ...
[INFO] [stdout] 110 |     pub(crate) fn with_engine(mut self, engine: Box<dyn StateMachine>) -> Self {
[INFO] [stdout]     |                   ^^^^^^^^^^^
[INFO] [stdout]     |
[INFO] [stdout]     = note: `#[warn(dead_code)]` on by default
[INFO] [stdout] 
[INFO] [stdout] 
[INFO] [stderr]    Compiling octane v0.1.0 (/opt/rustwide/workdir)
[INFO] [stdout] warning: unused import: `Identity`
[INFO] [stdout]  --> src/lib.rs:7:9
[INFO] [stdout]   |
[INFO] [stdout] 7 |         Identity, RootProvider,
[INFO] [stdout]   |         ^^^^^^^^
[INFO] [stdout]   |
[INFO] [stdout]   = note: `#[warn(unused_imports)]` on by default
[INFO] [stdout] 
[INFO] [stdout] 
[INFO] [stdout] warning: method `with_engine` is never used
[INFO] [stdout]    --> src/agent.rs:110:19
[INFO] [stdout]     |
[INFO] [stdout] 76  | impl AgentBuilder {
[INFO] [stdout]     | ----------------- method in this implementation
[INFO] [stdout] ...
[INFO] [stdout] 110 |     pub(crate) fn with_engine(mut self, engine: Box<dyn StateMachine>) -> Self {
[INFO] [stdout]     |                   ^^^^^^^^^^^
[INFO] [stdout]     |
[INFO] [stdout]     = note: `#[warn(dead_code)]` on by default
[INFO] [stdout] 
[INFO] [stdout] 
[INFO] [stderr]     Finished `test` profile [unoptimized + debuginfo] target(s) in 1.00s
[INFO] running `Command { std: "docker" "inspect" "82982df4be127b83e47c3d679a3336d42a3905555b734b818aceeb4799439574", kill_on_drop: false }`
[INFO] running `Command { std: "docker" "rm" "-f" "82982df4be127b83e47c3d679a3336d42a3905555b734b818aceeb4799439574", kill_on_drop: false }`
[INFO] [stdout] 82982df4be127b83e47c3d679a3336d42a3905555b734b818aceeb4799439574
[INFO] running `Command { std: "docker" "create" "-v" "/var/lib/crater-agent-workspace/builds/worker-0-tc2/target:/opt/rustwide/target:rw,Z" "-v" "/var/lib/crater-agent-workspace/builds/worker-0-tc2/source:/opt/rustwide/workdir:ro,Z" "-v" "/var/lib/crater-agent-workspace/cargo-home:/opt/rustwide/cargo-home:ro,Z" "-v" "/var/lib/crater-agent-workspace/rustup-home:/opt/rustwide/rustup-home:ro,Z" "-e" "SOURCE_DIR=/opt/rustwide/workdir" "-e" "CARGO_TARGET_DIR=/opt/rustwide/target" "-e" "CARGO_INCREMENTAL=0" "-e" "RUST_BACKTRACE=full" "-e" "RUSTFLAGS=--cap-lints=forbid -Zrandomize-layout" "-e" "RUSTDOCFLAGS=--cap-lints=forbid" "-e" "CARGO_HOME=/opt/rustwide/cargo-home" "-e" "RUSTUP_HOME=/opt/rustwide/rustup-home" "-w" "/opt/rustwide/workdir" "-m" "1610612736" "--user" "0:0" "--network" "none" "ghcr.io/rust-lang/crates-build-env/linux@sha256:4a844ea9eb2546a2d2c7022eacef16ef2e8229c7fbb2c7d4d55a9ceca922f72d" "/opt/rustwide/cargo-home/bin/cargo" "+nightly-2024-10-28" "test" "--frozen", kill_on_drop: false }`
[INFO] [stdout] 19d6e74f3de9fa69c659d5628ab64cb74b16cc1f1f0e4b22c4b06b43b70b17d1
[INFO] running `Command { std: "docker" "start" "-a" "19d6e74f3de9fa69c659d5628ab64cb74b16cc1f1f0e4b22c4b06b43b70b17d1", kill_on_drop: false }`
[INFO] [stderr] warning: unused import: `Identity`
[INFO] [stderr]  --> src/lib.rs:7:9
[INFO] [stderr]   |
[INFO] [stderr] 7 |         Identity, RootProvider,
[INFO] [stderr]   |         ^^^^^^^^
[INFO] [stderr]   |
[INFO] [stderr]   = note: `#[warn(unused_imports)]` on by default
[INFO] [stderr] 
[INFO] [stderr] warning: method `with_engine` is never used
[INFO] [stderr]    --> src/agent.rs:110:19
[INFO] [stderr]     |
[INFO] [stderr] 76  | impl AgentBuilder {
[INFO] [stderr]     | ----------------- method in this implementation
[INFO] [stderr] ...
[INFO] [stderr] 110 |     pub(crate) fn with_engine(mut self, engine: Box<dyn StateMachine>) -> Self {
[INFO] [stderr]     |                   ^^^^^^^^^^^
[INFO] [stderr]     |
[INFO] [stderr]     = note: `#[warn(dead_code)]` on by default
[INFO] [stderr] 
[INFO] [stderr] warning: `octane` (lib) generated 2 warnings (run `cargo fix --lib -p octane` to apply 1 suggestion)
[INFO] [stderr] warning: `octane` (lib test) generated 2 warnings (2 duplicates)
[INFO] [stderr]     Finished `test` profile [unoptimized + debuginfo] target(s) in 0.17s
[INFO] [stderr]      Running unittests src/lib.rs (/opt/rustwide/target/debug/deps/octane-60519e7c9cb19329)
[INFO] [stdout] 
[INFO] [stdout] running 0 tests
[INFO] [stdout] 
[INFO] [stdout] test result: ok. 0 passed; 0 failed; 0 ignored; 0 measured; 0 filtered out; finished in 0.00s
[INFO] [stdout] 
[INFO] [stderr]      Running tests/common.rs (/opt/rustwide/target/debug/deps/common-ef99ae59639f4aec)
[INFO] [stdout] 
[INFO] [stdout] running 0 tests
[INFO] [stdout] 
[INFO] [stdout] test result: ok. 0 passed; 0 failed; 0 ignored; 0 measured; 0 filtered out; finished in 0.00s
[INFO] [stdout] 
[INFO] [stderr]      Running tests/machine_integration.rs (/opt/rustwide/target/debug/deps/machine_integration-6d951f5d95a23074)
[INFO] [stdout] 
[INFO] [stdout] running 1 test
[INFO] [stdout] test behavior_no_stream ... FAILED
[INFO] [stdout] 
[INFO] [stdout] failures:
[INFO] [stdout] 
[INFO] [stdout] ---- behavior_no_stream stdout ----
[INFO] [stdout] thread 'behavior_no_stream' panicked at src/world.rs:59:14:
[INFO] [stdout] called `Result::unwrap()` on an `Err` value: SpawnError(Os { code: 2, kind: NotFound, message: "No such file or directory" })
[INFO] [stdout] stack backtrace:
[INFO] [stdout]    0:     0x5a61bceeaf0a - std::backtrace_rs::backtrace::libunwind::trace::h207520d6e9873551
[INFO] [stdout]                                at /rustc/df4ca44d3fbc9301ee17f30f4d474e6ae4b05252/library/std/src/../../backtrace/src/backtrace/libunwind.rs:116:5
[INFO] [stdout]    1:     0x5a61bceeaf0a - std::backtrace_rs::backtrace::trace_unsynchronized::h2ed7433f370e3eca
[INFO] [stdout]                                at /rustc/df4ca44d3fbc9301ee17f30f4d474e6ae4b05252/library/std/src/../../backtrace/src/backtrace/mod.rs:66:5
[INFO] [stdout]    2:     0x5a61bceeaf0a - std::sys::backtrace::_print_fmt::h916fac51166b18d7
[INFO] [stdout]                                at /rustc/df4ca44d3fbc9301ee17f30f4d474e6ae4b05252/library/std/src/sys/backtrace.rs:66:9
[INFO] [stdout]    3:     0x5a61bceeaf0a - <std::sys::backtrace::BacktraceLock::print::DisplayBacktrace as core::fmt::Display>::fmt::ha0a4c9b8ce3802e6
[INFO] [stdout]                                at /rustc/df4ca44d3fbc9301ee17f30f4d474e6ae4b05252/library/std/src/sys/backtrace.rs:39:26
[INFO] [stdout]    4:     0x5a61bcf14d63 - core::fmt::rt::Argument::fmt::h4cfc8587d52b3eb5
[INFO] [stdout]                                at /rustc/df4ca44d3fbc9301ee17f30f4d474e6ae4b05252/library/core/src/fmt/rt.rs:177:76
[INFO] [stdout]    5:     0x5a61bcf14d63 - core::fmt::write::h522cc39e5b36ae9f
[INFO] [stdout]                                at /rustc/df4ca44d3fbc9301ee17f30f4d474e6ae4b05252/library/core/src/fmt/mod.rs:1190:21
[INFO] [stdout]    6:     0x5a61bcee6f13 - std::io::Write::write_fmt::h7d3c26752da97734
[INFO] [stdout]                                at /rustc/df4ca44d3fbc9301ee17f30f4d474e6ae4b05252/library/std/src/io/mod.rs:1839:15
[INFO] [stdout]    7:     0x5a61bceead52 - std::sys::backtrace::BacktraceLock::print::h4b9e00b29e9c0942
[INFO] [stdout]                                at /rustc/df4ca44d3fbc9301ee17f30f4d474e6ae4b05252/library/std/src/sys/backtrace.rs:42:9
[INFO] [stdout]    8:     0x5a61bceec39a - std::panicking::default_hook::{{closure}}::hb59b88280d0324d9
[INFO] [stdout]                                at /rustc/df4ca44d3fbc9301ee17f30f4d474e6ae4b05252/library/std/src/panicking.rs:268:22
[INFO] [stdout]    9:     0x5a61bceec1a4 - std::panicking::default_hook::he1dd496665be4a29
[INFO] [stdout]                                at /rustc/df4ca44d3fbc9301ee17f30f4d474e6ae4b05252/library/std/src/panicking.rs:292:9
[INFO] [stdout]   10:     0x5a61bcd016d9 - <alloc::boxed::Box<F,A> as core::ops::function::Fn<Args>>::call::h4ff71de18744e1dc
[INFO] [stdout]                                at /rustc/df4ca44d3fbc9301ee17f30f4d474e6ae4b05252/library/alloc/src/boxed.rs:2468:9
[INFO] [stdout]   11:     0x5a61bcd016d9 - test::test_main::{{closure}}::hcf7c055ce117aa81
[INFO] [stdout]                                at /rustc/df4ca44d3fbc9301ee17f30f4d474e6ae4b05252/library/test/src/lib.rs:133:21
[INFO] [stdout]   12:     0x5a61bceeca98 - <alloc::boxed::Box<F,A> as core::ops::function::Fn<Args>>::call::h1d66c6bbd60c9692
[INFO] [stdout]                                at /rustc/df4ca44d3fbc9301ee17f30f4d474e6ae4b05252/library/alloc/src/boxed.rs:2468:9
[INFO] [stdout]   13:     0x5a61bceeca98 - std::panicking::rust_panic_with_hook::h2ff17fe8f26dfcf8
[INFO] [stdout]                                at /rustc/df4ca44d3fbc9301ee17f30f4d474e6ae4b05252/library/std/src/panicking.rs:809:13
[INFO] [stdout]   14:     0x5a61bceec85a - std::panicking::begin_panic_handler::{{closure}}::h4fad77951c07e101
[INFO] [stdout]                                at /rustc/df4ca44d3fbc9301ee17f30f4d474e6ae4b05252/library/std/src/panicking.rs:674:13
[INFO] [stdout]   15:     0x5a61bceeb3e9 - std::sys::backtrace::__rust_end_short_backtrace::hb1a25b3da5d0ea08
[INFO] [stdout]                                at /rustc/df4ca44d3fbc9301ee17f30f4d474e6ae4b05252/library/std/src/sys/backtrace.rs:170:18
[INFO] [stdout]   16:     0x5a61bceec4ec - rust_begin_unwind
[INFO] [stdout]                                at /rustc/df4ca44d3fbc9301ee17f30f4d474e6ae4b05252/library/std/src/panicking.rs:665:5
[INFO] [stdout]   17:     0x5a61bcf12c50 - core::panicking::panic_fmt::ha9db07b529f9b256
[INFO] [stdout]                                at /rustc/df4ca44d3fbc9301ee17f30f4d474e6ae4b05252/library/core/src/panicking.rs:75:14
[INFO] [stdout]   18:     0x5a61bcf130f6 - core::result::unwrap_failed::h5e8218e4d4338b8a
[INFO] [stdout]                                at /rustc/df4ca44d3fbc9301ee17f30f4d474e6ae4b05252/library/core/src/result.rs:1698:5
[INFO] [stdout]   19:     0x5a61bcd3f98c - core::result::Result<T,E>::unwrap::h7e7968de464bd0dc
[INFO] [stdout]                                at /rustc/df4ca44d3fbc9301ee17f30f4d474e6ae4b05252/library/core/src/result.rs:1103:23
[INFO] [stdout]   20:     0x5a61bcd3f98c - alloy_node_bindings::anvil::Anvil::spawn::he9ac01b3f7d9f4bc
[INFO] [stdout]                                at /opt/rustwide/cargo-home/registry/src/index.crates.io-6f17d22bba15001f/alloy-node-bindings-0.2.1/src/anvil.rs:287:9
[INFO] [stdout]   21:     0x5a61bcd1f009 - octane::world::World::new::hb09f5fcdcb86f8a1
[INFO] [stdout]                                at /opt/rustwide/workdir/src/world.rs:54:21
[INFO] [stdout]   22:     0x5a61bcc5a1a6 - machine_integration::behavior_no_stream::{{closure}}::h01b816a819e07bcb
[INFO] [stdout]                                at /opt/rustwide/workdir/tests/machine_integration.rs:22:21
[INFO] [stdout]   23:     0x5a61bcc543b2 - <core::pin::Pin<P> as core::future::future::Future>::poll::ha75c1a84efc9cb62
[INFO] [stdout]                                at /rustc/df4ca44d3fbc9301ee17f30f4d474e6ae4b05252/library/core/src/future/future.rs:123:9
[INFO] [stdout]   24:     0x5a61bcc5424d - <core::pin::Pin<P> as core::future::future::Future>::poll::h4a7dbb30716cf4f0
[INFO] [stdout]                                at /rustc/df4ca44d3fbc9301ee17f30f4d474e6ae4b05252/library/core/src/future/future.rs:123:9
[INFO] [stdout]   25:     0x5a61bcc5099f - tokio::runtime::scheduler::current_thread::CoreGuard::block_on::{{closure}}::{{closure}}::{{closure}}::h1256f9b3f79bfdab
[INFO] [stdout]                                at /opt/rustwide/cargo-home/registry/src/index.crates.io-6f17d22bba15001f/tokio-1.38.0/src/runtime/scheduler/current_thread/mod.rs:659:57
[INFO] [stdout]   26:     0x5a61bcc508d5 - tokio::runtime::coop::with_budget::h11ac34ee98bcc739
[INFO] [stdout]                                at /opt/rustwide/cargo-home/registry/src/index.crates.io-6f17d22bba15001f/tokio-1.38.0/src/runtime/coop.rs:107:5
[INFO] [stdout]   27:     0x5a61bcc508d5 - tokio::runtime::coop::budget::h3353d15850f3b9ac
[INFO] [stdout]                                at /opt/rustwide/cargo-home/registry/src/index.crates.io-6f17d22bba15001f/tokio-1.38.0/src/runtime/coop.rs:73:5
[INFO] [stdout]   28:     0x5a61bcc508d5 - tokio::runtime::scheduler::current_thread::CoreGuard::block_on::{{closure}}::{{closure}}::ha6e514727afb24f8
[INFO] [stdout]                                at /opt/rustwide/cargo-home/registry/src/index.crates.io-6f17d22bba15001f/tokio-1.38.0/src/runtime/scheduler/current_thread/mod.rs:659:25
[INFO] [stdout]   29:     0x5a61bcc4f6ac - tokio::runtime::scheduler::current_thread::Context::enter::hdb0a844b89c6149b
[INFO] [stdout]                                at /opt/rustwide/cargo-home/registry/src/index.crates.io-6f17d22bba15001f/tokio-1.38.0/src/runtime/scheduler/current_thread/mod.rs:404:19
[INFO] [stdout]   30:     0x5a61bcc5015b - tokio::runtime::scheduler::current_thread::CoreGuard::block_on::{{closure}}::h927ddb90b02d9eb3
[INFO] [stdout]                                at /opt/rustwide/cargo-home/registry/src/index.crates.io-6f17d22bba15001f/tokio-1.38.0/src/runtime/scheduler/current_thread/mod.rs:658:36
[INFO] [stdout]   31:     0x5a61bcc4fec4 - tokio::runtime::scheduler::current_thread::CoreGuard::enter::{{closure}}::h395e484e44e5ecdf
[INFO] [stdout]                                at /opt/rustwide/cargo-home/registry/src/index.crates.io-6f17d22bba15001f/tokio-1.38.0/src/runtime/scheduler/current_thread/mod.rs:737:68
[INFO] [stdout]   32:     0x5a61bcc5f33b - tokio::runtime::context::scoped::Scoped<T>::set::h7bcd607bc77e39f3
[INFO] [stdout]                                at /opt/rustwide/cargo-home/registry/src/index.crates.io-6f17d22bba15001f/tokio-1.38.0/src/runtime/context/scoped.rs:40:9
[INFO] [stdout]   33:     0x5a61bcc6fdb9 - tokio::runtime::context::set_scheduler::{{closure}}::h54e0a0f1d5716278
[INFO] [stdout]                                at /opt/rustwide/cargo-home/registry/src/index.crates.io-6f17d22bba15001f/tokio-1.38.0/src/runtime/context.rs:180:26
[INFO] [stdout]   34:     0x5a61bcc61f7d - std::thread::local::LocalKey<T>::try_with::hc4226cd12ff79568
[INFO] [stdout]                                at /rustc/df4ca44d3fbc9301ee17f30f4d474e6ae4b05252/library/std/src/thread/local.rs:283:12
[INFO] [stdout]   35:     0x5a61bcc6155a - std::thread::local::LocalKey<T>::with::h36f7d0175e05080d
[INFO] [stdout]                                at /rustc/df4ca44d3fbc9301ee17f30f4d474e6ae4b05252/library/std/src/thread/local.rs:260:9
[INFO] [stdout]   36:     0x5a61bcc6fd6d - tokio::runtime::context::set_scheduler::hb2b77947a8659754
[INFO] [stdout]                                at /opt/rustwide/cargo-home/registry/src/index.crates.io-6f17d22bba15001f/tokio-1.38.0/src/runtime/context.rs:180:9
[INFO] [stdout]   37:     0x5a61bcc4fc74 - tokio::runtime::scheduler::current_thread::CoreGuard::enter::he40624d633228cc5
[INFO] [stdout]                                at /opt/rustwide/cargo-home/registry/src/index.crates.io-6f17d22bba15001f/tokio-1.38.0/src/runtime/scheduler/current_thread/mod.rs:737:27
[INFO] [stdout]   38:     0x5a61bcc4fee3 - tokio::runtime::scheduler::current_thread::CoreGuard::block_on::hba2d3b001364aff5
[INFO] [stdout]                                at /opt/rustwide/cargo-home/registry/src/index.crates.io-6f17d22bba15001f/tokio-1.38.0/src/runtime/scheduler/current_thread/mod.rs:646:19
[INFO] [stdout]   39:     0x5a61bcc4df4d - tokio::runtime::scheduler::current_thread::CurrentThread::block_on::{{closure}}::h6b030bb1826c1d09
[INFO] [stdout]                                at /opt/rustwide/cargo-home/registry/src/index.crates.io-6f17d22bba15001f/tokio-1.38.0/src/runtime/scheduler/current_thread/mod.rs:175:28
[INFO] [stdout]   40:     0x5a61bcc67317 - tokio::runtime::context::runtime::enter_runtime::h1f145760f44ad2d0
[INFO] [stdout]                                at /opt/rustwide/cargo-home/registry/src/index.crates.io-6f17d22bba15001f/tokio-1.38.0/src/runtime/context/runtime.rs:65:16
[INFO] [stdout]   41:     0x5a61bcc4de71 - tokio::runtime::scheduler::current_thread::CurrentThread::block_on::hd90772457926c1ec
[INFO] [stdout]                                at /opt/rustwide/cargo-home/registry/src/index.crates.io-6f17d22bba15001f/tokio-1.38.0/src/runtime/scheduler/current_thread/mod.rs:167:9
[INFO] [stdout]   42:     0x5a61bcc6b0e2 - tokio::runtime::runtime::Runtime::block_on::hb44a9b44d217a864
[INFO] [stdout]                                at /opt/rustwide/cargo-home/registry/src/index.crates.io-6f17d22bba15001f/tokio-1.38.0/src/runtime/runtime.rs:347:47
[INFO] [stdout]   43:     0x5a61bcc5a05f - machine_integration::behavior_no_stream::h4f944c45e45579f0
[INFO] [stdout]                                at /opt/rustwide/workdir/tests/machine_integration.rs:27:5
[INFO] [stdout]   44:     0x5a61bcc59f07 - machine_integration::behavior_no_stream::{{closure}}::h281181d3aac0b4b2
[INFO] [stdout]                                at /opt/rustwide/workdir/tests/machine_integration.rs:20:30
[INFO] [stdout]   45:     0x5a61bcc6c216 - core::ops::function::FnOnce::call_once::h0036c0a6c0cb4f68
[INFO] [stdout]                                at /rustc/df4ca44d3fbc9301ee17f30f4d474e6ae4b05252/library/core/src/ops/function.rs:250:5
[INFO] [stdout]   46:     0x5a61bcd05fab - core::ops::function::FnOnce::call_once::h22c3ba5715e93f05
[INFO] [stdout]                                at /rustc/df4ca44d3fbc9301ee17f30f4d474e6ae4b05252/library/core/src/ops/function.rs:250:5
[INFO] [stdout]   47:     0x5a61bcd05fab - test::__rust_begin_short_backtrace::h8e82d8113d0da17f
[INFO] [stdout]                                at /rustc/df4ca44d3fbc9301ee17f30f4d474e6ae4b05252/library/test/src/lib.rs:621:18
[INFO] [stdout]   48:     0x5a61bcd05927 - test::run_test_in_process::{{closure}}::h33235f4f20b7b7c7
[INFO] [stdout]                                at /rustc/df4ca44d3fbc9301ee17f30f4d474e6ae4b05252/library/test/src/lib.rs:644:60
[INFO] [stdout]   49:     0x5a61bcd05927 - <core::panic::unwind_safe::AssertUnwindSafe<F> as core::ops::function::FnOnce<()>>::call_once::hb5043206310c586f
[INFO] [stdout]                                at /rustc/df4ca44d3fbc9301ee17f30f4d474e6ae4b05252/library/core/src/panic/unwind_safe.rs:272:9
[INFO] [stdout]   50:     0x5a61bcd05927 - std::panicking::try::do_call::h9ad4731a60ab23e2
[INFO] [stdout]                                at /rustc/df4ca44d3fbc9301ee17f30f4d474e6ae4b05252/library/std/src/panicking.rs:557:40
[INFO] [stdout]   51:     0x5a61bcd05927 - std::panicking::try::h3824d23db772a716
[INFO] [stdout]                                at /rustc/df4ca44d3fbc9301ee17f30f4d474e6ae4b05252/library/std/src/panicking.rs:520:19
[INFO] [stdout]   52:     0x5a61bcd05927 - std::panic::catch_unwind::h5afd514605fde46b
[INFO] [stdout]                                at /rustc/df4ca44d3fbc9301ee17f30f4d474e6ae4b05252/library/std/src/panic.rs:358:14
[INFO] [stdout]   53:     0x5a61bcd05927 - test::run_test_in_process::h0d5cbfa7067d1720
[INFO] [stdout]                                at /rustc/df4ca44d3fbc9301ee17f30f4d474e6ae4b05252/library/test/src/lib.rs:644:27
[INFO] [stdout]   54:     0x5a61bcd05927 - test::run_test::{{closure}}::h708eb8872708115d
[INFO] [stdout]                                at /rustc/df4ca44d3fbc9301ee17f30f4d474e6ae4b05252/library/test/src/lib.rs:565:43
[INFO] [stdout]   55:     0x5a61bccc9044 - test::run_test::{{closure}}::h392c51cee94713ab
[INFO] [stdout]                                at /rustc/df4ca44d3fbc9301ee17f30f4d474e6ae4b05252/library/test/src/lib.rs:595:41
[INFO] [stdout]   56:     0x5a61bccc9044 - std::sys::backtrace::__rust_begin_short_backtrace::h2f40290710935a8b
[INFO] [stdout]                                at /rustc/df4ca44d3fbc9301ee17f30f4d474e6ae4b05252/library/std/src/sys/backtrace.rs:154:18
[INFO] [stdout]   57:     0x5a61bcccc7ee - std::thread::Builder::spawn_unchecked_::{{closure}}::{{closure}}::h3fd968d89053a903
[INFO] [stdout]                                at /rustc/df4ca44d3fbc9301ee17f30f4d474e6ae4b05252/library/std/src/thread/mod.rs:541:17
[INFO] [stdout]   58:     0x5a61bcccc7ee - <core::panic::unwind_safe::AssertUnwindSafe<F> as core::ops::function::FnOnce<()>>::call_once::h743f637ba4229880
[INFO] [stdout]                                at /rustc/df4ca44d3fbc9301ee17f30f4d474e6ae4b05252/library/core/src/panic/unwind_safe.rs:272:9
[INFO] [stdout]   59:     0x5a61bcccc7ee - std::panicking::try::do_call::h07440897322525a6
[INFO] [stdout]                                at /rustc/df4ca44d3fbc9301ee17f30f4d474e6ae4b05252/library/std/src/panicking.rs:557:40
[INFO] [stdout]   60:     0x5a61bcccc7ee - std::panicking::try::he5a2e00188156637
[INFO] [stdout]                                at /rustc/df4ca44d3fbc9301ee17f30f4d474e6ae4b05252/library/std/src/panicking.rs:520:19
[INFO] [stdout]   61:     0x5a61bcccc7ee - std::panic::catch_unwind::hbaf3cae49b3c6433
[INFO] [stdout]                                at /rustc/df4ca44d3fbc9301ee17f30f4d474e6ae4b05252/library/std/src/panic.rs:358:14
[INFO] [stdout]   62:     0x5a61bcccc7ee - std::thread::Builder::spawn_unchecked_::{{closure}}::h8e141ea224820bce
[INFO] [stdout]                                at /rustc/df4ca44d3fbc9301ee17f30f4d474e6ae4b05252/library/std/src/thread/mod.rs:540:30
[INFO] [stdout]   63:     0x5a61bcccc7ee - core::ops::function::FnOnce::call_once{{vtable.shim}}::h90d312fedd7b8ea8
[INFO] [stdout]                                at /rustc/df4ca44d3fbc9301ee17f30f4d474e6ae4b05252/library/core/src/ops/function.rs:250:5
[INFO] [stdout]   64:     0x5a61bcef0cbb - <alloc::boxed::Box<F,A> as core::ops::function::FnOnce<Args>>::call_once::h69aa08ddb6adb8b6
[INFO] [stdout]                                at /rustc/df4ca44d3fbc9301ee17f30f4d474e6ae4b05252/library/alloc/src/boxed.rs:2454:9
[INFO] [stdout]   65:     0x5a61bcef0cbb - <alloc::boxed::Box<F,A> as core::ops::function::FnOnce<Args>>::call_once::h5aa36efdb79c806f
[INFO] [stdout]                                at /rustc/df4ca44d3fbc9301ee17f30f4d474e6ae4b05252/library/alloc/src/boxed.rs:2454:9
[INFO] [stdout]   66:     0x5a61bcef0cbb - std::sys::pal::unix::thread::Thread::new::thread_start::h6cd80a1b4be5158d
[INFO] [stdout]                                at /rustc/df4ca44d3fbc9301ee17f30f4d474e6ae4b05252/library/std/src/sys/pal/unix/thread.rs:105:17
[INFO] [stdout]   67:     0x76fe328f2ac3 - <unknown>
[INFO] [stdout]   68:     0x76fe32983a04 - clone
[INFO] [stdout]   69:                0x0 - <unknown>
[INFO] [stdout] 
[INFO] [stdout] 
[INFO] [stdout] failures:
[INFO] [stdout]     behavior_no_stream
[INFO] [stdout] 
[INFO] [stdout] test result: FAILED. 0 passed; 1 failed; 0 ignored; 0 measured; 0 filtered out; finished in 0.05s
[INFO] [stdout] 
[INFO] [stderr] error: test failed, to rerun pass `--test machine_integration`
[INFO] running `Command { std: "docker" "inspect" "19d6e74f3de9fa69c659d5628ab64cb74b16cc1f1f0e4b22c4b06b43b70b17d1", kill_on_drop: false }`
[INFO] running `Command { std: "docker" "rm" "-f" "19d6e74f3de9fa69c659d5628ab64cb74b16cc1f1f0e4b22c4b06b43b70b17d1", kill_on_drop: false }`
[INFO] [stdout] 19d6e74f3de9fa69c659d5628ab64cb74b16cc1f1f0e4b22c4b06b43b70b17d1
