[INFO] cloning repository https://github.com/arborice/flurry
[INFO] running `Command { std: "git" "-c" "credential.helper=" "-c" "credential.helper=/workspace/cargo-home/bin/git-credential-null" "clone" "--bare" "https://github.com/arborice/flurry" "/workspace/cache/git-repos/https%3A%2F%2Fgithub.com%2Farborice%2Fflurry", kill_on_drop: false }`
[INFO] [stderr] Cloning into bare repository '/workspace/cache/git-repos/https%3A%2F%2Fgithub.com%2Farborice%2Fflurry'...
[INFO] running `Command { std: "git" "rev-parse" "HEAD", kill_on_drop: false }`
[INFO] [stdout] e04a91df2d9c770658ebcb0a1c22497c42d35ddc
[INFO] testing arborice/flurry/e04a91df2d9c770658ebcb0a1c22497c42d35ddc against nightly-2024-10-28 for randomize-layout
[INFO] running `Command { std: "git" "clone" "/workspace/cache/git-repos/https%3A%2F%2Fgithub.com%2Farborice%2Fflurry" "/workspace/builds/worker-0-tc1/source", kill_on_drop: false }`
[INFO] [stderr] Cloning into '/workspace/builds/worker-0-tc1/source'...
[INFO] [stderr] done.
[INFO] validating manifest of git repo https://github.com/arborice/flurry on toolchain nightly-2024-10-28
[INFO] running `Command { std: CARGO_HOME="/workspace/cargo-home" RUSTUP_HOME="/workspace/rustup-home" "/workspace/cargo-home/bin/cargo" "+nightly-2024-10-28" "metadata" "--manifest-path" "Cargo.toml" "--no-deps", kill_on_drop: false }`
[INFO] removed /workspace/builds/worker-0-tc1/source/rust-toolchain
[INFO] started tweaking git repo https://github.com/arborice/flurry
[INFO] finished tweaking git repo https://github.com/arborice/flurry
[INFO] tweaked toml for git repo https://github.com/arborice/flurry written to /workspace/builds/worker-0-tc1/source/Cargo.toml
[INFO] crate git repo https://github.com/arborice/flurry already has a lockfile, it will not be regenerated
[INFO] running `Command { std: CARGO_HOME="/workspace/cargo-home" RUSTUP_HOME="/workspace/rustup-home" "/workspace/cargo-home/bin/cargo" "+nightly-2024-10-28" "fetch" "--manifest-path" "Cargo.toml", kill_on_drop: false }`
[INFO] [stderr] warning: `default_features` is deprecated in favor of `default-features` and will not work in the 2024 edition
[INFO] [stderr] (in the `tui` dependency)
[INFO] [stderr]     Blocking waiting for file lock on package cache
[INFO] [stderr]     Updating crates.io index
[INFO] [stderr]     Blocking waiting for file lock on package cache
[INFO] [stderr]  Downloading crates ...
[INFO] [stderr]   Downloaded argh v0.1.4
[INFO] [stderr]   Downloaded ptr_meta v0.1.2
[INFO] [stderr]   Downloaded argh_shared v0.1.4
[INFO] [stderr]   Downloaded ptr_meta_derive v0.1.2
[INFO] [stderr]   Downloaded which v4.0.2
[INFO] [stderr]   Downloaded rkyv v0.5.1
[INFO] [stderr]   Downloaded home v0.5.3
[INFO] [stderr]   Downloaded miow v0.3.6
[INFO] [stderr]   Downloaded anyhow v1.0.40
[INFO] [stderr]   Downloaded seahash v4.1.0
[INFO] [stderr]   Downloaded mio v0.7.9
[INFO] [stderr]   Downloaded crossterm_winapi v0.6.2
[INFO] [stderr]   Downloaded crossterm v0.18.2
[INFO] [stderr]   Downloaded argh_derive v0.1.4
[INFO] [stderr]   Downloaded crossterm v0.19.0
[INFO] [stderr]   Downloaded cassowary v0.3.0
[INFO] [stderr]   Downloaded signal-hook v0.1.17
[INFO] [stderr]   Downloaded syn v1.0.63
[INFO] [stderr]   Downloaded rkyv_derive v0.5.1
[INFO] [stderr]   Downloaded tui v0.14.0
[INFO] [stderr]   Downloaded libc v0.2.88
[INFO] [stderr]   Downloaded crossterm_winapi v0.7.0
[INFO] running `Command { std: "docker" "create" "-v" "/var/lib/crater-agent-workspace/builds/worker-0-tc1/target:/opt/rustwide/target:rw,Z" "-v" "/var/lib/crater-agent-workspace/builds/worker-0-tc1/source:/opt/rustwide/workdir:ro,Z" "-v" "/var/lib/crater-agent-workspace/cargo-home:/opt/rustwide/cargo-home:ro,Z" "-v" "/var/lib/crater-agent-workspace/rustup-home:/opt/rustwide/rustup-home:ro,Z" "-e" "SOURCE_DIR=/opt/rustwide/workdir" "-e" "CARGO_TARGET_DIR=/opt/rustwide/target" "-e" "CARGO_HOME=/opt/rustwide/cargo-home" "-e" "RUSTUP_HOME=/opt/rustwide/rustup-home" "-w" "/opt/rustwide/workdir" "-m" "1610612736" "--user" "0:0" "--network" "none" "ghcr.io/rust-lang/crates-build-env/linux@sha256:4a844ea9eb2546a2d2c7022eacef16ef2e8229c7fbb2c7d4d55a9ceca922f72d" "/opt/rustwide/cargo-home/bin/cargo" "+nightly-2024-10-28" "metadata" "--no-deps" "--format-version=1", kill_on_drop: false }`
[INFO] [stdout] 15bd13eef8a691b1944d35067630de6558cb09527285b1fff6a8df9b9478b2a3
[INFO] running `Command { std: "docker" "start" "-a" "15bd13eef8a691b1944d35067630de6558cb09527285b1fff6a8df9b9478b2a3", kill_on_drop: false }`
[INFO] running `Command { std: "docker" "inspect" "15bd13eef8a691b1944d35067630de6558cb09527285b1fff6a8df9b9478b2a3", kill_on_drop: false }`
[INFO] running `Command { std: "docker" "rm" "-f" "15bd13eef8a691b1944d35067630de6558cb09527285b1fff6a8df9b9478b2a3", kill_on_drop: false }`
[INFO] [stdout] 15bd13eef8a691b1944d35067630de6558cb09527285b1fff6a8df9b9478b2a3
[INFO] running `Command { std: "docker" "create" "-v" "/var/lib/crater-agent-workspace/builds/worker-0-tc1/target:/opt/rustwide/target:rw,Z" "-v" "/var/lib/crater-agent-workspace/builds/worker-0-tc1/source:/opt/rustwide/workdir:ro,Z" "-v" "/var/lib/crater-agent-workspace/cargo-home:/opt/rustwide/cargo-home:ro,Z" "-v" "/var/lib/crater-agent-workspace/rustup-home:/opt/rustwide/rustup-home:ro,Z" "-e" "SOURCE_DIR=/opt/rustwide/workdir" "-e" "CARGO_TARGET_DIR=/opt/rustwide/target" "-e" "CARGO_INCREMENTAL=0" "-e" "RUST_BACKTRACE=full" "-e" "RUSTFLAGS=--cap-lints=forbid" "-e" "RUSTDOCFLAGS=--cap-lints=forbid" "-e" "CARGO_HOME=/opt/rustwide/cargo-home" "-e" "RUSTUP_HOME=/opt/rustwide/rustup-home" "-w" "/opt/rustwide/workdir" "-m" "1610612736" "--user" "0:0" "--network" "none" "ghcr.io/rust-lang/crates-build-env/linux@sha256:4a844ea9eb2546a2d2c7022eacef16ef2e8229c7fbb2c7d4d55a9ceca922f72d" "/opt/rustwide/cargo-home/bin/cargo" "+nightly-2024-10-28" "build" "--frozen" "--message-format=json", kill_on_drop: false }`
[INFO] [stdout] 5a385c497060cd133ed8f13fd292f4acbea06075e718dea48987b827d755ee0f
[INFO] running `Command { std: "docker" "start" "-a" "5a385c497060cd133ed8f13fd292f4acbea06075e718dea48987b827d755ee0f", kill_on_drop: false }`
[INFO] [stderr] warning: `default_features` is deprecated in favor of `default-features` and will not work in the 2024 edition
[INFO] [stderr] (in the `tui` dependency)
[INFO] [stderr]    Compiling libc v0.2.88
[INFO] [stderr]    Compiling proc-macro2 v1.0.24
[INFO] [stderr]    Compiling unicode-xid v0.2.1
[INFO] [stderr]    Compiling syn v1.0.63
[INFO] [stderr]    Compiling log v0.4.14
[INFO] [stderr]    Compiling instant v0.1.9
[INFO] [stderr]    Compiling getrandom v0.2.2
[INFO] [stderr]    Compiling smallvec v1.6.1
[INFO] [stderr]    Compiling bitflags v1.2.1
[INFO] [stderr]    Compiling scopeguard v1.1.0
[INFO] [stderr]    Compiling lock_api v0.4.2
[INFO] [stderr]    Compiling unicode-segmentation v1.7.1
[INFO] [stderr]    Compiling memchr v2.3.4
[INFO] [stderr]    Compiling memoffset v0.6.1
[INFO] [stderr]    Compiling ppv-lite86 v0.2.10
[INFO] [stderr]    Compiling anyhow v1.0.40
[INFO] [stderr]    Compiling rkyv v0.5.1
[INFO] [stderr]    Compiling heck v0.3.2
[INFO] [stderr]    Compiling argh_shared v0.1.4
[INFO] [stderr]    Compiling quote v1.0.9
[INFO] [stderr]    Compiling cassowary v0.3.0
[INFO] [stderr]    Compiling unicode-width v0.1.8
[INFO] [stderr]    Compiling seahash v4.1.0
[INFO] [stderr]    Compiling regex-syntax v0.6.23
[INFO] [stderr]    Compiling signal-hook-registry v1.3.0
[INFO] [stderr]    Compiling parking_lot_core v0.8.3
[INFO] [stderr]    Compiling mio v0.7.9
[INFO] [stderr]    Compiling aho-corasick v0.7.15
[INFO] [stderr]    Compiling parking_lot v0.11.1
[INFO] [stderr]    Compiling rand_core v0.6.2
[INFO] [stderr]    Compiling signal-hook v0.1.17
[INFO] [stderr]    Compiling tinyvec v1.1.1
[INFO] [stderr]    Compiling rand_chacha v0.3.0
[INFO] [stderr]    Compiling crossterm v0.18.2
[INFO] [stderr]    Compiling rand v0.8.3
[INFO] [stderr]    Compiling crossterm v0.19.0
[INFO] [stderr]    Compiling home v0.5.3
[INFO] [stderr]    Compiling percent-encoding v2.1.0
[INFO] [stderr]    Compiling tui v0.14.0
[INFO] [stderr]    Compiling regex v1.4.5
[INFO] [stderr]    Compiling ptr_meta_derive v0.1.2
[INFO] [stderr]    Compiling thiserror-impl v1.0.24
[INFO] [stderr]    Compiling rkyv_derive v0.5.1
[INFO] [stderr]    Compiling argh_derive v0.1.4
[INFO] [stderr]    Compiling ptr_meta v0.1.2
[INFO] [stderr]    Compiling thiserror v1.0.24
[INFO] [stderr]    Compiling argh v0.1.4
[INFO] [stderr]    Compiling which v4.0.2
[INFO] [stderr]    Compiling flurry v0.1.3-beta0.3 (/opt/rustwide/workdir)
[INFO] [stdout] warning: unused import: `std::io::ErrorKind::NotFound as FileNotFound`
[INFO] [stdout]  --> src/prelude.rs:9:9
[INFO] [stdout]   |
[INFO] [stdout] 9 | pub use std::io::ErrorKind::NotFound as FileNotFound;
[INFO] [stdout]   |         ^^^^^^^^^^^^^^^^^^^^^^^^^^^^^^^^^^^^^^^^^^^^
[INFO] [stdout]   |
[INFO] [stdout]   = note: `#[warn(unused_imports)]` on by default
[INFO] [stdout] 
[INFO] [stdout] 
[INFO] [stdout] warning: unused imports: `Constraint`, `Layout`, and `Rect`
[INFO] [stdout]  --> src/tui/widgets/mod.rs:6:25
[INFO] [stdout]   |
[INFO] [stdout] 6 |     layout::{Alignment, Constraint, Direction, Layout, Rect},
[INFO] [stdout]   |                         ^^^^^^^^^^             ^^^^^^  ^^^^
[INFO] [stdout] 
[INFO] [stdout] 
[INFO] [stdout] warning: unused import: `Modifier`
[INFO] [stdout]   --> src/tui/mod.rs:12:33
[INFO] [stdout]    |
[INFO] [stdout] 12 |     pub use tui::style::{Color, Modifier, Style};
[INFO] [stdout]    |                                 ^^^^^^^^
[INFO] [stdout] 
[INFO] [stdout] 
[INFO] [stdout] warning: use of deprecated associated function `std::array::IntoIter::<T, N>::new`: use `IntoIterator::into_iter` instead
[INFO] [stdout]    --> src/tui/widgets/table.rs:103:45
[INFO] [stdout]     |
[INFO] [stdout] 103 |         let header_cells = array::IntoIter::new(["Key", "Cmd", "Aliases", "Permissions"])
[INFO] [stdout]     |                                             ^^^
[INFO] [stdout]     |
[INFO] [stdout]     = note: `#[warn(deprecated)]` on by default
[INFO] [stdout] 
[INFO] [stdout] 
[INFO] [stdout] warning: use of deprecated associated function `std::array::IntoIter::<T, N>::new`: use `IntoIterator::into_iter` instead
[INFO] [stdout]    --> src/tui/widgets/table.rs:120:51
[INFO] [stdout]     |
[INFO] [stdout] 120 |                         Row::new(array::IntoIter::new([
[INFO] [stdout]     |                                                   ^^^
[INFO] [stdout] 
[INFO] [stdout] 
[INFO] [stdout] warning: variants `Exts`, `FileType`, `RegEx`, `Raw`, and `None` are never constructed
[INFO] [stdout]    --> src/config/types.rs:157:5
[INFO] [stdout]     |
[INFO] [stdout] 155 | #[derive(Clone, Debug, PartialEq, Archive, Deserialize, Serialize)]
[INFO] [stdout]     |                                   ------- variants in this enum
[INFO] [stdout] 156 | pub enum FilterKind {
[INFO] [stdout] 157 |     Exts(Vec<String>),
[INFO] [stdout]     |     ^^^^
[INFO] [stdout] 158 |     FileType(FileTypeFilter),
[INFO] [stdout]     |     ^^^^^^^^
[INFO] [stdout] 159 |     RegEx(String),
[INFO] [stdout]     |     ^^^^^
[INFO] [stdout] 160 |     Raw(String),
[INFO] [stdout]     |     ^^^
[INFO] [stdout] 161 |     None,
[INFO] [stdout]     |     ^^^^
[INFO] [stdout]     |
[INFO] [stdout]     = note: `#[warn(dead_code)]` on by default
[INFO] [stdout] 
[INFO] [stdout] 
[INFO] [stdout] warning: variants `One`, `Many`, and `None` are never constructed
[INFO] [stdout]    --> src/config/types.rs:172:5
[INFO] [stdout]     |
[INFO] [stdout] 170 | #[derive(Clone, Debug, PartialEq, Archive, Deserialize, Serialize)]
[INFO] [stdout]     |                                   ------- variants in this enum
[INFO] [stdout] 171 | pub enum FiltersKind {
[INFO] [stdout] 172 |     One(FilterKind),
[INFO] [stdout]     |     ^^^
[INFO] [stdout] 173 |     Many(Vec<FilterKind>),
[INFO] [stdout]     |     ^^^^
[INFO] [stdout] 174 |     None,
[INFO] [stdout]     |     ^^^^
[INFO] [stdout] 
[INFO] [stdout] 
[INFO] [stdout] warning: variants `Depth` and `None` are never constructed
[INFO] [stdout]    --> src/config/types.rs:196:5
[INFO] [stdout]     |
[INFO] [stdout] 194 | #[derive(Clone, Debug, PartialEq, Archive, Deserialize, Serialize)]
[INFO] [stdout]     |                                   ------- variants in this enum
[INFO] [stdout] 195 | pub enum ScanDirKind {
[INFO] [stdout] 196 |     Depth(u8),
[INFO] [stdout]     |     ^^^^^
[INFO] [stdout] 197 |     None,
[INFO] [stdout]     |     ^^^^
[INFO] [stdout] 
[INFO] [stdout] 
[INFO] [stdout] warning: field `request_exit` is never read
[INFO] [stdout]   --> src/tui/widgets/table.rs:11:9
[INFO] [stdout]    |
[INFO] [stdout] 8  | pub struct StatefulCmdsTable<'cmds> {
[INFO] [stdout]    |            ----------------- field in this struct
[INFO] [stdout] ...
[INFO] [stdout] 11 |     pub request_exit: bool,
[INFO] [stdout]    |         ^^^^^^^^^^^^
[INFO] [stdout] 
[INFO] [stdout] 
[INFO] [stderr]     Finished `dev` profile [unoptimized + debuginfo] target(s) in 20.65s
[INFO] running `Command { std: "docker" "inspect" "5a385c497060cd133ed8f13fd292f4acbea06075e718dea48987b827d755ee0f", kill_on_drop: false }`
[INFO] running `Command { std: "docker" "rm" "-f" "5a385c497060cd133ed8f13fd292f4acbea06075e718dea48987b827d755ee0f", kill_on_drop: false }`
[INFO] [stdout] 5a385c497060cd133ed8f13fd292f4acbea06075e718dea48987b827d755ee0f
[INFO] running `Command { std: "docker" "create" "-v" "/var/lib/crater-agent-workspace/builds/worker-0-tc1/target:/opt/rustwide/target:rw,Z" "-v" "/var/lib/crater-agent-workspace/builds/worker-0-tc1/source:/opt/rustwide/workdir:ro,Z" "-v" "/var/lib/crater-agent-workspace/cargo-home:/opt/rustwide/cargo-home:ro,Z" "-v" "/var/lib/crater-agent-workspace/rustup-home:/opt/rustwide/rustup-home:ro,Z" "-e" "SOURCE_DIR=/opt/rustwide/workdir" "-e" "CARGO_TARGET_DIR=/opt/rustwide/target" "-e" "CARGO_INCREMENTAL=0" "-e" "RUST_BACKTRACE=full" "-e" "RUSTFLAGS=--cap-lints=forbid" "-e" "RUSTDOCFLAGS=--cap-lints=forbid" "-e" "CARGO_HOME=/opt/rustwide/cargo-home" "-e" "RUSTUP_HOME=/opt/rustwide/rustup-home" "-w" "/opt/rustwide/workdir" "-m" "1610612736" "--user" "0:0" "--network" "none" "ghcr.io/rust-lang/crates-build-env/linux@sha256:4a844ea9eb2546a2d2c7022eacef16ef2e8229c7fbb2c7d4d55a9ceca922f72d" "/opt/rustwide/cargo-home/bin/cargo" "+nightly-2024-10-28" "test" "--frozen" "--no-run" "--message-format=json", kill_on_drop: false }`
[INFO] [stdout] 4c1c329ee680161e62fc78e892e9914b8ac312a1c858b228ee4b2303621f87b4
[INFO] running `Command { std: "docker" "start" "-a" "4c1c329ee680161e62fc78e892e9914b8ac312a1c858b228ee4b2303621f87b4", kill_on_drop: false }`
[INFO] [stderr] warning: `default_features` is deprecated in favor of `default-features` and will not work in the 2024 edition
[INFO] [stderr] (in the `tui` dependency)
[INFO] [stderr]    Compiling flurry v0.1.3-beta0.3 (/opt/rustwide/workdir)
[INFO] [stdout] warning: unused import: `std::io::ErrorKind::NotFound as FileNotFound`
[INFO] [stdout]  --> src/prelude.rs:9:9
[INFO] [stdout]   |
[INFO] [stdout] 9 | pub use std::io::ErrorKind::NotFound as FileNotFound;
[INFO] [stdout]   |         ^^^^^^^^^^^^^^^^^^^^^^^^^^^^^^^^^^^^^^^^^^^^
[INFO] [stdout]   |
[INFO] [stdout]   = note: `#[warn(unused_imports)]` on by default
[INFO] [stdout] 
[INFO] [stdout] 
[INFO] [stdout] warning: unused imports: `Constraint`, `Layout`, and `Rect`
[INFO] [stdout]  --> src/tui/widgets/mod.rs:6:25
[INFO] [stdout]   |
[INFO] [stdout] 6 |     layout::{Alignment, Constraint, Direction, Layout, Rect},
[INFO] [stdout]   |                         ^^^^^^^^^^             ^^^^^^  ^^^^
[INFO] [stdout] 
[INFO] [stdout] 
[INFO] [stdout] warning: unused import: `Modifier`
[INFO] [stdout]   --> src/tui/mod.rs:12:33
[INFO] [stdout]    |
[INFO] [stdout] 12 |     pub use tui::style::{Color, Modifier, Style};
[INFO] [stdout]    |                                 ^^^^^^^^
[INFO] [stdout] 
[INFO] [stdout] 
[INFO] [stdout] warning: use of deprecated associated function `std::array::IntoIter::<T, N>::new`: use `IntoIterator::into_iter` instead
[INFO] [stdout]    --> src/tui/widgets/table.rs:103:45
[INFO] [stdout]     |
[INFO] [stdout] 103 |         let header_cells = array::IntoIter::new(["Key", "Cmd", "Aliases", "Permissions"])
[INFO] [stdout]     |                                             ^^^
[INFO] [stdout]     |
[INFO] [stdout]     = note: `#[warn(deprecated)]` on by default
[INFO] [stdout] 
[INFO] [stdout] 
[INFO] [stdout] warning: use of deprecated associated function `std::array::IntoIter::<T, N>::new`: use `IntoIterator::into_iter` instead
[INFO] [stdout]    --> src/tui/widgets/table.rs:120:51
[INFO] [stdout]     |
[INFO] [stdout] 120 |                         Row::new(array::IntoIter::new([
[INFO] [stdout]     |                                                   ^^^
[INFO] [stdout] 
[INFO] [stdout] 
[INFO] [stdout] warning: variants `Exts`, `FileType`, `RegEx`, `Raw`, and `None` are never constructed
[INFO] [stdout]    --> src/config/types.rs:157:5
[INFO] [stdout]     |
[INFO] [stdout] 155 | #[derive(Clone, Debug, PartialEq, Archive, Deserialize, Serialize)]
[INFO] [stdout]     |                                   ------- variants in this enum
[INFO] [stdout] 156 | pub enum FilterKind {
[INFO] [stdout] 157 |     Exts(Vec<String>),
[INFO] [stdout]     |     ^^^^
[INFO] [stdout] 158 |     FileType(FileTypeFilter),
[INFO] [stdout]     |     ^^^^^^^^
[INFO] [stdout] 159 |     RegEx(String),
[INFO] [stdout]     |     ^^^^^
[INFO] [stdout] 160 |     Raw(String),
[INFO] [stdout]     |     ^^^
[INFO] [stdout] 161 |     None,
[INFO] [stdout]     |     ^^^^
[INFO] [stdout]     |
[INFO] [stdout]     = note: `#[warn(dead_code)]` on by default
[INFO] [stdout] 
[INFO] [stdout] 
[INFO] [stdout] warning: variants `One`, `Many`, and `None` are never constructed
[INFO] [stdout]    --> src/config/types.rs:172:5
[INFO] [stdout]     |
[INFO] [stdout] 170 | #[derive(Clone, Debug, PartialEq, Archive, Deserialize, Serialize)]
[INFO] [stdout]     |                                   ------- variants in this enum
[INFO] [stdout] 171 | pub enum FiltersKind {
[INFO] [stdout] 172 |     One(FilterKind),
[INFO] [stdout]     |     ^^^
[INFO] [stdout] 173 |     Many(Vec<FilterKind>),
[INFO] [stdout]     |     ^^^^
[INFO] [stdout] 174 |     None,
[INFO] [stdout]     |     ^^^^
[INFO] [stdout] 
[INFO] [stdout] 
[INFO] [stdout] warning: variants `Depth` and `None` are never constructed
[INFO] [stdout]    --> src/config/types.rs:196:5
[INFO] [stdout]     |
[INFO] [stdout] 194 | #[derive(Clone, Debug, PartialEq, Archive, Deserialize, Serialize)]
[INFO] [stdout]     |                                   ------- variants in this enum
[INFO] [stdout] 195 | pub enum ScanDirKind {
[INFO] [stdout] 196 |     Depth(u8),
[INFO] [stdout]     |     ^^^^^
[INFO] [stdout] 197 |     None,
[INFO] [stdout]     |     ^^^^
[INFO] [stdout] 
[INFO] [stdout] 
[INFO] [stdout] warning: field `request_exit` is never read
[INFO] [stdout]   --> src/tui/widgets/table.rs:11:9
[INFO] [stdout]    |
[INFO] [stdout] 8  | pub struct StatefulCmdsTable<'cmds> {
[INFO] [stdout]    |            ----------------- field in this struct
[INFO] [stdout] ...
[INFO] [stdout] 11 |     pub request_exit: bool,
[INFO] [stdout]    |         ^^^^^^^^^^^^
[INFO] [stdout] 
[INFO] [stdout] 
[INFO] [stderr]     Finished `test` profile [unoptimized + debuginfo] target(s) in 1.79s
[INFO] running `Command { std: "docker" "inspect" "4c1c329ee680161e62fc78e892e9914b8ac312a1c858b228ee4b2303621f87b4", kill_on_drop: false }`
[INFO] running `Command { std: "docker" "rm" "-f" "4c1c329ee680161e62fc78e892e9914b8ac312a1c858b228ee4b2303621f87b4", kill_on_drop: false }`
[INFO] [stdout] 4c1c329ee680161e62fc78e892e9914b8ac312a1c858b228ee4b2303621f87b4
[INFO] running `Command { std: "docker" "create" "-v" "/var/lib/crater-agent-workspace/builds/worker-0-tc1/target:/opt/rustwide/target:rw,Z" "-v" "/var/lib/crater-agent-workspace/builds/worker-0-tc1/source:/opt/rustwide/workdir:ro,Z" "-v" "/var/lib/crater-agent-workspace/cargo-home:/opt/rustwide/cargo-home:ro,Z" "-v" "/var/lib/crater-agent-workspace/rustup-home:/opt/rustwide/rustup-home:ro,Z" "-e" "SOURCE_DIR=/opt/rustwide/workdir" "-e" "CARGO_TARGET_DIR=/opt/rustwide/target" "-e" "CARGO_INCREMENTAL=0" "-e" "RUST_BACKTRACE=full" "-e" "RUSTFLAGS=--cap-lints=forbid" "-e" "RUSTDOCFLAGS=--cap-lints=forbid" "-e" "CARGO_HOME=/opt/rustwide/cargo-home" "-e" "RUSTUP_HOME=/opt/rustwide/rustup-home" "-w" "/opt/rustwide/workdir" "-m" "1610612736" "--user" "0:0" "--network" "none" "ghcr.io/rust-lang/crates-build-env/linux@sha256:4a844ea9eb2546a2d2c7022eacef16ef2e8229c7fbb2c7d4d55a9ceca922f72d" "/opt/rustwide/cargo-home/bin/cargo" "+nightly-2024-10-28" "test" "--frozen", kill_on_drop: false }`
[INFO] [stdout] 6a8e2b4f1e4bb190903e0ca76118c18f6839540442a657c834d3731904eaa9ab
[INFO] running `Command { std: "docker" "start" "-a" "6a8e2b4f1e4bb190903e0ca76118c18f6839540442a657c834d3731904eaa9ab", kill_on_drop: false }`
[INFO] [stderr] warning: `default_features` is deprecated in favor of `default-features` and will not work in the 2024 edition
[INFO] [stderr] (in the `tui` dependency)
[INFO] [stderr] warning: unused import: `std::io::ErrorKind::NotFound as FileNotFound`
[INFO] [stderr]  --> src/prelude.rs:9:9
[INFO] [stderr]   |
[INFO] [stderr] 9 | pub use std::io::ErrorKind::NotFound as FileNotFound;
[INFO] [stderr]   |         ^^^^^^^^^^^^^^^^^^^^^^^^^^^^^^^^^^^^^^^^^^^^
[INFO] [stderr]   |
[INFO] [stderr]   = note: `#[warn(unused_imports)]` on by default
[INFO] [stderr] 
[INFO] [stderr] warning: unused imports: `Constraint`, `Layout`, and `Rect`
[INFO] [stderr]  --> src/tui/widgets/mod.rs:6:25
[INFO] [stderr]   |
[INFO] [stderr] 6 |     layout::{Alignment, Constraint, Direction, Layout, Rect},
[INFO] [stderr]   |                         ^^^^^^^^^^             ^^^^^^  ^^^^
[INFO] [stderr] 
[INFO] [stderr] warning: unused import: `Modifier`
[INFO] [stderr]   --> src/tui/mod.rs:12:33
[INFO] [stderr]    |
[INFO] [stderr] 12 |     pub use tui::style::{Color, Modifier, Style};
[INFO] [stderr]    |                                 ^^^^^^^^
[INFO] [stderr] 
[INFO] [stderr] warning: use of deprecated associated function `std::array::IntoIter::<T, N>::new`: use `IntoIterator::into_iter` instead
[INFO] [stderr]    --> src/tui/widgets/table.rs:103:45
[INFO] [stderr]     |
[INFO] [stderr] 103 |         let header_cells = array::IntoIter::new(["Key", "Cmd", "Aliases", "Permissions"])
[INFO] [stderr]     |                                             ^^^
[INFO] [stderr]     |
[INFO] [stderr]     = note: `#[warn(deprecated)]` on by default
[INFO] [stderr] 
[INFO] [stderr] warning: use of deprecated associated function `std::array::IntoIter::<T, N>::new`: use `IntoIterator::into_iter` instead
[INFO] [stderr]    --> src/tui/widgets/table.rs:120:51
[INFO] [stderr]     |
[INFO] [stderr] 120 |                         Row::new(array::IntoIter::new([
[INFO] [stderr]     |                                                   ^^^
[INFO] [stderr] 
[INFO] [stderr] warning: variants `Exts`, `FileType`, `RegEx`, `Raw`, and `None` are never constructed
[INFO] [stderr]    --> src/config/types.rs:157:5
[INFO] [stderr]     |
[INFO] [stderr] 155 | #[derive(Clone, Debug, PartialEq, Archive, Deserialize, Serialize)]
[INFO] [stderr]     |                                   ------- variants in this enum
[INFO] [stderr] 156 | pub enum FilterKind {
[INFO] [stderr] 157 |     Exts(Vec<String>),
[INFO] [stderr]     |     ^^^^
[INFO] [stderr] 158 |     FileType(FileTypeFilter),
[INFO] [stderr]     |     ^^^^^^^^
[INFO] [stderr] 159 |     RegEx(String),
[INFO] [stderr]     |     ^^^^^
[INFO] [stderr] 160 |     Raw(String),
[INFO] [stderr]     |     ^^^
[INFO] [stderr] 161 |     None,
[INFO] [stderr]     |     ^^^^
[INFO] [stderr]     |
[INFO] [stderr]     = note: `#[warn(dead_code)]` on by default
[INFO] [stderr] 
[INFO] [stderr] warning: variants `One`, `Many`, and `None` are never constructed
[INFO] [stderr]    --> src/config/types.rs:172:5
[INFO] [stderr]     |
[INFO] [stderr] 170 | #[derive(Clone, Debug, PartialEq, Archive, Deserialize, Serialize)]
[INFO] [stderr]     |                                   ------- variants in this enum
[INFO] [stderr] 171 | pub enum FiltersKind {
[INFO] [stderr] 172 |     One(FilterKind),
[INFO] [stderr]     |     ^^^
[INFO] [stderr] 173 |     Many(Vec<FilterKind>),
[INFO] [stderr]     |     ^^^^
[INFO] [stderr] 174 |     None,
[INFO] [stderr]     |     ^^^^
[INFO] [stderr] 
[INFO] [stderr] warning: variants `Depth` and `None` are never constructed
[INFO] [stderr]    --> src/config/types.rs:196:5
[INFO] [stderr]     |
[INFO] [stderr] 194 | #[derive(Clone, Debug, PartialEq, Archive, Deserialize, Serialize)]
[INFO] [stderr]     |                                   ------- variants in this enum
[INFO] [stderr] 195 | pub enum ScanDirKind {
[INFO] [stderr] 196 |     Depth(u8),
[INFO] [stderr]     |     ^^^^^
[INFO] [stderr] 197 |     None,
[INFO] [stderr]     |     ^^^^
[INFO] [stderr] 
[INFO] [stderr] warning: field `request_exit` is never read
[INFO] [stderr]   --> src/tui/widgets/table.rs:11:9
[INFO] [stderr]    |
[INFO] [stderr] 8  | pub struct StatefulCmdsTable<'cmds> {
[INFO] [stderr]    |            ----------------- field in this struct
[INFO] [stderr] ...
[INFO] [stderr] 11 |     pub request_exit: bool,
[INFO] [stderr]    |         ^^^^^^^^^^^^
[INFO] [stderr] 
[INFO] [stderr] warning: `flurry` (bin "flurry" test) generated 9 warnings (run `cargo fix --bin "flurry" --tests` to apply 3 suggestions)
[INFO] [stderr]     Finished `test` profile [unoptimized + debuginfo] target(s) in 0.06s
[INFO] [stderr]      Running unittests src/main.rs (/opt/rustwide/target/debug/deps/flurry-d603dcd3ea8df62c)
[INFO] [stdout] 
[INFO] [stdout] running 1 test
[INFO] [stdout] test apps::interactive::poll_state ... FAILED
[INFO] [stdout] 
[INFO] [stdout] failures:
[INFO] [stdout] 
[INFO] [stdout] ---- apps::interactive::poll_state stdout ----
[INFO] [stdout] thread 'apps::interactive::poll_state' panicked at src/apps/interactive.rs:81:58:
[INFO] [stdout] called `Result::unwrap()` on an `Err` value: No such file or directory (os error 2)
[INFO] [stdout] stack backtrace:
[INFO] [stdout]    0:     0x55fd94743a2a - std::backtrace_rs::backtrace::libunwind::trace::h207520d6e9873551
[INFO] [stdout]                                at /rustc/df4ca44d3fbc9301ee17f30f4d474e6ae4b05252/library/std/src/../../backtrace/src/backtrace/libunwind.rs:116:5
[INFO] [stdout]    1:     0x55fd94743a2a - std::backtrace_rs::backtrace::trace_unsynchronized::h2ed7433f370e3eca
[INFO] [stdout]                                at /rustc/df4ca44d3fbc9301ee17f30f4d474e6ae4b05252/library/std/src/../../backtrace/src/backtrace/mod.rs:66:5
[INFO] [stdout]    2:     0x55fd94743a2a - std::sys::backtrace::_print_fmt::h916fac51166b18d7
[INFO] [stdout]                                at /rustc/df4ca44d3fbc9301ee17f30f4d474e6ae4b05252/library/std/src/sys/backtrace.rs:66:9
[INFO] [stdout]    3:     0x55fd94743a2a - <std::sys::backtrace::BacktraceLock::print::DisplayBacktrace as core::fmt::Display>::fmt::ha0a4c9b8ce3802e6
[INFO] [stdout]                                at /rustc/df4ca44d3fbc9301ee17f30f4d474e6ae4b05252/library/std/src/sys/backtrace.rs:39:26
[INFO] [stdout]    4:     0x55fd9476b673 - core::fmt::rt::Argument::fmt::h4cfc8587d52b3eb5
[INFO] [stdout]                                at /rustc/df4ca44d3fbc9301ee17f30f4d474e6ae4b05252/library/core/src/fmt/rt.rs:177:76
[INFO] [stdout]    5:     0x55fd9476b673 - core::fmt::write::h522cc39e5b36ae9f
[INFO] [stdout]                                at /rustc/df4ca44d3fbc9301ee17f30f4d474e6ae4b05252/library/core/src/fmt/mod.rs:1190:21
[INFO] [stdout]    6:     0x55fd94740623 - std::io::Write::write_fmt::h7d3c26752da97734
[INFO] [stdout]                                at /rustc/df4ca44d3fbc9301ee17f30f4d474e6ae4b05252/library/std/src/io/mod.rs:1839:15
[INFO] [stdout]    7:     0x55fd94743872 - std::sys::backtrace::BacktraceLock::print::h4b9e00b29e9c0942
[INFO] [stdout]                                at /rustc/df4ca44d3fbc9301ee17f30f4d474e6ae4b05252/library/std/src/sys/backtrace.rs:42:9
[INFO] [stdout]    8:     0x55fd94744eba - std::panicking::default_hook::{{closure}}::hb59b88280d0324d9
[INFO] [stdout]                                at /rustc/df4ca44d3fbc9301ee17f30f4d474e6ae4b05252/library/std/src/panicking.rs:268:22
[INFO] [stdout]    9:     0x55fd94744cc4 - std::panicking::default_hook::he1dd496665be4a29
[INFO] [stdout]                                at /rustc/df4ca44d3fbc9301ee17f30f4d474e6ae4b05252/library/std/src/panicking.rs:292:9
[INFO] [stdout]   10:     0x55fd9465e109 - <alloc::boxed::Box<F,A> as core::ops::function::Fn<Args>>::call::h4ff71de18744e1dc
[INFO] [stdout]                                at /rustc/df4ca44d3fbc9301ee17f30f4d474e6ae4b05252/library/alloc/src/boxed.rs:2468:9
[INFO] [stdout]   11:     0x55fd9465e109 - test::test_main::{{closure}}::hcf7c055ce117aa81
[INFO] [stdout]                                at /rustc/df4ca44d3fbc9301ee17f30f4d474e6ae4b05252/library/test/src/lib.rs:133:21
[INFO] [stdout]   12:     0x55fd947455b8 - <alloc::boxed::Box<F,A> as core::ops::function::Fn<Args>>::call::h1d66c6bbd60c9692
[INFO] [stdout]                                at /rustc/df4ca44d3fbc9301ee17f30f4d474e6ae4b05252/library/alloc/src/boxed.rs:2468:9
[INFO] [stdout]   13:     0x55fd947455b8 - std::panicking::rust_panic_with_hook::h2ff17fe8f26dfcf8
[INFO] [stdout]                                at /rustc/df4ca44d3fbc9301ee17f30f4d474e6ae4b05252/library/std/src/panicking.rs:809:13
[INFO] [stdout]   14:     0x55fd9474537a - std::panicking::begin_panic_handler::{{closure}}::h4fad77951c07e101
[INFO] [stdout]                                at /rustc/df4ca44d3fbc9301ee17f30f4d474e6ae4b05252/library/std/src/panicking.rs:674:13
[INFO] [stdout]   15:     0x55fd94743f09 - std::sys::backtrace::__rust_end_short_backtrace::hb1a25b3da5d0ea08
[INFO] [stdout]                                at /rustc/df4ca44d3fbc9301ee17f30f4d474e6ae4b05252/library/std/src/sys/backtrace.rs:170:18
[INFO] [stdout]   16:     0x55fd9474500c - rust_begin_unwind
[INFO] [stdout]                                at /rustc/df4ca44d3fbc9301ee17f30f4d474e6ae4b05252/library/std/src/panicking.rs:665:5
[INFO] [stdout]   17:     0x55fd9476a030 - core::panicking::panic_fmt::ha9db07b529f9b256
[INFO] [stdout]                                at /rustc/df4ca44d3fbc9301ee17f30f4d474e6ae4b05252/library/core/src/panicking.rs:75:14
[INFO] [stdout]   18:     0x55fd9476a4b6 - core::result::unwrap_failed::h5e8218e4d4338b8a
[INFO] [stdout]                                at /rustc/df4ca44d3fbc9301ee17f30f4d474e6ae4b05252/library/core/src/result.rs:1698:5
[INFO] [stdout]   19:     0x55fd944f35f5 - core::result::Result<T,E>::unwrap::h259491c0783dc2c9
[INFO] [stdout]                                at /rustc/df4ca44d3fbc9301ee17f30f4d474e6ae4b05252/library/core/src/result.rs:1103:23
[INFO] [stdout]   20:     0x55fd944f35f5 - flurry::apps::interactive::poll_state::h99b6f6586402dab4
[INFO] [stdout]                                at /opt/rustwide/workdir/src/apps/interactive.rs:81:19
[INFO] [stdout]   21:     0x55fd944f3427 - flurry::apps::interactive::poll_state::{{closure}}::hcbdb525d03afefc6
[INFO] [stdout]                                at /opt/rustwide/workdir/src/apps/interactive.rs:53:16
[INFO] [stdout]   22:     0x55fd94513a86 - core::ops::function::FnOnce::call_once::h814b2a459867fb98
[INFO] [stdout]                                at /rustc/df4ca44d3fbc9301ee17f30f4d474e6ae4b05252/library/core/src/ops/function.rs:250:5
[INFO] [stdout]   23:     0x55fd946629db - core::ops::function::FnOnce::call_once::h22c3ba5715e93f05
[INFO] [stdout]                                at /rustc/df4ca44d3fbc9301ee17f30f4d474e6ae4b05252/library/core/src/ops/function.rs:250:5
[INFO] [stdout]   24:     0x55fd946629db - test::__rust_begin_short_backtrace::h8e82d8113d0da17f
[INFO] [stdout]                                at /rustc/df4ca44d3fbc9301ee17f30f4d474e6ae4b05252/library/test/src/lib.rs:621:18
[INFO] [stdout]   25:     0x55fd94662357 - test::run_test_in_process::{{closure}}::h33235f4f20b7b7c7
[INFO] [stdout]                                at /rustc/df4ca44d3fbc9301ee17f30f4d474e6ae4b05252/library/test/src/lib.rs:644:60
[INFO] [stdout]   26:     0x55fd94662357 - <core::panic::unwind_safe::AssertUnwindSafe<F> as core::ops::function::FnOnce<()>>::call_once::hb5043206310c586f
[INFO] [stdout]                                at /rustc/df4ca44d3fbc9301ee17f30f4d474e6ae4b05252/library/core/src/panic/unwind_safe.rs:272:9
[INFO] [stdout]   27:     0x55fd94662357 - std::panicking::try::do_call::h9ad4731a60ab23e2
[INFO] [stdout]                                at /rustc/df4ca44d3fbc9301ee17f30f4d474e6ae4b05252/library/std/src/panicking.rs:557:40
[INFO] [stdout]   28:     0x55fd94662357 - std::panicking::try::h3824d23db772a716
[INFO] [stdout]                                at /rustc/df4ca44d3fbc9301ee17f30f4d474e6ae4b05252/library/std/src/panicking.rs:520:19
[INFO] [stdout]   29:     0x55fd94662357 - std::panic::catch_unwind::h5afd514605fde46b
[INFO] [stdout]                                at /rustc/df4ca44d3fbc9301ee17f30f4d474e6ae4b05252/library/std/src/panic.rs:358:14
[INFO] [stdout]   30:     0x55fd94662357 - test::run_test_in_process::h0d5cbfa7067d1720
[INFO] [stdout]                                at /rustc/df4ca44d3fbc9301ee17f30f4d474e6ae4b05252/library/test/src/lib.rs:644:27
[INFO] [stdout]   31:     0x55fd94662357 - test::run_test::{{closure}}::h708eb8872708115d
[INFO] [stdout]                                at /rustc/df4ca44d3fbc9301ee17f30f4d474e6ae4b05252/library/test/src/lib.rs:565:43
[INFO] [stdout]   32:     0x55fd94625a74 - test::run_test::{{closure}}::h392c51cee94713ab
[INFO] [stdout]                                at /rustc/df4ca44d3fbc9301ee17f30f4d474e6ae4b05252/library/test/src/lib.rs:595:41
[INFO] [stdout]   33:     0x55fd94625a74 - std::sys::backtrace::__rust_begin_short_backtrace::h2f40290710935a8b
[INFO] [stdout]                                at /rustc/df4ca44d3fbc9301ee17f30f4d474e6ae4b05252/library/std/src/sys/backtrace.rs:154:18
[INFO] [stdout]   34:     0x55fd9462921e - std::thread::Builder::spawn_unchecked_::{{closure}}::{{closure}}::h3fd968d89053a903
[INFO] [stdout]                                at /rustc/df4ca44d3fbc9301ee17f30f4d474e6ae4b05252/library/std/src/thread/mod.rs:541:17
[INFO] [stdout]   35:     0x55fd9462921e - <core::panic::unwind_safe::AssertUnwindSafe<F> as core::ops::function::FnOnce<()>>::call_once::h743f637ba4229880
[INFO] [stdout]                                at /rustc/df4ca44d3fbc9301ee17f30f4d474e6ae4b05252/library/core/src/panic/unwind_safe.rs:272:9
[INFO] [stdout]   36:     0x55fd9462921e - std::panicking::try::do_call::h07440897322525a6
[INFO] [stdout]                                at /rustc/df4ca44d3fbc9301ee17f30f4d474e6ae4b05252/library/std/src/panicking.rs:557:40
[INFO] [stdout]   37:     0x55fd9462921e - std::panicking::try::he5a2e00188156637
[INFO] [stdout]                                at /rustc/df4ca44d3fbc9301ee17f30f4d474e6ae4b05252/library/std/src/panicking.rs:520:19
[INFO] [stdout]   38:     0x55fd9462921e - std::panic::catch_unwind::hbaf3cae49b3c6433
[INFO] [stdout]                                at /rustc/df4ca44d3fbc9301ee17f30f4d474e6ae4b05252/library/std/src/panic.rs:358:14
[INFO] [stdout]   39:     0x55fd9462921e - std::thread::Builder::spawn_unchecked_::{{closure}}::h8e141ea224820bce
[INFO] [stdout]                                at /rustc/df4ca44d3fbc9301ee17f30f4d474e6ae4b05252/library/std/src/thread/mod.rs:540:30
[INFO] [stdout]   40:     0x55fd9462921e - core::ops::function::FnOnce::call_once{{vtable.shim}}::h90d312fedd7b8ea8
[INFO] [stdout]                                at /rustc/df4ca44d3fbc9301ee17f30f4d474e6ae4b05252/library/core/src/ops/function.rs:250:5
[INFO] [stdout]   41:     0x55fd947494ab - <alloc::boxed::Box<F,A> as core::ops::function::FnOnce<Args>>::call_once::h69aa08ddb6adb8b6
[INFO] [stdout]                                at /rustc/df4ca44d3fbc9301ee17f30f4d474e6ae4b05252/library/alloc/src/boxed.rs:2454:9
[INFO] [stdout]   42:     0x55fd947494ab - <alloc::boxed::Box<F,A> as core::ops::function::FnOnce<Args>>::call_once::h5aa36efdb79c806f
[INFO] [stdout]                                at /rustc/df4ca44d3fbc9301ee17f30f4d474e6ae4b05252/library/alloc/src/boxed.rs:2454:9
[INFO] [stdout]   43:     0x55fd947494ab - std::sys::pal::unix::thread::Thread::new::thread_start::h6cd80a1b4be5158d
[INFO] [stdout]                                at /rustc/df4ca44d3fbc9301ee17f30f4d474e6ae4b05252/library/std/src/sys/pal/unix/thread.rs:105:17
[INFO] [stdout]   44:     0x727a6d05cac3 - <unknown>
[INFO] [stdout]   45:     0x727a6d0eda04 - clone
[INFO] [stdout]   46:                0x0 - <unknown>
[INFO] [stdout] 
[INFO] [stdout] 
[INFO] [stdout] failures:
[INFO] [stdout]     apps::interactive::poll_state
[INFO] [stdout] 
[INFO] [stdout] test result: FAILED. 0 passed; 1 failed; 0 ignored; 0 measured; 0 filtered out; finished in 0.06s
[INFO] [stdout] 
[INFO] [stderr] error: test failed, to rerun pass `--bin flurry`
[INFO] running `Command { std: "docker" "inspect" "6a8e2b4f1e4bb190903e0ca76118c18f6839540442a657c834d3731904eaa9ab", kill_on_drop: false }`
[INFO] running `Command { std: "docker" "rm" "-f" "6a8e2b4f1e4bb190903e0ca76118c18f6839540442a657c834d3731904eaa9ab", kill_on_drop: false }`
[INFO] [stdout] 6a8e2b4f1e4bb190903e0ca76118c18f6839540442a657c834d3731904eaa9ab
