[INFO] cloning repository https://github.com/antoyo/test_lang_tester
[INFO] running `Command { std: "git" "-c" "credential.helper=" "-c" "credential.helper=/workspace/cargo-home/bin/git-credential-null" "clone" "--bare" "https://github.com/antoyo/test_lang_tester" "/workspace/cache/git-repos/https%3A%2F%2Fgithub.com%2Fantoyo%2Ftest_lang_tester", kill_on_drop: false }`
[INFO] [stderr] Cloning into bare repository '/workspace/cache/git-repos/https%3A%2F%2Fgithub.com%2Fantoyo%2Ftest_lang_tester'...
[INFO] running `Command { std: "git" "rev-parse" "HEAD", kill_on_drop: false }`
[INFO] [stdout] f451b284969482bab5c1d7b744abe5ea4a08df6e
[INFO] testing antoyo/test_lang_tester/f451b284969482bab5c1d7b744abe5ea4a08df6e against nightly-2024-10-28+rustflags=-Zrandomize-layout for randomize-layout
[INFO] running `Command { std: "git" "clone" "/workspace/cache/git-repos/https%3A%2F%2Fgithub.com%2Fantoyo%2Ftest_lang_tester" "/workspace/builds/worker-6-tc2/source", kill_on_drop: false }`
[INFO] [stderr] Cloning into '/workspace/builds/worker-6-tc2/source'...
[INFO] [stderr] done.
[INFO] validating manifest of git repo https://github.com/antoyo/test_lang_tester on toolchain nightly-2024-10-28
[INFO] running `Command { std: CARGO_HOME="/workspace/cargo-home" RUSTUP_HOME="/workspace/rustup-home" "/workspace/cargo-home/bin/cargo" "+nightly-2024-10-28" "metadata" "--manifest-path" "Cargo.toml" "--no-deps", kill_on_drop: false }`
[INFO] started tweaking git repo https://github.com/antoyo/test_lang_tester
[INFO] finished tweaking git repo https://github.com/antoyo/test_lang_tester
[INFO] tweaked toml for git repo https://github.com/antoyo/test_lang_tester written to /workspace/builds/worker-6-tc2/source/Cargo.toml
[INFO] crate git repo https://github.com/antoyo/test_lang_tester already has a lockfile, it will not be regenerated
[INFO] running `Command { std: CARGO_HOME="/workspace/cargo-home" RUSTUP_HOME="/workspace/rustup-home" "/workspace/cargo-home/bin/cargo" "+nightly-2024-10-28" "fetch" "--manifest-path" "Cargo.toml", kill_on_drop: false }`
[INFO] running `Command { std: "docker" "create" "-v" "/var/lib/crater-agent-workspace/builds/worker-6-tc2/target:/opt/rustwide/target:rw,Z" "-v" "/var/lib/crater-agent-workspace/builds/worker-6-tc2/source:/opt/rustwide/workdir:ro,Z" "-v" "/var/lib/crater-agent-workspace/cargo-home:/opt/rustwide/cargo-home:ro,Z" "-v" "/var/lib/crater-agent-workspace/rustup-home:/opt/rustwide/rustup-home:ro,Z" "-e" "SOURCE_DIR=/opt/rustwide/workdir" "-e" "CARGO_TARGET_DIR=/opt/rustwide/target" "-e" "CARGO_HOME=/opt/rustwide/cargo-home" "-e" "RUSTUP_HOME=/opt/rustwide/rustup-home" "-w" "/opt/rustwide/workdir" "-m" "1610612736" "--user" "0:0" "--network" "none" "ghcr.io/rust-lang/crates-build-env/linux@sha256:4a844ea9eb2546a2d2c7022eacef16ef2e8229c7fbb2c7d4d55a9ceca922f72d" "/opt/rustwide/cargo-home/bin/cargo" "+nightly-2024-10-28" "metadata" "--no-deps" "--format-version=1", kill_on_drop: false }`
[INFO] [stdout] e140a0a876d2174f8756802b2abf4f74ecf7c1d2e34857819b545ba73116f8c1
[INFO] running `Command { std: "docker" "start" "-a" "e140a0a876d2174f8756802b2abf4f74ecf7c1d2e34857819b545ba73116f8c1", kill_on_drop: false }`
[INFO] running `Command { std: "docker" "inspect" "e140a0a876d2174f8756802b2abf4f74ecf7c1d2e34857819b545ba73116f8c1", kill_on_drop: false }`
[INFO] running `Command { std: "docker" "rm" "-f" "e140a0a876d2174f8756802b2abf4f74ecf7c1d2e34857819b545ba73116f8c1", kill_on_drop: false }`
[INFO] [stdout] e140a0a876d2174f8756802b2abf4f74ecf7c1d2e34857819b545ba73116f8c1
[INFO] running `Command { std: "docker" "create" "-v" "/var/lib/crater-agent-workspace/builds/worker-6-tc2/target:/opt/rustwide/target:rw,Z" "-v" "/var/lib/crater-agent-workspace/builds/worker-6-tc2/source:/opt/rustwide/workdir:ro,Z" "-v" "/var/lib/crater-agent-workspace/cargo-home:/opt/rustwide/cargo-home:ro,Z" "-v" "/var/lib/crater-agent-workspace/rustup-home:/opt/rustwide/rustup-home:ro,Z" "-e" "SOURCE_DIR=/opt/rustwide/workdir" "-e" "CARGO_TARGET_DIR=/opt/rustwide/target" "-e" "CARGO_INCREMENTAL=0" "-e" "RUST_BACKTRACE=full" "-e" "RUSTFLAGS=--cap-lints=forbid -Zrandomize-layout" "-e" "RUSTDOCFLAGS=--cap-lints=forbid" "-e" "CARGO_HOME=/opt/rustwide/cargo-home" "-e" "RUSTUP_HOME=/opt/rustwide/rustup-home" "-w" "/opt/rustwide/workdir" "-m" "1610612736" "--user" "0:0" "--network" "none" "ghcr.io/rust-lang/crates-build-env/linux@sha256:4a844ea9eb2546a2d2c7022eacef16ef2e8229c7fbb2c7d4d55a9ceca922f72d" "/opt/rustwide/cargo-home/bin/cargo" "+nightly-2024-10-28" "build" "--frozen" "--message-format=json", kill_on_drop: false }`
[INFO] [stdout] c2ecf3406bd0ac2fa060c90e9969db4fa04edf94101d110b2922048e6b0e3cb7
[INFO] running `Command { std: "docker" "start" "-a" "c2ecf3406bd0ac2fa060c90e9969db4fa04edf94101d110b2922048e6b0e3cb7", kill_on_drop: false }`
[INFO] [stderr]    Compiling test_lang_tester v0.1.0 (/opt/rustwide/workdir)
[INFO] [stderr]     Finished `dev` profile [unoptimized + debuginfo] target(s) in 0.11s
[INFO] running `Command { std: "docker" "inspect" "c2ecf3406bd0ac2fa060c90e9969db4fa04edf94101d110b2922048e6b0e3cb7", kill_on_drop: false }`
[INFO] running `Command { std: "docker" "rm" "-f" "c2ecf3406bd0ac2fa060c90e9969db4fa04edf94101d110b2922048e6b0e3cb7", kill_on_drop: false }`
[INFO] [stdout] c2ecf3406bd0ac2fa060c90e9969db4fa04edf94101d110b2922048e6b0e3cb7
[INFO] running `Command { std: "docker" "create" "-v" "/var/lib/crater-agent-workspace/builds/worker-6-tc2/target:/opt/rustwide/target:rw,Z" "-v" "/var/lib/crater-agent-workspace/builds/worker-6-tc2/source:/opt/rustwide/workdir:ro,Z" "-v" "/var/lib/crater-agent-workspace/cargo-home:/opt/rustwide/cargo-home:ro,Z" "-v" "/var/lib/crater-agent-workspace/rustup-home:/opt/rustwide/rustup-home:ro,Z" "-e" "SOURCE_DIR=/opt/rustwide/workdir" "-e" "CARGO_TARGET_DIR=/opt/rustwide/target" "-e" "CARGO_INCREMENTAL=0" "-e" "RUST_BACKTRACE=full" "-e" "RUSTFLAGS=--cap-lints=forbid -Zrandomize-layout" "-e" "RUSTDOCFLAGS=--cap-lints=forbid" "-e" "CARGO_HOME=/opt/rustwide/cargo-home" "-e" "RUSTUP_HOME=/opt/rustwide/rustup-home" "-w" "/opt/rustwide/workdir" "-m" "1610612736" "--user" "0:0" "--network" "none" "ghcr.io/rust-lang/crates-build-env/linux@sha256:4a844ea9eb2546a2d2c7022eacef16ef2e8229c7fbb2c7d4d55a9ceca922f72d" "/opt/rustwide/cargo-home/bin/cargo" "+nightly-2024-10-28" "test" "--frozen" "--no-run" "--message-format=json", kill_on_drop: false }`
[INFO] [stdout] 0a6f00638ca05e4ed6c84bea6b51717ea1dc0f7fd295d34eebba3885fb4e5f33
[INFO] running `Command { std: "docker" "start" "-a" "0a6f00638ca05e4ed6c84bea6b51717ea1dc0f7fd295d34eebba3885fb4e5f33", kill_on_drop: false }`
[INFO] [stderr]    Compiling libc v0.2.71
[INFO] [stderr]    Compiling getrandom v0.1.14
[INFO] [stderr]    Compiling cfg-if v0.1.10
[INFO] [stderr]    Compiling ppv-lite86 v0.2.8
[INFO] [stderr]    Compiling same-file v1.0.6
[INFO] [stderr]    Compiling unicode-width v0.1.7
[INFO] [stderr]    Compiling termcolor v1.1.0
[INFO] [stderr]    Compiling remove_dir_all v0.5.2
[INFO] [stderr]    Compiling getopts v0.2.21
[INFO] [stderr]    Compiling walkdir v2.3.1
[INFO] [stderr]    Compiling num_cpus v1.13.0
[INFO] [stderr]    Compiling wait-timeout v0.2.0
[INFO] [stderr]    Compiling rand_core v0.5.1
[INFO] [stderr]    Compiling threadpool v1.8.1
[INFO] [stderr]    Compiling lang_tester v0.3.9
[INFO] [stderr]    Compiling rand_chacha v0.2.2
[INFO] [stderr]    Compiling rand v0.7.3
[INFO] [stderr]    Compiling tempfile v3.1.0
[INFO] [stderr]    Compiling test_lang_tester v0.1.0 (/opt/rustwide/workdir)
[INFO] [stderr]     Finished `test` profile [unoptimized + debuginfo] target(s) in 1.53s
[INFO] running `Command { std: "docker" "inspect" "0a6f00638ca05e4ed6c84bea6b51717ea1dc0f7fd295d34eebba3885fb4e5f33", kill_on_drop: false }`
[INFO] running `Command { std: "docker" "rm" "-f" "0a6f00638ca05e4ed6c84bea6b51717ea1dc0f7fd295d34eebba3885fb4e5f33", kill_on_drop: false }`
[INFO] [stdout] 0a6f00638ca05e4ed6c84bea6b51717ea1dc0f7fd295d34eebba3885fb4e5f33
[INFO] running `Command { std: "docker" "create" "-v" "/var/lib/crater-agent-workspace/builds/worker-6-tc2/target:/opt/rustwide/target:rw,Z" "-v" "/var/lib/crater-agent-workspace/builds/worker-6-tc2/source:/opt/rustwide/workdir:ro,Z" "-v" "/var/lib/crater-agent-workspace/cargo-home:/opt/rustwide/cargo-home:ro,Z" "-v" "/var/lib/crater-agent-workspace/rustup-home:/opt/rustwide/rustup-home:ro,Z" "-e" "SOURCE_DIR=/opt/rustwide/workdir" "-e" "CARGO_TARGET_DIR=/opt/rustwide/target" "-e" "CARGO_INCREMENTAL=0" "-e" "RUST_BACKTRACE=full" "-e" "RUSTFLAGS=--cap-lints=forbid -Zrandomize-layout" "-e" "RUSTDOCFLAGS=--cap-lints=forbid" "-e" "CARGO_HOME=/opt/rustwide/cargo-home" "-e" "RUSTUP_HOME=/opt/rustwide/rustup-home" "-w" "/opt/rustwide/workdir" "-m" "1610612736" "--user" "0:0" "--network" "none" "ghcr.io/rust-lang/crates-build-env/linux@sha256:4a844ea9eb2546a2d2c7022eacef16ef2e8229c7fbb2c7d4d55a9ceca922f72d" "/opt/rustwide/cargo-home/bin/cargo" "+nightly-2024-10-28" "test" "--frozen", kill_on_drop: false }`
[INFO] [stdout] 8ce5e5f1eae3ac55eaae6bf31a4183b82cb94ab6d68a4ca917171ef0c2f4cca6
[INFO] running `Command { std: "docker" "start" "-a" "8ce5e5f1eae3ac55eaae6bf31a4183b82cb94ab6d68a4ca917171ef0c2f4cca6", kill_on_drop: false }`
[INFO] [stderr]     Finished `test` profile [unoptimized + debuginfo] target(s) in 0.01s
[INFO] [stderr]      Running unittests src/main.rs (/opt/rustwide/target/debug/deps/test_lang_tester-c7eef0dc0c7fa8ab)
[INFO] [stdout] 
[INFO] [stdout] running 0 tests
[INFO] [stdout] 
[INFO] [stdout] test result: ok. 0 passed; 0 failed; 0 ignored; 0 measured; 0 filtered out; finished in 0.00s
[INFO] [stdout] 
[INFO] [stderr]      Running tests/lib.rs (/opt/rustwide/target/debug/deps/lib-a05f845eda27ad20)
[INFO] [stdout] 
[INFO] [stdout] running 1 test
[INFO] [stderr] 
[INFO] [stderr] test lang_tests::exit ... [0m[31mFAILED[0m
[INFO] [stderr] test lang_tests::exit_code ... [0m[31mFAILED[0m
[INFO] [stderr] test lang_tests::empty_mail ... [0m[31mFAILED[0m
[INFO] [stderr] test lang_tests::abort ... [0m[31mFAILED[0m
[INFO] [stderr] test lang_tests::abort2 ... [0m[31mFAILED[0m[0m[31mFAILED[0merror: test failed, to rerun pass `--test lib`
[INFO] [stderr] 
[INFO] [stderr] Caused by:
[INFO] [stderr]   process didn't exit successfully: `/opt/rustwide/target/debug/deps/lib-a05f845eda27ad20` (exit status: 1)
[INFO] [stderr] note: test exited abnormally; to see the full output pass --nocapture to the harness.
[INFO] running `Command { std: "docker" "inspect" "8ce5e5f1eae3ac55eaae6bf31a4183b82cb94ab6d68a4ca917171ef0c2f4cca6", kill_on_drop: false }`
[INFO] running `Command { std: "docker" "rm" "-f" "8ce5e5f1eae3ac55eaae6bf31a4183b82cb94ab6d68a4ca917171ef0c2f4cca6", kill_on_drop: false }`
[INFO] [stdout] 8ce5e5f1eae3ac55eaae6bf31a4183b82cb94ab6d68a4ca917171ef0c2f4cca6
