[INFO] cloning repository https://github.com/antonxy/h264_glitcher
[INFO] running `Command { std: "git" "-c" "credential.helper=" "-c" "credential.helper=/workspace/cargo-home/bin/git-credential-null" "clone" "--bare" "https://github.com/antonxy/h264_glitcher" "/workspace/cache/git-repos/https%3A%2F%2Fgithub.com%2Fantonxy%2Fh264_glitcher", kill_on_drop: false }`
[INFO] [stderr] Cloning into bare repository '/workspace/cache/git-repos/https%3A%2F%2Fgithub.com%2Fantonxy%2Fh264_glitcher'...
[INFO] running `Command { std: "git" "rev-parse" "HEAD", kill_on_drop: false }`
[INFO] [stdout] c72ed7b836cd32691857be16c1ab82f0ef0ad1b3
[INFO] testing antonxy/h264_glitcher/c72ed7b836cd32691857be16c1ab82f0ef0ad1b3 against nightly-2024-10-28+rustflags=-Zrandomize-layout for randomize-layout
[INFO] running `Command { std: "git" "clone" "/workspace/cache/git-repos/https%3A%2F%2Fgithub.com%2Fantonxy%2Fh264_glitcher" "/workspace/builds/worker-2-tc2/source", kill_on_drop: false }`
[INFO] [stderr] Cloning into '/workspace/builds/worker-2-tc2/source'...
[INFO] [stderr] done.
[INFO] validating manifest of git repo https://github.com/antonxy/h264_glitcher on toolchain nightly-2024-10-28
[INFO] running `Command { std: CARGO_HOME="/workspace/cargo-home" RUSTUP_HOME="/workspace/rustup-home" "/workspace/cargo-home/bin/cargo" "+nightly-2024-10-28" "metadata" "--manifest-path" "Cargo.toml" "--no-deps", kill_on_drop: false }`
[INFO] started tweaking git repo https://github.com/antonxy/h264_glitcher
[INFO] finished tweaking git repo https://github.com/antonxy/h264_glitcher
[INFO] tweaked toml for git repo https://github.com/antonxy/h264_glitcher written to /workspace/builds/worker-2-tc2/source/Cargo.toml
[INFO] crate git repo https://github.com/antonxy/h264_glitcher already has a lockfile, it will not be regenerated
[INFO] running `Command { std: CARGO_HOME="/workspace/cargo-home" RUSTUP_HOME="/workspace/rustup-home" "/workspace/cargo-home/bin/cargo" "+nightly-2024-10-28" "fetch" "--manifest-path" "Cargo.toml", kill_on_drop: false }`
[INFO] running `Command { std: "docker" "create" "-v" "/var/lib/crater-agent-workspace/builds/worker-2-tc2/target:/opt/rustwide/target:rw,Z" "-v" "/var/lib/crater-agent-workspace/builds/worker-2-tc2/source:/opt/rustwide/workdir:ro,Z" "-v" "/var/lib/crater-agent-workspace/cargo-home:/opt/rustwide/cargo-home:ro,Z" "-v" "/var/lib/crater-agent-workspace/rustup-home:/opt/rustwide/rustup-home:ro,Z" "-e" "SOURCE_DIR=/opt/rustwide/workdir" "-e" "CARGO_TARGET_DIR=/opt/rustwide/target" "-e" "CARGO_HOME=/opt/rustwide/cargo-home" "-e" "RUSTUP_HOME=/opt/rustwide/rustup-home" "-w" "/opt/rustwide/workdir" "-m" "1610612736" "--user" "0:0" "--network" "none" "ghcr.io/rust-lang/crates-build-env/linux@sha256:4a844ea9eb2546a2d2c7022eacef16ef2e8229c7fbb2c7d4d55a9ceca922f72d" "/opt/rustwide/cargo-home/bin/cargo" "+nightly-2024-10-28" "metadata" "--no-deps" "--format-version=1", kill_on_drop: false }`
[INFO] [stdout] d56e034bece363dc27b8df6e5987c0f4cd92a8d2200d4c7902baec3cb6f3a148
[INFO] running `Command { std: "docker" "start" "-a" "d56e034bece363dc27b8df6e5987c0f4cd92a8d2200d4c7902baec3cb6f3a148", kill_on_drop: false }`
[INFO] running `Command { std: "docker" "inspect" "d56e034bece363dc27b8df6e5987c0f4cd92a8d2200d4c7902baec3cb6f3a148", kill_on_drop: false }`
[INFO] running `Command { std: "docker" "rm" "-f" "d56e034bece363dc27b8df6e5987c0f4cd92a8d2200d4c7902baec3cb6f3a148", kill_on_drop: false }`
[INFO] [stdout] d56e034bece363dc27b8df6e5987c0f4cd92a8d2200d4c7902baec3cb6f3a148
[INFO] running `Command { std: "docker" "create" "-v" "/var/lib/crater-agent-workspace/builds/worker-2-tc2/target:/opt/rustwide/target:rw,Z" "-v" "/var/lib/crater-agent-workspace/builds/worker-2-tc2/source:/opt/rustwide/workdir:ro,Z" "-v" "/var/lib/crater-agent-workspace/cargo-home:/opt/rustwide/cargo-home:ro,Z" "-v" "/var/lib/crater-agent-workspace/rustup-home:/opt/rustwide/rustup-home:ro,Z" "-e" "SOURCE_DIR=/opt/rustwide/workdir" "-e" "CARGO_TARGET_DIR=/opt/rustwide/target" "-e" "CARGO_INCREMENTAL=0" "-e" "RUST_BACKTRACE=full" "-e" "RUSTFLAGS=--cap-lints=forbid -Zrandomize-layout" "-e" "RUSTDOCFLAGS=--cap-lints=forbid" "-e" "CARGO_HOME=/opt/rustwide/cargo-home" "-e" "RUSTUP_HOME=/opt/rustwide/rustup-home" "-w" "/opt/rustwide/workdir" "-m" "1610612736" "--user" "0:0" "--network" "none" "ghcr.io/rust-lang/crates-build-env/linux@sha256:4a844ea9eb2546a2d2c7022eacef16ef2e8229c7fbb2c7d4d55a9ceca922f72d" "/opt/rustwide/cargo-home/bin/cargo" "+nightly-2024-10-28" "build" "--frozen" "--message-format=json", kill_on_drop: false }`
[INFO] [stdout] b1fa9b8d4bc2e057085fe3a31b006bbe32065763433f094677b985e8047868e3
[INFO] running `Command { std: "docker" "start" "-a" "b1fa9b8d4bc2e057085fe3a31b006bbe32065763433f094677b985e8047868e3", kill_on_drop: false }`
[INFO] [stderr]    Compiling libc v0.2.81
[INFO] [stderr]    Compiling autocfg v0.1.7
[INFO] [stderr]    Compiling rand_core v0.4.2
[INFO] [stderr]    Compiling version_check v0.9.2
[INFO] [stderr]    Compiling siphasher v0.2.3
[INFO] [stderr]    Compiling log v0.4.17
[INFO] [stderr]    Compiling proc-macro2 v1.0.24
[INFO] [stderr]    Compiling tinyvec v1.6.0
[INFO] [stderr]    Compiling phf_shared v0.7.24
[INFO] [stderr]    Compiling rand_core v0.3.1
[INFO] [stderr]    Compiling rand_isaac v0.1.1
[INFO] [stderr]    Compiling rand_hc v0.1.0
[INFO] [stderr]    Compiling rand_xorshift v0.1.1
[INFO] [stderr]    Compiling rand_jitter v0.1.4
[INFO] [stderr]    Compiling rand_pcg v0.1.2
[INFO] [stderr]    Compiling rand_chacha v0.1.1
[INFO] [stderr]    Compiling rand v0.6.5
[INFO] [stderr]    Compiling unicode-xid v0.2.1
[INFO] [stderr]    Compiling phf v0.7.24
[INFO] [stderr]    Compiling proc-macro2 v0.4.30
[INFO] [stderr]    Compiling unicode-bidi v0.3.8
[INFO] [stderr]    Compiling unsafe-any v0.4.2
[INFO] [stderr]    Compiling log v0.3.9
[INFO] [stderr]    Compiling proc-macro-error-attr v1.0.4
[INFO] [stderr]    Compiling getrandom v0.2.0
[INFO] [stderr]    Compiling rand_os v0.1.3
[INFO] [stderr]    Compiling unicode-normalization v0.1.22
[INFO] [stderr]    Compiling mime v0.2.6
[INFO] [stderr]    Compiling syn v1.0.56
[INFO] [stderr]    Compiling unicode-xid v0.1.0
[INFO] [stderr]    Compiling num_cpus v1.15.0
[INFO] [stderr]    Compiling quote v1.0.8
[INFO] [stderr]    Compiling time v0.1.45
[INFO] [stderr]    Compiling num-traits v0.2.14
[INFO] [stderr]    Compiling typemap v0.3.3
[INFO] [stderr]    Compiling proc-macro-error v1.0.4
[INFO] [stderr]    Compiling syn v0.15.44
[INFO] [stderr]    Compiling idna v0.1.5
[INFO] [stderr]    Compiling quote v0.6.13
[INFO] [stderr]    Compiling plugin v0.2.6
[INFO] [stderr]    Compiling atty v0.2.14
[INFO] [stderr]    Compiling nom v7.1.0
[INFO] [stderr]    Compiling modifier v0.1.0
[INFO] [stderr]    Compiling either v1.6.1
[INFO] [stderr]    Compiling unicode-width v0.1.8
[INFO] [stderr]    Compiling unicode-segmentation v1.7.1
[INFO] [stderr]    Compiling textwrap v0.11.0
[INFO] [stderr]    Compiling rand_core v0.6.0
[INFO] [stderr]    Compiling phf_generator v0.7.24
[INFO] [stderr]    Compiling url v1.7.2
[INFO] [stderr]    Compiling heck v0.3.2
[INFO] [stderr]    Compiling phf_codegen v0.7.24
[INFO] [stderr]    Compiling aho-corasick v0.7.18
[INFO] [stderr]    Compiling strsim v0.8.0
[INFO] [stderr]    Compiling mime_guess v1.8.8
[INFO] [stderr]    Compiling regex-syntax v0.6.25
[INFO] [stderr]    Compiling sequence_trie v0.3.6
[INFO] [stderr]    Compiling hyper v0.10.16
[INFO] [stderr]    Compiling vec_map v0.8.2
[INFO] [stderr]    Compiling ansi_term v0.11.0
[INFO] [stderr]    Compiling clap v2.33.3
[INFO] [stderr]    Compiling rand_chacha v0.3.0
[INFO] [stderr]    Compiling num-traits v0.1.43
[INFO] [stderr]    Compiling itertools v0.8.2
[INFO] [stderr]    Compiling void v1.0.2
[INFO] [stderr]    Compiling walkdir v2.3.2
[INFO] [stderr]    Compiling iron v0.6.1
[INFO] [stderr]    Compiling visit_diff_derive v0.1.0
[INFO] [stderr]    Compiling mount v0.4.0
[INFO] [stderr]    Compiling regex v1.5.4
[INFO] [stderr]    Compiling visit_diff v0.1.1
[INFO] [stderr]    Compiling staticfile v0.5.0
[INFO] [stderr]    Compiling enum_primitive v0.1.1
[INFO] [stderr]    Compiling rand v0.8.0
[INFO] [stderr]    Compiling colored v2.0.0
[INFO] [stderr]    Compiling itertools v0.10.3
[INFO] [stderr]    Compiling bitstream-io v1.3.0
[INFO] [stderr]    Compiling rosc v0.6.0
[INFO] [stderr]    Compiling spin_sleep v1.1.1
[INFO] [stderr]    Compiling structopt-derive v0.4.14
[INFO] [stderr]    Compiling structopt v0.3.21
[INFO] [stderr]    Compiling h264_glitcher v0.1.0 (/opt/rustwide/workdir)
[INFO] [stdout] warning: unused import: `std::convert::TryInto`
[INFO] [stdout]  --> src/bin/h264_glitcher.rs:9:5
[INFO] [stdout]   |
[INFO] [stdout] 9 | use std::convert::TryInto;
[INFO] [stdout]   |     ^^^^^^^^^^^^^^^^^^^^^
[INFO] [stdout]   |
[INFO] [stdout]   = note: `#[warn(unused_imports)]` on by default
[INFO] [stdout] 
[INFO] [stdout] 
[INFO] [stdout] warning: unused imports: `Add` and `Deref`
[INFO] [stdout]   --> src/bin/h264_glitcher.rs:12:16
[INFO] [stdout]    |
[INFO] [stdout] 12 | use std::ops::{Add, Deref};
[INFO] [stdout]    |                ^^^  ^^^^^
[INFO] [stdout] 
[INFO] [stdout] 
[INFO] [stdout] warning: unused imports: `SyncSender` and `TrySendError`
[INFO] [stdout]   --> src/bin/h264_glitcher.rs:16:23
[INFO] [stdout]    |
[INFO] [stdout] 16 | use std::sync::mpsc::{SyncSender, TrySendError};
[INFO] [stdout]    |                       ^^^^^^^^^^  ^^^^^^^^^^^^
[INFO] [stdout] 
[INFO] [stdout] 
[INFO] [stdout] warning: unused import: `Instant`
[INFO] [stdout]   --> src/bin/h264_glitcher.rs:17:27
[INFO] [stdout]    |
[INFO] [stdout] 17 | use std::time::{Duration, Instant};
[INFO] [stdout]    |                           ^^^^^^^
[INFO] [stdout] 
[INFO] [stdout] 
[INFO] [stdout] warning: variable does not need to be mutable
[INFO] [stdout]    --> src/bin/h264_glitcher.rs:481:13
[INFO] [stdout]     |
[INFO] [stdout] 481 |         let mut params = streaming_params.lock().unwrap().clone();
[INFO] [stdout]     |             ----^^^^^^
[INFO] [stdout]     |             |
[INFO] [stdout]     |             help: remove this `mut`
[INFO] [stdout]     |
[INFO] [stdout]     = note: `#[warn(unused_mut)]` on by default
[INFO] [stdout] 
[INFO] [stdout] 
[INFO] [stdout] warning: variable does not need to be mutable
[INFO] [stdout]    --> src/bin/h264_glitcher.rs:516:13
[INFO] [stdout]     |
[INFO] [stdout] 516 |         let mut nal_unit = &current_video.frames[current_frame];
[INFO] [stdout]     |             ----^^^^^^^^
[INFO] [stdout]     |             |
[INFO] [stdout]     |             help: remove this `mut`
[INFO] [stdout] 
[INFO] [stdout] 
[INFO] [stdout] warning: unused variable: `loop_controller`
[INFO] [stdout]    --> src/bin/h264_glitcher.rs:555:103
[INFO] [stdout]     |
[INFO] [stdout] 555 | ...<StreamingParams>>, loop_controller: LoopController, paths: Vec<PathBuf>, thumbnails: Vec<String>) {
[INFO] [stdout]     |                        ^^^^^^^^^^^^^^^ help: if this is intentional, prefix it with an underscore: `_loop_controller`
[INFO] [stdout]     |
[INFO] [stdout]     = note: `#[warn(unused_variables)]` on by default
[INFO] [stdout] 
[INFO] [stdout] 
[INFO] [stdout] warning: unused variable: `addr`
[INFO] [stdout]    --> src/bin/h264_glitcher.rs:602:93
[INFO] [stdout]     |
[INFO] [stdout] 602 | ...d_sock: Arc<Mutex<UdpSocket>>, addr: &SocketAddr, streaming_params: Arc<Mutex<StreamingParams>>, mut fps_controller: LoopController) {
[INFO] [stdout]     |                                   ^^^^ help: if this is intentional, prefix it with an underscore: `_addr`
[INFO] [stdout] 
[INFO] [stdout] 
[INFO] [stdout] warning: method `edit_state` is never used
[INFO] [stdout]    --> src/bin/h264_glitcher.rs:216:8
[INFO] [stdout]     |
[INFO] [stdout] 191 | impl StreamingParams {
[INFO] [stdout]     | -------------------- method in this implementation
[INFO] [stdout] ...
[INFO] [stdout] 216 |     fn edit_state(&self) -> &State {
[INFO] [stdout]     |        ^^^^^^^^^^
[INFO] [stdout]     |
[INFO] [stdout]     = note: `#[warn(dead_code)]` on by default
[INFO] [stdout] 
[INFO] [stdout] 
[INFO] [stdout] warning: struct `Video` is never constructed
[INFO] [stdout]    --> src/bin/h264_glitcher.rs:242:8
[INFO] [stdout]     |
[INFO] [stdout] 242 | struct Video {
[INFO] [stdout]     |        ^^^^^
[INFO] [stdout] 
[INFO] [stdout] 
[INFO] [stdout] warning: structure field `loadedVideo` should have a snake case name
[INFO] [stdout]    --> src/bin/h264_glitcher.rs:244:5
[INFO] [stdout]     |
[INFO] [stdout] 244 |     loadedVideo : Option<Arc<Mutex<LoadedVideo>>>,
[INFO] [stdout]     |     ^^^^^^^^^^^ help: convert the identifier to snake case: `loaded_video`
[INFO] [stdout]     |
[INFO] [stdout]     = note: `#[warn(non_snake_case)]` on by default
[INFO] [stdout] 
[INFO] [stdout] 
[INFO] [stdout] warning: comparison is useless due to type limits
[INFO] [stdout]    --> src/bin/h264_glitcher.rs:431:17
[INFO] [stdout]     |
[INFO] [stdout] 431 |         assert!(from_incl >= 0);
[INFO] [stdout]     |                 ^^^^^^^^^^^^^^
[INFO] [stdout]     |
[INFO] [stdout]     = note: `#[warn(unused_comparisons)]` on by default
[INFO] [stdout] 
[INFO] [stdout] 
[INFO] [stderr]     Finished `dev` profile [unoptimized + debuginfo] target(s) in 11.76s
[INFO] [stderr] warning: the following packages contain code that will be rejected by a future version of Rust: traitobject v0.1.0, typemap v0.3.3
[INFO] [stderr] note: to see what the problems were, use the option `--future-incompat-report`, or run `cargo report future-incompatibilities --id 1`
[INFO] running `Command { std: "docker" "inspect" "b1fa9b8d4bc2e057085fe3a31b006bbe32065763433f094677b985e8047868e3", kill_on_drop: false }`
[INFO] running `Command { std: "docker" "rm" "-f" "b1fa9b8d4bc2e057085fe3a31b006bbe32065763433f094677b985e8047868e3", kill_on_drop: false }`
[INFO] [stdout] b1fa9b8d4bc2e057085fe3a31b006bbe32065763433f094677b985e8047868e3
[INFO] running `Command { std: "docker" "create" "-v" "/var/lib/crater-agent-workspace/builds/worker-2-tc2/target:/opt/rustwide/target:rw,Z" "-v" "/var/lib/crater-agent-workspace/builds/worker-2-tc2/source:/opt/rustwide/workdir:ro,Z" "-v" "/var/lib/crater-agent-workspace/cargo-home:/opt/rustwide/cargo-home:ro,Z" "-v" "/var/lib/crater-agent-workspace/rustup-home:/opt/rustwide/rustup-home:ro,Z" "-e" "SOURCE_DIR=/opt/rustwide/workdir" "-e" "CARGO_TARGET_DIR=/opt/rustwide/target" "-e" "CARGO_INCREMENTAL=0" "-e" "RUST_BACKTRACE=full" "-e" "RUSTFLAGS=--cap-lints=forbid -Zrandomize-layout" "-e" "RUSTDOCFLAGS=--cap-lints=forbid" "-e" "CARGO_HOME=/opt/rustwide/cargo-home" "-e" "RUSTUP_HOME=/opt/rustwide/rustup-home" "-w" "/opt/rustwide/workdir" "-m" "1610612736" "--user" "0:0" "--network" "none" "ghcr.io/rust-lang/crates-build-env/linux@sha256:4a844ea9eb2546a2d2c7022eacef16ef2e8229c7fbb2c7d4d55a9ceca922f72d" "/opt/rustwide/cargo-home/bin/cargo" "+nightly-2024-10-28" "test" "--frozen" "--no-run" "--message-format=json", kill_on_drop: false }`
[INFO] [stdout] 3edec8c96284799b84936a9e68e8d88ce1621760ee2b06b17e6e00117feb4a9f
[INFO] running `Command { std: "docker" "start" "-a" "3edec8c96284799b84936a9e68e8d88ce1621760ee2b06b17e6e00117feb4a9f", kill_on_drop: false }`
[INFO] [stderr]    Compiling h264_glitcher v0.1.0 (/opt/rustwide/workdir)
[INFO] [stdout] warning: unused import: `std::convert::TryInto`
[INFO] [stdout]  --> src/bin/h264_glitcher.rs:9:5
[INFO] [stdout]   |
[INFO] [stdout] 9 | use std::convert::TryInto;
[INFO] [stdout]   |     ^^^^^^^^^^^^^^^^^^^^^
[INFO] [stdout]   |
[INFO] [stdout]   = note: `#[warn(unused_imports)]` on by default
[INFO] [stdout] 
[INFO] [stdout] 
[INFO] [stdout] warning: unused imports: `Add` and `Deref`
[INFO] [stdout]   --> src/bin/h264_glitcher.rs:12:16
[INFO] [stdout]    |
[INFO] [stdout] 12 | use std::ops::{Add, Deref};
[INFO] [stdout]    |                ^^^  ^^^^^
[INFO] [stdout] 
[INFO] [stdout] 
[INFO] [stdout] warning: unused imports: `SyncSender` and `TrySendError`
[INFO] [stdout]   --> src/bin/h264_glitcher.rs:16:23
[INFO] [stdout]    |
[INFO] [stdout] 16 | use std::sync::mpsc::{SyncSender, TrySendError};
[INFO] [stdout]    |                       ^^^^^^^^^^  ^^^^^^^^^^^^
[INFO] [stdout] 
[INFO] [stdout] 
[INFO] [stdout] warning: unused import: `Instant`
[INFO] [stdout]   --> src/bin/h264_glitcher.rs:17:27
[INFO] [stdout]    |
[INFO] [stdout] 17 | use std::time::{Duration, Instant};
[INFO] [stdout]    |                           ^^^^^^^
[INFO] [stdout] 
[INFO] [stdout] 
[INFO] [stdout] warning: variable does not need to be mutable
[INFO] [stdout]    --> src/bin/h264_glitcher.rs:481:13
[INFO] [stdout]     |
[INFO] [stdout] 481 |         let mut params = streaming_params.lock().unwrap().clone();
[INFO] [stdout]     |             ----^^^^^^
[INFO] [stdout]     |             |
[INFO] [stdout]     |             help: remove this `mut`
[INFO] [stdout]     |
[INFO] [stdout]     = note: `#[warn(unused_mut)]` on by default
[INFO] [stdout] 
[INFO] [stdout] 
[INFO] [stdout] warning: variable does not need to be mutable
[INFO] [stdout]    --> src/bin/h264_glitcher.rs:516:13
[INFO] [stdout]     |
[INFO] [stdout] 516 |         let mut nal_unit = &current_video.frames[current_frame];
[INFO] [stdout]     |             ----^^^^^^^^
[INFO] [stdout]     |             |
[INFO] [stdout]     |             help: remove this `mut`
[INFO] [stdout] 
[INFO] [stdout] 
[INFO] [stdout] warning: unused variable: `loop_controller`
[INFO] [stdout]    --> src/bin/h264_glitcher.rs:555:103
[INFO] [stdout]     |
[INFO] [stdout] 555 | ...<StreamingParams>>, loop_controller: LoopController, paths: Vec<PathBuf>, thumbnails: Vec<String>) {
[INFO] [stdout]     |                        ^^^^^^^^^^^^^^^ help: if this is intentional, prefix it with an underscore: `_loop_controller`
[INFO] [stdout]     |
[INFO] [stdout]     = note: `#[warn(unused_variables)]` on by default
[INFO] [stdout] 
[INFO] [stdout] 
[INFO] [stdout] warning: unused variable: `addr`
[INFO] [stdout]    --> src/bin/h264_glitcher.rs:602:93
[INFO] [stdout]     |
[INFO] [stdout] 602 | ...d_sock: Arc<Mutex<UdpSocket>>, addr: &SocketAddr, streaming_params: Arc<Mutex<StreamingParams>>, mut fps_controller: LoopController) {
[INFO] [stdout]     |                                   ^^^^ help: if this is intentional, prefix it with an underscore: `_addr`
[INFO] [stdout] 
[INFO] [stdout] 
[INFO] [stdout] warning: method `edit_state` is never used
[INFO] [stdout]    --> src/bin/h264_glitcher.rs:216:8
[INFO] [stdout]     |
[INFO] [stdout] 191 | impl StreamingParams {
[INFO] [stdout]     | -------------------- method in this implementation
[INFO] [stdout] ...
[INFO] [stdout] 216 |     fn edit_state(&self) -> &State {
[INFO] [stdout]     |        ^^^^^^^^^^
[INFO] [stdout]     |
[INFO] [stdout]     = note: `#[warn(dead_code)]` on by default
[INFO] [stdout] 
[INFO] [stdout] 
[INFO] [stdout] warning: struct `Video` is never constructed
[INFO] [stdout]    --> src/bin/h264_glitcher.rs:242:8
[INFO] [stdout]     |
[INFO] [stdout] 242 | struct Video {
[INFO] [stdout]     |        ^^^^^
[INFO] [stdout] 
[INFO] [stdout] 
[INFO] [stdout] warning: structure field `loadedVideo` should have a snake case name
[INFO] [stdout]    --> src/bin/h264_glitcher.rs:244:5
[INFO] [stdout]     |
[INFO] [stdout] 244 |     loadedVideo : Option<Arc<Mutex<LoadedVideo>>>,
[INFO] [stdout]     |     ^^^^^^^^^^^ help: convert the identifier to snake case: `loaded_video`
[INFO] [stdout]     |
[INFO] [stdout]     = note: `#[warn(non_snake_case)]` on by default
[INFO] [stdout] 
[INFO] [stdout] 
[INFO] [stdout] warning: comparison is useless due to type limits
[INFO] [stdout]    --> src/bin/h264_glitcher.rs:431:17
[INFO] [stdout]     |
[INFO] [stdout] 431 |         assert!(from_incl >= 0);
[INFO] [stdout]     |                 ^^^^^^^^^^^^^^
[INFO] [stdout]     |
[INFO] [stdout]     = note: `#[warn(unused_comparisons)]` on by default
[INFO] [stdout] 
[INFO] [stdout] 
[INFO] [stdout] warning: unused variable: `header`
[INFO] [stdout]    --> src/h264/slice_header.rs:106:25
[INFO] [stdout]     |
[INFO] [stdout] 106 |                     let header = SliceHeader::from_bytes(&unit.rbsp).unwrap();
[INFO] [stdout]     |                         ^^^^^^ help: if this is intentional, prefix it with an underscore: `_header`
[INFO] [stdout]     |
[INFO] [stdout]     = note: `#[warn(unused_variables)]` on by default
[INFO] [stdout] 
[INFO] [stdout] 
[INFO] [stderr]     Finished `test` profile [unoptimized + debuginfo] target(s) in 0.86s
[INFO] [stderr] warning: the following packages contain code that will be rejected by a future version of Rust: traitobject v0.1.0, typemap v0.3.3
[INFO] [stderr] note: to see what the problems were, use the option `--future-incompat-report`, or run `cargo report future-incompatibilities --id 1`
[INFO] running `Command { std: "docker" "inspect" "3edec8c96284799b84936a9e68e8d88ce1621760ee2b06b17e6e00117feb4a9f", kill_on_drop: false }`
[INFO] running `Command { std: "docker" "rm" "-f" "3edec8c96284799b84936a9e68e8d88ce1621760ee2b06b17e6e00117feb4a9f", kill_on_drop: false }`
[INFO] [stdout] 3edec8c96284799b84936a9e68e8d88ce1621760ee2b06b17e6e00117feb4a9f
[INFO] running `Command { std: "docker" "create" "-v" "/var/lib/crater-agent-workspace/builds/worker-2-tc2/target:/opt/rustwide/target:rw,Z" "-v" "/var/lib/crater-agent-workspace/builds/worker-2-tc2/source:/opt/rustwide/workdir:ro,Z" "-v" "/var/lib/crater-agent-workspace/cargo-home:/opt/rustwide/cargo-home:ro,Z" "-v" "/var/lib/crater-agent-workspace/rustup-home:/opt/rustwide/rustup-home:ro,Z" "-e" "SOURCE_DIR=/opt/rustwide/workdir" "-e" "CARGO_TARGET_DIR=/opt/rustwide/target" "-e" "CARGO_INCREMENTAL=0" "-e" "RUST_BACKTRACE=full" "-e" "RUSTFLAGS=--cap-lints=forbid -Zrandomize-layout" "-e" "RUSTDOCFLAGS=--cap-lints=forbid" "-e" "CARGO_HOME=/opt/rustwide/cargo-home" "-e" "RUSTUP_HOME=/opt/rustwide/rustup-home" "-w" "/opt/rustwide/workdir" "-m" "1610612736" "--user" "0:0" "--network" "none" "ghcr.io/rust-lang/crates-build-env/linux@sha256:4a844ea9eb2546a2d2c7022eacef16ef2e8229c7fbb2c7d4d55a9ceca922f72d" "/opt/rustwide/cargo-home/bin/cargo" "+nightly-2024-10-28" "test" "--frozen", kill_on_drop: false }`
[INFO] [stdout] f921ce4973a2614fb0a0d78a18557130c2cb78ffcc6f3ecc40e97bc76c356e53
[INFO] running `Command { std: "docker" "start" "-a" "f921ce4973a2614fb0a0d78a18557130c2cb78ffcc6f3ecc40e97bc76c356e53", kill_on_drop: false }`
[INFO] [stderr] warning: unused variable: `header`
[INFO] [stderr]    --> src/h264/slice_header.rs:106:25
[INFO] [stderr]     |
[INFO] [stderr] 106 |                     let header = SliceHeader::from_bytes(&unit.rbsp).unwrap();
[INFO] [stderr]     |                         ^^^^^^ help: if this is intentional, prefix it with an underscore: `_header`
[INFO] [stderr]     |
[INFO] [stderr]     = note: `#[warn(unused_variables)]` on by default
[INFO] [stderr] 
[INFO] [stderr] warning: `h264_glitcher` (lib test) generated 1 warning
[INFO] [stderr] warning: unused import: `std::convert::TryInto`
[INFO] [stderr]  --> src/bin/h264_glitcher.rs:9:5
[INFO] [stderr]   |
[INFO] [stderr] 9 | use std::convert::TryInto;
[INFO] [stderr]   |     ^^^^^^^^^^^^^^^^^^^^^
[INFO] [stderr]   |
[INFO] [stderr]   = note: `#[warn(unused_imports)]` on by default
[INFO] [stderr] 
[INFO] [stderr] warning: unused imports: `Add` and `Deref`
[INFO] [stderr]   --> src/bin/h264_glitcher.rs:12:16
[INFO] [stderr]    |
[INFO] [stderr] 12 | use std::ops::{Add, Deref};
[INFO] [stderr]    |                ^^^  ^^^^^
[INFO] [stderr] 
[INFO] [stderr] warning: unused imports: `SyncSender` and `TrySendError`
[INFO] [stderr]   --> src/bin/h264_glitcher.rs:16:23
[INFO] [stderr]    |
[INFO] [stderr] 16 | use std::sync::mpsc::{SyncSender, TrySendError};
[INFO] [stderr]    |                       ^^^^^^^^^^  ^^^^^^^^^^^^
[INFO] [stderr] 
[INFO] [stderr] warning: unused import: `Instant`
[INFO] [stderr]   --> src/bin/h264_glitcher.rs:17:27
[INFO] [stderr]    |
[INFO] [stderr] 17 | use std::time::{Duration, Instant};
[INFO] [stderr]    |                           ^^^^^^^
[INFO] [stderr] 
[INFO] [stderr] warning: variable does not need to be mutable
[INFO] [stderr]    --> src/bin/h264_glitcher.rs:481:13
[INFO] [stderr]     |
[INFO] [stderr] 481 |         let mut params = streaming_params.lock().unwrap().clone();
[INFO] [stderr]     |             ----^^^^^^
[INFO] [stderr]     |             |
[INFO] [stderr]     |             help: remove this `mut`
[INFO] [stderr]     |
[INFO] [stderr]     = note: `#[warn(unused_mut)]` on by default
[INFO] [stderr] 
[INFO] [stderr] warning: variable does not need to be mutable
[INFO] [stderr]    --> src/bin/h264_glitcher.rs:516:13
[INFO] [stderr]     |
[INFO] [stderr] 516 |         let mut nal_unit = &current_video.frames[current_frame];
[INFO] [stderr]     |             ----^^^^^^^^
[INFO] [stderr]     |             |
[INFO] [stderr]     |             help: remove this `mut`
[INFO] [stderr] 
[INFO] [stderr] warning: unused variable: `loop_controller`
[INFO] [stderr]    --> src/bin/h264_glitcher.rs:555:103
[INFO] [stderr]     |
[INFO] [stderr] 555 | ...<StreamingParams>>, loop_controller: LoopController, paths: Vec<PathBuf>, thumbnails: Vec<String>) {
[INFO] [stderr]     |                        ^^^^^^^^^^^^^^^ help: if this is intentional, prefix it with an underscore: `_loop_controller`
[INFO] [stderr]     |
[INFO] [stderr]     = note: `#[warn(unused_variables)]` on by default
[INFO] [stderr] 
[INFO] [stderr] warning: unused variable: `addr`
[INFO] [stderr]    --> src/bin/h264_glitcher.rs:602:93
[INFO] [stderr]     |
[INFO] [stderr] 602 | ...d_sock: Arc<Mutex<UdpSocket>>, addr: &SocketAddr, streaming_params: Arc<Mutex<StreamingParams>>, mut fps_controller: LoopController) {
[INFO] [stderr]     |                                   ^^^^ help: if this is intentional, prefix it with an underscore: `_addr`
[INFO] [stderr] 
[INFO] [stderr] warning: method `edit_state` is never used
[INFO] [stderr]    --> src/bin/h264_glitcher.rs:216:8
[INFO] [stderr]     |
[INFO] [stderr] 191 | impl StreamingParams {
[INFO] [stderr]     | -------------------- method in this implementation
[INFO] [stderr] ...
[INFO] [stderr] 216 |     fn edit_state(&self) -> &State {
[INFO] [stderr]     |        ^^^^^^^^^^
[INFO] [stderr]     |
[INFO] [stderr]     = note: `#[warn(dead_code)]` on by default
[INFO] [stderr] 
[INFO] [stderr] warning: struct `Video` is never constructed
[INFO] [stderr]    --> src/bin/h264_glitcher.rs:242:8
[INFO] [stderr]     |
[INFO] [stderr] 242 | struct Video {
[INFO] [stderr]     |        ^^^^^
[INFO] [stderr] 
[INFO] [stderr] warning: structure field `loadedVideo` should have a snake case name
[INFO] [stderr]    --> src/bin/h264_glitcher.rs:244:5
[INFO] [stderr]     |
[INFO] [stderr] 244 |     loadedVideo : Option<Arc<Mutex<LoadedVideo>>>,
[INFO] [stderr]     |     ^^^^^^^^^^^ help: convert the identifier to snake case: `loaded_video`
[INFO] [stderr]     |
[INFO] [stderr]     = note: `#[warn(non_snake_case)]` on by default
[INFO] [stderr] 
[INFO] [stderr] warning: comparison is useless due to type limits
[INFO] [stderr]    --> src/bin/h264_glitcher.rs:431:17
[INFO] [stderr]     |
[INFO] [stderr] 431 |         assert!(from_incl >= 0);
[INFO] [stderr]     |                 ^^^^^^^^^^^^^^
[INFO] [stderr]     |
[INFO] [stderr]     = note: `#[warn(unused_comparisons)]` on by default
[INFO] [stderr] 
[INFO] [stderr] warning: `h264_glitcher` (bin "h264_glitcher" test) generated 12 warnings (run `cargo fix --bin "h264_glitcher" --tests` to apply 6 suggestions)
[INFO] [stderr]     Finished `test` profile [unoptimized + debuginfo] target(s) in 0.09s
[INFO] [stderr] warning: the following packages contain code that will be rejected by a future version of Rust: traitobject v0.1.0, typemap v0.3.3
[INFO] [stderr] note: to see what the problems were, use the option `--future-incompat-report`, or run `cargo report future-incompatibilities --id 1`
[INFO] [stderr]      Running unittests src/lib.rs (/opt/rustwide/target/debug/deps/h264_glitcher-38608f86ffaae70b)
[INFO] [stdout] 
[INFO] [stdout] running 15 tests
[INFO] [stdout] test h264::nal::test::test_encode_rbsp_to_nal ... ok
[INFO] [stdout] test h264::nal_iterator::test::test_long_head ... ok
[INFO] [stdout] test h264::nal_iterator::test::test_multi_zero ... ok
[INFO] [stdout] test h264::nal_iterator::test::test_multiple ... ok
[INFO] [stdout] test h264::nal_iterator::test::test_short_head ... ok
[INFO] [stdout] test h264::parse_h264::test::read_ue_test ... ok
[INFO] [stdout] test h264::parse_h264::test::test_ue_barely_overflow ... ok
[INFO] [stdout] test h264::parse_h264::test::test_ue_overflow ... ok
[INFO] [stdout] test h264::sps::test::test_sps_reencode ... ok
[INFO] [stdout] test h264::parse_h264::test::write_ue_test ... ok
[INFO] [stdout] test sigma_delta::tests::half ... ok
[INFO] [stdout] test sigma_delta::tests::ones ... ok
[INFO] [stdout] test sigma_delta::tests::whole_numbers ... ok
[INFO] [stdout] test h264::nal_iterator::test::smoke_test ... FAILED
[INFO] [stdout] test h264::slice_header::test::smoke_test ... FAILED
[INFO] [stdout] 
[INFO] [stdout] failures:
[INFO] [stdout] 
[INFO] [stdout] ---- h264::nal_iterator::test::smoke_test stdout ----
[INFO] [stdout] thread 'h264::nal_iterator::test::smoke_test' panicked at src/h264/nal_iterator.rs:116:65:
[INFO] [stdout] called `Result::unwrap()` on an `Err` value: Os { code: 2, kind: NotFound, message: "No such file or directory" }
[INFO] [stdout] stack backtrace:
[INFO] [stdout]    0:     0x64634555894a - std::backtrace_rs::backtrace::libunwind::trace::h207520d6e9873551
[INFO] [stdout]                                at /rustc/df4ca44d3fbc9301ee17f30f4d474e6ae4b05252/library/std/src/../../backtrace/src/backtrace/libunwind.rs:116:5
[INFO] [stdout]    1:     0x64634555894a - std::backtrace_rs::backtrace::trace_unsynchronized::h2ed7433f370e3eca
[INFO] [stdout]                                at /rustc/df4ca44d3fbc9301ee17f30f4d474e6ae4b05252/library/std/src/../../backtrace/src/backtrace/mod.rs:66:5
[INFO] [stdout]    2:     0x64634555894a - std::sys::backtrace::_print_fmt::h916fac51166b18d7
[INFO] [stdout]                                at /rustc/df4ca44d3fbc9301ee17f30f4d474e6ae4b05252/library/std/src/sys/backtrace.rs:66:9
[INFO] [stdout]    3:     0x64634555894a - <std::sys::backtrace::BacktraceLock::print::DisplayBacktrace as core::fmt::Display>::fmt::ha0a4c9b8ce3802e6
[INFO] [stdout]                                at /rustc/df4ca44d3fbc9301ee17f30f4d474e6ae4b05252/library/std/src/sys/backtrace.rs:39:26
[INFO] [stdout]    4:     0x64634557ee63 - core::fmt::rt::Argument::fmt::h4cfc8587d52b3eb5
[INFO] [stdout]                                at /rustc/df4ca44d3fbc9301ee17f30f4d474e6ae4b05252/library/core/src/fmt/rt.rs:177:76
[INFO] [stdout]    5:     0x64634557ee63 - core::fmt::write::h522cc39e5b36ae9f
[INFO] [stdout]                                at /rustc/df4ca44d3fbc9301ee17f30f4d474e6ae4b05252/library/core/src/fmt/mod.rs:1190:21
[INFO] [stdout]    6:     0x6463455555b3 - std::io::Write::write_fmt::h7d3c26752da97734
[INFO] [stdout]                                at /rustc/df4ca44d3fbc9301ee17f30f4d474e6ae4b05252/library/std/src/io/mod.rs:1839:15
[INFO] [stdout]    7:     0x646345558792 - std::sys::backtrace::BacktraceLock::print::h4b9e00b29e9c0942
[INFO] [stdout]                                at /rustc/df4ca44d3fbc9301ee17f30f4d474e6ae4b05252/library/std/src/sys/backtrace.rs:42:9
[INFO] [stdout]    8:     0x646345559dda - std::panicking::default_hook::{{closure}}::hb59b88280d0324d9
[INFO] [stdout]                                at /rustc/df4ca44d3fbc9301ee17f30f4d474e6ae4b05252/library/std/src/panicking.rs:268:22
[INFO] [stdout]    9:     0x646345559be4 - std::panicking::default_hook::he1dd496665be4a29
[INFO] [stdout]                                at /rustc/df4ca44d3fbc9301ee17f30f4d474e6ae4b05252/library/std/src/panicking.rs:292:9
[INFO] [stdout]   10:     0x64634551b719 - <alloc::boxed::Box<F,A> as core::ops::function::Fn<Args>>::call::h4ff71de18744e1dc
[INFO] [stdout]                                at /rustc/df4ca44d3fbc9301ee17f30f4d474e6ae4b05252/library/alloc/src/boxed.rs:2468:9
[INFO] [stdout]   11:     0x64634551b719 - test::test_main::{{closure}}::hcf7c055ce117aa81
[INFO] [stdout]                                at /rustc/df4ca44d3fbc9301ee17f30f4d474e6ae4b05252/library/test/src/lib.rs:133:21
[INFO] [stdout]   12:     0x64634555a4d8 - <alloc::boxed::Box<F,A> as core::ops::function::Fn<Args>>::call::h1d66c6bbd60c9692
[INFO] [stdout]                                at /rustc/df4ca44d3fbc9301ee17f30f4d474e6ae4b05252/library/alloc/src/boxed.rs:2468:9
[INFO] [stdout]   13:     0x64634555a4d8 - std::panicking::rust_panic_with_hook::h2ff17fe8f26dfcf8
[INFO] [stdout]                                at /rustc/df4ca44d3fbc9301ee17f30f4d474e6ae4b05252/library/std/src/panicking.rs:809:13
[INFO] [stdout]   14:     0x64634555a29a - std::panicking::begin_panic_handler::{{closure}}::h4fad77951c07e101
[INFO] [stdout]                                at /rustc/df4ca44d3fbc9301ee17f30f4d474e6ae4b05252/library/std/src/panicking.rs:674:13
[INFO] [stdout]   15:     0x646345558e29 - std::sys::backtrace::__rust_end_short_backtrace::hb1a25b3da5d0ea08
[INFO] [stdout]                                at /rustc/df4ca44d3fbc9301ee17f30f4d474e6ae4b05252/library/std/src/sys/backtrace.rs:170:18
[INFO] [stdout]   16:     0x646345559f2c - rust_begin_unwind
[INFO] [stdout]                                at /rustc/df4ca44d3fbc9301ee17f30f4d474e6ae4b05252/library/std/src/panicking.rs:665:5
[INFO] [stdout]   17:     0x64634557d900 - core::panicking::panic_fmt::ha9db07b529f9b256
[INFO] [stdout]                                at /rustc/df4ca44d3fbc9301ee17f30f4d474e6ae4b05252/library/core/src/panicking.rs:75:14
[INFO] [stdout]   18:     0x64634557dca6 - core::result::unwrap_failed::h5e8218e4d4338b8a
[INFO] [stdout]                                at /rustc/df4ca44d3fbc9301ee17f30f4d474e6ae4b05252/library/core/src/result.rs:1698:5
[INFO] [stdout]   19:     0x6463454cfcc0 - core::result::Result<T,E>::unwrap::h4e1b2fce19ba614c
[INFO] [stdout]                                at /rustc/df4ca44d3fbc9301ee17f30f4d474e6ae4b05252/library/core/src/result.rs:1103:23
[INFO] [stdout]   20:     0x6463454cfcc0 - h264_glitcher::h264::nal_iterator::test::smoke_test::hfd999b3fdc8efca7
[INFO] [stdout]                                at /opt/rustwide/workdir/src/h264/nal_iterator.rs:116:20
[INFO] [stdout]   21:     0x6463454cfc47 - h264_glitcher::h264::nal_iterator::test::smoke_test::{{closure}}::h384af8a06951420c
[INFO] [stdout]                                at /opt/rustwide/workdir/src/h264/nal_iterator.rs:115:20
[INFO] [stdout]   22:     0x6463454c8686 - core::ops::function::FnOnce::call_once::h8ba6e9711cd36025
[INFO] [stdout]                                at /rustc/df4ca44d3fbc9301ee17f30f4d474e6ae4b05252/library/core/src/ops/function.rs:250:5
[INFO] [stdout]   23:     0x64634551ffeb - core::ops::function::FnOnce::call_once::h22c3ba5715e93f05
[INFO] [stdout]                                at /rustc/df4ca44d3fbc9301ee17f30f4d474e6ae4b05252/library/core/src/ops/function.rs:250:5
[INFO] [stdout]   24:     0x64634551ffeb - test::__rust_begin_short_backtrace::h8e82d8113d0da17f
[INFO] [stdout]                                at /rustc/df4ca44d3fbc9301ee17f30f4d474e6ae4b05252/library/test/src/lib.rs:621:18
[INFO] [stdout]   25:     0x64634551f967 - test::run_test_in_process::{{closure}}::h33235f4f20b7b7c7
[INFO] [stdout]                                at /rustc/df4ca44d3fbc9301ee17f30f4d474e6ae4b05252/library/test/src/lib.rs:644:60
[INFO] [stdout]   26:     0x64634551f967 - <core::panic::unwind_safe::AssertUnwindSafe<F> as core::ops::function::FnOnce<()>>::call_once::hb5043206310c586f
[INFO] [stdout]                                at /rustc/df4ca44d3fbc9301ee17f30f4d474e6ae4b05252/library/core/src/panic/unwind_safe.rs:272:9
[INFO] [stdout]   27:     0x64634551f967 - std::panicking::try::do_call::h9ad4731a60ab23e2
[INFO] [stdout]                                at /rustc/df4ca44d3fbc9301ee17f30f4d474e6ae4b05252/library/std/src/panicking.rs:557:40
[INFO] [stdout]   28:     0x64634551f967 - std::panicking::try::h3824d23db772a716
[INFO] [stdout]                                at /rustc/df4ca44d3fbc9301ee17f30f4d474e6ae4b05252/library/std/src/panicking.rs:520:19
[INFO] [stdout]   29:     0x64634551f967 - std::panic::catch_unwind::h5afd514605fde46b
[INFO] [stdout]                                at /rustc/df4ca44d3fbc9301ee17f30f4d474e6ae4b05252/library/std/src/panic.rs:358:14
[INFO] [stdout]   30:     0x64634551f967 - test::run_test_in_process::h0d5cbfa7067d1720
[INFO] [stdout]                                at /rustc/df4ca44d3fbc9301ee17f30f4d474e6ae4b05252/library/test/src/lib.rs:644:27
[INFO] [stdout]   31:     0x64634551f967 - test::run_test::{{closure}}::h708eb8872708115d
[INFO] [stdout]                                at /rustc/df4ca44d3fbc9301ee17f30f4d474e6ae4b05252/library/test/src/lib.rs:565:43
[INFO] [stdout]   32:     0x6463454e3084 - test::run_test::{{closure}}::h392c51cee94713ab
[INFO] [stdout]                                at /rustc/df4ca44d3fbc9301ee17f30f4d474e6ae4b05252/library/test/src/lib.rs:595:41
[INFO] [stdout]   33:     0x6463454e3084 - std::sys::backtrace::__rust_begin_short_backtrace::h2f40290710935a8b
[INFO] [stdout]                                at /rustc/df4ca44d3fbc9301ee17f30f4d474e6ae4b05252/library/std/src/sys/backtrace.rs:154:18
[INFO] [stdout]   34:     0x6463454e682e - std::thread::Builder::spawn_unchecked_::{{closure}}::{{closure}}::h3fd968d89053a903
[INFO] [stdout]                                at /rustc/df4ca44d3fbc9301ee17f30f4d474e6ae4b05252/library/std/src/thread/mod.rs:541:17
[INFO] [stdout]   35:     0x6463454e682e - <core::panic::unwind_safe::AssertUnwindSafe<F> as core::ops::function::FnOnce<()>>::call_once::h743f637ba4229880
[INFO] [stdout]                                at /rustc/df4ca44d3fbc9301ee17f30f4d474e6ae4b05252/library/core/src/panic/unwind_safe.rs:272:9
[INFO] [stdout]   36:     0x6463454e682e - std::panicking::try::do_call::h07440897322525a6
[INFO] [stdout]                                at /rustc/df4ca44d3fbc9301ee17f30f4d474e6ae4b05252/library/std/src/panicking.rs:557:40
[INFO] [stdout]   37:     0x6463454e682e - std::panicking::try::he5a2e00188156637
[INFO] [stdout]                                at /rustc/df4ca44d3fbc9301ee17f30f4d474e6ae4b05252/library/std/src/panicking.rs:520:19
[INFO] [stdout]   38:     0x6463454e682e - std::panic::catch_unwind::hbaf3cae49b3c6433
[INFO] [stdout]                                at /rustc/df4ca44d3fbc9301ee17f30f4d474e6ae4b05252/library/std/src/panic.rs:358:14
[INFO] [stdout]   39:     0x6463454e682e - std::thread::Builder::spawn_unchecked_::{{closure}}::h8e141ea224820bce
[INFO] [stdout]                                at /rustc/df4ca44d3fbc9301ee17f30f4d474e6ae4b05252/library/std/src/thread/mod.rs:540:30
[INFO] [stdout]   40:     0x6463454e682e - core::ops::function::FnOnce::call_once{{vtable.shim}}::h90d312fedd7b8ea8
[INFO] [stdout]                                at /rustc/df4ca44d3fbc9301ee17f30f4d474e6ae4b05252/library/core/src/ops/function.rs:250:5
[INFO] [stdout]   41:     0x64634555e2db - <alloc::boxed::Box<F,A> as core::ops::function::FnOnce<Args>>::call_once::h69aa08ddb6adb8b6
[INFO] [stdout]                                at /rustc/df4ca44d3fbc9301ee17f30f4d474e6ae4b05252/library/alloc/src/boxed.rs:2454:9
[INFO] [stdout]   42:     0x64634555e2db - <alloc::boxed::Box<F,A> as core::ops::function::FnOnce<Args>>::call_once::h5aa36efdb79c806f
[INFO] [stdout]                                at /rustc/df4ca44d3fbc9301ee17f30f4d474e6ae4b05252/library/alloc/src/boxed.rs:2454:9
[INFO] [stdout]   43:     0x64634555e2db - std::sys::pal::unix::thread::Thread::new::thread_start::h6cd80a1b4be5158d
[INFO] [stdout]                                at /rustc/df4ca44d3fbc9301ee17f30f4d474e6ae4b05252/library/std/src/sys/pal/unix/thread.rs:105:17
[INFO] [stdout]   44:     0x7d9183c63ac3 - <unknown>
[INFO] [stdout]   45:     0x7d9183cf4a04 - clone
[INFO] [stdout]   46:                0x0 - <unknown>
[INFO] [stdout] 
[INFO] [stdout] ---- h264::slice_header::test::smoke_test stdout ----
[INFO] [stdout] thread 'h264::slice_header::test::smoke_test' panicked at src/h264/slice_header.rs:98:65:
[INFO] [stdout] called `Result::unwrap()` on an `Err` value: Os { code: 2, kind: NotFound, message: "No such file or directory" }
[INFO] [stdout] stack backtrace:
[INFO] [stdout]    0:     0x64634555894a - std::backtrace_rs::backtrace::libunwind::trace::h207520d6e9873551
[INFO] [stdout]                                at /rustc/df4ca44d3fbc9301ee17f30f4d474e6ae4b05252/library/std/src/../../backtrace/src/backtrace/libunwind.rs:116:5
[INFO] [stdout]    1:     0x64634555894a - std::backtrace_rs::backtrace::trace_unsynchronized::h2ed7433f370e3eca
[INFO] [stdout]                                at /rustc/df4ca44d3fbc9301ee17f30f4d474e6ae4b05252/library/std/src/../../backtrace/src/backtrace/mod.rs:66:5
[INFO] [stdout]    2:     0x64634555894a - std::sys::backtrace::_print_fmt::h916fac51166b18d7
[INFO] [stdout]                                at /rustc/df4ca44d3fbc9301ee17f30f4d474e6ae4b05252/library/std/src/sys/backtrace.rs:66:9
[INFO] [stdout]    3:     0x64634555894a - <std::sys::backtrace::BacktraceLock::print::DisplayBacktrace as core::fmt::Display>::fmt::ha0a4c9b8ce3802e6
[INFO] [stdout]                                at /rustc/df4ca44d3fbc9301ee17f30f4d474e6ae4b05252/library/std/src/sys/backtrace.rs:39:26
[INFO] [stdout]    4:     0x64634557ee63 - core::fmt::rt::Argument::fmt::h4cfc8587d52b3eb5
[INFO] [stdout]                                at /rustc/df4ca44d3fbc9301ee17f30f4d474e6ae4b05252/library/core/src/fmt/rt.rs:177:76
[INFO] [stdout]    5:     0x64634557ee63 - core::fmt::write::h522cc39e5b36ae9f
[INFO] [stdout]                                at /rustc/df4ca44d3fbc9301ee17f30f4d474e6ae4b05252/library/core/src/fmt/mod.rs:1190:21
[INFO] [stdout]    6:     0x6463455555b3 - std::io::Write::write_fmt::h7d3c26752da97734
[INFO] [stdout]                                at /rustc/df4ca44d3fbc9301ee17f30f4d474e6ae4b05252/library/std/src/io/mod.rs:1839:15
[INFO] [stdout]    7:     0x646345558792 - std::sys::backtrace::BacktraceLock::print::h4b9e00b29e9c0942
[INFO] [stdout]                                at /rustc/df4ca44d3fbc9301ee17f30f4d474e6ae4b05252/library/std/src/sys/backtrace.rs:42:9
[INFO] [stdout]    8:     0x646345559dda - std::panicking::default_hook::{{closure}}::hb59b88280d0324d9
[INFO] [stdout]                                at /rustc/df4ca44d3fbc9301ee17f30f4d474e6ae4b05252/library/std/src/panicking.rs:268:22
[INFO] [stdout]    9:     0x646345559be4 - std::panicking::default_hook::he1dd496665be4a29
[INFO] [stdout]                                at /rustc/df4ca44d3fbc9301ee17f30f4d474e6ae4b05252/library/std/src/panicking.rs:292:9
[INFO] [stdout]   10:     0x64634551b719 - <alloc::boxed::Box<F,A> as core::ops::function::Fn<Args>>::call::h4ff71de18744e1dc
[INFO] [stdout]                                at /rustc/df4ca44d3fbc9301ee17f30f4d474e6ae4b05252/library/alloc/src/boxed.rs:2468:9
[INFO] [stdout]   11:     0x64634551b719 - test::test_main::{{closure}}::hcf7c055ce117aa81
[INFO] [stdout]                                at /rustc/df4ca44d3fbc9301ee17f30f4d474e6ae4b05252/library/test/src/lib.rs:133:21
[INFO] [stdout]   12:     0x64634555a4d8 - <alloc::boxed::Box<F,A> as core::ops::function::Fn<Args>>::call::h1d66c6bbd60c9692
[INFO] [stdout]                                at /rustc/df4ca44d3fbc9301ee17f30f4d474e6ae4b05252/library/alloc/src/boxed.rs:2468:9
[INFO] [stdout]   13:     0x64634555a4d8 - std::panicking::rust_panic_with_hook::h2ff17fe8f26dfcf8
[INFO] [stdout]                                at /rustc/df4ca44d3fbc9301ee17f30f4d474e6ae4b05252/library/std/src/panicking.rs:809:13
[INFO] [stdout]   14:     0x64634555a29a - std::panicking::begin_panic_handler::{{closure}}::h4fad77951c07e101
[INFO] [stdout]                                at /rustc/df4ca44d3fbc9301ee17f30f4d474e6ae4b05252/library/std/src/panicking.rs:674:13
[INFO] [stdout]   15:     0x646345558e29 - std::sys::backtrace::__rust_end_short_backtrace::hb1a25b3da5d0ea08
[INFO] [stdout]                                at /rustc/df4ca44d3fbc9301ee17f30f4d474e6ae4b05252/library/std/src/sys/backtrace.rs:170:18
[INFO] [stdout]   16:     0x646345559f2c - rust_begin_unwind
[INFO] [stdout]                                at /rustc/df4ca44d3fbc9301ee17f30f4d474e6ae4b05252/library/std/src/panicking.rs:665:5
[INFO] [stdout]   17:     0x64634557d900 - core::panicking::panic_fmt::ha9db07b529f9b256
[INFO] [stdout]                                at /rustc/df4ca44d3fbc9301ee17f30f4d474e6ae4b05252/library/core/src/panicking.rs:75:14
[INFO] [stdout]   18:     0x64634557dca6 - core::result::unwrap_failed::h5e8218e4d4338b8a
[INFO] [stdout]                                at /rustc/df4ca44d3fbc9301ee17f30f4d474e6ae4b05252/library/core/src/result.rs:1698:5
[INFO] [stdout]   19:     0x6463454d9080 - core::result::Result<T,E>::unwrap::h4e1b2fce19ba614c
[INFO] [stdout]                                at /rustc/df4ca44d3fbc9301ee17f30f4d474e6ae4b05252/library/core/src/result.rs:1103:23
[INFO] [stdout]   20:     0x6463454d9080 - h264_glitcher::h264::slice_header::test::smoke_test::h363fa41ed562e1ab
[INFO] [stdout]                                at /opt/rustwide/workdir/src/h264/slice_header.rs:98:20
[INFO] [stdout]   21:     0x6463454d9007 - h264_glitcher::h264::slice_header::test::smoke_test::{{closure}}::h7a0221fbf4cdd20e
[INFO] [stdout]                                at /opt/rustwide/workdir/src/h264/slice_header.rs:97:20
[INFO] [stdout]   22:     0x6463454c8756 - core::ops::function::FnOnce::call_once::hc8946344bcf6ee70
[INFO] [stdout]                                at /rustc/df4ca44d3fbc9301ee17f30f4d474e6ae4b05252/library/core/src/ops/function.rs:250:5
[INFO] [stdout]   23:     0x64634551ffeb - core::ops::function::FnOnce::call_once::h22c3ba5715e93f05
[INFO] [stdout]                                at /rustc/df4ca44d3fbc9301ee17f30f4d474e6ae4b05252/library/core/src/ops/function.rs:250:5
[INFO] [stdout]   24:     0x64634551ffeb - test::__rust_begin_short_backtrace::h8e82d8113d0da17f
[INFO] [stdout]                                at /rustc/df4ca44d3fbc9301ee17f30f4d474e6ae4b05252/library/test/src/lib.rs:621:18
[INFO] [stdout]   25:     0x64634551f967 - test::run_test_in_process::{{closure}}::h33235f4f20b7b7c7
[INFO] [stdout]                                at /rustc/df4ca44d3fbc9301ee17f30f4d474e6ae4b05252/library/test/src/lib.rs:644:60
[INFO] [stdout]   26:     0x64634551f967 - <core::panic::unwind_safe::AssertUnwindSafe<F> as core::ops::function::FnOnce<()>>::call_once::hb5043206310c586f
[INFO] [stdout]                                at /rustc/df4ca44d3fbc9301ee17f30f4d474e6ae4b05252/library/core/src/panic/unwind_safe.rs:272:9
[INFO] [stdout]   27:     0x64634551f967 - std::panicking::try::do_call::h9ad4731a60ab23e2
[INFO] [stdout]                                at /rustc/df4ca44d3fbc9301ee17f30f4d474e6ae4b05252/library/std/src/panicking.rs:557:40
[INFO] [stdout]   28:     0x64634551f967 - std::panicking::try::h3824d23db772a716
[INFO] [stdout]                                at /rustc/df4ca44d3fbc9301ee17f30f4d474e6ae4b05252/library/std/src/panicking.rs:520:19
[INFO] [stdout]   29:     0x64634551f967 - std::panic::catch_unwind::h5afd514605fde46b
[INFO] [stdout]                                at /rustc/df4ca44d3fbc9301ee17f30f4d474e6ae4b05252/library/std/src/panic.rs:358:14
[INFO] [stdout]   30:     0x64634551f967 - test::run_test_in_process::h0d5cbfa7067d1720
[INFO] [stdout]                                at /rustc/df4ca44d3fbc9301ee17f30f4d474e6ae4b05252/library/test/src/lib.rs:644:27
[INFO] [stdout]   31:     0x64634551f967 - test::run_test::{{closure}}::h708eb8872708115d
[INFO] [stdout]                                at /rustc/df4ca44d3fbc9301ee17f30f4d474e6ae4b05252/library/test/src/lib.rs:565:43
[INFO] [stdout]   32:     0x6463454e3084 - test::run_test::{{closure}}::h392c51cee94713ab
[INFO] [stdout]                                at /rustc/df4ca44d3fbc9301ee17f30f4d474e6ae4b05252/library/test/src/lib.rs:595:41
[INFO] [stdout]   33:     0x6463454e3084 - std::sys::backtrace::__rust_begin_short_backtrace::h2f40290710935a8b
[INFO] [stdout]                                at /rustc/df4ca44d3fbc9301ee17f30f4d474e6ae4b05252/library/std/src/sys/backtrace.rs:154:18
[INFO] [stdout]   34:     0x6463454e682e - std::thread::Builder::spawn_unchecked_::{{closure}}::{{closure}}::h3fd968d89053a903
[INFO] [stdout]                                at /rustc/df4ca44d3fbc9301ee17f30f4d474e6ae4b05252/library/std/src/thread/mod.rs:541:17
[INFO] [stdout]   35:     0x6463454e682e - <core::panic::unwind_safe::AssertUnwindSafe<F> as core::ops::function::FnOnce<()>>::call_once::h743f637ba4229880
[INFO] [stdout]                                at /rustc/df4ca44d3fbc9301ee17f30f4d474e6ae4b05252/library/core/src/panic/unwind_safe.rs:272:9
[INFO] [stdout]   36:     0x6463454e682e - std::panicking::try::do_call::h07440897322525a6
[INFO] [stdout]                                at /rustc/df4ca44d3fbc9301ee17f30f4d474e6ae4b05252/library/std/src/panicking.rs:557:40
[INFO] [stdout]   37:     0x6463454e682e - std::panicking::try::he5a2e00188156637
[INFO] [stdout]                                at /rustc/df4ca44d3fbc9301ee17f30f4d474e6ae4b05252/library/std/src/panicking.rs:520:19
[INFO] [stdout]   38:     0x6463454e682e - std::panic::catch_unwind::hbaf3cae49b3c6433
[INFO] [stdout]                                at /rustc/df4ca44d3fbc9301ee17f30f4d474e6ae4b05252/library/std/src/panic.rs:358:14
[INFO] [stdout]   39:     0x6463454e682e - std::thread::Builder::spawn_unchecked_::{{closure}}::h8e141ea224820bce
[INFO] [stdout]                                at /rustc/df4ca44d3fbc9301ee17f30f4d474e6ae4b05252/library/std/src/thread/mod.rs:540:30
[INFO] [stdout]   40:     0x6463454e682e - core::ops::function::FnOnce::call_once{{vtable.shim}}::h90d312fedd7b8ea8
[INFO] [stdout]                                at /rustc/df4ca44d3fbc9301ee17f30f4d474e6ae4b05252/library/core/src/ops/function.rs:250:5
[INFO] [stdout]   41:     0x64634555e2db - <alloc::boxed::Box<F,A> as core::ops::function::FnOnce<Args>>::call_once::h69aa08ddb6adb8b6
[INFO] [stdout]                                at /rustc/df4ca44d3fbc9301ee17f30f4d474e6ae4b05252/library/alloc/src/boxed.rs:2454:9
[INFO] [stdout]   42:     0x64634555e2db - <alloc::boxed::Box<F,A> as core::ops::function::FnOnce<Args>>::call_once::h5aa36efdb79c806f
[INFO] [stdout]                                at /rustc/df4ca44d3fbc9301ee17f30f4d474e6ae4b05252/library/alloc/src/boxed.rs:2454:9
[INFO] [stdout]   43:     0x64634555e2db - std::sys::pal::unix::thread::Thread::new::thread_start::h6cd80a1b4be5158d
[INFO] [stdout]                                at /rustc/df4ca44d3fbc9301ee17f30f4d474e6ae4b05252/library/std/src/sys/pal/unix/thread.rs:105:17
[INFO] [stdout]   44:     0x7d9183c63ac3 - <unknown>
[INFO] [stdout]   45:     0x7d9183cf4a04 - clone
[INFO] [stdout]   46:                0x0 - <unknown>
[INFO] [stdout] 
[INFO] [stdout] 
[INFO] [stdout] failures:
[INFO] [stdout]     h264::nal_iterator::test::smoke_test
[INFO] [stdout]     h264::slice_header::test::smoke_test
[INFO] [stdout] 
[INFO] [stdout] test result: FAILED. 13 passed; 2 failed; 0 ignored; 0 measured; 0 filtered out; finished in 0.04s
[INFO] [stdout] 
[INFO] [stderr] error: test failed, to rerun pass `--lib`
[INFO] running `Command { std: "docker" "inspect" "f921ce4973a2614fb0a0d78a18557130c2cb78ffcc6f3ecc40e97bc76c356e53", kill_on_drop: false }`
[INFO] running `Command { std: "docker" "rm" "-f" "f921ce4973a2614fb0a0d78a18557130c2cb78ffcc6f3ecc40e97bc76c356e53", kill_on_drop: false }`
[INFO] [stdout] f921ce4973a2614fb0a0d78a18557130c2cb78ffcc6f3ecc40e97bc76c356e53
