[INFO] cloning repository https://github.com/antonio14bernardes/FRETLib
[INFO] running `Command { std: "git" "-c" "credential.helper=" "-c" "credential.helper=/workspace/cargo-home/bin/git-credential-null" "clone" "--bare" "https://github.com/antonio14bernardes/FRETLib" "/workspace/cache/git-repos/https%3A%2F%2Fgithub.com%2Fantonio14bernardes%2FFRETLib", kill_on_drop: false }`
[INFO] [stderr] Cloning into bare repository '/workspace/cache/git-repos/https%3A%2F%2Fgithub.com%2Fantonio14bernardes%2FFRETLib'...
[INFO] running `Command { std: "git" "rev-parse" "HEAD", kill_on_drop: false }`
[INFO] [stdout] 73df701dc94250c387ddc2f68908a83f5b70e233
[INFO] testing antonio14bernardes/FRETLib/73df701dc94250c387ddc2f68908a83f5b70e233 against nightly-2024-10-28+rustflags=-Zrandomize-layout for randomize-layout
[INFO] running `Command { std: "git" "clone" "/workspace/cache/git-repos/https%3A%2F%2Fgithub.com%2Fantonio14bernardes%2FFRETLib" "/workspace/builds/worker-5-tc2/source", kill_on_drop: false }`
[INFO] [stderr] Cloning into '/workspace/builds/worker-5-tc2/source'...
[INFO] [stderr] done.
[INFO] validating manifest of git repo https://github.com/antonio14bernardes/FRETLib on toolchain nightly-2024-10-28
[INFO] running `Command { std: CARGO_HOME="/workspace/cargo-home" RUSTUP_HOME="/workspace/rustup-home" "/workspace/cargo-home/bin/cargo" "+nightly-2024-10-28" "metadata" "--manifest-path" "Cargo.toml" "--no-deps", kill_on_drop: false }`
[INFO] started tweaking git repo https://github.com/antonio14bernardes/FRETLib
[INFO] finished tweaking git repo https://github.com/antonio14bernardes/FRETLib
[INFO] tweaked toml for git repo https://github.com/antonio14bernardes/FRETLib written to /workspace/builds/worker-5-tc2/source/Cargo.toml
[INFO] crate git repo https://github.com/antonio14bernardes/FRETLib already has a lockfile, it will not be regenerated
[INFO] running `Command { std: CARGO_HOME="/workspace/cargo-home" RUSTUP_HOME="/workspace/rustup-home" "/workspace/cargo-home/bin/cargo" "+nightly-2024-10-28" "fetch" "--manifest-path" "Cargo.toml", kill_on_drop: false }`
[INFO] running `Command { std: "docker" "create" "-v" "/var/lib/crater-agent-workspace/builds/worker-5-tc2/target:/opt/rustwide/target:rw,Z" "-v" "/var/lib/crater-agent-workspace/builds/worker-5-tc2/source:/opt/rustwide/workdir:ro,Z" "-v" "/var/lib/crater-agent-workspace/cargo-home:/opt/rustwide/cargo-home:ro,Z" "-v" "/var/lib/crater-agent-workspace/rustup-home:/opt/rustwide/rustup-home:ro,Z" "-e" "SOURCE_DIR=/opt/rustwide/workdir" "-e" "CARGO_TARGET_DIR=/opt/rustwide/target" "-e" "CARGO_HOME=/opt/rustwide/cargo-home" "-e" "RUSTUP_HOME=/opt/rustwide/rustup-home" "-w" "/opt/rustwide/workdir" "-m" "1610612736" "--user" "0:0" "--network" "none" "ghcr.io/rust-lang/crates-build-env/linux@sha256:4a844ea9eb2546a2d2c7022eacef16ef2e8229c7fbb2c7d4d55a9ceca922f72d" "/opt/rustwide/cargo-home/bin/cargo" "+nightly-2024-10-28" "metadata" "--no-deps" "--format-version=1", kill_on_drop: false }`
[INFO] [stdout] e884da5824f9750053c2770eb2fd55241f46c2d9bdb5db8ceb6d8136ce2aa331
[INFO] running `Command { std: "docker" "start" "-a" "e884da5824f9750053c2770eb2fd55241f46c2d9bdb5db8ceb6d8136ce2aa331", kill_on_drop: false }`
[INFO] running `Command { std: "docker" "inspect" "e884da5824f9750053c2770eb2fd55241f46c2d9bdb5db8ceb6d8136ce2aa331", kill_on_drop: false }`
[INFO] running `Command { std: "docker" "rm" "-f" "e884da5824f9750053c2770eb2fd55241f46c2d9bdb5db8ceb6d8136ce2aa331", kill_on_drop: false }`
[INFO] [stdout] e884da5824f9750053c2770eb2fd55241f46c2d9bdb5db8ceb6d8136ce2aa331
[INFO] running `Command { std: "docker" "create" "-v" "/var/lib/crater-agent-workspace/builds/worker-5-tc2/target:/opt/rustwide/target:rw,Z" "-v" "/var/lib/crater-agent-workspace/builds/worker-5-tc2/source:/opt/rustwide/workdir:ro,Z" "-v" "/var/lib/crater-agent-workspace/cargo-home:/opt/rustwide/cargo-home:ro,Z" "-v" "/var/lib/crater-agent-workspace/rustup-home:/opt/rustwide/rustup-home:ro,Z" "-e" "SOURCE_DIR=/opt/rustwide/workdir" "-e" "CARGO_TARGET_DIR=/opt/rustwide/target" "-e" "CARGO_INCREMENTAL=0" "-e" "RUST_BACKTRACE=full" "-e" "RUSTFLAGS=--cap-lints=forbid -Zrandomize-layout" "-e" "RUSTDOCFLAGS=--cap-lints=forbid" "-e" "CARGO_HOME=/opt/rustwide/cargo-home" "-e" "RUSTUP_HOME=/opt/rustwide/rustup-home" "-w" "/opt/rustwide/workdir" "-m" "1610612736" "--user" "0:0" "--network" "none" "ghcr.io/rust-lang/crates-build-env/linux@sha256:4a844ea9eb2546a2d2c7022eacef16ef2e8229c7fbb2c7d4d55a9ceca922f72d" "/opt/rustwide/cargo-home/bin/cargo" "+nightly-2024-10-28" "build" "--frozen" "--message-format=json", kill_on_drop: false }`
[INFO] [stdout] ba3bd6e87f4f719681f50039815098ea5818526202de3d346992587f32390aae
[INFO] running `Command { std: "docker" "start" "-a" "ba3bd6e87f4f719681f50039815098ea5818526202de3d346992587f32390aae", kill_on_drop: false }`
[INFO] [stderr]    Compiling libm v0.2.8
[INFO] [stderr]    Compiling num-traits v0.2.19
[INFO] [stderr]    Compiling libc v0.2.158
[INFO] [stderr]    Compiling proc-macro2 v1.0.86
[INFO] [stderr]    Compiling unicode-ident v1.0.13
[INFO] [stderr]    Compiling pkg-config v0.3.31
[INFO] [stderr]    Compiling semver v1.0.23
[INFO] [stderr]    Compiling byteorder v1.5.0
[INFO] [stderr]    Compiling shlex v1.3.0
[INFO] [stderr]    Compiling simd-adler32 v0.3.7
[INFO] [stderr]    Compiling bytemuck v1.18.0
[INFO] [stderr]    Compiling adler2 v2.0.0
[INFO] [stderr]    Compiling crc32fast v1.4.2
[INFO] [stderr]    Compiling libloading v0.8.5
[INFO] [stderr]    Compiling option-ext v0.2.0
[INFO] [stderr]    Compiling color_quant v1.1.0
[INFO] [stderr]    Compiling paste v1.0.15
[INFO] [stderr]    Compiling matrixmultiply v0.3.9
[INFO] [stderr]    Compiling log v0.4.22
[INFO] [stderr]    Compiling cc v1.1.28
[INFO] [stderr]    Compiling miniz_oxide v0.8.0
[INFO] [stderr]    Compiling fdeflate v0.3.5
[INFO] [stderr]    Compiling dlib v0.5.2
[INFO] [stderr]    Compiling plotters-backend v0.3.7
[INFO] [stderr]    Compiling typenum v1.17.0
[INFO] [stderr]    Compiling font-kit v0.14.2
[INFO] [stderr]    Compiling safe_arch v0.7.2
[INFO] [stderr]    Compiling weezl v0.1.8
[INFO] [stderr]    Compiling once_cell v1.20.2
[INFO] [stderr]    Compiling same-file v1.0.6
[INFO] [stderr]    Compiling jpeg-decoder v0.3.1
[INFO] [stderr]    Compiling walkdir v2.5.0
[INFO] [stderr]    Compiling rustc_version v0.4.1
[INFO] [stderr]    Compiling gif v0.12.0
[INFO] [stderr]    Compiling bitflags v2.6.0
[INFO] [stderr]    Compiling yeslogic-fontconfig-sys v6.0.0
[INFO] [stderr]    Compiling quote v1.0.37
[INFO] [stderr]    Compiling flate2 v1.0.34
[INFO] [stderr]    Compiling pathfinder_simd v0.5.4
[INFO] [stderr]    Compiling wide v0.7.28
[INFO] [stderr]    Compiling rawpointer v0.2.1
[INFO] [stderr]    Compiling iana-time-zone v0.1.61
[INFO] [stderr]    Compiling lazy_static v1.5.0
[INFO] [stderr]    Compiling float-ord v0.3.2
[INFO] [stderr]    Compiling syn v2.0.77
[INFO] [stderr]    Compiling plotters-svg v0.3.7
[INFO] [stderr]    Compiling getrandom v0.2.15
[INFO] [stderr]    Compiling dirs-sys v0.4.1
[INFO] [stderr]    Compiling ttf-parser v0.20.0
[INFO] [stderr]    Compiling rand_core v0.6.4
[INFO] [stderr]    Compiling png v0.17.14
[INFO] [stderr]    Compiling dirs v5.0.1
[INFO] [stderr]    Compiling freetype-sys v0.20.1
[INFO] [stderr]    Compiling pathfinder_geometry v0.5.1
[INFO] [stderr]    Compiling num-complex v0.4.6
[INFO] [stderr]    Compiling num-integer v0.1.46
[INFO] [stderr]    Compiling approx v0.5.1
[INFO] [stderr]    Compiling chrono v0.4.38
[INFO] [stderr]    Compiling num-rational v0.4.2
[INFO] [stderr]    Compiling image v0.24.9
[INFO] [stderr]    Compiling simba v0.9.0
[INFO] [stderr]    Compiling plotters-bitmap v0.3.7
[INFO] [stderr]    Compiling zerocopy-derive v0.7.35
[INFO] [stderr]    Compiling nalgebra-macros v0.2.2
[INFO] [stderr]    Compiling zerocopy v0.7.35
[INFO] [stderr]    Compiling ppv-lite86 v0.2.20
[INFO] [stderr]    Compiling rand_chacha v0.3.1
[INFO] [stderr]    Compiling rand v0.8.5
[INFO] [stderr]    Compiling rand_distr v0.4.3
[INFO] [stderr]    Compiling nalgebra v0.33.0
[INFO] [stderr]    Compiling plotters v0.3.7
[INFO] [stderr]    Compiling fret-lib v0.1.0 (/opt/rustwide/workdir)
[INFO] [stdout] warning: unused import: `super::*`
[INFO] [stdout]    --> src/signal_analysis/hmm/hmm_tools.rs:428:9
[INFO] [stdout]     |
[INFO] [stdout] 428 |     use super::*;
[INFO] [stdout]     |         ^^^^^^^^
[INFO] [stdout]     |
[INFO] [stdout]     = note: `#[warn(unused_imports)]` on by default
[INFO] [stdout] 
[INFO] [stdout] 
[INFO] [stdout] warning: unused imports: `MatrixValidationError` and `ProbabilityMatrix`
[INFO] [stdout]  --> src/signal_analysis/hmm/viterbi.rs:2:58
[INFO] [stdout]   |
[INFO] [stdout] 2 | use super::hmm_matrices::{TransitionMatrix, StartMatrix, ProbabilityMatrix, MatrixValidationError};
[INFO] [stdout]   |                                                          ^^^^^^^^^^^^^^^^^  ^^^^^^^^^^^^^^^^^^^^^
[INFO] [stdout] 
[INFO] [stdout] 
[INFO] [stdout] warning: unused import: `StateMatrix1D`
[INFO] [stdout]  --> src/signal_analysis/hmm/viterbi.rs:3:24
[INFO] [stdout]   |
[INFO] [stdout] 3 | use super::hmm_tools::{StateMatrix1D, StateMatrix2D};
[INFO] [stdout]   |                        ^^^^^^^^^^^^^
[INFO] [stdout] 
[INFO] [stdout] 
[INFO] [stdout] warning: unused import: `StateMatrix1D`
[INFO] [stdout]  --> src/signal_analysis/hmm/baum_welch.rs:1:24
[INFO] [stdout]   |
[INFO] [stdout] 1 | use super::hmm_tools::{StateMatrix1D, StateMatrix2D, StateMatrix3D};
[INFO] [stdout]   |                        ^^^^^^^^^^^^^
[INFO] [stdout] 
[INFO] [stdout] 
[INFO] [stdout] warning: unused import: `viterbi`
[INFO] [stdout]  --> src/signal_analysis/hmm/baum_welch.rs:3:23
[INFO] [stdout]   |
[INFO] [stdout] 3 | use super::{state::*, viterbi};
[INFO] [stdout]   |                       ^^^^^^^
[INFO] [stdout] 
[INFO] [stdout] 
[INFO] [stdout] warning: unused imports: `HMM`, `StartMatrix`, `StateCollapseHandle`, `State`, `TerminationCriterium`, `TransitionMatrix`, `baum_welch::BaumWelch`, and `hmm_instance::HMMInstance`
[INFO] [stdout]  --> src/signal_analysis/hmm/occams_razor.rs:1:13
[INFO] [stdout]   |
[INFO] [stdout] 1 | ...::{baum_welch::BaumWelch, hmm_instance::HMMInstance, optimization_tracker::{StateCollapseHandle, TerminationCriterium}, StartMatrix, State, TransitionMatrix, HM...
[INFO] [stdout]   |       ^^^^^^^^^^^^^^^^^^^^^  ^^^^^^^^^^^^^^^^^^^^^^^^^                         ^^^^^^^^^^^^^^^^^^^  ^^^^^^^^^^^^^^^^^^^^   ^^^^^^^^^^^  ^^^^^  ^^^^^^^^^^^^^^^^  ^^^
[INFO] [stdout] 
[INFO] [stdout] 
[INFO] [stdout] warning: unused import: `super::super::super::optimization::amalgam_idea::*`
[INFO] [stdout]  --> src/signal_analysis/hmm/amalgam_tools.rs:1:5
[INFO] [stdout]   |
[INFO] [stdout] 1 | use super::super::super::optimization::amalgam_idea::*;
[INFO] [stdout]   |     ^^^^^^^^^^^^^^^^^^^^^^^^^^^^^^^^^^^^^^^^^^^^^^^^^^
[INFO] [stdout] 
[INFO] [stdout] 
[INFO] [stdout] warning: unused imports: `StateMatrix1D`, `StateMatrix2D`, and `StateMatrix3D`
[INFO] [stdout]  --> src/signal_analysis/hmm/amalgam_tools.rs:2:24
[INFO] [stdout]   |
[INFO] [stdout] 2 | use super::hmm_tools::{StateMatrix1D, StateMatrix2D, StateMatrix3D};
[INFO] [stdout]   |                        ^^^^^^^^^^^^^  ^^^^^^^^^^^^^  ^^^^^^^^^^^^^
[INFO] [stdout] 
[INFO] [stdout] 
[INFO] [stdout] warning: unused import: `viterbi`
[INFO] [stdout]  --> src/signal_analysis/hmm/amalgam_tools.rs:4:23
[INFO] [stdout]   |
[INFO] [stdout] 4 | use super::{state::*, viterbi};
[INFO] [stdout]   |                       ^^^^^^^
[INFO] [stdout] 
[INFO] [stdout] 
[INFO] [stdout] warning: unused import: `seq`
[INFO] [stdout]  --> src/signal_analysis/hmm/amalgam_tools.rs:9:12
[INFO] [stdout]   |
[INFO] [stdout] 9 | use rand::{seq, thread_rng, Rng};
[INFO] [stdout]   |            ^^^
[INFO] [stdout] 
[INFO] [stdout] 
[INFO] [stdout] warning: unused imports: `StartMatrix` and `TransitionMatrix`
[INFO] [stdout]  --> src/optimization/amalgam_idea/struct_definition.rs:4:49
[INFO] [stdout]   |
[INFO] [stdout] 4 | use crate::signal_analysis::hmm::hmm_matrices::{StartMatrix, TransitionMatrix};
[INFO] [stdout]   |                                                 ^^^^^^^^^^^  ^^^^^^^^^^^^^^^^
[INFO] [stdout] 
[INFO] [stdout] 
[INFO] [stdout] warning: unused imports: `OptimizationError` and `Optimizer`
[INFO] [stdout]  --> src/optimization/amalgam_idea/amalgam_specific.rs:5:31
[INFO] [stdout]   |
[INFO] [stdout] 5 | use super::super::optimizer::{Optimizer, OptimizationError};
[INFO] [stdout]   |                               ^^^^^^^^^  ^^^^^^^^^^^^^^^^^
[INFO] [stdout] 
[INFO] [stdout] 
[INFO] [stdout] warning: unused import: `super::super::variable_subsets::*`
[INFO] [stdout]  --> src/optimization/amalgam_idea/amalgam_specific.rs:7:5
[INFO] [stdout]   |
[INFO] [stdout] 7 | use super::super::variable_subsets::*;
[INFO] [stdout]   |     ^^^^^^^^^^^^^^^^^^^^^^^^^^^^^^^^^
[INFO] [stdout] 
[INFO] [stdout] 
[INFO] [stdout] warning: unused import: `optimizer_trait_impl::*`
[INFO] [stdout]  --> src/optimization/amalgam_idea.rs:7:9
[INFO] [stdout]   |
[INFO] [stdout] 7 | pub use optimizer_trait_impl::*;
[INFO] [stdout]   |         ^^^^^^^^^^^^^^^^^^^^^^^
[INFO] [stdout] 
[INFO] [stdout] 
[INFO] [stdout] warning: unused import: `amalgam_specific::*`
[INFO] [stdout]  --> src/optimization/amalgam_idea.rs:8:9
[INFO] [stdout]   |
[INFO] [stdout] 8 | pub use amalgam_specific::*;
[INFO] [stdout]   |         ^^^^^^^^^^^^^^^^^^^
[INFO] [stdout] 
[INFO] [stdout] 
[INFO] [stdout] warning: duplicated attribute
[INFO] [stdout]   --> src/optimization/amalgam_idea/tests/amalgam_tests.rs:82:1
[INFO] [stdout]    |
[INFO] [stdout] 82 | #[test]
[INFO] [stdout]    | ^^^^^^^
[INFO] [stdout]    |
[INFO] [stdout]    = note: `#[warn(duplicate_macro_attributes)]` on by default
[INFO] [stdout] 
[INFO] [stdout] 
[INFO] [stdout] warning: unused import: `nalgebra::DMatrix`
[INFO] [stdout]  --> src/optimization/amalgam_idea/tests/amalgam_tests.rs:1:5
[INFO] [stdout]   |
[INFO] [stdout] 1 | use nalgebra::DMatrix;
[INFO] [stdout]   |     ^^^^^^^^^^^^^^^^^
[INFO] [stdout]   |
[INFO] [stdout] help: if this is a test module, consider adding a `#[cfg(test)]` to the containing module
[INFO] [stdout]  --> src/optimization/amalgam_idea/tests.rs:1:1
[INFO] [stdout]   |
[INFO] [stdout] 1 | mod amalgam_tests;
[INFO] [stdout]   | ^^^^^^^^^^^^^^^^^^
[INFO] [stdout] 
[INFO] [stdout] 
[INFO] [stdout] warning: unused import: `nalgebra::DVector`
[INFO] [stdout]  --> src/optimization/amalgam_idea/tests/amalgam_tests.rs:2:5
[INFO] [stdout]   |
[INFO] [stdout] 2 | use nalgebra::DVector;
[INFO] [stdout]   |     ^^^^^^^^^^^^^^^^^
[INFO] [stdout]   |
[INFO] [stdout] help: if this is a test module, consider adding a `#[cfg(test)]` to the containing module
[INFO] [stdout]  --> src/optimization/amalgam_idea/tests.rs:1:1
[INFO] [stdout]   |
[INFO] [stdout] 1 | mod amalgam_tests;
[INFO] [stdout]   | ^^^^^^^^^^^^^^^^^^
[INFO] [stdout] 
[INFO] [stdout] 
[INFO] [stdout] warning: unused import: `super::super::super::variable_subsets::VariableSubsetError`
[INFO] [stdout]  --> src/optimization/amalgam_idea/tests/amalgam_tests.rs:4:5
[INFO] [stdout]   |
[INFO] [stdout] 4 | use super::super::super::variable_subsets::VariableSubsetError;
[INFO] [stdout]   |     ^^^^^^^^^^^^^^^^^^^^^^^^^^^^^^^^^^^^^^^^^^^^^^^^^^^^^^^^^^
[INFO] [stdout]   |
[INFO] [stdout] help: if this is a test module, consider adding a `#[cfg(test)]` to the containing module
[INFO] [stdout]  --> src/optimization/amalgam_idea/tests.rs:1:1
[INFO] [stdout]   |
[INFO] [stdout] 1 | mod amalgam_tests;
[INFO] [stdout]   | ^^^^^^^^^^^^^^^^^^
[INFO] [stdout] 
[INFO] [stdout] 
[INFO] [stdout] warning: unused import: `super::super::super::amalgam_idea::*`
[INFO] [stdout]  --> src/optimization/amalgam_idea/tests/amalgam_tests.rs:5:5
[INFO] [stdout]   |
[INFO] [stdout] 5 | use super::super::super::amalgam_idea::*;
[INFO] [stdout]   |     ^^^^^^^^^^^^^^^^^^^^^^^^^^^^^^^^^^^^
[INFO] [stdout]   |
[INFO] [stdout] help: if this is a test module, consider adding a `#[cfg(test)]` to the containing module
[INFO] [stdout]  --> src/optimization/amalgam_idea/tests.rs:1:1
[INFO] [stdout]   |
[INFO] [stdout] 1 | mod amalgam_tests;
[INFO] [stdout]   | ^^^^^^^^^^^^^^^^^^
[INFO] [stdout] 
[INFO] [stdout] 
[INFO] [stdout] warning: unused import: `super::super::super::optimizer::*`
[INFO] [stdout]  --> src/optimization/amalgam_idea/tests/amalgam_tests.rs:6:5
[INFO] [stdout]   |
[INFO] [stdout] 6 | use super::super::super::optimizer::*;
[INFO] [stdout]   |     ^^^^^^^^^^^^^^^^^^^^^^^^^^^^^^^^^
[INFO] [stdout]   |
[INFO] [stdout] help: if this is a test module, consider adding a `#[cfg(test)]` to the containing module
[INFO] [stdout]  --> src/optimization/amalgam_idea/tests.rs:1:1
[INFO] [stdout]   |
[INFO] [stdout] 1 | mod amalgam_tests;
[INFO] [stdout]   | ^^^^^^^^^^^^^^^^^^
[INFO] [stdout] 
[INFO] [stdout] 
[INFO] [stdout] warning: unused import: `super::super::super::constraints::*`
[INFO] [stdout]  --> src/optimization/amalgam_idea/tests/amalgam_tests.rs:7:5
[INFO] [stdout]   |
[INFO] [stdout] 7 | use super::super::super::constraints::*;
[INFO] [stdout]   |     ^^^^^^^^^^^^^^^^^^^^^^^^^^^^^^^^^^^
[INFO] [stdout]   |
[INFO] [stdout] help: if this is a test module, consider adding a `#[cfg(test)]` to the containing module
[INFO] [stdout]  --> src/optimization/amalgam_idea/tests.rs:1:1
[INFO] [stdout]   |
[INFO] [stdout] 1 | mod amalgam_tests;
[INFO] [stdout]   | ^^^^^^^^^^^^^^^^^^
[INFO] [stdout] 
[INFO] [stdout] 
[INFO] [stdout] warning: unused import: `super::super::AmalgamIdea`
[INFO] [stdout]  --> src/optimization/amalgam_idea/tests/amalgam_tests.rs:8:5
[INFO] [stdout]   |
[INFO] [stdout] 8 | use super::super::AmalgamIdea;
[INFO] [stdout]   |     ^^^^^^^^^^^^^^^^^^^^^^^^^
[INFO] [stdout]   |
[INFO] [stdout] help: if this is a test module, consider adding a `#[cfg(test)]` to the containing module
[INFO] [stdout]  --> src/optimization/amalgam_idea/tests.rs:1:1
[INFO] [stdout]   |
[INFO] [stdout] 1 | mod amalgam_tests;
[INFO] [stdout]   | ^^^^^^^^^^^^^^^^^^
[INFO] [stdout] 
[INFO] [stdout] 
[INFO] [stdout] warning: unused import: `super::super::amalgam_parameters::AmalgamIdeaParameters`
[INFO] [stdout]  --> src/optimization/amalgam_idea/tests/amalgam_tests.rs:9:5
[INFO] [stdout]   |
[INFO] [stdout] 9 | use super::super::amalgam_parameters::AmalgamIdeaParameters;
[INFO] [stdout]   |     ^^^^^^^^^^^^^^^^^^^^^^^^^^^^^^^^^^^^^^^^^^^^^^^^^^^^^^^
[INFO] [stdout]   |
[INFO] [stdout] help: if this is a test module, consider adding a `#[cfg(test)]` to the containing module
[INFO] [stdout]  --> src/optimization/amalgam_idea/tests.rs:1:1
[INFO] [stdout]   |
[INFO] [stdout] 1 | mod amalgam_tests;
[INFO] [stdout]   | ^^^^^^^^^^^^^^^^^^
[INFO] [stdout] 
[INFO] [stdout] 
[INFO] [stdout] warning: unused import: `super::super::super::variable_subsets::VariableSubsetError`
[INFO] [stdout]  --> src/optimization/amalgam_idea/tests/amalgam_running_tests.rs:1:5
[INFO] [stdout]   |
[INFO] [stdout] 1 | use super::super::super::variable_subsets::VariableSubsetError;
[INFO] [stdout]   |     ^^^^^^^^^^^^^^^^^^^^^^^^^^^^^^^^^^^^^^^^^^^^^^^^^^^^^^^^^^
[INFO] [stdout]   |
[INFO] [stdout] help: if this is a test module, consider adding a `#[cfg(test)]` to the containing module
[INFO] [stdout]  --> src/optimization/amalgam_idea/tests.rs:2:1
[INFO] [stdout]   |
[INFO] [stdout] 2 | mod amalgam_running_tests;
[INFO] [stdout]   | ^^^^^^^^^^^^^^^^^^^^^^^^^^
[INFO] [stdout] 
[INFO] [stdout] 
[INFO] [stdout] warning: unused import: `super::super::super::amalgam_idea::*`
[INFO] [stdout]  --> src/optimization/amalgam_idea/tests/amalgam_running_tests.rs:2:5
[INFO] [stdout]   |
[INFO] [stdout] 2 | use super::super::super::amalgam_idea::*;
[INFO] [stdout]   |     ^^^^^^^^^^^^^^^^^^^^^^^^^^^^^^^^^^^^
[INFO] [stdout]   |
[INFO] [stdout] help: if this is a test module, consider adding a `#[cfg(test)]` to the containing module
[INFO] [stdout]  --> src/optimization/amalgam_idea/tests.rs:2:1
[INFO] [stdout]   |
[INFO] [stdout] 2 | mod amalgam_running_tests;
[INFO] [stdout]   | ^^^^^^^^^^^^^^^^^^^^^^^^^^
[INFO] [stdout] 
[INFO] [stdout] 
[INFO] [stdout] warning: unused import: `super::super::super::optimizer::*`
[INFO] [stdout]  --> src/optimization/amalgam_idea/tests/amalgam_running_tests.rs:3:5
[INFO] [stdout]   |
[INFO] [stdout] 3 | use super::super::super::optimizer::*;
[INFO] [stdout]   |     ^^^^^^^^^^^^^^^^^^^^^^^^^^^^^^^^^
[INFO] [stdout]   |
[INFO] [stdout] help: if this is a test module, consider adding a `#[cfg(test)]` to the containing module
[INFO] [stdout]  --> src/optimization/amalgam_idea/tests.rs:2:1
[INFO] [stdout]   |
[INFO] [stdout] 2 | mod amalgam_running_tests;
[INFO] [stdout]   | ^^^^^^^^^^^^^^^^^^^^^^^^^^
[INFO] [stdout] 
[INFO] [stdout] 
[INFO] [stdout] warning: unused import: `super::super::super::constraints::*`
[INFO] [stdout]  --> src/optimization/amalgam_idea/tests/amalgam_running_tests.rs:4:5
[INFO] [stdout]   |
[INFO] [stdout] 4 | use super::super::super::constraints::*;
[INFO] [stdout]   |     ^^^^^^^^^^^^^^^^^^^^^^^^^^^^^^^^^^^
[INFO] [stdout]   |
[INFO] [stdout] help: if this is a test module, consider adding a `#[cfg(test)]` to the containing module
[INFO] [stdout]  --> src/optimization/amalgam_idea/tests.rs:2:1
[INFO] [stdout]   |
[INFO] [stdout] 2 | mod amalgam_running_tests;
[INFO] [stdout]   | ^^^^^^^^^^^^^^^^^^^^^^^^^^
[INFO] [stdout] 
[INFO] [stdout] 
[INFO] [stdout] warning: unused import: `super::super::amalgam_parameters::AmalgamIdeaParameters`
[INFO] [stdout]  --> src/optimization/amalgam_idea/tests/amalgam_running_tests.rs:5:5
[INFO] [stdout]   |
[INFO] [stdout] 5 | use super::super::amalgam_parameters::AmalgamIdeaParameters;
[INFO] [stdout]   |     ^^^^^^^^^^^^^^^^^^^^^^^^^^^^^^^^^^^^^^^^^^^^^^^^^^^^^^^
[INFO] [stdout]   |
[INFO] [stdout] help: if this is a test module, consider adding a `#[cfg(test)]` to the containing module
[INFO] [stdout]  --> src/optimization/amalgam_idea/tests.rs:2:1
[INFO] [stdout]   |
[INFO] [stdout] 2 | mod amalgam_running_tests;
[INFO] [stdout]   | ^^^^^^^^^^^^^^^^^^^^^^^^^^
[INFO] [stdout] 
[INFO] [stdout] 
[INFO] [stdout] warning: unused imports: `DMatrix` and `DVector`
[INFO] [stdout]  --> src/optimization/amalgam_idea/tests/amalgam_running_tests.rs:7:16
[INFO] [stdout]   |
[INFO] [stdout] 7 | use nalgebra::{DMatrix, DVector};
[INFO] [stdout]   |                ^^^^^^^  ^^^^^^^
[INFO] [stdout]   |
[INFO] [stdout] help: if this is a test module, consider adding a `#[cfg(test)]` to the containing module
[INFO] [stdout]  --> src/optimization/amalgam_idea/tests.rs:2:1
[INFO] [stdout]   |
[INFO] [stdout] 2 | mod amalgam_running_tests;
[INFO] [stdout]   | ^^^^^^^^^^^^^^^^^^^^^^^^^^
[INFO] [stdout] 
[INFO] [stdout] 
[INFO] [stdout] warning: unused import: `super::variable_subsets::VariableSubsetError`
[INFO] [stdout]  --> src/optimization/optimizer.rs:1:5
[INFO] [stdout]   |
[INFO] [stdout] 1 | use super::variable_subsets::VariableSubsetError;
[INFO] [stdout]   |     ^^^^^^^^^^^^^^^^^^^^^^^^^^^^^^^^^^^^^^^^^^^^
[INFO] [stdout] 
[INFO] [stdout] 
[INFO] [stdout] warning: unused imports: `distributions` and `thread_rng`
[INFO] [stdout]  --> src/optimization/multivariate_gaussian.rs:2:12
[INFO] [stdout]   |
[INFO] [stdout] 2 | use rand::{distributions, Rng, thread_rng};
[INFO] [stdout]   |            ^^^^^^^^^^^^^       ^^^^^^^^^^
[INFO] [stdout] 
[INFO] [stdout] 
[INFO] [stdout] warning: unused import: `nalgebra::constraint`
[INFO] [stdout]  --> src/optimization/variable_subsets.rs:3:5
[INFO] [stdout]   |
[INFO] [stdout] 3 | use nalgebra::constraint;
[INFO] [stdout]   |     ^^^^^^^^^^^^^^^^^^^^
[INFO] [stdout] 
[INFO] [stdout] 
[INFO] [stdout] warning: unused import: `rand::distributions`
[INFO] [stdout]  --> src/optimization/variable_subsets.rs:5:5
[INFO] [stdout]   |
[INFO] [stdout] 5 | use rand::distributions;
[INFO] [stdout]   |     ^^^^^^^^^^^^^^^^^^^
[INFO] [stdout] 
[INFO] [stdout] 
[INFO] [stdout] warning: unused import: `core::num`
[INFO] [stdout]  --> src/optimization/variable_subsets.rs:8:5
[INFO] [stdout]   |
[INFO] [stdout] 8 | use core::num;
[INFO] [stdout]   |     ^^^^^^^^^
[INFO] [stdout] 
[INFO] [stdout] 
[INFO] [stdout] warning: unused import: `std::collections::HashSet`
[INFO] [stdout]  --> src/optimization/variable_subsets.rs:9:5
[INFO] [stdout]   |
[INFO] [stdout] 9 | use std::collections::HashSet;
[INFO] [stdout]   |     ^^^^^^^^^^^^^^^^^^^^^^^^^
[INFO] [stdout] 
[INFO] [stdout] 
[INFO] [stdout] warning: unused import: `self`
[INFO] [stdout]  --> src/optimization/set_of_var_subsets.rs:1:26
[INFO] [stdout]   |
[INFO] [stdout] 1 | use super::constraints::{self, *};
[INFO] [stdout]   |                          ^^^^
[INFO] [stdout] 
[INFO] [stdout] 
[INFO] [stdout] warning: variable does not need to be mutable
[INFO] [stdout]    --> src/signal_analysis/hmm/hmm_instance.rs:149:13
[INFO] [stdout]     |
[INFO] [stdout] 149 |         let mut expected_ids: Vec<usize> = (0..states.len()).collect(); // Expected sequence: [0, 1, 2, ..., N-1]
[INFO] [stdout]     |             ----^^^^^^^^^^^^
[INFO] [stdout]     |             |
[INFO] [stdout]     |             help: remove this `mut`
[INFO] [stdout]     |
[INFO] [stdout]     = note: `#[warn(unused_mut)]` on by default
[INFO] [stdout] 
[INFO] [stdout] 
[INFO] [stdout] warning: unused variable: `attempt`
[INFO] [stdout]   --> src/signal_analysis/hmm/amalgam_tools.rs:31:9
[INFO] [stdout]    |
[INFO] [stdout] 31 |     for attempt in 0..max_attempts {
[INFO] [stdout]    |         ^^^^^^^ help: if this is intentional, prefix it with an underscore: `_attempt`
[INFO] [stdout]    |
[INFO] [stdout]    = note: `#[warn(unused_variables)]` on by default
[INFO] [stdout] 
[INFO] [stdout] 
[INFO] [stdout] warning: unused variable: `scaling_factor_jitter`
[INFO] [stdout]    --> src/optimization/multivariate_gaussian.rs:267:42
[INFO] [stdout]     |
[INFO] [stdout] 267 |             let (scaled_cov_with_jitter, scaling_factor_jitter) = scale_matrix(cov);
[INFO] [stdout]     |                                          ^^^^^^^^^^^^^^^^^^^^^ help: if this is intentional, prefix it with an underscore: `_scaling_factor_jitter`
[INFO] [stdout] 
[INFO] [stdout] 
[INFO] [stdout] warning: function `toy_fitness_function` is never used
[INFO] [stdout]   --> src/optimization/amalgam_idea/tests/amalgam_running_tests.rs:10:4
[INFO] [stdout]    |
[INFO] [stdout] 10 | fn toy_fitness_function(values: &[f64]) -> f64 {
[INFO] [stdout]    |    ^^^^^^^^^^^^^^^^^^^^
[INFO] [stdout]    |
[INFO] [stdout]    = note: `#[warn(dead_code)]` on by default
[INFO] [stdout] 
[INFO] [stdout] 
[INFO] [stdout] warning: function `k_means_1D` should have a snake case name
[INFO] [stdout]  --> src/signal_analysis/hmm/kmeans.rs:4:8
[INFO] [stdout]   |
[INFO] [stdout] 4 | pub fn k_means_1D(data: &[f64], k: usize, max_iterations: usize, tolerance: f64) -> (Vec<f64>, Vec<usize>) {
[INFO] [stdout]   |        ^^^^^^^^^^ help: convert the identifier to snake case: `k_means_1_d`
[INFO] [stdout]   |
[INFO] [stdout]   = note: `#[warn(non_snake_case)]` on by default
[INFO] [stdout] 
[INFO] [stdout] 
[INFO] [stdout] warning: unused import: `core::num`
[INFO] [stdout]  --> src/main.rs:1:5
[INFO] [stdout]   |
[INFO] [stdout] 1 | use core::num;
[INFO] [stdout]   |     ^^^^^^^^^
[INFO] [stdout]   |
[INFO] [stdout]   = note: `#[warn(unused_imports)]` on by default
[INFO] [stdout] 
[INFO] [stdout] 
[INFO] [stdout] warning: unused import: `std::cmp::min`
[INFO] [stdout]  --> src/main.rs:2:5
[INFO] [stdout]   |
[INFO] [stdout] 2 | use std::cmp::min;
[INFO] [stdout]   |     ^^^^^^^^^^^^^
[INFO] [stdout] 
[INFO] [stdout] 
[INFO] [stdout] warning: unused import: `std::collections::HashSet`
[INFO] [stdout]  --> src/main.rs:3:5
[INFO] [stdout]   |
[INFO] [stdout] 3 | use std::collections::HashSet;
[INFO] [stdout]   |     ^^^^^^^^^^^^^^^^^^^^^^^^^
[INFO] [stdout] 
[INFO] [stdout] 
[INFO] [stdout] warning: unused import: `self`
[INFO] [stdout]  --> src/main.rs:5:44
[INFO] [stdout]   |
[INFO] [stdout] 5 | use fret_lib::optimization::amalgam_idea::{self, AmalgamIdea};
[INFO] [stdout]   |                                            ^^^^
[INFO] [stdout] 
[INFO] [stdout] 
[INFO] [stdout] warning: unused imports: `HMMInstanceError` and `HMMInstance`
[INFO] [stdout]  --> src/main.rs:8:52
[INFO] [stdout]   |
[INFO] [stdout] 8 | use fret_lib::signal_analysis::hmm::hmm_instance::{HMMInstance, HMMInstanceError};
[INFO] [stdout]   |                                                    ^^^^^^^^^^^  ^^^^^^^^^^^^^^^^
[INFO] [stdout] 
[INFO] [stdout] 
[INFO] [stdout] warning: unused imports: `StateCollapseHandle` and `TerminationCriterium`
[INFO] [stdout]  --> src/main.rs:9:60
[INFO] [stdout]   |
[INFO] [stdout] 9 | use fret_lib::signal_analysis::hmm::optimization_tracker::{StateCollapseHandle, TerminationCriterium};
[INFO] [stdout]   |                                                            ^^^^^^^^^^^^^^^^^^^  ^^^^^^^^^^^^^^^^^^^^
[INFO] [stdout] 
[INFO] [stdout] 
[INFO] [stdout] warning: unused import: `fret_lib::signal_analysis::hmm::viterbi::Viterbi`
[INFO] [stdout]   --> src/main.rs:12:5
[INFO] [stdout]    |
[INFO] [stdout] 12 | use fret_lib::signal_analysis::hmm::viterbi::Viterbi;
[INFO] [stdout]    |     ^^^^^^^^^^^^^^^^^^^^^^^^^^^^^^^^^^^^^^^^^^^^^^^^
[INFO] [stdout] 
[INFO] [stdout] 
[INFO] [stdout] warning: unused import: `baum_welch`
[INFO] [stdout]   --> src/main.rs:13:38
[INFO] [stdout]    |
[INFO] [stdout] 13 | use fret_lib::signal_analysis::hmm::{baum_welch, HMM};
[INFO] [stdout]    |                                      ^^^^^^^^^^
[INFO] [stdout] 
[INFO] [stdout] 
[INFO] [stdout] warning: unused import: `fret_lib::signal_analysis::hmm::baum_welch::*`
[INFO] [stdout]   --> src/main.rs:14:5
[INFO] [stdout]    |
[INFO] [stdout] 14 | use fret_lib::signal_analysis::hmm::baum_welch::*;
[INFO] [stdout]    |     ^^^^^^^^^^^^^^^^^^^^^^^^^^^^^^^^^^^^^^^^^^^^^
[INFO] [stdout] 
[INFO] [stdout] 
[INFO] [stdout] warning: unused imports: `Rng`, `seq`, and `thread_rng`
[INFO] [stdout]   --> src/main.rs:16:12
[INFO] [stdout]    |
[INFO] [stdout] 16 | use rand::{seq, thread_rng, Rng};
[INFO] [stdout]    |            ^^^  ^^^^^^^^^^  ^^^
[INFO] [stdout] 
[INFO] [stdout] 
[INFO] [stdout] warning: unused import: `fret_lib::signal_analysis::hmm::occams_razor::*`
[INFO] [stdout]   --> src/main.rs:18:5
[INFO] [stdout]    |
[INFO] [stdout] 18 | use fret_lib::signal_analysis::hmm::occams_razor::*;
[INFO] [stdout]    |     ^^^^^^^^^^^^^^^^^^^^^^^^^^^^^^^^^^^^^^^^^^^^^^^
[INFO] [stdout] 
[INFO] [stdout] 
[INFO] [stdout] warning: unused import: `plotters::prelude`
[INFO] [stdout]   --> src/main.rs:17:5
[INFO] [stdout]    |
[INFO] [stdout] 17 | use plotters::prelude::*;
[INFO] [stdout]    |     ^^^^^^^^^^^^^^^^^
[INFO] [stdout] 
[INFO] [stdout] 
[INFO] [stderr]     Finished `dev` profile [unoptimized + debuginfo] target(s) in 11.01s
[INFO] running `Command { std: "docker" "inspect" "ba3bd6e87f4f719681f50039815098ea5818526202de3d346992587f32390aae", kill_on_drop: false }`
[INFO] running `Command { std: "docker" "rm" "-f" "ba3bd6e87f4f719681f50039815098ea5818526202de3d346992587f32390aae", kill_on_drop: false }`
[INFO] [stdout] ba3bd6e87f4f719681f50039815098ea5818526202de3d346992587f32390aae
[INFO] running `Command { std: "docker" "create" "-v" "/var/lib/crater-agent-workspace/builds/worker-5-tc2/target:/opt/rustwide/target:rw,Z" "-v" "/var/lib/crater-agent-workspace/builds/worker-5-tc2/source:/opt/rustwide/workdir:ro,Z" "-v" "/var/lib/crater-agent-workspace/cargo-home:/opt/rustwide/cargo-home:ro,Z" "-v" "/var/lib/crater-agent-workspace/rustup-home:/opt/rustwide/rustup-home:ro,Z" "-e" "SOURCE_DIR=/opt/rustwide/workdir" "-e" "CARGO_TARGET_DIR=/opt/rustwide/target" "-e" "CARGO_INCREMENTAL=0" "-e" "RUST_BACKTRACE=full" "-e" "RUSTFLAGS=--cap-lints=forbid -Zrandomize-layout" "-e" "RUSTDOCFLAGS=--cap-lints=forbid" "-e" "CARGO_HOME=/opt/rustwide/cargo-home" "-e" "RUSTUP_HOME=/opt/rustwide/rustup-home" "-w" "/opt/rustwide/workdir" "-m" "1610612736" "--user" "0:0" "--network" "none" "ghcr.io/rust-lang/crates-build-env/linux@sha256:4a844ea9eb2546a2d2c7022eacef16ef2e8229c7fbb2c7d4d55a9ceca922f72d" "/opt/rustwide/cargo-home/bin/cargo" "+nightly-2024-10-28" "test" "--frozen" "--no-run" "--message-format=json", kill_on_drop: false }`
[INFO] [stdout] cfadb4da542be4531c6f14ebd40b5da1fed0753f1718c647437ba8c19ef81c64
[INFO] running `Command { std: "docker" "start" "-a" "cfadb4da542be4531c6f14ebd40b5da1fed0753f1718c647437ba8c19ef81c64", kill_on_drop: false }`
[INFO] [stdout] warning: unused import: `super::*`
[INFO] [stdout]    --> src/signal_analysis/hmm/hmm_tools.rs:428:9
[INFO] [stdout]     |
[INFO] [stdout] 428 |     use super::*;
[INFO] [stdout]     |         ^^^^^^^^
[INFO] [stdout]     |
[INFO] [stdout]     = note: `#[warn(unused_imports)]` on by default
[INFO] [stdout] 
[INFO] [stdout] 
[INFO] [stdout] warning: unused imports: `MatrixValidationError` and `ProbabilityMatrix`
[INFO] [stdout]  --> src/signal_analysis/hmm/viterbi.rs:2:58
[INFO] [stdout]   |
[INFO] [stdout] 2 | use super::hmm_matrices::{TransitionMatrix, StartMatrix, ProbabilityMatrix, MatrixValidationError};
[INFO] [stdout]   |                                                          ^^^^^^^^^^^^^^^^^  ^^^^^^^^^^^^^^^^^^^^^
[INFO] [stdout] 
[INFO] [stdout] 
[INFO] [stdout] warning: unused import: `StateMatrix1D`
[INFO] [stdout]  --> src/signal_analysis/hmm/viterbi.rs:3:24
[INFO] [stdout]   |
[INFO] [stdout] 3 | use super::hmm_tools::{StateMatrix1D, StateMatrix2D};
[INFO] [stdout]   |                        ^^^^^^^^^^^^^
[INFO] [stdout] 
[INFO] [stdout] 
[INFO] [stdout] warning: unused import: `StateMatrix1D`
[INFO] [stdout]  --> src/signal_analysis/hmm/baum_welch.rs:1:24
[INFO] [stdout]   |
[INFO] [stdout] 1 | use super::hmm_tools::{StateMatrix1D, StateMatrix2D, StateMatrix3D};
[INFO] [stdout]   |                        ^^^^^^^^^^^^^
[INFO] [stdout] 
[INFO] [stdout] 
[INFO] [stdout] warning: unused import: `viterbi`
[INFO] [stdout]  --> src/signal_analysis/hmm/baum_welch.rs:3:23
[INFO] [stdout]   |
[INFO] [stdout] 3 | use super::{state::*, viterbi};
[INFO] [stdout]   |                       ^^^^^^^
[INFO] [stdout] 
[INFO] [stdout] 
[INFO] [stdout] warning: unused imports: `HMM`, `StartMatrix`, `StateCollapseHandle`, `State`, `TerminationCriterium`, `TransitionMatrix`, `baum_welch::BaumWelch`, and `hmm_instance::HMMInstance`
[INFO] [stdout]  --> src/signal_analysis/hmm/occams_razor.rs:1:13
[INFO] [stdout]   |
[INFO] [stdout] 1 | ...::{baum_welch::BaumWelch, hmm_instance::HMMInstance, optimization_tracker::{StateCollapseHandle, TerminationCriterium}, StartMatrix, State, TransitionMatrix, HM...
[INFO] [stdout]   |       ^^^^^^^^^^^^^^^^^^^^^  ^^^^^^^^^^^^^^^^^^^^^^^^^                         ^^^^^^^^^^^^^^^^^^^  ^^^^^^^^^^^^^^^^^^^^   ^^^^^^^^^^^  ^^^^^  ^^^^^^^^^^^^^^^^  ^^^
[INFO] [stdout] 
[INFO] [stdout] 
[INFO] [stdout] warning: unused import: `super::super::super::optimization::amalgam_idea::*`
[INFO] [stdout]  --> src/signal_analysis/hmm/amalgam_tools.rs:1:5
[INFO] [stdout]   |
[INFO] [stdout] 1 | use super::super::super::optimization::amalgam_idea::*;
[INFO] [stdout]   |     ^^^^^^^^^^^^^^^^^^^^^^^^^^^^^^^^^^^^^^^^^^^^^^^^^^
[INFO] [stdout] 
[INFO] [stdout] 
[INFO] [stdout] warning: unused imports: `StateMatrix1D`, `StateMatrix2D`, and `StateMatrix3D`
[INFO] [stdout]  --> src/signal_analysis/hmm/amalgam_tools.rs:2:24
[INFO] [stdout]   |
[INFO] [stdout] 2 | use super::hmm_tools::{StateMatrix1D, StateMatrix2D, StateMatrix3D};
[INFO] [stdout]   |                        ^^^^^^^^^^^^^  ^^^^^^^^^^^^^  ^^^^^^^^^^^^^
[INFO] [stdout] 
[INFO] [stdout] 
[INFO] [stdout] warning: unused import: `viterbi`
[INFO] [stdout]  --> src/signal_analysis/hmm/amalgam_tools.rs:4:23
[INFO] [stdout]   |
[INFO] [stdout] 4 | use super::{state::*, viterbi};
[INFO] [stdout]   |                       ^^^^^^^
[INFO] [stdout] 
[INFO] [stdout] 
[INFO] [stdout] warning: unused import: `seq`
[INFO] [stdout]  --> src/signal_analysis/hmm/amalgam_tools.rs:9:12
[INFO] [stdout]   |
[INFO] [stdout] 9 | use rand::{seq, thread_rng, Rng};
[INFO] [stdout]   |            ^^^
[INFO] [stdout] 
[INFO] [stdout] 
[INFO] [stdout] warning: unused imports: `StartMatrix` and `TransitionMatrix`
[INFO] [stdout]  --> src/optimization/amalgam_idea/struct_definition.rs:4:49
[INFO] [stdout]   |
[INFO] [stdout] 4 | use crate::signal_analysis::hmm::hmm_matrices::{StartMatrix, TransitionMatrix};
[INFO] [stdout]   |                                                 ^^^^^^^^^^^  ^^^^^^^^^^^^^^^^
[INFO] [stdout] 
[INFO] [stdout] 
[INFO] [stdout] warning: unused imports: `OptimizationError` and `Optimizer`
[INFO] [stdout]  --> src/optimization/amalgam_idea/amalgam_specific.rs:5:31
[INFO] [stdout]   |
[INFO] [stdout] 5 | use super::super::optimizer::{Optimizer, OptimizationError};
[INFO] [stdout]   |                               ^^^^^^^^^  ^^^^^^^^^^^^^^^^^
[INFO] [stdout] 
[INFO] [stdout] 
[INFO] [stdout] warning: unused import: `super::super::variable_subsets::*`
[INFO] [stdout]  --> src/optimization/amalgam_idea/amalgam_specific.rs:7:5
[INFO] [stdout]   |
[INFO] [stdout] 7 | use super::super::variable_subsets::*;
[INFO] [stdout]   |     ^^^^^^^^^^^^^^^^^^^^^^^^^^^^^^^^^
[INFO] [stdout] 
[INFO] [stdout] 
[INFO] [stdout] warning: unused import: `optimizer_trait_impl::*`
[INFO] [stdout]  --> src/optimization/amalgam_idea.rs:7:9
[INFO] [stdout]   |
[INFO] [stdout] 7 | pub use optimizer_trait_impl::*;
[INFO] [stdout]   |         ^^^^^^^^^^^^^^^^^^^^^^^
[INFO] [stdout] 
[INFO] [stdout] 
[INFO] [stdout] warning: unused import: `amalgam_specific::*`
[INFO] [stdout]  --> src/optimization/amalgam_idea.rs:8:9
[INFO] [stdout]   |
[INFO] [stdout] 8 | pub use amalgam_specific::*;
[INFO] [stdout]   |         ^^^^^^^^^^^^^^^^^^^
[INFO] [stdout] 
[INFO] [stdout] 
[INFO] [stdout] warning: duplicated attribute
[INFO] [stdout]   --> src/optimization/amalgam_idea/tests/amalgam_tests.rs:82:1
[INFO] [stdout]    |
[INFO] [stdout] 82 | #[test]
[INFO] [stdout]    | ^^^^^^^
[INFO] [stdout]    |
[INFO] [stdout]    = note: `#[warn(duplicate_macro_attributes)]` on by default
[INFO] [stdout] 
[INFO] [stdout] 
[INFO] [stdout] warning: unused import: `nalgebra::DMatrix`
[INFO] [stdout]  --> src/optimization/amalgam_idea/tests/amalgam_tests.rs:1:5
[INFO] [stdout]   |
[INFO] [stdout] 1 | use nalgebra::DMatrix;
[INFO] [stdout]   |     ^^^^^^^^^^^^^^^^^
[INFO] [stdout]   |
[INFO] [stdout] help: if this is a test module, consider adding a `#[cfg(test)]` to the containing module
[INFO] [stdout]  --> src/optimization/amalgam_idea/tests.rs:1:1
[INFO] [stdout]   |
[INFO] [stdout] 1 | mod amalgam_tests;
[INFO] [stdout]   | ^^^^^^^^^^^^^^^^^^
[INFO] [stdout] 
[INFO] [stdout] 
[INFO] [stdout] warning: unused import: `nalgebra::DVector`
[INFO] [stdout]  --> src/optimization/amalgam_idea/tests/amalgam_tests.rs:2:5
[INFO] [stdout]   |
[INFO] [stdout] 2 | use nalgebra::DVector;
[INFO] [stdout]   |     ^^^^^^^^^^^^^^^^^
[INFO] [stdout]   |
[INFO] [stdout] help: if this is a test module, consider adding a `#[cfg(test)]` to the containing module
[INFO] [stdout]  --> src/optimization/amalgam_idea/tests.rs:1:1
[INFO] [stdout]   |
[INFO] [stdout] 1 | mod amalgam_tests;
[INFO] [stdout]   | ^^^^^^^^^^^^^^^^^^
[INFO] [stdout] 
[INFO] [stdout] 
[INFO] [stdout] warning: unused import: `super::super::super::variable_subsets::VariableSubsetError`
[INFO] [stdout]  --> src/optimization/amalgam_idea/tests/amalgam_tests.rs:4:5
[INFO] [stdout]   |
[INFO] [stdout] 4 | use super::super::super::variable_subsets::VariableSubsetError;
[INFO] [stdout]   |     ^^^^^^^^^^^^^^^^^^^^^^^^^^^^^^^^^^^^^^^^^^^^^^^^^^^^^^^^^^
[INFO] [stdout]   |
[INFO] [stdout] help: if this is a test module, consider adding a `#[cfg(test)]` to the containing module
[INFO] [stdout]  --> src/optimization/amalgam_idea/tests.rs:1:1
[INFO] [stdout]   |
[INFO] [stdout] 1 | mod amalgam_tests;
[INFO] [stdout]   | ^^^^^^^^^^^^^^^^^^
[INFO] [stdout] 
[INFO] [stdout] 
[INFO] [stdout] warning: unused import: `super::super::super::amalgam_idea::*`
[INFO] [stdout]  --> src/optimization/amalgam_idea/tests/amalgam_tests.rs:5:5
[INFO] [stdout]   |
[INFO] [stdout] 5 | use super::super::super::amalgam_idea::*;
[INFO] [stdout]   |     ^^^^^^^^^^^^^^^^^^^^^^^^^^^^^^^^^^^^
[INFO] [stdout]   |
[INFO] [stdout] help: if this is a test module, consider adding a `#[cfg(test)]` to the containing module
[INFO] [stdout]  --> src/optimization/amalgam_idea/tests.rs:1:1
[INFO] [stdout]   |
[INFO] [stdout] 1 | mod amalgam_tests;
[INFO] [stdout]   | ^^^^^^^^^^^^^^^^^^
[INFO] [stdout] 
[INFO] [stdout] 
[INFO] [stdout] warning: unused import: `super::super::super::optimizer::*`
[INFO] [stdout]  --> src/optimization/amalgam_idea/tests/amalgam_tests.rs:6:5
[INFO] [stdout]   |
[INFO] [stdout] 6 | use super::super::super::optimizer::*;
[INFO] [stdout]   |     ^^^^^^^^^^^^^^^^^^^^^^^^^^^^^^^^^
[INFO] [stdout]   |
[INFO] [stdout] help: if this is a test module, consider adding a `#[cfg(test)]` to the containing module
[INFO] [stdout]  --> src/optimization/amalgam_idea/tests.rs:1:1
[INFO] [stdout]   |
[INFO] [stdout] 1 | mod amalgam_tests;
[INFO] [stdout]   | ^^^^^^^^^^^^^^^^^^
[INFO] [stdout] 
[INFO] [stdout] 
[INFO] [stdout] warning: unused import: `super::super::super::constraints::*`
[INFO] [stdout]  --> src/optimization/amalgam_idea/tests/amalgam_tests.rs:7:5
[INFO] [stdout]   |
[INFO] [stdout] 7 | use super::super::super::constraints::*;
[INFO] [stdout]   |     ^^^^^^^^^^^^^^^^^^^^^^^^^^^^^^^^^^^
[INFO] [stdout]   |
[INFO] [stdout] help: if this is a test module, consider adding a `#[cfg(test)]` to the containing module
[INFO] [stdout]  --> src/optimization/amalgam_idea/tests.rs:1:1
[INFO] [stdout]   |
[INFO] [stdout] 1 | mod amalgam_tests;
[INFO] [stdout]   | ^^^^^^^^^^^^^^^^^^
[INFO] [stdout] 
[INFO] [stdout] 
[INFO] [stdout] warning: unused import: `super::super::AmalgamIdea`
[INFO] [stdout]  --> src/optimization/amalgam_idea/tests/amalgam_tests.rs:8:5
[INFO] [stdout]   |
[INFO] [stdout] 8 | use super::super::AmalgamIdea;
[INFO] [stdout]   |     ^^^^^^^^^^^^^^^^^^^^^^^^^
[INFO] [stdout]   |
[INFO] [stdout] help: if this is a test module, consider adding a `#[cfg(test)]` to the containing module
[INFO] [stdout]  --> src/optimization/amalgam_idea/tests.rs:1:1
[INFO] [stdout]   |
[INFO] [stdout] 1 | mod amalgam_tests;
[INFO] [stdout]   | ^^^^^^^^^^^^^^^^^^
[INFO] [stdout] 
[INFO] [stdout] 
[INFO] [stdout] warning: unused import: `super::super::amalgam_parameters::AmalgamIdeaParameters`
[INFO] [stdout]  --> src/optimization/amalgam_idea/tests/amalgam_tests.rs:9:5
[INFO] [stdout]   |
[INFO] [stdout] 9 | use super::super::amalgam_parameters::AmalgamIdeaParameters;
[INFO] [stdout]   |     ^^^^^^^^^^^^^^^^^^^^^^^^^^^^^^^^^^^^^^^^^^^^^^^^^^^^^^^
[INFO] [stdout]   |
[INFO] [stdout] help: if this is a test module, consider adding a `#[cfg(test)]` to the containing module
[INFO] [stdout]  --> src/optimization/amalgam_idea/tests.rs:1:1
[INFO] [stdout]   |
[INFO] [stdout] 1 | mod amalgam_tests;
[INFO] [stdout]   | ^^^^^^^^^^^^^^^^^^
[INFO] [stdout] 
[INFO] [stdout] 
[INFO] [stdout] warning: unused import: `super::super::super::variable_subsets::VariableSubsetError`
[INFO] [stdout]  --> src/optimization/amalgam_idea/tests/amalgam_running_tests.rs:1:5
[INFO] [stdout]   |
[INFO] [stdout] 1 | use super::super::super::variable_subsets::VariableSubsetError;
[INFO] [stdout]   |     ^^^^^^^^^^^^^^^^^^^^^^^^^^^^^^^^^^^^^^^^^^^^^^^^^^^^^^^^^^
[INFO] [stdout]   |
[INFO] [stdout] help: if this is a test module, consider adding a `#[cfg(test)]` to the containing module
[INFO] [stdout]  --> src/optimization/amalgam_idea/tests.rs:2:1
[INFO] [stdout]   |
[INFO] [stdout] 2 | mod amalgam_running_tests;
[INFO] [stdout]   | ^^^^^^^^^^^^^^^^^^^^^^^^^^
[INFO] [stdout] 
[INFO] [stdout] 
[INFO] [stdout] warning: unused import: `super::super::super::amalgam_idea::*`
[INFO] [stdout]  --> src/optimization/amalgam_idea/tests/amalgam_running_tests.rs:2:5
[INFO] [stdout]   |
[INFO] [stdout] 2 | use super::super::super::amalgam_idea::*;
[INFO] [stdout]   |     ^^^^^^^^^^^^^^^^^^^^^^^^^^^^^^^^^^^^
[INFO] [stdout]   |
[INFO] [stdout] help: if this is a test module, consider adding a `#[cfg(test)]` to the containing module
[INFO] [stdout]  --> src/optimization/amalgam_idea/tests.rs:2:1
[INFO] [stdout]   |
[INFO] [stdout] 2 | mod amalgam_running_tests;
[INFO] [stdout]   | ^^^^^^^^^^^^^^^^^^^^^^^^^^
[INFO] [stdout] 
[INFO] [stdout] 
[INFO] [stdout] warning: unused import: `super::super::super::optimizer::*`
[INFO] [stdout]  --> src/optimization/amalgam_idea/tests/amalgam_running_tests.rs:3:5
[INFO] [stdout]   |
[INFO] [stdout] 3 | use super::super::super::optimizer::*;
[INFO] [stdout]   |     ^^^^^^^^^^^^^^^^^^^^^^^^^^^^^^^^^
[INFO] [stdout]   |
[INFO] [stdout] help: if this is a test module, consider adding a `#[cfg(test)]` to the containing module
[INFO] [stdout]  --> src/optimization/amalgam_idea/tests.rs:2:1
[INFO] [stdout]   |
[INFO] [stdout] 2 | mod amalgam_running_tests;
[INFO] [stdout]   | ^^^^^^^^^^^^^^^^^^^^^^^^^^
[INFO] [stdout] 
[INFO] [stdout] 
[INFO] [stdout] warning: unused import: `super::super::super::constraints::*`
[INFO] [stdout]  --> src/optimization/amalgam_idea/tests/amalgam_running_tests.rs:4:5
[INFO] [stdout]   |
[INFO] [stdout] 4 | use super::super::super::constraints::*;
[INFO] [stdout]   |     ^^^^^^^^^^^^^^^^^^^^^^^^^^^^^^^^^^^
[INFO] [stdout]   |
[INFO] [stdout] help: if this is a test module, consider adding a `#[cfg(test)]` to the containing module
[INFO] [stdout]  --> src/optimization/amalgam_idea/tests.rs:2:1
[INFO] [stdout]   |
[INFO] [stdout] 2 | mod amalgam_running_tests;
[INFO] [stdout]   | ^^^^^^^^^^^^^^^^^^^^^^^^^^
[INFO] [stdout] 
[INFO] [stdout] 
[INFO] [stdout] warning: unused import: `super::super::amalgam_parameters::AmalgamIdeaParameters`
[INFO] [stdout]  --> src/optimization/amalgam_idea/tests/amalgam_running_tests.rs:5:5
[INFO] [stdout]   |
[INFO] [stdout] 5 | use super::super::amalgam_parameters::AmalgamIdeaParameters;
[INFO] [stdout]   |     ^^^^^^^^^^^^^^^^^^^^^^^^^^^^^^^^^^^^^^^^^^^^^^^^^^^^^^^
[INFO] [stdout]   |
[INFO] [stdout] help: if this is a test module, consider adding a `#[cfg(test)]` to the containing module
[INFO] [stdout]  --> src/optimization/amalgam_idea/tests.rs:2:1
[INFO] [stdout]   |
[INFO] [stdout] 2 | mod amalgam_running_tests;
[INFO] [stdout]   | ^^^^^^^^^^^^^^^^^^^^^^^^^^
[INFO] [stdout] 
[INFO] [stdout] 
[INFO] [stdout] warning: unused imports: `DMatrix` and `DVector`
[INFO] [stdout]  --> src/optimization/amalgam_idea/tests/amalgam_running_tests.rs:7:16
[INFO] [stdout]   |
[INFO] [stdout] 7 | use nalgebra::{DMatrix, DVector};
[INFO] [stdout]   |                ^^^^^^^  ^^^^^^^
[INFO] [stdout]   |
[INFO] [stdout] help: if this is a test module, consider adding a `#[cfg(test)]` to the containing module
[INFO] [stdout]  --> src/optimization/amalgam_idea/tests.rs:2:1
[INFO] [stdout]   |
[INFO] [stdout] 2 | mod amalgam_running_tests;
[INFO] [stdout]   | ^^^^^^^^^^^^^^^^^^^^^^^^^^
[INFO] [stdout] 
[INFO] [stdout] 
[INFO] [stdout] warning: unused import: `super::variable_subsets::VariableSubsetError`
[INFO] [stdout]  --> src/optimization/optimizer.rs:1:5
[INFO] [stdout]   |
[INFO] [stdout] 1 | use super::variable_subsets::VariableSubsetError;
[INFO] [stdout]   |     ^^^^^^^^^^^^^^^^^^^^^^^^^^^^^^^^^^^^^^^^^^^^
[INFO] [stdout] 
[INFO] [stdout] 
[INFO] [stdout] warning: unused imports: `distributions` and `thread_rng`
[INFO] [stdout]  --> src/optimization/multivariate_gaussian.rs:2:12
[INFO] [stdout]   |
[INFO] [stdout] 2 | use rand::{distributions, Rng, thread_rng};
[INFO] [stdout]   |            ^^^^^^^^^^^^^       ^^^^^^^^^^
[INFO] [stdout] 
[INFO] [stdout] 
[INFO] [stdout] warning: unused import: `nalgebra::constraint`
[INFO] [stdout]  --> src/optimization/variable_subsets.rs:3:5
[INFO] [stdout]   |
[INFO] [stdout] 3 | use nalgebra::constraint;
[INFO] [stdout]   |     ^^^^^^^^^^^^^^^^^^^^
[INFO] [stdout] 
[INFO] [stdout] 
[INFO] [stdout] warning: unused import: `rand::distributions`
[INFO] [stdout]  --> src/optimization/variable_subsets.rs:5:5
[INFO] [stdout]   |
[INFO] [stdout] 5 | use rand::distributions;
[INFO] [stdout]   |     ^^^^^^^^^^^^^^^^^^^
[INFO] [stdout] 
[INFO] [stdout] 
[INFO] [stdout] warning: unused import: `core::num`
[INFO] [stdout]  --> src/optimization/variable_subsets.rs:8:5
[INFO] [stdout]   |
[INFO] [stdout] 8 | use core::num;
[INFO] [stdout]   |     ^^^^^^^^^
[INFO] [stdout] 
[INFO] [stdout] 
[INFO] [stdout] warning: unused import: `std::collections::HashSet`
[INFO] [stdout]  --> src/optimization/variable_subsets.rs:9:5
[INFO] [stdout]   |
[INFO] [stdout] 9 | use std::collections::HashSet;
[INFO] [stdout]   |     ^^^^^^^^^^^^^^^^^^^^^^^^^
[INFO] [stdout] 
[INFO] [stdout] 
[INFO] [stdout] warning: unused import: `self`
[INFO] [stdout]  --> src/optimization/set_of_var_subsets.rs:1:26
[INFO] [stdout]   |
[INFO] [stdout] 1 | use super::constraints::{self, *};
[INFO] [stdout]   |                          ^^^^
[INFO] [stdout] 
[INFO] [stdout] 
[INFO] [stdout] warning: variable does not need to be mutable
[INFO] [stdout]    --> src/signal_analysis/hmm/hmm_instance.rs:149:13
[INFO] [stdout]     |
[INFO] [stdout] 149 |         let mut expected_ids: Vec<usize> = (0..states.len()).collect(); // Expected sequence: [0, 1, 2, ..., N-1]
[INFO] [stdout]     |             ----^^^^^^^^^^^^
[INFO] [stdout]     |             |
[INFO] [stdout]     |             help: remove this `mut`
[INFO] [stdout]     |
[INFO] [stdout]     = note: `#[warn(unused_mut)]` on by default
[INFO] [stdout] 
[INFO] [stdout] 
[INFO] [stdout] warning: unused variable: `attempt`
[INFO] [stdout]   --> src/signal_analysis/hmm/amalgam_tools.rs:31:9
[INFO] [stdout]    |
[INFO] [stdout] 31 |     for attempt in 0..max_attempts {
[INFO] [stdout]    |         ^^^^^^^ help: if this is intentional, prefix it with an underscore: `_attempt`
[INFO] [stdout]    |
[INFO] [stdout]    = note: `#[warn(unused_variables)]` on by default
[INFO] [stdout] 
[INFO] [stdout] 
[INFO] [stdout] warning: unused variable: `scaling_factor_jitter`
[INFO] [stdout]    --> src/optimization/multivariate_gaussian.rs:267:42
[INFO] [stdout]     |
[INFO] [stdout] 267 |             let (scaled_cov_with_jitter, scaling_factor_jitter) = scale_matrix(cov);
[INFO] [stdout]     |                                          ^^^^^^^^^^^^^^^^^^^^^ help: if this is intentional, prefix it with an underscore: `_scaling_factor_jitter`
[INFO] [stdout] 
[INFO] [stdout] 
[INFO] [stdout] warning: function `toy_fitness_function` is never used
[INFO] [stdout]   --> src/optimization/amalgam_idea/tests/amalgam_running_tests.rs:10:4
[INFO] [stdout]    |
[INFO] [stdout] 10 | fn toy_fitness_function(values: &[f64]) -> f64 {
[INFO] [stdout]    |    ^^^^^^^^^^^^^^^^^^^^
[INFO] [stdout]    |
[INFO] [stdout]    = note: `#[warn(dead_code)]` on by default
[INFO] [stdout] 
[INFO] [stdout] 
[INFO] [stdout] warning: function `k_means_1D` should have a snake case name
[INFO] [stdout]  --> src/signal_analysis/hmm/kmeans.rs:4:8
[INFO] [stdout]   |
[INFO] [stdout] 4 | pub fn k_means_1D(data: &[f64], k: usize, max_iterations: usize, tolerance: f64) -> (Vec<f64>, Vec<usize>) {
[INFO] [stdout]   |        ^^^^^^^^^^ help: convert the identifier to snake case: `k_means_1_d`
[INFO] [stdout]   |
[INFO] [stdout]   = note: `#[warn(non_snake_case)]` on by default
[INFO] [stdout] 
[INFO] [stdout] 
[INFO] [stderr]    Compiling fret-lib v0.1.0 (/opt/rustwide/workdir)
[INFO] [stdout] warning: unused import: `core::num`
[INFO] [stdout]  --> src/main.rs:1:5
[INFO] [stdout]   |
[INFO] [stdout] 1 | use core::num;
[INFO] [stdout]   |     ^^^^^^^^^
[INFO] [stdout]   |
[INFO] [stdout]   = note: `#[warn(unused_imports)]` on by default
[INFO] [stdout] 
[INFO] [stdout] 
[INFO] [stdout] warning: unused import: `std::cmp::min`
[INFO] [stdout]  --> src/main.rs:2:5
[INFO] [stdout]   |
[INFO] [stdout] 2 | use std::cmp::min;
[INFO] [stdout]   |     ^^^^^^^^^^^^^
[INFO] [stdout] 
[INFO] [stdout] 
[INFO] [stdout] warning: unused import: `std::collections::HashSet`
[INFO] [stdout]  --> src/main.rs:3:5
[INFO] [stdout]   |
[INFO] [stdout] 3 | use std::collections::HashSet;
[INFO] [stdout]   |     ^^^^^^^^^^^^^^^^^^^^^^^^^
[INFO] [stdout] 
[INFO] [stdout] 
[INFO] [stdout] warning: unused import: `self`
[INFO] [stdout]  --> src/main.rs:5:44
[INFO] [stdout]   |
[INFO] [stdout] 5 | use fret_lib::optimization::amalgam_idea::{self, AmalgamIdea};
[INFO] [stdout]   |                                            ^^^^
[INFO] [stdout] 
[INFO] [stdout] 
[INFO] [stdout] warning: unused imports: `HMMInstanceError` and `HMMInstance`
[INFO] [stdout]  --> src/main.rs:8:52
[INFO] [stdout]   |
[INFO] [stdout] 8 | use fret_lib::signal_analysis::hmm::hmm_instance::{HMMInstance, HMMInstanceError};
[INFO] [stdout]   |                                                    ^^^^^^^^^^^  ^^^^^^^^^^^^^^^^
[INFO] [stdout] 
[INFO] [stdout] 
[INFO] [stdout] warning: unused imports: `StateCollapseHandle` and `TerminationCriterium`
[INFO] [stdout]  --> src/main.rs:9:60
[INFO] [stdout]   |
[INFO] [stdout] 9 | use fret_lib::signal_analysis::hmm::optimization_tracker::{StateCollapseHandle, TerminationCriterium};
[INFO] [stdout]   |                                                            ^^^^^^^^^^^^^^^^^^^  ^^^^^^^^^^^^^^^^^^^^
[INFO] [stdout] 
[INFO] [stdout] 
[INFO] [stdout] warning: unused import: `fret_lib::signal_analysis::hmm::viterbi::Viterbi`
[INFO] [stdout]   --> src/main.rs:12:5
[INFO] [stdout]    |
[INFO] [stdout] 12 | use fret_lib::signal_analysis::hmm::viterbi::Viterbi;
[INFO] [stdout]    |     ^^^^^^^^^^^^^^^^^^^^^^^^^^^^^^^^^^^^^^^^^^^^^^^^
[INFO] [stdout] 
[INFO] [stdout] 
[INFO] [stdout] warning: unused import: `baum_welch`
[INFO] [stdout]   --> src/main.rs:13:38
[INFO] [stdout]    |
[INFO] [stdout] 13 | use fret_lib::signal_analysis::hmm::{baum_welch, HMM};
[INFO] [stdout]    |                                      ^^^^^^^^^^
[INFO] [stdout] 
[INFO] [stdout] 
[INFO] [stdout] warning: unused import: `fret_lib::signal_analysis::hmm::baum_welch::*`
[INFO] [stdout]   --> src/main.rs:14:5
[INFO] [stdout]    |
[INFO] [stdout] 14 | use fret_lib::signal_analysis::hmm::baum_welch::*;
[INFO] [stdout]    |     ^^^^^^^^^^^^^^^^^^^^^^^^^^^^^^^^^^^^^^^^^^^^^
[INFO] [stdout] 
[INFO] [stdout] 
[INFO] [stdout] warning: unused imports: `Rng`, `seq`, and `thread_rng`
[INFO] [stdout]   --> src/main.rs:16:12
[INFO] [stdout]    |
[INFO] [stdout] 16 | use rand::{seq, thread_rng, Rng};
[INFO] [stdout]    |            ^^^  ^^^^^^^^^^  ^^^
[INFO] [stdout] 
[INFO] [stdout] 
[INFO] [stdout] warning: unused import: `fret_lib::signal_analysis::hmm::occams_razor::*`
[INFO] [stdout]   --> src/main.rs:18:5
[INFO] [stdout]    |
[INFO] [stdout] 18 | use fret_lib::signal_analysis::hmm::occams_razor::*;
[INFO] [stdout]    |     ^^^^^^^^^^^^^^^^^^^^^^^^^^^^^^^^^^^^^^^^^^^^^^^
[INFO] [stdout] 
[INFO] [stdout] 
[INFO] [stdout] warning: unused import: `plotters::prelude`
[INFO] [stdout]   --> src/main.rs:17:5
[INFO] [stdout]    |
[INFO] [stdout] 17 | use plotters::prelude::*;
[INFO] [stdout]    |     ^^^^^^^^^^^^^^^^^
[INFO] [stdout] 
[INFO] [stdout] 
[INFO] [stdout] warning: unused imports: `MatrixValidationError` and `ProbabilityMatrix`
[INFO] [stdout]  --> src/signal_analysis/hmm/viterbi.rs:2:58
[INFO] [stdout]   |
[INFO] [stdout] 2 | use super::hmm_matrices::{TransitionMatrix, StartMatrix, ProbabilityMatrix, MatrixValidationError};
[INFO] [stdout]   |                                                          ^^^^^^^^^^^^^^^^^  ^^^^^^^^^^^^^^^^^^^^^
[INFO] [stdout]   |
[INFO] [stdout]   = note: `#[warn(unused_imports)]` on by default
[INFO] [stdout] 
[INFO] [stdout] 
[INFO] [stdout] warning: unused import: `StateMatrix1D`
[INFO] [stdout]  --> src/signal_analysis/hmm/viterbi.rs:3:24
[INFO] [stdout]   |
[INFO] [stdout] 3 | use super::hmm_tools::{StateMatrix1D, StateMatrix2D};
[INFO] [stdout]   |                        ^^^^^^^^^^^^^
[INFO] [stdout] 
[INFO] [stdout] 
[INFO] [stdout] warning: unused import: `StateMatrix1D`
[INFO] [stdout]  --> src/signal_analysis/hmm/baum_welch.rs:1:24
[INFO] [stdout]   |
[INFO] [stdout] 1 | use super::hmm_tools::{StateMatrix1D, StateMatrix2D, StateMatrix3D};
[INFO] [stdout]   |                        ^^^^^^^^^^^^^
[INFO] [stdout] 
[INFO] [stdout] 
[INFO] [stdout] warning: unused import: `viterbi`
[INFO] [stdout]  --> src/signal_analysis/hmm/baum_welch.rs:3:23
[INFO] [stdout]   |
[INFO] [stdout] 3 | use super::{state::*, viterbi};
[INFO] [stdout]   |                       ^^^^^^^
[INFO] [stdout] 
[INFO] [stdout] 
[INFO] [stdout] warning: unused imports: `HMM`, `StartMatrix`, `StateCollapseHandle`, `State`, `TerminationCriterium`, `TransitionMatrix`, `baum_welch::BaumWelch`, and `hmm_instance::HMMInstance`
[INFO] [stdout]  --> src/signal_analysis/hmm/occams_razor.rs:1:13
[INFO] [stdout]   |
[INFO] [stdout] 1 | ...::{baum_welch::BaumWelch, hmm_instance::HMMInstance, optimization_tracker::{StateCollapseHandle, TerminationCriterium}, StartMatrix, State, TransitionMatrix, HM...
[INFO] [stdout]   |       ^^^^^^^^^^^^^^^^^^^^^  ^^^^^^^^^^^^^^^^^^^^^^^^^                         ^^^^^^^^^^^^^^^^^^^  ^^^^^^^^^^^^^^^^^^^^   ^^^^^^^^^^^  ^^^^^  ^^^^^^^^^^^^^^^^  ^^^
[INFO] [stdout] 
[INFO] [stdout] 
[INFO] [stdout] warning: unused import: `super::super::super::optimization::amalgam_idea::*`
[INFO] [stdout]  --> src/signal_analysis/hmm/amalgam_tools.rs:1:5
[INFO] [stdout]   |
[INFO] [stdout] 1 | use super::super::super::optimization::amalgam_idea::*;
[INFO] [stdout]   |     ^^^^^^^^^^^^^^^^^^^^^^^^^^^^^^^^^^^^^^^^^^^^^^^^^^
[INFO] [stdout] 
[INFO] [stdout] 
[INFO] [stdout] warning: unused imports: `StateMatrix1D`, `StateMatrix2D`, and `StateMatrix3D`
[INFO] [stdout]  --> src/signal_analysis/hmm/amalgam_tools.rs:2:24
[INFO] [stdout]   |
[INFO] [stdout] 2 | use super::hmm_tools::{StateMatrix1D, StateMatrix2D, StateMatrix3D};
[INFO] [stdout]   |                        ^^^^^^^^^^^^^  ^^^^^^^^^^^^^  ^^^^^^^^^^^^^
[INFO] [stdout] 
[INFO] [stdout] 
[INFO] [stdout] warning: unused import: `viterbi`
[INFO] [stdout]  --> src/signal_analysis/hmm/amalgam_tools.rs:4:23
[INFO] [stdout]   |
[INFO] [stdout] 4 | use super::{state::*, viterbi};
[INFO] [stdout]   |                       ^^^^^^^
[INFO] [stdout] 
[INFO] [stdout] 
[INFO] [stdout] warning: unused import: `seq`
[INFO] [stdout]  --> src/signal_analysis/hmm/amalgam_tools.rs:9:12
[INFO] [stdout]   |
[INFO] [stdout] 9 | use rand::{seq, thread_rng, Rng};
[INFO] [stdout]   |            ^^^
[INFO] [stdout] 
[INFO] [stdout] 
[INFO] [stdout] warning: unused imports: `StartMatrix` and `TransitionMatrix`
[INFO] [stdout]  --> src/optimization/amalgam_idea/struct_definition.rs:4:49
[INFO] [stdout]   |
[INFO] [stdout] 4 | use crate::signal_analysis::hmm::hmm_matrices::{StartMatrix, TransitionMatrix};
[INFO] [stdout]   |                                                 ^^^^^^^^^^^  ^^^^^^^^^^^^^^^^
[INFO] [stdout] 
[INFO] [stdout] 
[INFO] [stdout] warning: unused imports: `OptimizationError` and `Optimizer`
[INFO] [stdout]  --> src/optimization/amalgam_idea/amalgam_specific.rs:5:31
[INFO] [stdout]   |
[INFO] [stdout] 5 | use super::super::optimizer::{Optimizer, OptimizationError};
[INFO] [stdout]   |                               ^^^^^^^^^  ^^^^^^^^^^^^^^^^^
[INFO] [stdout] 
[INFO] [stdout] 
[INFO] [stdout] warning: unused import: `super::super::variable_subsets::*`
[INFO] [stdout]  --> src/optimization/amalgam_idea/amalgam_specific.rs:7:5
[INFO] [stdout]   |
[INFO] [stdout] 7 | use super::super::variable_subsets::*;
[INFO] [stdout]   |     ^^^^^^^^^^^^^^^^^^^^^^^^^^^^^^^^^
[INFO] [stdout] 
[INFO] [stdout] 
[INFO] [stdout] warning: unused import: `optimizer_trait_impl::*`
[INFO] [stdout]  --> src/optimization/amalgam_idea.rs:7:9
[INFO] [stdout]   |
[INFO] [stdout] 7 | pub use optimizer_trait_impl::*;
[INFO] [stdout]   |         ^^^^^^^^^^^^^^^^^^^^^^^
[INFO] [stdout] 
[INFO] [stdout] 
[INFO] [stdout] warning: unused import: `amalgam_specific::*`
[INFO] [stdout]  --> src/optimization/amalgam_idea.rs:8:9
[INFO] [stdout]   |
[INFO] [stdout] 8 | pub use amalgam_specific::*;
[INFO] [stdout]   |         ^^^^^^^^^^^^^^^^^^^
[INFO] [stdout] 
[INFO] [stdout] 
[INFO] [stdout] warning: duplicated attribute
[INFO] [stdout]   --> src/optimization/amalgam_idea/tests/amalgam_tests.rs:82:1
[INFO] [stdout]    |
[INFO] [stdout] 82 | #[test]
[INFO] [stdout]    | ^^^^^^^
[INFO] [stdout]    |
[INFO] [stdout]    = note: `#[warn(duplicate_macro_attributes)]` on by default
[INFO] [stdout] 
[INFO] [stdout] 
[INFO] [stdout] warning: unused import: `super::super::super::variable_subsets::VariableSubsetError`
[INFO] [stdout]  --> src/optimization/amalgam_idea/tests/amalgam_running_tests.rs:1:5
[INFO] [stdout]   |
[INFO] [stdout] 1 | use super::super::super::variable_subsets::VariableSubsetError;
[INFO] [stdout]   |     ^^^^^^^^^^^^^^^^^^^^^^^^^^^^^^^^^^^^^^^^^^^^^^^^^^^^^^^^^^
[INFO] [stdout] 
[INFO] [stdout] 
[INFO] [stdout] warning: unused import: `super::super::super::constraints::*`
[INFO] [stdout]  --> src/optimization/amalgam_idea/tests/amalgam_running_tests.rs:4:5
[INFO] [stdout]   |
[INFO] [stdout] 4 | use super::super::super::constraints::*;
[INFO] [stdout]   |     ^^^^^^^^^^^^^^^^^^^^^^^^^^^^^^^^^^^
[INFO] [stdout] 
[INFO] [stdout] 
[INFO] [stdout] warning: unused import: `super::variable_subsets::VariableSubsetError`
[INFO] [stdout]  --> src/optimization/optimizer.rs:1:5
[INFO] [stdout]   |
[INFO] [stdout] 1 | use super::variable_subsets::VariableSubsetError;
[INFO] [stdout]   |     ^^^^^^^^^^^^^^^^^^^^^^^^^^^^^^^^^^^^^^^^^^^^
[INFO] [stdout] 
[INFO] [stdout] 
[INFO] [stdout] warning: unused import: `distributions`
[INFO] [stdout]  --> src/optimization/multivariate_gaussian.rs:2:12
[INFO] [stdout]   |
[INFO] [stdout] 2 | use rand::{distributions, Rng, thread_rng};
[INFO] [stdout]   |            ^^^^^^^^^^^^^
[INFO] [stdout] 
[INFO] [stdout] 
[INFO] [stdout] warning: unused import: `nalgebra::constraint`
[INFO] [stdout]  --> src/optimization/variable_subsets.rs:3:5
[INFO] [stdout]   |
[INFO] [stdout] 3 | use nalgebra::constraint;
[INFO] [stdout]   |     ^^^^^^^^^^^^^^^^^^^^
[INFO] [stdout] 
[INFO] [stdout] 
[INFO] [stdout] warning: unused import: `rand::distributions`
[INFO] [stdout]  --> src/optimization/variable_subsets.rs:5:5
[INFO] [stdout]   |
[INFO] [stdout] 5 | use rand::distributions;
[INFO] [stdout]   |     ^^^^^^^^^^^^^^^^^^^
[INFO] [stdout] 
[INFO] [stdout] 
[INFO] [stdout] warning: unused import: `core::num`
[INFO] [stdout]  --> src/optimization/variable_subsets.rs:8:5
[INFO] [stdout]   |
[INFO] [stdout] 8 | use core::num;
[INFO] [stdout]   |     ^^^^^^^^^
[INFO] [stdout] 
[INFO] [stdout] 
[INFO] [stdout] warning: unused import: `std::collections::HashSet`
[INFO] [stdout]  --> src/optimization/variable_subsets.rs:9:5
[INFO] [stdout]   |
[INFO] [stdout] 9 | use std::collections::HashSet;
[INFO] [stdout]   |     ^^^^^^^^^^^^^^^^^^^^^^^^^
[INFO] [stdout] 
[INFO] [stdout] 
[INFO] [stdout] warning: unused import: `self`
[INFO] [stdout]  --> src/optimization/set_of_var_subsets.rs:1:26
[INFO] [stdout]   |
[INFO] [stdout] 1 | use super::constraints::{self, *};
[INFO] [stdout]   |                          ^^^^
[INFO] [stdout] 
[INFO] [stdout] 
[INFO] [stdout] warning: variable does not need to be mutable
[INFO] [stdout]    --> src/signal_analysis/hmm/hmm_matrices.rs:591:13
[INFO] [stdout]     |
[INFO] [stdout] 591 |         let mut start_matrix = StartMatrix::new(vec![0.5, 0.4, 0.4]); // Sum is greater than 1.0
[INFO] [stdout]     |             ----^^^^^^^^^^^^
[INFO] [stdout]     |             |
[INFO] [stdout]     |             help: remove this `mut`
[INFO] [stdout]     |
[INFO] [stdout]     = note: `#[warn(unused_mut)]` on by default
[INFO] [stdout] 
[INFO] [stdout] 
[INFO] [stdout] warning: variable does not need to be mutable
[INFO] [stdout]    --> src/signal_analysis/hmm/hmm_matrices.rs:604:13
[INFO] [stdout]     |
[INFO] [stdout] 604 |         let mut start_matrix = StartMatrix::new(vec![1.5, 0.5, -0.5]); // Invalid values: > 1.0 and < 0.0
[INFO] [stdout]     |             ----^^^^^^^^^^^^
[INFO] [stdout]     |             |
[INFO] [stdout]     |             help: remove this `mut`
[INFO] [stdout] 
[INFO] [stdout] 
[INFO] [stdout] warning: variable does not need to be mutable
[INFO] [stdout]    --> src/signal_analysis/hmm/hmm_instance.rs:149:13
[INFO] [stdout]     |
[INFO] [stdout] 149 |         let mut expected_ids: Vec<usize> = (0..states.len()).collect(); // Expected sequence: [0, 1, 2, ..., N-1]
[INFO] [stdout]     |             ----^^^^^^^^^^^^
[INFO] [stdout]     |             |
[INFO] [stdout]     |             help: remove this `mut`
[INFO] [stdout] 
[INFO] [stdout] 
[INFO] [stdout] warning: unused variable: `attempt`
[INFO] [stdout]   --> src/signal_analysis/hmm/amalgam_tools.rs:31:9
[INFO] [stdout]    |
[INFO] [stdout] 31 |     for attempt in 0..max_attempts {
[INFO] [stdout]    |         ^^^^^^^ help: if this is intentional, prefix it with an underscore: `_attempt`
[INFO] [stdout]    |
[INFO] [stdout]    = note: `#[warn(unused_variables)]` on by default
[INFO] [stdout] 
[INFO] [stdout] 
[INFO] [stdout] warning: unused variable: `scaling_factor_jitter`
[INFO] [stdout]    --> src/optimization/multivariate_gaussian.rs:267:42
[INFO] [stdout]     |
[INFO] [stdout] 267 |             let (scaled_cov_with_jitter, scaling_factor_jitter) = scale_matrix(cov);
[INFO] [stdout]     |                                          ^^^^^^^^^^^^^^^^^^^^^ help: if this is intentional, prefix it with an underscore: `_scaling_factor_jitter`
[INFO] [stdout] 
[INFO] [stdout] 
[INFO] [stdout] warning: unused variable: `cov`
[INFO] [stdout]    --> src/optimization/multivariate_gaussian.rs:378:20
[INFO] [stdout]     |
[INFO] [stdout] 378 |         let (mean, cov) = gaussian.get_mean_cov();
[INFO] [stdout]     |                    ^^^ help: if this is intentional, prefix it with an underscore: `_cov`
[INFO] [stdout] 
[INFO] [stdout] 
[INFO] [stdout] warning: variable does not need to be mutable
[INFO] [stdout]    --> src/optimization/multivariate_gaussian.rs:479:13
[INFO] [stdout]     |
[INFO] [stdout] 479 |         let mut as_refs: Vec<&[f64]> = sampled.iter().map(|vec| vec.as_slice()).collect();
[INFO] [stdout]     |             ----^^^^^^^
[INFO] [stdout]     |             |
[INFO] [stdout]     |             help: remove this `mut`
[INFO] [stdout] 
[INFO] [stdout] 
[INFO] [stdout] warning: unused variable: `prob_size`
[INFO] [stdout]    --> src/optimization/variable_subsets.rs:604:13
[INFO] [stdout]     |
[INFO] [stdout] 604 |         let prob_size = 2;
[INFO] [stdout]     |             ^^^^^^^^^ help: if this is intentional, prefix it with an underscore: `_prob_size`
[INFO] [stdout] 
[INFO] [stdout] 
[INFO] [stdout] warning: unused variable: `result`
[INFO] [stdout]    --> src/optimization/set_of_var_subsets.rs:979:13
[INFO] [stdout]     |
[INFO] [stdout] 979 |         let result = set_var_subsets.set_distribution_manual(&means, &covs).unwrap();
[INFO] [stdout]     |             ^^^^^^ help: if this is intentional, prefix it with an underscore: `_result`
[INFO] [stdout] 
[INFO] [stdout] 
[INFO] [stdout] warning: function `k_means_1D` should have a snake case name
[INFO] [stdout]  --> src/signal_analysis/hmm/kmeans.rs:4:8
[INFO] [stdout]   |
[INFO] [stdout] 4 | pub fn k_means_1D(data: &[f64], k: usize, max_iterations: usize, tolerance: f64) -> (Vec<f64>, Vec<usize>) {
[INFO] [stdout]   |        ^^^^^^^^^^ help: convert the identifier to snake case: `k_means_1_d`
[INFO] [stdout]   |
[INFO] [stdout]   = note: `#[warn(non_snake_case)]` on by default
[INFO] [stdout] 
[INFO] [stdout] 
[INFO] [stdout] warning: function `test_k_means_1D` should have a snake case name
[INFO] [stdout]   --> src/signal_analysis/hmm/kmeans.rs:70:8
[INFO] [stdout]    |
[INFO] [stdout] 70 |     fn test_k_means_1D() {
[INFO] [stdout]    |        ^^^^^^^^^^^^^^^ help: convert the identifier to snake case: `test_k_means_1_d`
[INFO] [stdout] 
[INFO] [stdout] 
[INFO] [stdout] warning: unused `Result` that must be used
[INFO] [stdout]    --> src/optimization/variable_subsets.rs:436:9
[INFO] [stdout]     |
[INFO] [stdout] 436 |         subset.set_constraint(constraint);
[INFO] [stdout]     |         ^^^^^^^^^^^^^^^^^^^^^^^^^^^^^^^^^
[INFO] [stdout]     |
[INFO] [stdout]     = note: this `Result` may be an `Err` variant, which should be handled
[INFO] [stdout]     = note: `#[warn(unused_must_use)]` on by default
[INFO] [stdout] help: use `let _ = ...` to ignore the resulting value
[INFO] [stdout]     |
[INFO] [stdout] 436 |         let _ = subset.set_constraint(constraint);
[INFO] [stdout]     |         +++++++
[INFO] [stdout] 
[INFO] [stdout] 
[INFO] [stdout] warning: unused `Result` that must be used
[INFO] [stdout]    --> src/optimization/variable_subsets.rs:559:9
[INFO] [stdout]     |
[INFO] [stdout] 559 |         subset.set_constraint(constraint);
[INFO] [stdout]     |         ^^^^^^^^^^^^^^^^^^^^^^^^^^^^^^^^^
[INFO] [stdout]     |
[INFO] [stdout]     = note: this `Result` may be an `Err` variant, which should be handled
[INFO] [stdout] help: use `let _ = ...` to ignore the resulting value
[INFO] [stdout]     |
[INFO] [stdout] 559 |         let _ = subset.set_constraint(constraint);
[INFO] [stdout]     |         +++++++
[INFO] [stdout] 
[INFO] [stdout] 
[INFO] [stdout] warning: unused `Result` that must be used
[INFO] [stdout]    --> src/optimization/variable_subsets.rs:585:9
[INFO] [stdout]     |
[INFO] [stdout] 585 |         subset.set_constraint(constraint);
[INFO] [stdout]     |         ^^^^^^^^^^^^^^^^^^^^^^^^^^^^^^^^^
[INFO] [stdout]     |
[INFO] [stdout]     = note: this `Result` may be an `Err` variant, which should be handled
[INFO] [stdout] help: use `let _ = ...` to ignore the resulting value
[INFO] [stdout]     |
[INFO] [stdout] 585 |         let _ = subset.set_constraint(constraint);
[INFO] [stdout]     |         +++++++
[INFO] [stdout] 
[INFO] [stdout] 
[INFO] [stderr]     Finished `test` profile [unoptimized + debuginfo] target(s) in 1.35s
[INFO] running `Command { std: "docker" "inspect" "cfadb4da542be4531c6f14ebd40b5da1fed0753f1718c647437ba8c19ef81c64", kill_on_drop: false }`
[INFO] running `Command { std: "docker" "rm" "-f" "cfadb4da542be4531c6f14ebd40b5da1fed0753f1718c647437ba8c19ef81c64", kill_on_drop: false }`
[INFO] [stdout] cfadb4da542be4531c6f14ebd40b5da1fed0753f1718c647437ba8c19ef81c64
[INFO] running `Command { std: "docker" "create" "-v" "/var/lib/crater-agent-workspace/builds/worker-5-tc2/target:/opt/rustwide/target:rw,Z" "-v" "/var/lib/crater-agent-workspace/builds/worker-5-tc2/source:/opt/rustwide/workdir:ro,Z" "-v" "/var/lib/crater-agent-workspace/cargo-home:/opt/rustwide/cargo-home:ro,Z" "-v" "/var/lib/crater-agent-workspace/rustup-home:/opt/rustwide/rustup-home:ro,Z" "-e" "SOURCE_DIR=/opt/rustwide/workdir" "-e" "CARGO_TARGET_DIR=/opt/rustwide/target" "-e" "CARGO_INCREMENTAL=0" "-e" "RUST_BACKTRACE=full" "-e" "RUSTFLAGS=--cap-lints=forbid -Zrandomize-layout" "-e" "RUSTDOCFLAGS=--cap-lints=forbid" "-e" "CARGO_HOME=/opt/rustwide/cargo-home" "-e" "RUSTUP_HOME=/opt/rustwide/rustup-home" "-w" "/opt/rustwide/workdir" "-m" "1610612736" "--user" "0:0" "--network" "none" "ghcr.io/rust-lang/crates-build-env/linux@sha256:4a844ea9eb2546a2d2c7022eacef16ef2e8229c7fbb2c7d4d55a9ceca922f72d" "/opt/rustwide/cargo-home/bin/cargo" "+nightly-2024-10-28" "test" "--frozen", kill_on_drop: false }`
[INFO] [stdout] 8b7af099e262a4a3fe03b87e8c181cf80b78dd788d373aba47eece5701e60af6
[INFO] running `Command { std: "docker" "start" "-a" "8b7af099e262a4a3fe03b87e8c181cf80b78dd788d373aba47eece5701e60af6", kill_on_drop: false }`
[INFO] [stderr] warning: unused import: `super::*`
[INFO] [stderr]    --> src/signal_analysis/hmm/hmm_tools.rs:428:9
[INFO] [stderr]     |
[INFO] [stderr] 428 |     use super::*;
[INFO] [stderr]     |         ^^^^^^^^
[INFO] [stderr]     |
[INFO] [stderr]     = note: `#[warn(unused_imports)]` on by default
[INFO] [stderr] 
[INFO] [stderr] warning: unused imports: `MatrixValidationError` and `ProbabilityMatrix`
[INFO] [stderr]  --> src/signal_analysis/hmm/viterbi.rs:2:58
[INFO] [stderr]   |
[INFO] [stderr] 2 | use super::hmm_matrices::{TransitionMatrix, StartMatrix, ProbabilityMatrix, MatrixValidationError};
[INFO] [stderr]   |                                                          ^^^^^^^^^^^^^^^^^  ^^^^^^^^^^^^^^^^^^^^^
[INFO] [stderr] 
[INFO] [stderr] warning: unused import: `StateMatrix1D`
[INFO] [stderr]  --> src/signal_analysis/hmm/viterbi.rs:3:24
[INFO] [stderr]   |
[INFO] [stderr] 3 | use super::hmm_tools::{StateMatrix1D, StateMatrix2D};
[INFO] [stderr]   |                        ^^^^^^^^^^^^^
[INFO] [stderr] 
[INFO] [stderr] warning: unused import: `StateMatrix1D`
[INFO] [stderr]  --> src/signal_analysis/hmm/baum_welch.rs:1:24
[INFO] [stderr]   |
[INFO] [stderr] 1 | use super::hmm_tools::{StateMatrix1D, StateMatrix2D, StateMatrix3D};
[INFO] [stderr]   |                        ^^^^^^^^^^^^^
[INFO] [stderr] 
[INFO] [stderr] warning: unused import: `viterbi`
[INFO] [stderr]  --> src/signal_analysis/hmm/baum_welch.rs:3:23
[INFO] [stderr]   |
[INFO] [stderr] 3 | use super::{state::*, viterbi};
[INFO] [stderr]   |                       ^^^^^^^
[INFO] [stderr] 
[INFO] [stderr] warning: unused imports: `HMM`, `StartMatrix`, `StateCollapseHandle`, `State`, `TerminationCriterium`, `TransitionMatrix`, `baum_welch::BaumWelch`, and `hmm_instance::HMMInstance`
[INFO] [stderr]  --> src/signal_analysis/hmm/occams_razor.rs:1:13
[INFO] [stderr]   |
[INFO] [stderr] 1 | ...::{baum_welch::BaumWelch, hmm_instance::HMMInstance, optimization_tracker::{StateCollapseHandle, TerminationCriterium}, StartMatrix, State, TransitionMatrix, HM...
[INFO] [stderr]   |       ^^^^^^^^^^^^^^^^^^^^^  ^^^^^^^^^^^^^^^^^^^^^^^^^                         ^^^^^^^^^^^^^^^^^^^  ^^^^^^^^^^^^^^^^^^^^   ^^^^^^^^^^^  ^^^^^  ^^^^^^^^^^^^^^^^  ^^^
[INFO] [stderr] 
[INFO] [stderr] warning: unused import: `super::super::super::optimization::amalgam_idea::*`
[INFO] [stderr]  --> src/signal_analysis/hmm/amalgam_tools.rs:1:5
[INFO] [stderr]   |
[INFO] [stderr] 1 | use super::super::super::optimization::amalgam_idea::*;
[INFO] [stderr]   |     ^^^^^^^^^^^^^^^^^^^^^^^^^^^^^^^^^^^^^^^^^^^^^^^^^^
[INFO] [stderr] 
[INFO] [stderr] warning: unused imports: `StateMatrix1D`, `StateMatrix2D`, and `StateMatrix3D`
[INFO] [stderr]  --> src/signal_analysis/hmm/amalgam_tools.rs:2:24
[INFO] [stderr]   |
[INFO] [stderr] 2 | use super::hmm_tools::{StateMatrix1D, StateMatrix2D, StateMatrix3D};
[INFO] [stderr]   |                        ^^^^^^^^^^^^^  ^^^^^^^^^^^^^  ^^^^^^^^^^^^^
[INFO] [stderr] 
[INFO] [stderr] warning: unused import: `viterbi`
[INFO] [stderr]  --> src/signal_analysis/hmm/amalgam_tools.rs:4:23
[INFO] [stderr]   |
[INFO] [stderr] 4 | use super::{state::*, viterbi};
[INFO] [stderr]   |                       ^^^^^^^
[INFO] [stderr] 
[INFO] [stderr] warning: unused import: `seq`
[INFO] [stderr]  --> src/signal_analysis/hmm/amalgam_tools.rs:9:12
[INFO] [stderr]   |
[INFO] [stderr] 9 | use rand::{seq, thread_rng, Rng};
[INFO] [stderr]   |            ^^^
[INFO] [stderr] 
[INFO] [stderr] warning: unused imports: `StartMatrix` and `TransitionMatrix`
[INFO] [stderr]  --> src/optimization/amalgam_idea/struct_definition.rs:4:49
[INFO] [stderr]   |
[INFO] [stderr] 4 | use crate::signal_analysis::hmm::hmm_matrices::{StartMatrix, TransitionMatrix};
[INFO] [stderr]   |                                                 ^^^^^^^^^^^  ^^^^^^^^^^^^^^^^
[INFO] [stderr] 
[INFO] [stderr] warning: unused imports: `OptimizationError` and `Optimizer`
[INFO] [stderr]  --> src/optimization/amalgam_idea/amalgam_specific.rs:5:31
[INFO] [stderr]   |
[INFO] [stderr] 5 | use super::super::optimizer::{Optimizer, OptimizationError};
[INFO] [stderr]   |                               ^^^^^^^^^  ^^^^^^^^^^^^^^^^^
[INFO] [stderr] 
[INFO] [stderr] warning: unused import: `super::super::variable_subsets::*`
[INFO] [stderr]  --> src/optimization/amalgam_idea/amalgam_specific.rs:7:5
[INFO] [stderr]   |
[INFO] [stderr] 7 | use super::super::variable_subsets::*;
[INFO] [stderr]   |     ^^^^^^^^^^^^^^^^^^^^^^^^^^^^^^^^^
[INFO] [stderr] 
[INFO] [stderr] warning: unused import: `optimizer_trait_impl::*`
[INFO] [stderr]  --> src/optimization/amalgam_idea.rs:7:9
[INFO] [stderr]   |
[INFO] [stderr] 7 | pub use optimizer_trait_impl::*;
[INFO] [stderr]   |         ^^^^^^^^^^^^^^^^^^^^^^^
[INFO] [stderr] 
[INFO] [stderr] warning: unused import: `amalgam_specific::*`
[INFO] [stderr]  --> src/optimization/amalgam_idea.rs:8:9
[INFO] [stderr]   |
[INFO] [stderr] 8 | pub use amalgam_specific::*;
[INFO] [stderr]   |         ^^^^^^^^^^^^^^^^^^^
[INFO] [stderr] 
[INFO] [stderr] warning: duplicated attribute
[INFO] [stderr]   --> src/optimization/amalgam_idea/tests/amalgam_tests.rs:82:1
[INFO] [stderr]    |
[INFO] [stderr] 82 | #[test]
[INFO] [stderr]    | ^^^^^^^
[INFO] [stderr]    |
[INFO] [stderr]    = note: `#[warn(duplicate_macro_attributes)]` on by default
[INFO] [stderr] 
[INFO] [stderr] warning: unused import: `nalgebra::DMatrix`
[INFO] [stderr]  --> src/optimization/amalgam_idea/tests/amalgam_tests.rs:1:5
[INFO] [stderr]   |
[INFO] [stderr] 1 | use nalgebra::DMatrix;
[INFO] [stderr]   |     ^^^^^^^^^^^^^^^^^
[INFO] [stderr]   |
[INFO] [stderr] help: if this is a test module, consider adding a `#[cfg(test)]` to the containing module
[INFO] [stderr]  --> src/optimization/amalgam_idea/tests.rs:1:1
[INFO] [stderr]   |
[INFO] [stderr] 1 | mod amalgam_tests;
[INFO] [stderr]   | ^^^^^^^^^^^^^^^^^^
[INFO] [stderr] 
[INFO] [stderr] warning: unused import: `nalgebra::DVector`
[INFO] [stderr]  --> src/optimization/amalgam_idea/tests/amalgam_tests.rs:2:5
[INFO] [stderr]   |
[INFO] [stderr] 2 | use nalgebra::DVector;
[INFO] [stderr]   |     ^^^^^^^^^^^^^^^^^
[INFO] [stderr]   |
[INFO] [stderr] help: if this is a test module, consider adding a `#[cfg(test)]` to the containing module
[INFO] [stderr]  --> src/optimization/amalgam_idea/tests.rs:1:1
[INFO] [stderr]   |
[INFO] [stderr] 1 | mod amalgam_tests;
[INFO] [stderr]   | ^^^^^^^^^^^^^^^^^^
[INFO] [stderr] 
[INFO] [stderr] warning: unused import: `super::super::super::variable_subsets::VariableSubsetError`
[INFO] [stderr]  --> src/optimization/amalgam_idea/tests/amalgam_tests.rs:4:5
[INFO] [stderr]   |
[INFO] [stderr] 4 | use super::super::super::variable_subsets::VariableSubsetError;
[INFO] [stderr]   |     ^^^^^^^^^^^^^^^^^^^^^^^^^^^^^^^^^^^^^^^^^^^^^^^^^^^^^^^^^^
[INFO] [stderr]   |
[INFO] [stderr] help: if this is a test module, consider adding a `#[cfg(test)]` to the containing module
[INFO] [stderr]  --> src/optimization/amalgam_idea/tests.rs:1:1
[INFO] [stderr]   |
[INFO] [stderr] 1 | mod amalgam_tests;
[INFO] [stderr]   | ^^^^^^^^^^^^^^^^^^
[INFO] [stderr] 
[INFO] [stderr] warning: unused import: `super::super::super::amalgam_idea::*`
[INFO] [stderr]  --> src/optimization/amalgam_idea/tests/amalgam_tests.rs:5:5
[INFO] [stderr]   |
[INFO] [stderr] 5 | use super::super::super::amalgam_idea::*;
[INFO] [stderr]   |     ^^^^^^^^^^^^^^^^^^^^^^^^^^^^^^^^^^^^
[INFO] [stderr]   |
[INFO] [stderr] help: if this is a test module, consider adding a `#[cfg(test)]` to the containing module
[INFO] [stderr]  --> src/optimization/amalgam_idea/tests.rs:1:1
[INFO] [stderr]   |
[INFO] [stderr] 1 | mod amalgam_tests;
[INFO] [stderr]   | ^^^^^^^^^^^^^^^^^^
[INFO] [stderr] 
[INFO] [stderr] warning: unused import: `super::super::super::optimizer::*`
[INFO] [stderr]  --> src/optimization/amalgam_idea/tests/amalgam_tests.rs:6:5
[INFO] [stderr]   |
[INFO] [stderr] 6 | use super::super::super::optimizer::*;
[INFO] [stderr]   |     ^^^^^^^^^^^^^^^^^^^^^^^^^^^^^^^^^
[INFO] [stderr]   |
[INFO] [stderr] help: if this is a test module, consider adding a `#[cfg(test)]` to the containing module
[INFO] [stderr]  --> src/optimization/amalgam_idea/tests.rs:1:1
[INFO] [stderr]   |
[INFO] [stderr] 1 | mod amalgam_tests;
[INFO] [stderr]   | ^^^^^^^^^^^^^^^^^^
[INFO] [stderr] 
[INFO] [stderr] warning: unused import: `super::super::super::constraints::*`
[INFO] [stderr]  --> src/optimization/amalgam_idea/tests/amalgam_tests.rs:7:5
[INFO] [stderr]   |
[INFO] [stderr] 7 | use super::super::super::constraints::*;
[INFO] [stderr]   |     ^^^^^^^^^^^^^^^^^^^^^^^^^^^^^^^^^^^
[INFO] [stderr]   |
[INFO] [stderr] help: if this is a test module, consider adding a `#[cfg(test)]` to the containing module
[INFO] [stderr]  --> src/optimization/amalgam_idea/tests.rs:1:1
[INFO] [stderr]   |
[INFO] [stderr] 1 | mod amalgam_tests;
[INFO] [stderr]   | ^^^^^^^^^^^^^^^^^^
[INFO] [stderr] 
[INFO] [stderr] warning: unused import: `super::super::AmalgamIdea`
[INFO] [stderr]  --> src/optimization/amalgam_idea/tests/amalgam_tests.rs:8:5
[INFO] [stderr]   |
[INFO] [stderr] 8 | use super::super::AmalgamIdea;
[INFO] [stderr]   |     ^^^^^^^^^^^^^^^^^^^^^^^^^
[INFO] [stderr]   |
[INFO] [stderr] help: if this is a test module, consider adding a `#[cfg(test)]` to the containing module
[INFO] [stderr]  --> src/optimization/amalgam_idea/tests.rs:1:1
[INFO] [stderr]   |
[INFO] [stderr] 1 | mod amalgam_tests;
[INFO] [stderr]   | ^^^^^^^^^^^^^^^^^^
[INFO] [stderr] 
[INFO] [stderr] warning: unused import: `super::super::amalgam_parameters::AmalgamIdeaParameters`
[INFO] [stderr]  --> src/optimization/amalgam_idea/tests/amalgam_tests.rs:9:5
[INFO] [stderr]   |
[INFO] [stderr] 9 | use super::super::amalgam_parameters::AmalgamIdeaParameters;
[INFO] [stderr]   |     ^^^^^^^^^^^^^^^^^^^^^^^^^^^^^^^^^^^^^^^^^^^^^^^^^^^^^^^
[INFO] [stderr]   |
[INFO] [stderr] help: if this is a test module, consider adding a `#[cfg(test)]` to the containing module
[INFO] [stderr]  --> src/optimization/amalgam_idea/tests.rs:1:1
[INFO] [stderr]   |
[INFO] [stderr] 1 | mod amalgam_tests;
[INFO] [stderr]   | ^^^^^^^^^^^^^^^^^^
[INFO] [stderr] 
[INFO] [stderr] warning: unused import: `super::super::super::variable_subsets::VariableSubsetError`
[INFO] [stderr]  --> src/optimization/amalgam_idea/tests/amalgam_running_tests.rs:1:5
[INFO] [stderr]   |
[INFO] [stderr] 1 | use super::super::super::variable_subsets::VariableSubsetError;
[INFO] [stderr]   |     ^^^^^^^^^^^^^^^^^^^^^^^^^^^^^^^^^^^^^^^^^^^^^^^^^^^^^^^^^^
[INFO] [stderr]   |
[INFO] [stderr] help: if this is a test module, consider adding a `#[cfg(test)]` to the containing module
[INFO] [stderr]  --> src/optimization/amalgam_idea/tests.rs:2:1
[INFO] [stderr]   |
[INFO] [stderr] 2 | mod amalgam_running_tests;
[INFO] [stderr]   | ^^^^^^^^^^^^^^^^^^^^^^^^^^
[INFO] [stderr] 
[INFO] [stderr] warning: unused import: `super::super::super::amalgam_idea::*`
[INFO] [stderr]  --> src/optimization/amalgam_idea/tests/amalgam_running_tests.rs:2:5
[INFO] [stderr]   |
[INFO] [stderr] 2 | use super::super::super::amalgam_idea::*;
[INFO] [stderr]   |     ^^^^^^^^^^^^^^^^^^^^^^^^^^^^^^^^^^^^
[INFO] [stderr]   |
[INFO] [stderr] help: if this is a test module, consider adding a `#[cfg(test)]` to the containing module
[INFO] [stderr]  --> src/optimization/amalgam_idea/tests.rs:2:1
[INFO] [stderr]   |
[INFO] [stderr] 2 | mod amalgam_running_tests;
[INFO] [stderr]   | ^^^^^^^^^^^^^^^^^^^^^^^^^^
[INFO] [stderr] 
[INFO] [stderr] warning: unused import: `super::super::super::optimizer::*`
[INFO] [stderr]  --> src/optimization/amalgam_idea/tests/amalgam_running_tests.rs:3:5
[INFO] [stderr]   |
[INFO] [stderr] 3 | use super::super::super::optimizer::*;
[INFO] [stderr]   |     ^^^^^^^^^^^^^^^^^^^^^^^^^^^^^^^^^
[INFO] [stderr]   |
[INFO] [stderr] help: if this is a test module, consider adding a `#[cfg(test)]` to the containing module
[INFO] [stderr]  --> src/optimization/amalgam_idea/tests.rs:2:1
[INFO] [stderr]   |
[INFO] [stderr] 2 | mod amalgam_running_tests;
[INFO] [stderr]   | ^^^^^^^^^^^^^^^^^^^^^^^^^^
[INFO] [stderr] 
[INFO] [stderr] warning: unused import: `super::super::super::constraints::*`
[INFO] [stderr]  --> src/optimization/amalgam_idea/tests/amalgam_running_tests.rs:4:5
[INFO] [stderr]   |
[INFO] [stderr] 4 | use super::super::super::constraints::*;
[INFO] [stderr]   |     ^^^^^^^^^^^^^^^^^^^^^^^^^^^^^^^^^^^
[INFO] [stderr]   |
[INFO] [stderr] help: if this is a test module, consider adding a `#[cfg(test)]` to the containing module
[INFO] [stderr]  --> src/optimization/amalgam_idea/tests.rs:2:1
[INFO] [stderr]   |
[INFO] [stderr] 2 | mod amalgam_running_tests;
[INFO] [stderr]   | ^^^^^^^^^^^^^^^^^^^^^^^^^^
[INFO] [stderr] 
[INFO] [stderr] warning: unused import: `super::super::amalgam_parameters::AmalgamIdeaParameters`
[INFO] [stderr]  --> src/optimization/amalgam_idea/tests/amalgam_running_tests.rs:5:5
[INFO] [stderr]   |
[INFO] [stderr] 5 | use super::super::amalgam_parameters::AmalgamIdeaParameters;
[INFO] [stderr]   |     ^^^^^^^^^^^^^^^^^^^^^^^^^^^^^^^^^^^^^^^^^^^^^^^^^^^^^^^
[INFO] [stderr]   |
[INFO] [stderr] help: if this is a test module, consider adding a `#[cfg(test)]` to the containing module
[INFO] [stderr]  --> src/optimization/amalgam_idea/tests.rs:2:1
[INFO] [stderr]   |
[INFO] [stderr] 2 | mod amalgam_running_tests;
[INFO] [stderr]   | ^^^^^^^^^^^^^^^^^^^^^^^^^^
[INFO] [stderr] 
[INFO] [stderr] warning: unused imports: `DMatrix` and `DVector`
[INFO] [stderr]  --> src/optimization/amalgam_idea/tests/amalgam_running_tests.rs:7:16
[INFO] [stderr]   |
[INFO] [stderr] 7 | use nalgebra::{DMatrix, DVector};
[INFO] [stderr]   |                ^^^^^^^  ^^^^^^^
[INFO] [stderr]   |
[INFO] [stderr] help: if this is a test module, consider adding a `#[cfg(test)]` to the containing module
[INFO] [stderr]  --> src/optimization/amalgam_idea/tests.rs:2:1
[INFO] [stderr]   |
[INFO] [stderr] 2 | mod amalgam_running_tests;
[INFO] [stderr]   | ^^^^^^^^^^^^^^^^^^^^^^^^^^
[INFO] [stderr] 
[INFO] [stderr] warning: unused import: `super::variable_subsets::VariableSubsetError`
[INFO] [stderr]  --> src/optimization/optimizer.rs:1:5
[INFO] [stderr]   |
[INFO] [stderr] 1 | use super::variable_subsets::VariableSubsetError;
[INFO] [stderr]   |     ^^^^^^^^^^^^^^^^^^^^^^^^^^^^^^^^^^^^^^^^^^^^
[INFO] [stderr] 
[INFO] [stderr] warning: unused imports: `distributions` and `thread_rng`
[INFO] [stderr]  --> src/optimization/multivariate_gaussian.rs:2:12
[INFO] [stderr]   |
[INFO] [stderr] 2 | use rand::{distributions, Rng, thread_rng};
[INFO] [stderr]   |            ^^^^^^^^^^^^^       ^^^^^^^^^^
[INFO] [stderr] 
[INFO] [stderr] warning: unused import: `nalgebra::constraint`
[INFO] [stderr]  --> src/optimization/variable_subsets.rs:3:5
[INFO] [stderr]   |
[INFO] [stderr] 3 | use nalgebra::constraint;
[INFO] [stderr]   |     ^^^^^^^^^^^^^^^^^^^^
[INFO] [stderr] 
[INFO] [stderr] warning: unused import: `rand::distributions`
[INFO] [stderr]  --> src/optimization/variable_subsets.rs:5:5
[INFO] [stderr]   |
[INFO] [stderr] 5 | use rand::distributions;
[INFO] [stderr]   |     ^^^^^^^^^^^^^^^^^^^
[INFO] [stderr] 
[INFO] [stderr] warning: unused import: `core::num`
[INFO] [stderr]  --> src/optimization/variable_subsets.rs:8:5
[INFO] [stderr]   |
[INFO] [stderr] 8 | use core::num;
[INFO] [stderr]   |     ^^^^^^^^^
[INFO] [stderr] 
[INFO] [stderr] warning: unused import: `std::collections::HashSet`
[INFO] [stderr]  --> src/optimization/variable_subsets.rs:9:5
[INFO] [stderr]   |
[INFO] [stderr] 9 | use std::collections::HashSet;
[INFO] [stderr]   |     ^^^^^^^^^^^^^^^^^^^^^^^^^
[INFO] [stderr] 
[INFO] [stderr] warning: unused import: `self`
[INFO] [stderr]  --> src/optimization/set_of_var_subsets.rs:1:26
[INFO] [stderr]   |
[INFO] [stderr] 1 | use super::constraints::{self, *};
[INFO] [stderr]   |                          ^^^^
[INFO] [stderr] 
[INFO] [stderr] warning: variable does not need to be mutable
[INFO] [stderr]    --> src/signal_analysis/hmm/hmm_instance.rs:149:13
[INFO] [stderr]     |
[INFO] [stderr] 149 |         let mut expected_ids: Vec<usize> = (0..states.len()).collect(); // Expected sequence: [0, 1, 2, ..., N-1]
[INFO] [stderr]     |             ----^^^^^^^^^^^^
[INFO] [stderr]     |             |
[INFO] [stderr]     |             help: remove this `mut`
[INFO] [stderr]     |
[INFO] [stderr]     = note: `#[warn(unused_mut)]` on by default
[INFO] [stderr] 
[INFO] [stderr] warning: unused variable: `attempt`
[INFO] [stderr]   --> src/signal_analysis/hmm/amalgam_tools.rs:31:9
[INFO] [stderr]    |
[INFO] [stderr] 31 |     for attempt in 0..max_attempts {
[INFO] [stderr]    |         ^^^^^^^ help: if this is intentional, prefix it with an underscore: `_attempt`
[INFO] [stderr]    |
[INFO] [stderr]    = note: `#[warn(unused_variables)]` on by default
[INFO] [stderr] 
[INFO] [stderr] warning: unused variable: `scaling_factor_jitter`
[INFO] [stderr]    --> src/optimization/multivariate_gaussian.rs:267:42
[INFO] [stderr]     |
[INFO] [stderr] 267 |             let (scaled_cov_with_jitter, scaling_factor_jitter) = scale_matrix(cov);
[INFO] [stderr]     |                                          ^^^^^^^^^^^^^^^^^^^^^ help: if this is intentional, prefix it with an underscore: `_scaling_factor_jitter`
[INFO] [stderr] 
[INFO] [stderr] warning: function `toy_fitness_function` is never used
[INFO] [stderr]   --> src/optimization/amalgam_idea/tests/amalgam_running_tests.rs:10:4
[INFO] [stderr]    |
[INFO] [stderr] 10 | fn toy_fitness_function(values: &[f64]) -> f64 {
[INFO] [stderr]    |    ^^^^^^^^^^^^^^^^^^^^
[INFO] [stderr]    |
[INFO] [stderr]    = note: `#[warn(dead_code)]` on by default
[INFO] [stderr] 
[INFO] [stderr] warning: function `k_means_1D` should have a snake case name
[INFO] [stderr]  --> src/signal_analysis/hmm/kmeans.rs:4:8
[INFO] [stderr]   |
[INFO] [stderr] 4 | pub fn k_means_1D(data: &[f64], k: usize, max_iterations: usize, tolerance: f64) -> (Vec<f64>, Vec<usize>) {
[INFO] [stderr]   |        ^^^^^^^^^^ help: convert the identifier to snake case: `k_means_1_d`
[INFO] [stderr]   |
[INFO] [stderr]   = note: `#[warn(non_snake_case)]` on by default
[INFO] [stderr] 
[INFO] [stderr] warning: unused imports: `MatrixValidationError` and `ProbabilityMatrix`
[INFO] [stderr]  --> src/signal_analysis/hmm/viterbi.rs:2:58
[INFO] [stderr]   |
[INFO] [stderr] 2 | use super::hmm_matrices::{TransitionMatrix, StartMatrix, ProbabilityMatrix, MatrixValidationError};
[INFO] [stderr]   |                                                          ^^^^^^^^^^^^^^^^^  ^^^^^^^^^^^^^^^^^^^^^
[INFO] [stderr]   |
[INFO] [stderr]   = note: `#[warn(unused_imports)]` on by default
[INFO] [stderr] 
[INFO] [stderr] warning: unused import: `super::super::super::variable_subsets::VariableSubsetError`
[INFO] [stderr]  --> src/optimization/amalgam_idea/tests/amalgam_running_tests.rs:1:5
[INFO] [stderr]   |
[INFO] [stderr] 1 | use super::super::super::variable_subsets::VariableSubsetError;
[INFO] [stderr]   |     ^^^^^^^^^^^^^^^^^^^^^^^^^^^^^^^^^^^^^^^^^^^^^^^^^^^^^^^^^^
[INFO] [stderr] 
[INFO] [stderr] warning: unused import: `super::super::super::constraints::*`
[INFO] [stderr]  --> src/optimization/amalgam_idea/tests/amalgam_running_tests.rs:4:5
[INFO] [stderr]   |
[INFO] [stderr] 4 | use super::super::super::constraints::*;
[INFO] [stderr]   |     ^^^^^^^^^^^^^^^^^^^^^^^^^^^^^^^^^^^
[INFO] [stderr] 
[INFO] [stderr] warning: unused import: `distributions`
[INFO] [stderr]  --> src/optimization/multivariate_gaussian.rs:2:12
[INFO] [stderr]   |
[INFO] [stderr] 2 | use rand::{distributions, Rng, thread_rng};
[INFO] [stderr]   |            ^^^^^^^^^^^^^
[INFO] [stderr] 
[INFO] [stderr] warning: variable does not need to be mutable
[INFO] [stderr]    --> src/signal_analysis/hmm/hmm_matrices.rs:591:13
[INFO] [stderr]     |
[INFO] [stderr] 591 |         let mut start_matrix = StartMatrix::new(vec![0.5, 0.4, 0.4]); // Sum is greater than 1.0
[INFO] [stderr]     |             ----^^^^^^^^^^^^
[INFO] [stderr]     |             |
[INFO] [stderr]     |             help: remove this `mut`
[INFO] [stderr]     |
[INFO] [stderr]     = note: `#[warn(unused_mut)]` on by default
[INFO] [stderr] 
[INFO] [stderr] warning: variable does not need to be mutable
[INFO] [stderr]    --> src/signal_analysis/hmm/hmm_matrices.rs:604:13
[INFO] [stderr]     |
[INFO] [stderr] 604 |         let mut start_matrix = StartMatrix::new(vec![1.5, 0.5, -0.5]); // Invalid values: > 1.0 and < 0.0
[INFO] [stderr]     |             ----^^^^^^^^^^^^
[INFO] [stderr]     |             |
[INFO] [stderr]     |             help: remove this `mut`
[INFO] [stderr] 
[INFO] [stderr] warning: variable does not need to be mutable
[INFO] [stderr]    --> src/signal_analysis/hmm/hmm_instance.rs:149:13
[INFO] [stderr]     |
[INFO] [stderr] 149 |         let mut expected_ids: Vec<usize> = (0..states.len()).collect(); // Expected sequence: [0, 1, 2, ..., N-1]
[INFO] [stderr]     |             ----^^^^^^^^^^^^
[INFO] [stderr]     |             |
[INFO] [stderr]     |             help: remove this `mut`
[INFO] [stderr] 
[INFO] [stderr] warning: unused variable: `cov`
[INFO] [stderr]    --> src/optimization/multivariate_gaussian.rs:378:20
[INFO] [stderr]     |
[INFO] [stderr] 378 |         let (mean, cov) = gaussian.get_mean_cov();
[INFO] [stderr]     |                    ^^^ help: if this is intentional, prefix it with an underscore: `_cov`
[INFO] [stderr] 
[INFO] [stderr] warning: variable does not need to be mutable
[INFO] [stderr]    --> src/optimization/multivariate_gaussian.rs:479:13
[INFO] [stderr]     |
[INFO] [stderr] 479 |         let mut as_refs: Vec<&[f64]> = sampled.iter().map(|vec| vec.as_slice()).collect();
[INFO] [stderr]     |             ----^^^^^^^
[INFO] [stderr]     |             |
[INFO] [stderr]     |             help: remove this `mut`
[INFO] [stderr] 
[INFO] [stderr] warning: unused variable: `prob_size`
[INFO] [stderr]    --> src/optimization/variable_subsets.rs:604:13
[INFO] [stderr]     |
[INFO] [stderr] 604 |         let prob_size = 2;
[INFO] [stderr]     |             ^^^^^^^^^ help: if this is intentional, prefix it with an underscore: `_prob_size`
[INFO] [stderr] 
[INFO] [stderr] warning: unused variable: `result`
[INFO] [stderr]    --> src/optimization/set_of_var_subsets.rs:979:13
[INFO] [stderr]     |
[INFO] [stderr] 979 |         let result = set_var_subsets.set_distribution_manual(&means, &covs).unwrap();
[INFO] [stderr]     |             ^^^^^^ help: if this is intentional, prefix it with an underscore: `_result`
[INFO] [stderr] 
[INFO] [stderr] warning: function `test_k_means_1D` should have a snake case name
[INFO] [stderr]   --> src/signal_analysis/hmm/kmeans.rs:70:8
[INFO] [stderr]    |
[INFO] [stderr] 70 |     fn test_k_means_1D() {
[INFO] [stderr]    |        ^^^^^^^^^^^^^^^ help: convert the identifier to snake case: `test_k_means_1_d`
[INFO] [stderr] 
[INFO] [stderr] warning: unused `Result` that must be used
[INFO] [stderr]    --> src/optimization/variable_subsets.rs:436:9
[INFO] [stderr]     |
[INFO] [stderr] 436 |         subset.set_constraint(constraint);
[INFO] [stderr]     |         ^^^^^^^^^^^^^^^^^^^^^^^^^^^^^^^^^
[INFO] [stderr]     |
[INFO] [stderr]     = note: this `Result` may be an `Err` variant, which should be handled
[INFO] [stderr]     = note: `#[warn(unused_must_use)]` on by default
[INFO] [stderr] help: use `let _ = ...` to ignore the resulting value
[INFO] [stderr]     |
[INFO] [stderr] 436 |         let _ = subset.set_constraint(constraint);
[INFO] [stderr]     |         +++++++
[INFO] [stderr] 
[INFO] [stderr] warning: unused `Result` that must be used
[INFO] [stderr]    --> src/optimization/variable_subsets.rs:559:9
[INFO] [stderr]     |
[INFO] [stderr] 559 |         subset.set_constraint(constraint);
[INFO] [stderr]     |         ^^^^^^^^^^^^^^^^^^^^^^^^^^^^^^^^^
[INFO] [stderr]     |
[INFO] [stderr]     = note: this `Result` may be an `Err` variant, which should be handled
[INFO] [stderr] help: use `let _ = ...` to ignore the resulting value
[INFO] [stderr]     |
[INFO] [stderr] 559 |         let _ = subset.set_constraint(constraint);
[INFO] [stderr]     |         +++++++
[INFO] [stderr] 
[INFO] [stderr] warning: unused `Result` that must be used
[INFO] [stderr]    --> src/optimization/variable_subsets.rs:585:9
[INFO] [stderr]     |
[INFO] [stderr] 585 |         subset.set_constraint(constraint);
[INFO] [stderr]     |         ^^^^^^^^^^^^^^^^^^^^^^^^^^^^^^^^^
[INFO] [stderr]     |
[INFO] [stderr]     = note: this `Result` may be an `Err` variant, which should be handled
[INFO] [stderr] help: use `let _ = ...` to ignore the resulting value
[INFO] [stderr]     |
[INFO] [stderr] 585 |         let _ = subset.set_constraint(constraint);
[INFO] [stderr]     |         +++++++
[INFO] [stderr] 
[INFO] [stderr] warning: `fret-lib` (lib) generated 42 warnings (run `cargo fix --lib -p fret-lib` to apply 37 suggestions)
[INFO] [stderr] warning: `fret-lib` (lib test) generated 38 warnings (23 duplicates) (run `cargo fix --lib -p fret-lib --tests` to apply 8 suggestions)
[INFO] [stderr] warning: unused import: `core::num`
[INFO] [stderr]  --> src/main.rs:1:5
[INFO] [stderr]   |
[INFO] [stderr] 1 | use core::num;
[INFO] [stderr]   |     ^^^^^^^^^
[INFO] [stderr]   |
[INFO] [stderr]   = note: `#[warn(unused_imports)]` on by default
[INFO] [stderr] 
[INFO] [stderr] warning: unused import: `std::cmp::min`
[INFO] [stderr]  --> src/main.rs:2:5
[INFO] [stderr]   |
[INFO] [stderr] 2 | use std::cmp::min;
[INFO] [stderr]   |     ^^^^^^^^^^^^^
[INFO] [stderr] 
[INFO] [stderr] warning: unused import: `std::collections::HashSet`
[INFO] [stderr]  --> src/main.rs:3:5
[INFO] [stderr]   |
[INFO] [stderr] 3 | use std::collections::HashSet;
[INFO] [stderr]   |     ^^^^^^^^^^^^^^^^^^^^^^^^^
[INFO] [stderr] 
[INFO] [stderr] warning: unused import: `self`
[INFO] [stderr]  --> src/main.rs:5:44
[INFO] [stderr]   |
[INFO] [stderr] 5 | use fret_lib::optimization::amalgam_idea::{self, AmalgamIdea};
[INFO] [stderr]   |                                            ^^^^
[INFO] [stderr] 
[INFO] [stderr] warning: unused imports: `HMMInstanceError` and `HMMInstance`
[INFO] [stderr]  --> src/main.rs:8:52
[INFO] [stderr]   |
[INFO] [stderr] 8 | use fret_lib::signal_analysis::hmm::hmm_instance::{HMMInstance, HMMInstanceError};
[INFO] [stderr]   |                                                    ^^^^^^^^^^^  ^^^^^^^^^^^^^^^^
[INFO] [stderr] 
[INFO] [stderr] warning: unused imports: `StateCollapseHandle` and `TerminationCriterium`
[INFO] [stderr]  --> src/main.rs:9:60
[INFO] [stderr]   |
[INFO] [stderr] 9 | use fret_lib::signal_analysis::hmm::optimization_tracker::{StateCollapseHandle, TerminationCriterium};
[INFO] [stderr]   |                                                            ^^^^^^^^^^^^^^^^^^^  ^^^^^^^^^^^^^^^^^^^^
[INFO] [stderr] 
[INFO] [stderr] warning: unused import: `fret_lib::signal_analysis::hmm::viterbi::Viterbi`
[INFO] [stderr]   --> src/main.rs:12:5
[INFO] [stderr]    |
[INFO] [stderr] 12 | use fret_lib::signal_analysis::hmm::viterbi::Viterbi;
[INFO] [stderr]    |     ^^^^^^^^^^^^^^^^^^^^^^^^^^^^^^^^^^^^^^^^^^^^^^^^
[INFO] [stderr] 
[INFO] [stderr] warning: unused import: `baum_welch`
[INFO] [stderr]   --> src/main.rs:13:38
[INFO] [stderr]    |
[INFO] [stderr] 13 | use fret_lib::signal_analysis::hmm::{baum_welch, HMM};
[INFO] [stderr]    |                                      ^^^^^^^^^^
[INFO] [stderr] 
[INFO] [stderr] warning: unused import: `fret_lib::signal_analysis::hmm::baum_welch::*`
[INFO] [stderr]   --> src/main.rs:14:5
[INFO] [stderr]    |
[INFO] [stderr] 14 | use fret_lib::signal_analysis::hmm::baum_welch::*;
[INFO] [stderr]    |     ^^^^^^^^^^^^^^^^^^^^^^^^^^^^^^^^^^^^^^^^^^^^^
[INFO] [stderr] 
[INFO] [stderr] warning: unused imports: `Rng`, `seq`, and `thread_rng`
[INFO] [stderr]   --> src/main.rs:16:12
[INFO] [stderr]    |
[INFO] [stderr] 16 | use rand::{seq, thread_rng, Rng};
[INFO] [stderr]    |            ^^^  ^^^^^^^^^^  ^^^
[INFO] [stderr] 
[INFO] [stderr] warning: unused import: `fret_lib::signal_analysis::hmm::occams_razor::*`
[INFO] [stderr]   --> src/main.rs:18:5
[INFO] [stderr]    |
[INFO] [stderr] 18 | use fret_lib::signal_analysis::hmm::occams_razor::*;
[INFO] [stderr]    |     ^^^^^^^^^^^^^^^^^^^^^^^^^^^^^^^^^^^^^^^^^^^^^^^
[INFO] [stderr] 
[INFO] [stderr] warning: unused import: `plotters::prelude`
[INFO] [stderr]   --> src/main.rs:17:5
[INFO] [stderr]    |
[INFO] [stderr] 17 | use plotters::prelude::*;
[INFO] [stderr]    |     ^^^^^^^^^^^^^^^^^
[INFO] [stderr] 
[INFO] [stderr] warning: `fret-lib` (bin "fret-lib" test) generated 12 warnings (run `cargo fix --bin "fret-lib" --tests` to apply 11 suggestions)
[INFO] [stderr]     Finished `test` profile [unoptimized + debuginfo] target(s) in 0.06s
[INFO] [stderr]      Running unittests src/lib.rs (/opt/rustwide/target/debug/deps/fret_lib-ad0114ded8df5fe1)
[INFO] [stdout] 
[INFO] [stdout] running 138 tests
[INFO] [stdout] test optimization::amalgam_idea::tests::amalgam_running_tests::test_initialize_with_predefined_subsets_and_population ... ok
[INFO] [stdout] test optimization::amalgam_idea::tests::amalgam_running_tests::test_selection ... ok
[INFO] [stdout] test optimization::amalgam_idea::tests::amalgam_tests::test_evaluate_with_valid_fitness_function ... ok
[INFO] [stdout] test optimization::amalgam_idea::tests::amalgam_tests::test_evaluate_without_setting_fitness_function ... ok
[INFO] [stdout] test optimization::amalgam_idea::tests::amalgam_tests::test_set_constraints_with_subsets_defined ... ok
[INFO] [stdout] test optimization::amalgam_idea::tests::amalgam_tests::test_set_constraints_without_subsets_multiple_constraints ... ok
[INFO] [stdout] test optimization::amalgam_idea::tests::amalgam_tests::test_set_constraints_without_subsets_single_constraint ... ok
[INFO] [stdout] test optimization::amalgam_idea::tests::amalgam_tests::test_set_dependency_subsets_already_defined ... ok
[INFO] [stdout] test optimization::amalgam_idea::tests::amalgam_running_tests::test_initialize_without_any_setup ... ok
[INFO] [stdout] test optimization::amalgam_idea::tests::amalgam_tests::test_set_dependency_subsets_with_initial_population ... ok
[INFO] [stdout] test optimization::amalgam_idea::tests::amalgam_running_tests::test_initialize_with_only_predefined_parameters ... ok
[INFO] [stdout] test optimization::amalgam_idea::tests::amalgam_tests::test_set_dependency_subsets_with_valid_data ... ok
[INFO] [stdout] test optimization::amalgam_idea::tests::amalgam_tests::test_set_dependency_subsets_with_invalid_data ... ok
[INFO] [stdout] test optimization::amalgam_idea::tests::amalgam_tests::test_set_initial_distribution ... ok
[INFO] [stdout] test optimization::amalgam_idea::tests::amalgam_tests::test_set_initial_population_with_incorrect_sizes ... ok
[INFO] [stdout] test optimization::amalgam_idea::tests::amalgam_tests::test_set_initial_population_with_subsets_not_defined ... ok
[INFO] [stdout] test optimization::amalgam_idea::tests::amalgam_tests::test_set_initial_population_with_subsets_defined ... ok
[INFO] [stdout] test optimization::amalgam_idea::tests::amalgam_tests::test_set_initial_population_with_valid_data ... ok
[INFO] [stdout] test optimization::amalgam_idea::tests::amalgam_tests::test_set_initial_population_with_valid_data ... ok
[INFO] [stdout] test optimization::amalgam_idea::tests::amalgam_running_tests::test_update_distribution ... ok
[INFO] [stdout] test optimization::amalgam_idea::tests::amalgam_tests::test_set_parameters_with_subsets_single_parameter ... ok
[INFO] [stdout] test optimization::constraints::tests::test_max_min_value_constraint ... ok
[INFO] [stdout] test optimization::constraints::tests::test_max_value_constraint ... ok
[INFO] [stdout] test optimization::constraints::tests::test_positive_sum_to_constraint ... ok
[INFO] [stdout] test optimization::amalgam_idea::tests::amalgam_tests::test_set_population_with_incorrect_number_of_individuals_after_parameters_set ... ok
[INFO] [stdout] test optimization::constraints::tests::test_min_value_constraint ... ok
[INFO] [stdout] test optimization::constraints::tests::test_sum_to_constraint_edge_case_zero_sum ... ok
[INFO] [stdout] test optimization::constraints::tests::test_sum_to_constraint ... ok
[INFO] [stdout] test optimization::amalgam_idea::tests::amalgam_tests::test_set_parameters_with_incorrect_population_size_after_population_set ... ok
[INFO] [stdout] test optimization::amalgam_idea::tests::amalgam_running_tests::test_update_population ... ok
[INFO] [stdout] test optimization::multivariate_gaussian::tests::test_cholesky_inverse ... ok
[INFO] [stdout] test optimization::multivariate_gaussian::tests::test_compute_distribution_and_sampling ... ok
[INFO] [stdout] test optimization::multivariate_gaussian::tests::test_diagonal_covariance ... ok
[INFO] [stdout] test optimization::multivariate_gaussian::tests::test_unflatten_cov ... ok
[INFO] [stdout] test optimization::multivariate_gaussian::tests::test_unflatten_cov_invalid_length ... ok
[INFO] [stdout] test optimization::constraints::tests::test_sum_to_constraint_negative_sum ... ok
[INFO] [stdout] test optimization::set_of_var_subsets::tests_set_var_subsets::test_compute_distributions ... ok
[INFO] [stdout] test optimization::set_of_var_subsets::tests_set_var_subsets::test_constraints_applied_in_random_initialization ... ok
[INFO] [stdout] test optimization::set_of_var_subsets::tests_set_var_subsets::test_enforce_constraint_external ... ok
[INFO] [stdout] test optimization::set_of_var_subsets::tests_set_var_subsets::test_enforce_constraints ... ok
[INFO] [stdout] test optimization::set_of_var_subsets::tests_set_var_subsets::test_new_empty_set_var_subsets ... ok
[INFO] [stdout] test optimization::set_of_var_subsets::tests_set_var_subsets::test_set_constraints ... ok
[INFO] [stdout] test optimization::multivariate_gaussian::tests::test_get_cholesky_stable ... ok
[INFO] [stdout] test optimization::amalgam_idea::tests::amalgam_tests::test_set_pop_size_manual ... ok
[INFO] [stdout] test optimization::set_of_var_subsets::tests_set_var_subsets::test_set_covariance_matrix_types ... ok
[INFO] [stdout] test optimization::multivariate_gaussian::tests::test_flatten_cov ... ok
[INFO] [stdout] test optimization::set_of_var_subsets::tests_set_var_subsets::test_set_distribution_manual ... ok
[INFO] [stdout] test optimization::set_of_var_subsets::tests_set_var_subsets::test_set_population ... ok
[INFO] [stdout] test optimization::set_of_var_subsets::tests_set_var_subsets::test_unscramble_means ... ok
[INFO] [stdout] test optimization::set_of_var_subsets::tests_set_var_subsets::test_initialize_random_population ... ok
[INFO] [stdout] test optimization::set_of_var_subsets::tests_set_var_subsets::test_unscramble_means_with_non_contiguous_indices ... ok
[INFO] [stdout] test optimization::set_of_var_subsets::tests_set_var_subsets::test_sample_individuals ... ok
[INFO] [stdout] test optimization::set_of_var_subsets::tests_set_var_subsets::test_new_set_var_subsets_with_population ... ok
[INFO] [stdout] test optimization::set_of_var_subsets::tests_set_var_subsets::test_scramble_means_non_contiguous ... ok
[INFO] [stdout] test optimization::set_of_var_subsets::tests_set_var_subsets::test_scramble_population_non_contiguous ... ok
[INFO] [stdout] test optimization::set_of_var_subsets::tests_set_var_subsets::test_unscramble_population ... ok
[INFO] [stdout] test optimization::set_of_var_subsets::tests_set_var_subsets::test_unscramble_population_with_non_contiguous_indices ... ok
[INFO] [stdout] test optimization::set_of_var_subsets::tests_set_var_subsets::test_update_covariance_matrix_by_multiplying_individually ... ok
[INFO] [stdout] test optimization::variable_subsets::tests_subsets::test_enforce_constraint ... ok
[INFO] [stdout] test optimization::variable_subsets::tests_subsets::test_compute_distribution ... ok
[INFO] [stdout] test optimization::variable_subsets::tests_subsets::test_cov_matrix_type_handling ... ok
[INFO] [stdout] test optimization::variable_subsets::tests_subsets::test_initialize_population_no_constraints ... ok
[INFO] [stdout] test optimization::variable_subsets::tests_subsets::test_initialize_population_with_custom_range ... ok
[INFO] [stdout] test optimization::variable_subsets::tests_subsets::test_initialize_population_with_min_max_constraints ... ok
[INFO] [stdout] test optimization::variable_subsets::tests_subsets::test_initialize_population_with_sumto_constraint ... ok
[INFO] [stdout] test optimization::variable_subsets::tests_subsets::test_sample_individuals ... ok
[INFO] [stdout] test optimization::variable_subsets::tests_subsets::test_sample_individuals_no_distribution ... ok
[INFO] [stdout] test optimization::variable_subsets::tests_subsets::test_set_constraint ... ok
[INFO] [stdout] test optimization::variable_subsets::tests_subsets::test_set_distribution_manually ... ok
[INFO] [stdout] test optimization::variable_subsets::tests_subsets::test_initialize_population_with_single_max_min_value_constraint ... ok
[INFO] [stdout] test signal_analysis::hmm::hmm_matrices::tests_start_matrix::test_start_matrix_get_set_state ... ok
[INFO] [stdout] test optimization::variable_subsets::tests_subsets::test_set_population ... ok
[INFO] [stdout] test signal_analysis::hmm::hmm_matrices::tests_start_matrix::test_start_matrix_get_set_usize ... ok
[INFO] [stdout] test signal_analysis::hmm::hmm_matrices::tests_start_matrix::test_start_matrix_indexing_state ... ok
[INFO] [stdout] test signal_analysis::hmm::hmm_matrices::tests_start_matrix::test_start_matrix_indexing_usize ... ok
[INFO] [stdout] test signal_analysis::hmm::hmm_matrices::tests_start_matrix::test_remove_states_from_start_matrix ... ok
[INFO] [stdout] test signal_analysis::hmm::hmm_matrices::tests_start_matrix::test_start_matrix_new ... ok
[INFO] [stdout] test signal_analysis::hmm::hmm_matrices::tests_start_matrix::test_start_matrix_validation_incorrect_values ... ok
[INFO] [stdout] test signal_analysis::hmm::hmm_matrices::tests_start_matrix::test_start_matrix_empty ... ok
[INFO] [stdout] test signal_analysis::hmm::hmm_matrices::tests_start_matrix::test_start_matrix_validation_invalid_value ... ok
[INFO] [stdout] test signal_analysis::hmm::hmm_matrices::tests_start_matrix::test_start_matrix_validation_matrix_empty ... ok
[INFO] [stdout] test signal_analysis::hmm::hmm_matrices::tests_start_matrix::test_start_matrix_validation_valid ... ok
[INFO] [stdout] test signal_analysis::hmm::hmm_matrices::tests_transition_matrix::test_transition_matrix_empty ... ok
[INFO] [stdout] test signal_analysis::hmm::hmm_matrices::tests_transition_matrix::test_transition_matrix_get_set_usize ... ok
[INFO] [stdout] test signal_analysis::hmm::hmm_matrices::tests_transition_matrix::test_transition_matrix_get_set_state ... ok
[INFO] [stdout] test signal_analysis::hmm::hmm_matrices::tests_transition_matrix::test_transition_matrix_indexing_state ... ok
[INFO] [stdout] test signal_analysis::hmm::hmm_matrices::tests_transition_matrix::test_transition_matrix_new ... ok
[INFO] [stdout] test signal_analysis::hmm::hmm_matrices::tests_transition_matrix::test_transition_matrix_remove_states ... ok
[INFO] [stdout] test signal_analysis::hmm::hmm_matrices::tests_transition_matrix::test_transition_matrix_validation_incorrect_rows ... ok
[INFO] [stdout] test signal_analysis::hmm::hmm_matrices::tests_transition_matrix::test_transition_matrix_validation_incorrect_shape ... ok
[INFO] [stdout] test signal_analysis::hmm::hmm_matrices::tests_transition_matrix::test_transition_matrix_validation_invalid_value ... ok
[INFO] [stdout] test signal_analysis::hmm::hmm_matrices::tests_transition_matrix::test_transition_matrix_validation_matrix_empty ... ok
[INFO] [stdout] test signal_analysis::hmm::hmm_matrices::tests_transition_matrix::test_transition_matrix_validation_valid ... ok
[INFO] [stdout] test signal_analysis::hmm::hmm_matrices::tests_transition_matrix::test_transition_matrix_validation_rows_empty ... ok
[INFO] [stdout] test signal_analysis::hmm::hmm_tools::tests_state_matrix_1d::test_state_matrix_1d_empty ... ok
[INFO] [stdout] test signal_analysis::hmm::hmm_tools::tests_state_matrix_1d::test_state_matrix_1d_get_matrix ... ok
[INFO] [stdout] test signal_analysis::hmm::hmm_matrices::tests_transition_matrix::test_transition_matrix_indexing_usize ... ok
[INFO] [stdout] test signal_analysis::hmm::hmm_tools::tests_state_matrix_1d::test_state_matrix_1d_get_mut_matrix ... ok
[INFO] [stdout] test signal_analysis::hmm::hmm_tools::tests_state_matrix_1d::test_state_matrix_1d_index_usize ... ok
[INFO] [stdout] test signal_analysis::hmm::hmm_tools::tests_state_matrix_1d::test_state_matrix_1d_iter ... ok
[INFO] [stdout] test signal_analysis::hmm::hmm_tools::tests_state_matrix_1d::test_state_matrix_1d_new ... ok
[INFO] [stdout] test signal_analysis::hmm::hmm_tools::tests_state_matrix_2d::test_state_matrix_2d_empty ... ok
[INFO] [stdout] test signal_analysis::hmm::hmm_tools::tests_state_matrix_2d::test_state_matrix_2d_get_matrix ... ok
[INFO] [stdout] test signal_analysis::hmm::hmm_tools::tests_state_matrix_1d::test_state_matrix_1d_get_set_state ... ok
[INFO] [stdout] test signal_analysis::hmm::hmm_tools::tests_state_matrix_1d::test_state_matrix_1d_get_set_usize ... ok
[INFO] [stdout] test signal_analysis::hmm::hmm_tools::tests_state_matrix_1d::test_state_matrix_1d_index_state ... ok
[INFO] [stdout] test signal_analysis::hmm::hmm_tools::tests_state_matrix_2d::test_state_matrix_2d_get_mut_matrix ... ok
[INFO] [stdout] test signal_analysis::hmm::hmm_tools::tests_state_matrix_1d::test_state_matrix_1d_len ... ok
[INFO] [stdout] test signal_analysis::hmm::hmm_tools::tests_state_matrix_2d::test_state_matrix_2d_get_set_states ... ok
[INFO] [stdout] test signal_analysis::hmm::hmm_tools::tests_state_matrix_2d::test_state_matrix_2d_get_set_usize ... ok
[INFO] [stdout] test signal_analysis::hmm::hmm_tools::tests_state_matrix_2d::test_state_matrix_2d_index_states ... ok
[INFO] [stdout] test signal_analysis::hmm::hmm_tools::tests_state_matrix_2d::test_state_matrix_2d_len ... ok
[INFO] [stdout] test signal_analysis::hmm::hmm_tools::tests_state_matrix_2d::test_state_matrix_2d_iter ... ok
[INFO] [stdout] test signal_analysis::hmm::hmm_tools::tests_state_matrix_2d::test_state_matrix_2d_index_usize ... ok
[INFO] [stdout] test signal_analysis::hmm::hmm_tools::tests_state_matrix_2d::test_state_matrix_2d_shape ... ok
[INFO] [stdout] test signal_analysis::hmm::hmm_tools::tests_state_matrix_3d::test_state_matrix_3d_empty ... ok
[INFO] [stdout] test signal_analysis::hmm::hmm_tools::tests_state_matrix_2d::test_state_matrix_2d_new ... ok
[INFO] [stdout] test signal_analysis::hmm::hmm_tools::tests_state_matrix_3d::test_state_matrix_3d_get_matrix ... ok
[INFO] [stdout] test signal_analysis::hmm::hmm_tools::tests_state_matrix_3d::test_state_matrix_3d_get_set_states ... ok
[INFO] [stdout] test signal_analysis::hmm::hmm_tools::tests_state_matrix_3d::test_state_matrix_3d_get_set_usize ... ok
[INFO] [stdout] test signal_analysis::hmm::hmm_tools::tests_state_matrix_3d::test_state_matrix_3d_get_mut_matrix ... ok
[INFO] [stdout] test signal_analysis::hmm::hmm_tools::tests_state_matrix_3d::test_state_matrix_3d_index_states ... ok
[INFO] [stdout] test signal_analysis::hmm::hmm_tools::tests_state_matrix_3d::test_state_matrix_3d_index_usize ... ok
[INFO] [stdout] test signal_analysis::hmm::hmm_tools::tests_state_matrix_3d::test_state_matrix_3d_iter ... ok
[INFO] [stdout] test signal_analysis::hmm::hmm_tools::tests_state_matrix_3d::test_state_matrix_3d_len ... ok
[INFO] [stdout] test signal_analysis::hmm::hmm_tools::tests_state_matrix_3d::test_state_matrix_3d_new ... ok
[INFO] [stdout] test signal_analysis::hmm::hmm_tools::tests_state_matrix_3d::test_state_matrix_3d_shape ... ok
[INFO] [stdout] test signal_analysis::hmm::state::tests::test_idtarget_for_usize ... ok
[INFO] [stdout] test signal_analysis::hmm::kmeans::tests::test_k_means_1D ... ok
[INFO] [stdout] test signal_analysis::hmm::state::tests::test_idtarget_for_state ... ok
[INFO] [stdout] test signal_analysis::hmm::state::tests::test_state_creation ... ok
[INFO] [stdout] test signal_analysis::hmm::state::tests::test_set_name ... ok
[INFO] [stdout] test optimization::variable_subsets::tests_subsets::test_sample_individuals_with_max_min_constraints ... ok
[INFO] [stdout] test signal_analysis::hmm::hmm_matrices::tests_transition_matrix::test_random_transition_matrix_valid ... ok
[INFO] [stdout] test signal_analysis::hmm::state::tests::test_remove_from_state_vec ... FAILED
[INFO] [stdout] test optimization::multivariate_gaussian::tests::test_distribution_sampling ... ok
[INFO] [stdout] test optimization::variable_subsets::tests_subsets::test_initialize_population ... ok
[INFO] [stdout] test optimization::set_of_var_subsets::tests_set_var_subsets::test_initialize_population_with_distributions ... FAILED
[INFO] [stdout] 
[INFO] [stdout] failures:
[INFO] [stdout] 
[INFO] [stdout] ---- signal_analysis::hmm::state::tests::test_remove_from_state_vec stdout ----
[INFO] [stdout] thread 'signal_analysis::hmm::state::tests::test_remove_from_state_vec' panicked at src/signal_analysis/hmm/state.rs:195:9:
[INFO] [stdout] assertion `left == right` failed
[INFO] [stdout]   left: 1
[INFO] [stdout]  right: 2
[INFO] [stdout] stack backtrace:
[INFO] [stdout]    0:     0x56c8e96e8e1a - std::backtrace_rs::backtrace::libunwind::trace::h207520d6e9873551
[INFO] [stdout]                                at /rustc/df4ca44d3fbc9301ee17f30f4d474e6ae4b05252/library/std/src/../../backtrace/src/backtrace/libunwind.rs:116:5
[INFO] [stdout]    1:     0x56c8e96e8e1a - std::backtrace_rs::backtrace::trace_unsynchronized::h2ed7433f370e3eca
[INFO] [stdout]                                at /rustc/df4ca44d3fbc9301ee17f30f4d474e6ae4b05252/library/std/src/../../backtrace/src/backtrace/mod.rs:66:5
[INFO] [stdout]    2:     0x56c8e96e8e1a - std::sys::backtrace::_print_fmt::h916fac51166b18d7
[INFO] [stdout]                                at /rustc/df4ca44d3fbc9301ee17f30f4d474e6ae4b05252/library/std/src/sys/backtrace.rs:66:9
[INFO] [stdout]    3:     0x56c8e96e8e1a - <std::sys::backtrace::BacktraceLock::print::DisplayBacktrace as core::fmt::Display>::fmt::ha0a4c9b8ce3802e6
[INFO] [stdout]                                at /rustc/df4ca44d3fbc9301ee17f30f4d474e6ae4b05252/library/std/src/sys/backtrace.rs:39:26
[INFO] [stdout]    4:     0x56c8e9710763 - core::fmt::rt::Argument::fmt::h4cfc8587d52b3eb5
[INFO] [stdout]                                at /rustc/df4ca44d3fbc9301ee17f30f4d474e6ae4b05252/library/core/src/fmt/rt.rs:177:76
[INFO] [stdout]    5:     0x56c8e9710763 - core::fmt::write::h522cc39e5b36ae9f
[INFO] [stdout]                                at /rustc/df4ca44d3fbc9301ee17f30f4d474e6ae4b05252/library/core/src/fmt/mod.rs:1190:21
[INFO] [stdout]    6:     0x56c8e96e5a83 - std::io::Write::write_fmt::h7d3c26752da97734
[INFO] [stdout]                                at /rustc/df4ca44d3fbc9301ee17f30f4d474e6ae4b05252/library/std/src/io/mod.rs:1839:15
[INFO] [stdout]    7:     0x56c8e96e8c62 - std::sys::backtrace::BacktraceLock::print::h4b9e00b29e9c0942
[INFO] [stdout]                                at /rustc/df4ca44d3fbc9301ee17f30f4d474e6ae4b05252/library/std/src/sys/backtrace.rs:42:9
[INFO] [stdout]    8:     0x56c8e96ea2aa - std::panicking::default_hook::{{closure}}::hb59b88280d0324d9
[INFO] [stdout]                                at /rustc/df4ca44d3fbc9301ee17f30f4d474e6ae4b05252/library/std/src/panicking.rs:268:22
[INFO] [stdout]    9:     0x56c8e96ea0b4 - std::panicking::default_hook::he1dd496665be4a29
[INFO] [stdout]                                at /rustc/df4ca44d3fbc9301ee17f30f4d474e6ae4b05252/library/std/src/panicking.rs:292:9
[INFO] [stdout]   10:     0x56c8e9643d59 - <alloc::boxed::Box<F,A> as core::ops::function::Fn<Args>>::call::h4ff71de18744e1dc
[INFO] [stdout]                                at /rustc/df4ca44d3fbc9301ee17f30f4d474e6ae4b05252/library/alloc/src/boxed.rs:2468:9
[INFO] [stdout]   11:     0x56c8e9643d59 - test::test_main::{{closure}}::hcf7c055ce117aa81
[INFO] [stdout]                                at /rustc/df4ca44d3fbc9301ee17f30f4d474e6ae4b05252/library/test/src/lib.rs:133:21
[INFO] [stdout]   12:     0x56c8e96ea9a8 - <alloc::boxed::Box<F,A> as core::ops::function::Fn<Args>>::call::h1d66c6bbd60c9692
[INFO] [stdout]                                at /rustc/df4ca44d3fbc9301ee17f30f4d474e6ae4b05252/library/alloc/src/boxed.rs:2468:9
[INFO] [stdout]   13:     0x56c8e96ea9a8 - std::panicking::rust_panic_with_hook::h2ff17fe8f26dfcf8
[INFO] [stdout]                                at /rustc/df4ca44d3fbc9301ee17f30f4d474e6ae4b05252/library/std/src/panicking.rs:809:13
[INFO] [stdout]   14:     0x56c8e96ea76a - std::panicking::begin_panic_handler::{{closure}}::h4fad77951c07e101
[INFO] [stdout]                                at /rustc/df4ca44d3fbc9301ee17f30f4d474e6ae4b05252/library/std/src/panicking.rs:674:13
[INFO] [stdout]   15:     0x56c8e96e92f9 - std::sys::backtrace::__rust_end_short_backtrace::hb1a25b3da5d0ea08
[INFO] [stdout]                                at /rustc/df4ca44d3fbc9301ee17f30f4d474e6ae4b05252/library/std/src/sys/backtrace.rs:170:18
[INFO] [stdout]   16:     0x56c8e96ea3fc - rust_begin_unwind
[INFO] [stdout]                                at /rustc/df4ca44d3fbc9301ee17f30f4d474e6ae4b05252/library/std/src/panicking.rs:665:5
[INFO] [stdout]   17:     0x56c8e970e530 - core::panicking::panic_fmt::ha9db07b529f9b256
[INFO] [stdout]                                at /rustc/df4ca44d3fbc9301ee17f30f4d474e6ae4b05252/library/core/src/panicking.rs:75:14
[INFO] [stdout]   18:     0x56c8e970e8fb - core::panicking::assert_failed_inner::h04f38944d74a80a8
[INFO] [stdout]   19:     0x56c8e968e91f - core::panicking::assert_failed::h4249bf9e410ec134
[INFO] [stdout]                                at /rustc/df4ca44d3fbc9301ee17f30f4d474e6ae4b05252/library/core/src/panicking.rs:377:5
[INFO] [stdout]   20:     0x56c8e95b2eea - fret_lib::signal_analysis::hmm::state::tests::test_remove_from_state_vec::h7b326e8093e8553d
[INFO] [stdout]                                at /opt/rustwide/workdir/src/signal_analysis/hmm/state.rs:195:9
[INFO] [stdout]   21:     0x56c8e95b24e7 - fret_lib::signal_analysis::hmm::state::tests::test_remove_from_state_vec::{{closure}}::haec07564cd48811a
[INFO] [stdout]                                at /opt/rustwide/workdir/src/signal_analysis/hmm/state.rs:178:36
[INFO] [stdout]   22:     0x56c8e9603ad6 - core::ops::function::FnOnce::call_once::hfd7eff841c9ef738
[INFO] [stdout]                                at /rustc/df4ca44d3fbc9301ee17f30f4d474e6ae4b05252/library/core/src/ops/function.rs:250:5
[INFO] [stdout]   23:     0x56c8e964862b - core::ops::function::FnOnce::call_once::h22c3ba5715e93f05
[INFO] [stdout]                                at /rustc/df4ca44d3fbc9301ee17f30f4d474e6ae4b05252/library/core/src/ops/function.rs:250:5
[INFO] [stdout]   24:     0x56c8e964862b - test::__rust_begin_short_backtrace::h8e82d8113d0da17f
[INFO] [stdout]                                at /rustc/df4ca44d3fbc9301ee17f30f4d474e6ae4b05252/library/test/src/lib.rs:621:18
[INFO] [stdout]   25:     0x56c8e9647fa7 - test::run_test_in_process::{{closure}}::h33235f4f20b7b7c7
[INFO] [stdout]                                at /rustc/df4ca44d3fbc9301ee17f30f4d474e6ae4b05252/library/test/src/lib.rs:644:60
[INFO] [stdout]   26:     0x56c8e9647fa7 - <core::panic::unwind_safe::AssertUnwindSafe<F> as core::ops::function::FnOnce<()>>::call_once::hb5043206310c586f
[INFO] [stdout]                                at /rustc/df4ca44d3fbc9301ee17f30f4d474e6ae4b05252/library/core/src/panic/unwind_safe.rs:272:9
[INFO] [stdout]   27:     0x56c8e9647fa7 - std::panicking::try::do_call::h9ad4731a60ab23e2
[INFO] [stdout]                                at /rustc/df4ca44d3fbc9301ee17f30f4d474e6ae4b05252/library/std/src/panicking.rs:557:40
[INFO] [stdout]   28:     0x56c8e9647fa7 - std::panicking::try::h3824d23db772a716
[INFO] [stdout]                                at /rustc/df4ca44d3fbc9301ee17f30f4d474e6ae4b05252/library/std/src/panicking.rs:520:19
[INFO] [stdout]   29:     0x56c8e9647fa7 - std::panic::catch_unwind::h5afd514605fde46b
[INFO] [stdout]                                at /rustc/df4ca44d3fbc9301ee17f30f4d474e6ae4b05252/library/std/src/panic.rs:358:14
[INFO] [stdout]   30:     0x56c8e9647fa7 - test::run_test_in_process::h0d5cbfa7067d1720
[INFO] [stdout]                                at /rustc/df4ca44d3fbc9301ee17f30f4d474e6ae4b05252/library/test/src/lib.rs:644:27
[INFO] [stdout]   31:     0x56c8e9647fa7 - test::run_test::{{closure}}::h708eb8872708115d
[INFO] [stdout]                                at /rustc/df4ca44d3fbc9301ee17f30f4d474e6ae4b05252/library/test/src/lib.rs:565:43
[INFO] [stdout]   32:     0x56c8e960b6c4 - test::run_test::{{closure}}::h392c51cee94713ab
[INFO] [stdout]                                at /rustc/df4ca44d3fbc9301ee17f30f4d474e6ae4b05252/library/test/src/lib.rs:595:41
[INFO] [stdout]   33:     0x56c8e960b6c4 - std::sys::backtrace::__rust_begin_short_backtrace::h2f40290710935a8b
[INFO] [stdout]                                at /rustc/df4ca44d3fbc9301ee17f30f4d474e6ae4b05252/library/std/src/sys/backtrace.rs:154:18
[INFO] [stdout]   34:     0x56c8e960ee6e - std::thread::Builder::spawn_unchecked_::{{closure}}::{{closure}}::h3fd968d89053a903
[INFO] [stdout]                                at /rustc/df4ca44d3fbc9301ee17f30f4d474e6ae4b05252/library/std/src/thread/mod.rs:541:17
[INFO] [stdout]   35:     0x56c8e960ee6e - <core::panic::unwind_safe::AssertUnwindSafe<F> as core::ops::function::FnOnce<()>>::call_once::h743f637ba4229880
[INFO] [stdout]                                at /rustc/df4ca44d3fbc9301ee17f30f4d474e6ae4b05252/library/core/src/panic/unwind_safe.rs:272:9
[INFO] [stdout]   36:     0x56c8e960ee6e - std::panicking::try::do_call::h07440897322525a6
[INFO] [stdout]                                at /rustc/df4ca44d3fbc9301ee17f30f4d474e6ae4b05252/library/std/src/panicking.rs:557:40
[INFO] [stdout]   37:     0x56c8e960ee6e - std::panicking::try::he5a2e00188156637
[INFO] [stdout]                                at /rustc/df4ca44d3fbc9301ee17f30f4d474e6ae4b05252/library/std/src/panicking.rs:520:19
[INFO] [stdout]   38:     0x56c8e960ee6e - std::panic::catch_unwind::hbaf3cae49b3c6433
[INFO] [stdout]                                at /rustc/df4ca44d3fbc9301ee17f30f4d474e6ae4b05252/library/std/src/panic.rs:358:14
[INFO] [stdout]   39:     0x56c8e960ee6e - std::thread::Builder::spawn_unchecked_::{{closure}}::h8e141ea224820bce
[INFO] [stdout]                                at /rustc/df4ca44d3fbc9301ee17f30f4d474e6ae4b05252/library/std/src/thread/mod.rs:540:30
[INFO] [stdout]   40:     0x56c8e960ee6e - core::ops::function::FnOnce::call_once{{vtable.shim}}::h90d312fedd7b8ea8
[INFO] [stdout]                                at /rustc/df4ca44d3fbc9301ee17f30f4d474e6ae4b05252/library/core/src/ops/function.rs:250:5
[INFO] [stdout]   41:     0x56c8e96ee79b - <alloc::boxed::Box<F,A> as core::ops::function::FnOnce<Args>>::call_once::h69aa08ddb6adb8b6
[INFO] [stdout]                                at /rustc/df4ca44d3fbc9301ee17f30f4d474e6ae4b05252/library/alloc/src/boxed.rs:2454:9
[INFO] [stdout]   42:     0x56c8e96ee79b - <alloc::boxed::Box<F,A> as core::ops::function::FnOnce<Args>>::call_once::h5aa36efdb79c806f
[INFO] [stdout]                                at /rustc/df4ca44d3fbc9301ee17f30f4d474e6ae4b05252/library/alloc/src/boxed.rs:2454:9
[INFO] [stdout]   43:     0x56c8e96ee79b - std::sys::pal::unix::thread::Thread::new::thread_start::h6cd80a1b4be5158d
[INFO] [stdout]                                at /rustc/df4ca44d3fbc9301ee17f30f4d474e6ae4b05252/library/std/src/sys/pal/unix/thread.rs:105:17
[INFO] [stdout]   44:     0x79cd4c136ac3 - <unknown>
[INFO] [stdout]   45:     0x79cd4c1c7a04 - clone
[INFO] [stdout]   46:                0x0 - <unknown>
[INFO] [stdout] 
[INFO] [stdout] ---- optimization::set_of_var_subsets::tests_set_var_subsets::test_initialize_population_with_distributions stdout ----
[INFO] [stdout] Was here
[INFO] [stdout] Was here
[INFO] [stdout] Mean estimate: [0.9998479601279758, 1.994769628304909, 2.9953158608286095, 3.98914086332207]
[INFO] [stdout] thread 'optimization::set_of_var_subsets::tests_set_var_subsets::test_initialize_population_with_distributions' panicked at src/optimization/set_of_var_subsets.rs:1054:13:
[INFO] [stdout] Estimated mean for variable 3 differs significantly from the expected mean
[INFO] [stdout] stack backtrace:
[INFO] [stdout]    0:     0x56c8e96e8e1a - std::backtrace_rs::backtrace::libunwind::trace::h207520d6e9873551
[INFO] [stdout]                                at /rustc/df4ca44d3fbc9301ee17f30f4d474e6ae4b05252/library/std/src/../../backtrace/src/backtrace/libunwind.rs:116:5
[INFO] [stdout]    1:     0x56c8e96e8e1a - std::backtrace_rs::backtrace::trace_unsynchronized::h2ed7433f370e3eca
[INFO] [stdout]                                at /rustc/df4ca44d3fbc9301ee17f30f4d474e6ae4b05252/library/std/src/../../backtrace/src/backtrace/mod.rs:66:5
[INFO] [stdout]    2:     0x56c8e96e8e1a - std::sys::backtrace::_print_fmt::h916fac51166b18d7
[INFO] [stdout]                                at /rustc/df4ca44d3fbc9301ee17f30f4d474e6ae4b05252/library/std/src/sys/backtrace.rs:66:9
[INFO] [stdout]    3:     0x56c8e96e8e1a - <std::sys::backtrace::BacktraceLock::print::DisplayBacktrace as core::fmt::Display>::fmt::ha0a4c9b8ce3802e6
[INFO] [stdout]                                at /rustc/df4ca44d3fbc9301ee17f30f4d474e6ae4b05252/library/std/src/sys/backtrace.rs:39:26
[INFO] [stdout]    4:     0x56c8e9710763 - core::fmt::rt::Argument::fmt::h4cfc8587d52b3eb5
[INFO] [stdout]                                at /rustc/df4ca44d3fbc9301ee17f30f4d474e6ae4b05252/library/core/src/fmt/rt.rs:177:76
[INFO] [stdout]    5:     0x56c8e9710763 - core::fmt::write::h522cc39e5b36ae9f
[INFO] [stdout]                                at /rustc/df4ca44d3fbc9301ee17f30f4d474e6ae4b05252/library/core/src/fmt/mod.rs:1190:21
[INFO] [stdout]    6:     0x56c8e96e5a83 - std::io::Write::write_fmt::h7d3c26752da97734
[INFO] [stdout]                                at /rustc/df4ca44d3fbc9301ee17f30f4d474e6ae4b05252/library/std/src/io/mod.rs:1839:15
[INFO] [stdout]    7:     0x56c8e96e8c62 - std::sys::backtrace::BacktraceLock::print::h4b9e00b29e9c0942
[INFO] [stdout]                                at /rustc/df4ca44d3fbc9301ee17f30f4d474e6ae4b05252/library/std/src/sys/backtrace.rs:42:9
[INFO] [stdout]    8:     0x56c8e96ea2aa - std::panicking::default_hook::{{closure}}::hb59b88280d0324d9
[INFO] [stdout]                                at /rustc/df4ca44d3fbc9301ee17f30f4d474e6ae4b05252/library/std/src/panicking.rs:268:22
[INFO] [stdout]    9:     0x56c8e96ea0b4 - std::panicking::default_hook::he1dd496665be4a29
[INFO] [stdout]                                at /rustc/df4ca44d3fbc9301ee17f30f4d474e6ae4b05252/library/std/src/panicking.rs:292:9
[INFO] [stdout]   10:     0x56c8e9643d59 - <alloc::boxed::Box<F,A> as core::ops::function::Fn<Args>>::call::h4ff71de18744e1dc
[INFO] [stdout]                                at /rustc/df4ca44d3fbc9301ee17f30f4d474e6ae4b05252/library/alloc/src/boxed.rs:2468:9
[INFO] [stdout]   11:     0x56c8e9643d59 - test::test_main::{{closure}}::hcf7c055ce117aa81
[INFO] [stdout]                                at /rustc/df4ca44d3fbc9301ee17f30f4d474e6ae4b05252/library/test/src/lib.rs:133:21
[INFO] [stdout]   12:     0x56c8e96ea9a8 - <alloc::boxed::Box<F,A> as core::ops::function::Fn<Args>>::call::h1d66c6bbd60c9692
[INFO] [stdout]                                at /rustc/df4ca44d3fbc9301ee17f30f4d474e6ae4b05252/library/alloc/src/boxed.rs:2468:9
[INFO] [stdout]   13:     0x56c8e96ea9a8 - std::panicking::rust_panic_with_hook::h2ff17fe8f26dfcf8
[INFO] [stdout]                                at /rustc/df4ca44d3fbc9301ee17f30f4d474e6ae4b05252/library/std/src/panicking.rs:809:13
[INFO] [stdout]   14:     0x56c8e96ea76a - std::panicking::begin_panic_handler::{{closure}}::h4fad77951c07e101
[INFO] [stdout]                                at /rustc/df4ca44d3fbc9301ee17f30f4d474e6ae4b05252/library/std/src/panicking.rs:674:13
[INFO] [stdout]   15:     0x56c8e96e92f9 - std::sys::backtrace::__rust_end_short_backtrace::hb1a25b3da5d0ea08
[INFO] [stdout]                                at /rustc/df4ca44d3fbc9301ee17f30f4d474e6ae4b05252/library/std/src/sys/backtrace.rs:170:18
[INFO] [stdout]   16:     0x56c8e96ea3fc - rust_begin_unwind
[INFO] [stdout]                                at /rustc/df4ca44d3fbc9301ee17f30f4d474e6ae4b05252/library/std/src/panicking.rs:665:5
[INFO] [stdout]   17:     0x56c8e970e530 - core::panicking::panic_fmt::ha9db07b529f9b256
[INFO] [stdout]                                at /rustc/df4ca44d3fbc9301ee17f30f4d474e6ae4b05252/library/core/src/panicking.rs:75:14
[INFO] [stdout]   18:     0x56c8e95ecbf3 - fret_lib::optimization::set_of_var_subsets::tests_set_var_subsets::test_initialize_population_with_distributions::he34c373ed53c2de0
[INFO] [stdout]                                at /opt/rustwide/workdir/src/optimization/set_of_var_subsets.rs:1054:13
[INFO] [stdout]   19:     0x56c8e95eb9c7 - fret_lib::optimization::set_of_var_subsets::tests_set_var_subsets::test_initialize_population_with_distributions::{{closure}}::h5a219b22d9025202
[INFO] [stdout]                                at /opt/rustwide/workdir/src/optimization/set_of_var_subsets.rs:1005:55
[INFO] [stdout]   20:     0x56c8e9603666 - core::ops::function::FnOnce::call_once::he0429bf7afb87373
[INFO] [stdout]                                at /rustc/df4ca44d3fbc9301ee17f30f4d474e6ae4b05252/library/core/src/ops/function.rs:250:5
[INFO] [stdout]   21:     0x56c8e964862b - core::ops::function::FnOnce::call_once::h22c3ba5715e93f05
[INFO] [stdout]                                at /rustc/df4ca44d3fbc9301ee17f30f4d474e6ae4b05252/library/core/src/ops/function.rs:250:5
[INFO] [stdout]   22:     0x56c8e964862b - test::__rust_begin_short_backtrace::h8e82d8113d0da17f
[INFO] [stdout]                                at /rustc/df4ca44d3fbc9301ee17f30f4d474e6ae4b05252/library/test/src/lib.rs:621:18
[INFO] [stdout]   23:     0x56c8e9647fa7 - test::run_test_in_process::{{closure}}::h33235f4f20b7b7c7
[INFO] [stdout]                                at /rustc/df4ca44d3fbc9301ee17f30f4d474e6ae4b05252/library/test/src/lib.rs:644:60
[INFO] [stdout]   24:     0x56c8e9647fa7 - <core::panic::unwind_safe::AssertUnwindSafe<F> as core::ops::function::FnOnce<()>>::call_once::hb5043206310c586f
[INFO] [stdout]                                at /rustc/df4ca44d3fbc9301ee17f30f4d474e6ae4b05252/library/core/src/panic/unwind_safe.rs:272:9
[INFO] [stdout]   25:     0x56c8e9647fa7 - std::panicking::try::do_call::h9ad4731a60ab23e2
[INFO] [stdout]                                at /rustc/df4ca44d3fbc9301ee17f30f4d474e6ae4b05252/library/std/src/panicking.rs:557:40
[INFO] [stdout]   26:     0x56c8e9647fa7 - std::panicking::try::h3824d23db772a716
[INFO] [stdout]                                at /rustc/df4ca44d3fbc9301ee17f30f4d474e6ae4b05252/library/std/src/panicking.rs:520:19
[INFO] [stdout]   27:     0x56c8e9647fa7 - std::panic::catch_unwind::h5afd514605fde46b
[INFO] [stdout]                                at /rustc/df4ca44d3fbc9301ee17f30f4d474e6ae4b05252/library/std/src/panic.rs:358:14
[INFO] [stdout]   28:     0x56c8e9647fa7 - test::run_test_in_process::h0d5cbfa7067d1720
[INFO] [stdout]                                at /rustc/df4ca44d3fbc9301ee17f30f4d474e6ae4b05252/library/test/src/lib.rs:644:27
[INFO] [stdout]   29:     0x56c8e9647fa7 - test::run_test::{{closure}}::h708eb8872708115d
[INFO] [stdout]                                at /rustc/df4ca44d3fbc9301ee17f30f4d474e6ae4b05252/library/test/src/lib.rs:565:43
[INFO] [stdout]   30:     0x56c8e960b6c4 - test::run_test::{{closure}}::h392c51cee94713ab
[INFO] [stdout]                                at /rustc/df4ca44d3fbc9301ee17f30f4d474e6ae4b05252/library/test/src/lib.rs:595:41
[INFO] [stdout]   31:     0x56c8e960b6c4 - std::sys::backtrace::__rust_begin_short_backtrace::h2f40290710935a8b
[INFO] [stdout]                                at /rustc/df4ca44d3fbc9301ee17f30f4d474e6ae4b05252/library/std/src/sys/backtrace.rs:154:18
[INFO] [stdout]   32:     0x56c8e960ee6e - std::thread::Builder::spawn_unchecked_::{{closure}}::{{closure}}::h3fd968d89053a903
[INFO] [stdout]                                at /rustc/df4ca44d3fbc9301ee17f30f4d474e6ae4b05252/library/std/src/thread/mod.rs:541:17
[INFO] [stdout]   33:     0x56c8e960ee6e - <core::panic::unwind_safe::AssertUnwindSafe<F> as core::ops::function::FnOnce<()>>::call_once::h743f637ba4229880
[INFO] [stdout]                                at /rustc/df4ca44d3fbc9301ee17f30f4d474e6ae4b05252/library/core/src/panic/unwind_safe.rs:272:9
[INFO] [stdout]   34:     0x56c8e960ee6e - std::panicking::try::do_call::h07440897322525a6
[INFO] [stdout]                                at /rustc/df4ca44d3fbc9301ee17f30f4d474e6ae4b05252/library/std/src/panicking.rs:557:40
[INFO] [stdout]   35:     0x56c8e960ee6e - std::panicking::try::he5a2e00188156637
[INFO] [stdout]                                at /rustc/df4ca44d3fbc9301ee17f30f4d474e6ae4b05252/library/std/src/panicking.rs:520:19
[INFO] [stdout]   36:     0x56c8e960ee6e - std::panic::catch_unwind::hbaf3cae49b3c6433
[INFO] [stdout]                                at /rustc/df4ca44d3fbc9301ee17f30f4d474e6ae4b05252/library/std/src/panic.rs:358:14
[INFO] [stdout]   37:     0x56c8e960ee6e - std::thread::Builder::spawn_unchecked_::{{closure}}::h8e141ea224820bce
[INFO] [stdout]                                at /rustc/df4ca44d3fbc9301ee17f30f4d474e6ae4b05252/library/std/src/thread/mod.rs:540:30
[INFO] [stdout]   38:     0x56c8e960ee6e - core::ops::function::FnOnce::call_once{{vtable.shim}}::h90d312fedd7b8ea8
[INFO] [stdout]                                at /rustc/df4ca44d3fbc9301ee17f30f4d474e6ae4b05252/library/core/src/ops/function.rs:250:5
[INFO] [stdout]   39:     0x56c8e96ee79b - <alloc::boxed::Box<F,A> as core::ops::function::FnOnce<Args>>::call_once::h69aa08ddb6adb8b6
[INFO] [stdout]                                at /rustc/df4ca44d3fbc9301ee17f30f4d474e6ae4b05252/library/alloc/src/boxed.rs:2454:9
[INFO] [stdout]   40:     0x56c8e96ee79b - <alloc::boxed::Box<F,A> as core::ops::function::FnOnce<Args>>::call_once::h5aa36efdb79c806f
[INFO] [stdout]                                at /rustc/df4ca44d3fbc9301ee17f30f4d474e6ae4b05252/library/alloc/src/boxed.rs:2454:9
[INFO] [stdout]   41:     0x56c8e96ee79b - std::sys::pal::unix::thread::Thread::new::thread_start::h6cd80a1b4be5158d
[INFO] [stdout]                                at /rustc/df4ca44d3fbc9301ee17f30f4d474e6ae4b05252/library/std/src/sys/pal/unix/thread.rs:105:17
[INFO] [stdout]   42:     0x79cd4c136ac3 - <unknown>
[INFO] [stdout]   43:     0x79cd4c1c7a04 - clone
[INFO] [stdout]   44:                0x0 - <unknown>
[INFO] [stdout] 
[INFO] [stdout] 
[INFO] [stdout] failures:
[INFO] [stdout]     optimization::set_of_var_subsets::tests_set_var_subsets::test_initialize_population_with_distributions
[INFO] [stdout]     signal_analysis::hmm::state::tests::test_remove_from_state_vec
[INFO] [stdout] 
[INFO] [stdout] test result: FAILED. 136 passed; 2 failed; 0 ignored; 0 measured; 0 filtered out; finished in 0.76s
[INFO] [stdout] 
[INFO] [stderr] error: test failed, to rerun pass `--lib`
[INFO] running `Command { std: "docker" "inspect" "8b7af099e262a4a3fe03b87e8c181cf80b78dd788d373aba47eece5701e60af6", kill_on_drop: false }`
[INFO] running `Command { std: "docker" "rm" "-f" "8b7af099e262a4a3fe03b87e8c181cf80b78dd788d373aba47eece5701e60af6", kill_on_drop: false }`
[INFO] [stdout] 8b7af099e262a4a3fe03b87e8c181cf80b78dd788d373aba47eece5701e60af6
