[INFO] cloning repository https://github.com/andreban/cloud-datastore-rs
[INFO] running `Command { std: "git" "-c" "credential.helper=" "-c" "credential.helper=/workspace/cargo-home/bin/git-credential-null" "clone" "--bare" "https://github.com/andreban/cloud-datastore-rs" "/workspace/cache/git-repos/https%3A%2F%2Fgithub.com%2Fandreban%2Fcloud-datastore-rs", kill_on_drop: false }`
[INFO] [stderr] Cloning into bare repository '/workspace/cache/git-repos/https%3A%2F%2Fgithub.com%2Fandreban%2Fcloud-datastore-rs'...
[INFO] running `Command { std: "git" "rev-parse" "HEAD", kill_on_drop: false }`
[INFO] [stdout] c7939194bfe3473f151b1db3acc122f182606e58
[INFO] testing andreban/cloud-datastore-rs/c7939194bfe3473f151b1db3acc122f182606e58 against nightly-2024-10-28 for randomize-layout
[INFO] running `Command { std: "git" "clone" "/workspace/cache/git-repos/https%3A%2F%2Fgithub.com%2Fandreban%2Fcloud-datastore-rs" "/workspace/builds/worker-4-tc1/source", kill_on_drop: false }`
[INFO] [stderr] Cloning into '/workspace/builds/worker-4-tc1/source'...
[INFO] [stderr] done.
[INFO] validating manifest of git repo https://github.com/andreban/cloud-datastore-rs on toolchain nightly-2024-10-28
[INFO] running `Command { std: CARGO_HOME="/workspace/cargo-home" RUSTUP_HOME="/workspace/rustup-home" "/workspace/cargo-home/bin/cargo" "+nightly-2024-10-28" "metadata" "--manifest-path" "Cargo.toml" "--no-deps", kill_on_drop: false }`
[INFO] started tweaking git repo https://github.com/andreban/cloud-datastore-rs
[INFO] finished tweaking git repo https://github.com/andreban/cloud-datastore-rs
[INFO] tweaked toml for git repo https://github.com/andreban/cloud-datastore-rs written to /workspace/builds/worker-4-tc1/source/Cargo.toml
[INFO] crate git repo https://github.com/andreban/cloud-datastore-rs already has a lockfile, it will not be regenerated
[INFO] running `Command { std: CARGO_HOME="/workspace/cargo-home" RUSTUP_HOME="/workspace/rustup-home" "/workspace/cargo-home/bin/cargo" "+nightly-2024-10-28" "fetch" "--manifest-path" "Cargo.toml", kill_on_drop: false }`
[INFO] [stderr]     Updating crates.io index
[INFO] [stderr]  Downloading crates ...
[INFO] [stderr]   Downloaded cc v1.1.20
[INFO] [stderr]   Downloaded prost-build v0.13.2
[INFO] [stderr]   Downloaded rustls-native-certs v0.8.0
[INFO] [stderr]   Downloaded hyper-timeout v0.5.1
[INFO] [stderr]   Downloaded gcp_auth v0.12.2
[INFO] [stderr]   Downloaded tonic-types v0.12.2
[INFO] [stderr]   Downloaded tonic-build v0.12.2
[INFO] [stderr]   Downloaded hyper-util v0.1.8
[INFO] [stderr]   Downloaded tonic v0.12.3
[INFO] running `Command { std: "docker" "create" "-v" "/var/lib/crater-agent-workspace/builds/worker-4-tc1/target:/opt/rustwide/target:rw,Z" "-v" "/var/lib/crater-agent-workspace/builds/worker-4-tc1/source:/opt/rustwide/workdir:ro,Z" "-v" "/var/lib/crater-agent-workspace/cargo-home:/opt/rustwide/cargo-home:ro,Z" "-v" "/var/lib/crater-agent-workspace/rustup-home:/opt/rustwide/rustup-home:ro,Z" "-e" "SOURCE_DIR=/opt/rustwide/workdir" "-e" "CARGO_TARGET_DIR=/opt/rustwide/target" "-e" "CARGO_HOME=/opt/rustwide/cargo-home" "-e" "RUSTUP_HOME=/opt/rustwide/rustup-home" "-w" "/opt/rustwide/workdir" "-m" "1610612736" "--user" "0:0" "--network" "none" "ghcr.io/rust-lang/crates-build-env/linux@sha256:4a844ea9eb2546a2d2c7022eacef16ef2e8229c7fbb2c7d4d55a9ceca922f72d" "/opt/rustwide/cargo-home/bin/cargo" "+nightly-2024-10-28" "metadata" "--no-deps" "--format-version=1", kill_on_drop: false }`
[INFO] [stdout] 72e7d6ccb91c9ed3a61b90998ccb8cadaa97c225488297ef8c9ef1b46f398159
[INFO] running `Command { std: "docker" "start" "-a" "72e7d6ccb91c9ed3a61b90998ccb8cadaa97c225488297ef8c9ef1b46f398159", kill_on_drop: false }`
[INFO] running `Command { std: "docker" "inspect" "72e7d6ccb91c9ed3a61b90998ccb8cadaa97c225488297ef8c9ef1b46f398159", kill_on_drop: false }`
[INFO] running `Command { std: "docker" "rm" "-f" "72e7d6ccb91c9ed3a61b90998ccb8cadaa97c225488297ef8c9ef1b46f398159", kill_on_drop: false }`
[INFO] [stdout] 72e7d6ccb91c9ed3a61b90998ccb8cadaa97c225488297ef8c9ef1b46f398159
[INFO] running `Command { std: "docker" "create" "-v" "/var/lib/crater-agent-workspace/builds/worker-4-tc1/target:/opt/rustwide/target:rw,Z" "-v" "/var/lib/crater-agent-workspace/builds/worker-4-tc1/source:/opt/rustwide/workdir:ro,Z" "-v" "/var/lib/crater-agent-workspace/cargo-home:/opt/rustwide/cargo-home:ro,Z" "-v" "/var/lib/crater-agent-workspace/rustup-home:/opt/rustwide/rustup-home:ro,Z" "-e" "SOURCE_DIR=/opt/rustwide/workdir" "-e" "CARGO_TARGET_DIR=/opt/rustwide/target" "-e" "CARGO_INCREMENTAL=0" "-e" "RUST_BACKTRACE=full" "-e" "RUSTFLAGS=--cap-lints=forbid" "-e" "RUSTDOCFLAGS=--cap-lints=forbid" "-e" "CARGO_HOME=/opt/rustwide/cargo-home" "-e" "RUSTUP_HOME=/opt/rustwide/rustup-home" "-w" "/opt/rustwide/workdir" "-m" "1610612736" "--user" "0:0" "--network" "none" "ghcr.io/rust-lang/crates-build-env/linux@sha256:4a844ea9eb2546a2d2c7022eacef16ef2e8229c7fbb2c7d4d55a9ceca922f72d" "/opt/rustwide/cargo-home/bin/cargo" "+nightly-2024-10-28" "build" "--frozen" "--message-format=json", kill_on_drop: false }`
[INFO] [stdout] eceb53887d188baf66b7e755c294b6c90cc279409c14a025170c43b1321e8589
[INFO] running `Command { std: "docker" "start" "-a" "eceb53887d188baf66b7e755c294b6c90cc279409c14a025170c43b1321e8589", kill_on_drop: false }`
[INFO] [stderr]    Compiling proc-macro2 v1.0.86
[INFO] [stderr]    Compiling unicode-ident v1.0.13
[INFO] [stderr]    Compiling autocfg v1.3.0
[INFO] [stderr]    Compiling libc v0.2.158
[INFO] [stderr]    Compiling pin-project-lite v0.2.14
[INFO] [stderr]    Compiling bytes v1.7.1
[INFO] [stderr]    Compiling futures-core v0.3.30
[INFO] [stderr]    Compiling parking_lot_core v0.9.10
[INFO] [stderr]    Compiling futures-sink v0.3.30
[INFO] [stderr]    Compiling smallvec v1.13.2
[INFO] [stderr]    Compiling memchr v2.7.4
[INFO] [stderr]    Compiling once_cell v1.19.0
[INFO] [stderr]    Compiling itoa v1.0.11
[INFO] [stderr]    Compiling byteorder v1.5.0
[INFO] [stderr]    Compiling shlex v1.3.0
[INFO] [stderr]    Compiling rustversion v1.0.17
[INFO] [stderr]    Compiling tower-service v0.3.3
[INFO] [stderr]    Compiling tower-layer v0.3.3
[INFO] [stderr]    Compiling futures-channel v0.3.30
[INFO] [stderr]    Compiling httparse v1.9.4
[INFO] [stderr]    Compiling rustls-pki-types v1.8.0
[INFO] [stderr]    Compiling equivalent v1.0.1
[INFO] [stderr]    Compiling cc v1.1.20
[INFO] [stderr]    Compiling tracing-core v0.1.32
[INFO] [stderr]    Compiling hashbrown v0.14.5
[INFO] [stderr]    Compiling serde v1.0.210
[INFO] [stderr]    Compiling spin v0.9.8
[INFO] [stderr]    Compiling atomic-waker v1.1.2
[INFO] [stderr]    Compiling untrusted v0.9.0
[INFO] [stderr]    Compiling try-lock v0.2.5
[INFO] [stderr]    Compiling anyhow v1.0.89
[INFO] [stderr]    Compiling rustls v0.23.13
[INFO] [stderr]    Compiling base64 v0.22.1
[INFO] [stderr]    Compiling want v0.3.1
[INFO] [stderr]    Compiling slab v0.4.9
[INFO] [stderr]    Compiling lock_api v0.4.12
[INFO] [stderr]    Compiling indexmap v1.9.3
[INFO] [stderr]    Compiling http v1.1.0
[INFO] [stderr]    Compiling log v0.4.22
[INFO] [stderr]    Compiling either v1.13.0
[INFO] [stderr]    Compiling subtle v2.6.1
[INFO] [stderr]    Compiling zeroize v1.8.1
[INFO] [stderr]    Compiling quote v1.0.37
[INFO] [stderr]    Compiling percent-encoding v2.3.1
[INFO] [stderr]    Compiling rustls-pemfile v2.1.3
[INFO] [stderr]    Compiling itertools v0.13.0
[INFO] [stderr]    Compiling indexmap v2.5.0
[INFO] [stderr]    Compiling axum-core v0.4.3
[INFO] [stderr]    Compiling tinyvec v1.8.0
[INFO] [stderr]    Compiling axum v0.7.5
[INFO] [stderr]    Compiling syn v2.0.77
[INFO] [stderr]    Compiling num-traits v0.2.19
[INFO] [stderr]    Compiling rustls-native-certs v0.8.0
[INFO] [stderr]    Compiling sync_wrapper v0.1.2
[INFO] [stderr]    Compiling sync_wrapper v1.0.1
[INFO] [stderr]    Compiling getrandom v0.2.15
[INFO] [stderr]    Compiling socket2 v0.5.7
[INFO] [stderr]    Compiling signal-hook-registry v1.4.2
[INFO] [stderr]    Compiling mio v1.0.2
[INFO] [stderr]    Compiling matchit v0.7.3
[INFO] [stderr]    Compiling rand_core v0.6.4
[INFO] [stderr]    Compiling thiserror v1.0.63
[INFO] [stderr]    Compiling unicode-bidi v0.3.15
[INFO] [stderr]    Compiling parking_lot v0.12.3
[INFO] [stderr]    Compiling http-body v1.0.1
[INFO] [stderr]    Compiling serde_json v1.0.128
[INFO] [stderr]    Compiling form_urlencoded v1.2.1
[INFO] [stderr]    Compiling iana-time-zone v0.1.61
[INFO] [stderr]    Compiling ryu v1.0.18
[INFO] [stderr]    Compiling home v0.5.9
[INFO] [stderr]    Compiling tower v0.5.1
[INFO] [stderr]    Compiling ring v0.17.8
[INFO] [stderr]    Compiling unicode-normalization v0.1.24
[INFO] [stderr]    Compiling idna v0.5.0
[INFO] [stderr]    Compiling url v2.5.2
[INFO] [stderr]    Compiling futures-macro v0.3.30
[INFO] [stderr]    Compiling tokio-macros v2.4.0
[INFO] [stderr]    Compiling tracing-attributes v0.1.27
[INFO] [stderr]    Compiling zerocopy-derive v0.7.35
[INFO] [stderr]    Compiling pin-project-internal v1.1.5
[INFO] [stderr]    Compiling serde_derive v1.0.210
[INFO] [stderr]    Compiling async-trait v0.1.82
[INFO] [stderr]    Compiling prost-derive v0.13.2
[INFO] [stderr]    Compiling async-stream-impl v0.3.5
[INFO] [stderr]    Compiling thiserror-impl v1.0.63
[INFO] [stderr]    Compiling async-stream v0.3.5
[INFO] [stderr]    Compiling tokio v1.40.0
[INFO] [stderr]    Compiling rustls-webpki v0.102.8
[INFO] [stderr]    Compiling zerocopy v0.7.35
[INFO] [stderr]    Compiling futures-util v0.3.30
[INFO] [stderr]    Compiling tracing v0.1.40
[INFO] [stderr]    Compiling pin-project v1.1.5
[INFO] [stderr]    Compiling tracing-futures v0.2.5
[INFO] [stderr]    Compiling ppv-lite86 v0.2.20
[INFO] [stderr]    Compiling prost v0.13.2
[INFO] [stderr]    Compiling rand_chacha v0.3.1
[INFO] [stderr]    Compiling prost-types v0.13.2
[INFO] [stderr]    Compiling rand v0.8.5
[INFO] [stderr]    Compiling http-body-util v0.1.2
[INFO] [stderr]    Compiling futures-executor v0.3.30
[INFO] [stderr]    Compiling futures v0.3.30
[INFO] [stderr]    Compiling tokio-util v0.7.12
[INFO] [stderr]    Compiling tokio-rustls v0.26.0
[INFO] [stderr]    Compiling tokio-stream v0.1.16
[INFO] [stderr]    Compiling chrono v0.4.38
[INFO] [stderr]    Compiling tower v0.4.13
[INFO] [stderr]    Compiling h2 v0.4.6
[INFO] [stderr]    Compiling hyper v1.4.1
[INFO] [stderr]    Compiling hyper-util v0.1.8
[INFO] [stderr]    Compiling hyper-timeout v0.5.1
[INFO] [stderr]    Compiling hyper-rustls v0.27.3
[INFO] [stderr]    Compiling tonic v0.12.3
[INFO] [stderr]    Compiling gcp_auth v0.12.2
[INFO] [stderr]    Compiling tonic-types v0.12.2
[INFO] [stderr]    Compiling cloud-datastore-rs v0.1.0 (/opt/rustwide/workdir)
[INFO] [stderr]     Finished `dev` profile [unoptimized + debuginfo] target(s) in 15.31s
[INFO] running `Command { std: "docker" "inspect" "eceb53887d188baf66b7e755c294b6c90cc279409c14a025170c43b1321e8589", kill_on_drop: false }`
[INFO] running `Command { std: "docker" "rm" "-f" "eceb53887d188baf66b7e755c294b6c90cc279409c14a025170c43b1321e8589", kill_on_drop: false }`
[INFO] [stdout] eceb53887d188baf66b7e755c294b6c90cc279409c14a025170c43b1321e8589
[INFO] running `Command { std: "docker" "create" "-v" "/var/lib/crater-agent-workspace/builds/worker-4-tc1/target:/opt/rustwide/target:rw,Z" "-v" "/var/lib/crater-agent-workspace/builds/worker-4-tc1/source:/opt/rustwide/workdir:ro,Z" "-v" "/var/lib/crater-agent-workspace/cargo-home:/opt/rustwide/cargo-home:ro,Z" "-v" "/var/lib/crater-agent-workspace/rustup-home:/opt/rustwide/rustup-home:ro,Z" "-e" "SOURCE_DIR=/opt/rustwide/workdir" "-e" "CARGO_TARGET_DIR=/opt/rustwide/target" "-e" "CARGO_INCREMENTAL=0" "-e" "RUST_BACKTRACE=full" "-e" "RUSTFLAGS=--cap-lints=forbid" "-e" "RUSTDOCFLAGS=--cap-lints=forbid" "-e" "CARGO_HOME=/opt/rustwide/cargo-home" "-e" "RUSTUP_HOME=/opt/rustwide/rustup-home" "-w" "/opt/rustwide/workdir" "-m" "1610612736" "--user" "0:0" "--network" "none" "ghcr.io/rust-lang/crates-build-env/linux@sha256:4a844ea9eb2546a2d2c7022eacef16ef2e8229c7fbb2c7d4d55a9ceca922f72d" "/opt/rustwide/cargo-home/bin/cargo" "+nightly-2024-10-28" "test" "--frozen" "--no-run" "--message-format=json", kill_on_drop: false }`
[INFO] [stdout] 8cd6834116d05a36d78f775d5165ec0605e9748f446c20f0b5ffeb8d77523cf4
[INFO] running `Command { std: "docker" "start" "-a" "8cd6834116d05a36d78f775d5165ec0605e9748f446c20f0b5ffeb8d77523cf4", kill_on_drop: false }`
[INFO] [stderr]    Compiling tracing-core v0.1.32
[INFO] [stderr]    Compiling log v0.4.22
[INFO] [stderr]    Compiling overload v0.1.1
[INFO] [stderr]    Compiling thread_local v1.1.8
[INFO] [stderr]    Compiling sharded-slab v0.1.7
[INFO] [stderr]    Compiling nu-ansi-term v0.46.0
[INFO] [stderr]    Compiling rustls v0.23.13
[INFO] [stderr]    Compiling tracing v0.1.40
[INFO] [stderr]    Compiling tracing-log v0.2.0
[INFO] [stderr]    Compiling tower v0.4.13
[INFO] [stderr]    Compiling h2 v0.4.6
[INFO] [stderr]    Compiling tracing-futures v0.2.5
[INFO] [stderr]    Compiling tracing-subscriber v0.3.18
[INFO] [stderr]    Compiling axum v0.7.5
[INFO] [stderr]    Compiling hyper v1.4.1
[INFO] [stderr]    Compiling tokio-rustls v0.26.0
[INFO] [stderr]    Compiling hyper-util v0.1.8
[INFO] [stderr]    Compiling hyper-timeout v0.5.1
[INFO] [stderr]    Compiling hyper-rustls v0.27.3
[INFO] [stderr]    Compiling tonic v0.12.3
[INFO] [stderr]    Compiling gcp_auth v0.12.2
[INFO] [stderr]    Compiling tonic-types v0.12.2
[INFO] [stderr]    Compiling cloud-datastore-rs v0.1.0 (/opt/rustwide/workdir)
[INFO] [stderr]     Finished `test` profile [unoptimized + debuginfo] target(s) in 8.16s
[INFO] running `Command { std: "docker" "inspect" "8cd6834116d05a36d78f775d5165ec0605e9748f446c20f0b5ffeb8d77523cf4", kill_on_drop: false }`
[INFO] running `Command { std: "docker" "rm" "-f" "8cd6834116d05a36d78f775d5165ec0605e9748f446c20f0b5ffeb8d77523cf4", kill_on_drop: false }`
[INFO] [stdout] 8cd6834116d05a36d78f775d5165ec0605e9748f446c20f0b5ffeb8d77523cf4
[INFO] running `Command { std: "docker" "create" "-v" "/var/lib/crater-agent-workspace/builds/worker-4-tc1/target:/opt/rustwide/target:rw,Z" "-v" "/var/lib/crater-agent-workspace/builds/worker-4-tc1/source:/opt/rustwide/workdir:ro,Z" "-v" "/var/lib/crater-agent-workspace/cargo-home:/opt/rustwide/cargo-home:ro,Z" "-v" "/var/lib/crater-agent-workspace/rustup-home:/opt/rustwide/rustup-home:ro,Z" "-e" "SOURCE_DIR=/opt/rustwide/workdir" "-e" "CARGO_TARGET_DIR=/opt/rustwide/target" "-e" "CARGO_INCREMENTAL=0" "-e" "RUST_BACKTRACE=full" "-e" "RUSTFLAGS=--cap-lints=forbid" "-e" "RUSTDOCFLAGS=--cap-lints=forbid" "-e" "CARGO_HOME=/opt/rustwide/cargo-home" "-e" "RUSTUP_HOME=/opt/rustwide/rustup-home" "-w" "/opt/rustwide/workdir" "-m" "1610612736" "--user" "0:0" "--network" "none" "ghcr.io/rust-lang/crates-build-env/linux@sha256:4a844ea9eb2546a2d2c7022eacef16ef2e8229c7fbb2c7d4d55a9ceca922f72d" "/opt/rustwide/cargo-home/bin/cargo" "+nightly-2024-10-28" "test" "--frozen", kill_on_drop: false }`
[INFO] [stdout] 742733f37363aae3c980aa07333844c3f93663acfb9ece64ff7ea7c74151ce1b
[INFO] running `Command { std: "docker" "start" "-a" "742733f37363aae3c980aa07333844c3f93663acfb9ece64ff7ea7c74151ce1b", kill_on_drop: false }`
[INFO] [stderr]     Finished `test` profile [unoptimized + debuginfo] target(s) in 0.10s
[INFO] [stderr]      Running unittests src/lib.rs (/opt/rustwide/target/debug/deps/cloud_datastore_rs-8a7ec746b56490c4)
[INFO] [stdout] 
[INFO] [stdout] running 0 tests
[INFO] [stdout] 
[INFO] [stdout] test result: ok. 0 passed; 0 failed; 0 ignored; 0 measured; 0 filtered out; finished in 0.00s
[INFO] [stdout] 
[INFO] [stderr]    Doc-tests cloud_datastore_rs
[INFO] [stdout] 
[INFO] [stdout] running 42 tests
[INFO] [stdout] test src/google/google.api.rs - google::api::HttpRule (line 47) ... FAILED
[INFO] [stdout] test src/google/google.api.rs - google::api::HttpRule (line 156) ... FAILED
[INFO] [stdout] test src/google/google.api.rs - google::api::HttpRule (line 70) ... FAILED
[INFO] [stdout] test src/google/google.api.rs - google::api::RoutingParameter::path_template (line 1362) ... FAILED
[INFO] [stdout] test src/google/google.api.rs - google::api::HttpRule (line 128) ... FAILED
[INFO] [stdout] test src/google/google.api.rs - google::api::RoutingParameter::path_template (line 1326) ... FAILED
[INFO] [stdout] test src/google/google.api.rs - google::api::HttpRule (line 103) ... FAILED
[INFO] [stdout] test src/google/google.api.rs - google::api::MethodSettings::long_running (line 700) ... FAILED
[INFO] [stdout] test src/google/google.api.rs - google::api::MethodSettings::auto_populated_fields (line 716) ... FAILED
[INFO] [stdout] test src/google/google.api.rs - google::api::HttpRule (line 254) ... FAILED
[INFO] [stdout] test src/google/google.api.rs - google::api::HttpRule (line 200) ... FAILED
[INFO] [stdout] test src/google/google.api.rs - google::api::RoutingRule (line 1006) ... FAILED
[INFO] [stdout] test src/google/google.api.rs - google::api::RoutingRule (line 1033) ... FAILED
[INFO] [stdout] test src/google/google.api.rs - google::api::MethodSettings::selector (line 688) ... FAILED
[INFO] [stdout] test src/google/google.api.rs - google::api::RoutingParameter::path_template (line 1356) ... FAILED
[INFO] [stdout] test src/google/google.api.rs - google::api::RoutingRule (line 1053) ... FAILED
[INFO] [stdout] test src/google/google.api.rs - google::api::RoutingRule (line 1125) ... FAILED
[INFO] [stdout] test src/google/google.api.rs - google::api::RoutingRule (line 1098) ... FAILED
[INFO] [stdout] test src/google/google.api.rs - google::api::RoutingRule (line 1078) ... FAILED
[INFO] [stdout] test src/google/google.api.rs - google::api::RoutingRule (line 1157) ... FAILED
[INFO] [stdout] test src/google/google.api.rs - google::api::RoutingRule (line 1217) ... FAILED
[INFO] [stdout] test src/google/google.api.rs - google::api::RoutingRule (line 1185) ... FAILED
[INFO] [stdout] test src/google/google.api.rs - google::api::RoutingRule (line 1022) ... FAILED
[INFO] [stdout] test src/google/google.api.rs - google::api::RoutingRule (line 944) ... FAILED
[INFO] [stdout] test src/google/google.api.rs - google::api::RoutingRule (line 1293) ... FAILED
[INFO] [stdout] test src/google/google.api.rs - google::api::RoutingRule (line 1249) ... FAILED
[INFO] [stdout] test src/google/google.api.rs - google::api::RoutingRule (line 961) ... FAILED
[INFO] [stdout] test src/google/google.api.rs - google::api::RoutingRule (line 987) ... FAILED
[INFO] [stdout] test src/google/google.api.rs - google::api::RoutingRule (line 1042) ... FAILED
[INFO] [stdout] test src/google/google.api.rs - google::api::RoutingRule (line 1088) ... FAILED
[INFO] [stdout] test src/google/google.api.rs - google::api::RoutingRule (line 1062) ... FAILED
[INFO] [stdout] test src/google/google.api.rs - google::api::RoutingRule (line 1140) ... FAILED
[INFO] [stdout] test src/google/google.api.rs - google::api::RoutingRule (line 1108) ... FAILED
[INFO] [stdout] test src/google/google.api.rs - google::api::RoutingRule (line 1201) ... FAILED
[INFO] [stdout] test src/google/google.api.rs - google::api::RoutingRule (line 1167) ... FAILED
[INFO] [stdout] test src/google/google.datastore.v1.rs - google::datastore::v1::aggregation_query::aggregation::Count::up_to (line 446) ... FAILED
[INFO] [stdout] test src/google/google.datastore.v1.rs - google::datastore::v1::aggregation_query::Aggregation::alias (line 402) ... FAILED
[INFO] [stdout] test src/google/google.datastore.v1.rs - google::datastore::v1::aggregation_query::Aggregation::alias (line 389) ... FAILED
[INFO] [stdout] test src/google/google.api.rs - google::api::RoutingRule (line 1228) ... FAILED
[INFO] [stdout] test src/google/google.api.rs - google::api::RoutingRule (line 1257) ... FAILED
[INFO] [stdout] test src/google/google.api.rs - google::api::RoutingRule (line 978) ... FAILED
[INFO] [stdout] test src/google/google.api.rs - google::api::RoutingRule (line 996) ... FAILED
[INFO] [stdout] 
[INFO] [stdout] failures:
[INFO] [stdout] 
[INFO] [stdout] ---- src/google/google.api.rs - google::api::HttpRule (line 47) stdout ----
[INFO] [stdout] error: expected one of `!`, `.`, `::`, `;`, `?`, `{`, `}`, or an operator, found `Messaging`
[INFO] [stdout]  --> src/google/google.api.rs:48:9
[INFO] [stdout]   |
[INFO] [stdout] 3 | service Messaging {
[INFO] [stdout]   |         ^^^^^^^^^ expected one of 8 possible tokens
[INFO] [stdout] 
[INFO] [stdout] error: aborting due to 1 previous error
[INFO] [stdout] 
[INFO] [stdout] Couldn't compile the test.
[INFO] [stdout] ---- src/google/google.api.rs - google::api::HttpRule (line 156) stdout ----
[INFO] [stdout] error: expected one of `!`, `.`, `::`, `;`, `?`, `{`, `}`, or an operator, found `Messaging`
[INFO] [stdout]  --> src/google/google.api.rs:157:9
[INFO] [stdout]   |
[INFO] [stdout] 3 | service Messaging {
[INFO] [stdout]   |         ^^^^^^^^^ expected one of 8 possible tokens
[INFO] [stdout] 
[INFO] [stdout] error: aborting due to 1 previous error
[INFO] [stdout] 
[INFO] [stdout] Couldn't compile the test.
[INFO] [stdout] ---- src/google/google.api.rs - google::api::HttpRule (line 70) stdout ----
[INFO] [stdout] error: expected one of `!`, `.`, `::`, `;`, `?`, `{`, `}`, or an operator, found `Messaging`
[INFO] [stdout]  --> src/google/google.api.rs:71:9
[INFO] [stdout]   |
[INFO] [stdout] 3 | service Messaging {
[INFO] [stdout]   |         ^^^^^^^^^ expected one of 8 possible tokens
[INFO] [stdout] 
[INFO] [stdout] error: aborting due to 1 previous error
[INFO] [stdout] 
[INFO] [stdout] Couldn't compile the test.
[INFO] [stdout] ---- src/google/google.api.rs - google::api::RoutingParameter::path_template (line 1362) stdout ----
[INFO] [stdout] error: expected one of `!`, `.`, `::`, `;`, `?`, `{`, `}`, or an operator, found `:`
[INFO] [stdout]  --> src/google/google.api.rs:1364:9
[INFO] [stdout]   |
[INFO] [stdout] 4 |    field: "table_name"
[INFO] [stdout]   |         ^ expected one of 8 possible tokens
[INFO] [stdout] 
[INFO] [stdout] error: aborting due to 1 previous error
[INFO] [stdout] 
[INFO] [stdout] Couldn't compile the test.
[INFO] [stdout] ---- src/google/google.api.rs - google::api::HttpRule (line 128) stdout ----
[INFO] [stdout] error: expected one of `!`, `.`, `::`, `;`, `?`, `{`, `}`, or an operator, found `Messaging`
[INFO] [stdout]  --> src/google/google.api.rs:129:9
[INFO] [stdout]   |
[INFO] [stdout] 3 | service Messaging {
[INFO] [stdout]   |         ^^^^^^^^^ expected one of 8 possible tokens
[INFO] [stdout] 
[INFO] [stdout] error: aborting due to 1 previous error
[INFO] [stdout] 
[INFO] [stdout] Couldn't compile the test.
[INFO] [stdout] ---- src/google/google.api.rs - google::api::RoutingParameter::path_template (line 1326) stdout ----
[INFO] [stdout] error: expected one of `!`, `.`, `::`, `;`, `?`, `{`, `}`, or an operator, found `is`
[INFO] [stdout]  --> src/google/google.api.rs:1327:9
[INFO] [stdout]   |
[INFO] [stdout] 3 | -- This is a field in the request message
[INFO] [stdout]   |         ^^ expected one of 8 possible tokens
[INFO] [stdout] 
[INFO] [stdout] error: aborting due to 1 previous error
[INFO] [stdout] 
[INFO] [stdout] Couldn't compile the test.
[INFO] [stdout] ---- src/google/google.api.rs - google::api::HttpRule (line 103) stdout ----
[INFO] [stdout] error: expected one of `!`, `.`, `::`, `;`, `?`, `{`, `}`, or an operator, found `Messaging`
[INFO] [stdout]  --> src/google/google.api.rs:104:9
[INFO] [stdout]   |
[INFO] [stdout] 3 | service Messaging {
[INFO] [stdout]   |         ^^^^^^^^^ expected one of 8 possible tokens
[INFO] [stdout] 
[INFO] [stdout] error: aborting due to 1 previous error
[INFO] [stdout] 
[INFO] [stdout] Couldn't compile the test.
[INFO] [stdout] ---- src/google/google.api.rs - google::api::MethodSettings::long_running (line 700) stdout ----
[INFO] [stdout] error: expected identifier, found `:`
[INFO] [stdout]  --> src/google/google.api.rs:701:11
[INFO] [stdout]   |
[INFO] [stdout] 3 | publishing:
[INFO] [stdout]   |           ^ expected identifier
[INFO] [stdout] 
[INFO] [stdout] error: aborting due to 1 previous error
[INFO] [stdout] 
[INFO] [stdout] Couldn't compile the test.
[INFO] [stdout] ---- src/google/google.api.rs - google::api::MethodSettings::auto_populated_fields (line 716) stdout ----
[INFO] [stdout] error: expected identifier, found `:`
[INFO] [stdout]  --> src/google/google.api.rs:717:11
[INFO] [stdout]   |
[INFO] [stdout] 3 | publishing:
[INFO] [stdout]   |           ^ expected identifier
[INFO] [stdout] 
[INFO] [stdout] error: aborting due to 1 previous error
[INFO] [stdout] 
[INFO] [stdout] Couldn't compile the test.
[INFO] [stdout] ---- src/google/google.api.rs - google::api::HttpRule (line 254) stdout ----
[INFO] [stdout] error: expected identifier, found `:`
[INFO] [stdout]  --> src/google/google.api.rs:255:5
[INFO] [stdout]   |
[INFO] [stdout] 3 | http:
[INFO] [stdout]   |     ^ expected identifier
[INFO] [stdout] 
[INFO] [stdout] error: aborting due to 1 previous error
[INFO] [stdout] 
[INFO] [stdout] Couldn't compile the test.
[INFO] [stdout] ---- src/google/google.api.rs - google::api::HttpRule (line 200) stdout ----
[INFO] [stdout] error: unknown start of token: \
[INFO] [stdout]  --> src/google/google.api.rs:201:25
[INFO] [stdout]   |
[INFO] [stdout] 3 | Template = "/" Segments \[ Verb \] ;
[INFO] [stdout]   |                         ^
[INFO] [stdout] 
[INFO] [stdout] error: unknown start of token: \
[INFO] [stdout]  --> src/google/google.api.rs:201:33
[INFO] [stdout]   |
[INFO] [stdout] 3 | Template = "/" Segments \[ Verb \] ;
[INFO] [stdout]   |                                 ^
[INFO] [stdout] 
[INFO] [stdout] error: unknown start of token: \
[INFO] [stdout]  --> src/google/google.api.rs:204:27
[INFO] [stdout]   |
[INFO] [stdout] 6 |  Variable = "{" FieldPath \[ "=" Segments \] "}" ;
[INFO] [stdout]   |                           ^
[INFO] [stdout] 
[INFO] [stdout] error: unknown start of token: \
[INFO] [stdout]  --> src/google/google.api.rs:204:43
[INFO] [stdout]   |
[INFO] [stdout] 6 |  Variable = "{" FieldPath \[ "=" Segments \] "}" ;
[INFO] [stdout]   |                                           ^
[INFO] [stdout] 
[INFO] [stdout] error: expected one of `.`, `;`, `?`, `}`, or an operator, found `Segments`
[INFO] [stdout]  --> src/google/google.api.rs:201:16
[INFO] [stdout]   |
[INFO] [stdout] 3 | Template = "/" Segments \[ Verb \] ;
[INFO] [stdout]   |                ^^^^^^^^ expected one of `.`, `;`, `?`, `}`, or an operator
[INFO] [stdout] 
[INFO] [stdout] error: aborting due to 5 previous errors
[INFO] [stdout] 
[INFO] [stdout] Couldn't compile the test.
[INFO] [stdout] ---- src/google/google.api.rs - google::api::RoutingRule (line 1006) stdout ----
[INFO] [stdout] error: expected identifier, found `:`
[INFO] [stdout]  --> src/google/google.api.rs:1007:22
[INFO] [stdout]   |
[INFO] [stdout] 3 | x-goog-request-params: routing_id=profiles/prof_qux
[INFO] [stdout]   |                      ^ expected identifier
[INFO] [stdout]   |
[INFO] [stdout]   = note: type ascription syntax has been removed, see issue #101728 <https://github.com/rust-lang/rust/issues/101728>
[INFO] [stdout] help: you might have meant to introduce a new binding
[INFO] [stdout]   |
[INFO] [stdout] 3 | x-goog-request-let params: routing_id=profiles/prof_qux
[INFO] [stdout]   |                +++
[INFO] [stdout] 
[INFO] [stdout] error: aborting due to 1 previous error
[INFO] [stdout] 
[INFO] [stdout] Couldn't compile the test.
[INFO] [stdout] ---- src/google/google.api.rs - google::api::RoutingRule (line 1033) stdout ----
[INFO] [stdout] error: expected identifier, found `:`
[INFO] [stdout]  --> src/google/google.api.rs:1034:22
[INFO] [stdout]   |
[INFO] [stdout] 3 | x-goog-request-params:
[INFO] [stdout]   |                      ^ expected identifier
[INFO] [stdout]   |
[INFO] [stdout]   = note: type ascription syntax has been removed, see issue #101728 <https://github.com/rust-lang/rust/issues/101728>
[INFO] [stdout] help: you might have meant to introduce a new binding
[INFO] [stdout]   |
[INFO] [stdout] 3 | x-goog-request-let params:
[INFO] [stdout]   |                +++
[INFO] [stdout] 
[INFO] [stdout] error: aborting due to 1 previous error
[INFO] [stdout] 
[INFO] [stdout] Couldn't compile the test.
[INFO] [stdout] ---- src/google/google.api.rs - google::api::MethodSettings::selector (line 688) stdout ----
[INFO] [stdout] error: expected identifier, found `:`
[INFO] [stdout]  --> src/google/google.api.rs:689:11
[INFO] [stdout]   |
[INFO] [stdout] 3 | publishing:
[INFO] [stdout]   |           ^ expected identifier
[INFO] [stdout] 
[INFO] [stdout] error: aborting due to 1 previous error
[INFO] [stdout] 
[INFO] [stdout] Couldn't compile the test.
[INFO] [stdout] ---- src/google/google.api.rs - google::api::RoutingParameter::path_template (line 1356) stdout ----
[INFO] [stdout] error: struct literal body without path
[INFO] [stdout]  --> src/google/google.api.rs:1357:1
[INFO] [stdout]   |
[INFO] [stdout] 3 | / {
[INFO] [stdout] 4 | |    field: "table_name"
[INFO] [stdout] 5 | |  }
[INFO] [stdout]   | |__^
[INFO] [stdout]   |
[INFO] [stdout] help: you might have forgotten to add the struct literal inside the block
[INFO] [stdout]   |
[INFO] [stdout] 3 ~ { SomeStruct {
[INFO] [stdout] 4 |    field: "table_name"
[INFO] [stdout] 5 ~  } }
[INFO] [stdout]   |
[INFO] [stdout] 
[INFO] [stdout] error: aborting due to 1 previous error
[INFO] [stdout] 
[INFO] [stdout] Couldn't compile the test.
[INFO] [stdout] ---- src/google/google.api.rs - google::api::RoutingRule (line 1053) stdout ----
[INFO] [stdout] error: expected one of `!`, `(`, `+`, `::`, `<`, `>`, or `as`, found `routing`
[INFO] [stdout]  --> src/google/google.api.rs:1054:5
[INFO] [stdout]   |
[INFO] [stdout] 3 | <no routing header will be sent>
[INFO] [stdout]   |     ^^^^^^^ expected one of 7 possible tokens
[INFO] [stdout] 
[INFO] [stdout] error: aborting due to 1 previous error
[INFO] [stdout] 
[INFO] [stdout] Couldn't compile the test.
[INFO] [stdout] ---- src/google/google.api.rs - google::api::RoutingRule (line 1125) stdout ----
[INFO] [stdout] error: expected identifier, found `:`
[INFO] [stdout]  --> src/google/google.api.rs:1126:22
[INFO] [stdout]   |
[INFO] [stdout] 3 | x-goog-request-params:
[INFO] [stdout]   |                      ^ expected identifier
[INFO] [stdout]   |
[INFO] [stdout]   = note: type ascription syntax has been removed, see issue #101728 <https://github.com/rust-lang/rust/issues/101728>
[INFO] [stdout] help: you might have meant to introduce a new binding
[INFO] [stdout]   |
[INFO] [stdout] 3 | x-goog-request-let params:
[INFO] [stdout]   |                +++
[INFO] [stdout] 
[INFO] [stdout] error: aborting due to 1 previous error
[INFO] [stdout] 
[INFO] [stdout] Couldn't compile the test.
[INFO] [stdout] ---- src/google/google.api.rs - google::api::RoutingRule (line 1098) stdout ----
[INFO] [stdout] error: expected identifier, found `:`
[INFO] [stdout]  --> src/google/google.api.rs:1099:22
[INFO] [stdout]   |
[INFO] [stdout] 3 | x-goog-request-params: routing_id=projects/proj_foo
[INFO] [stdout]   |                      ^ expected identifier
[INFO] [stdout]   |
[INFO] [stdout]   = note: type ascription syntax has been removed, see issue #101728 <https://github.com/rust-lang/rust/issues/101728>
[INFO] [stdout] help: you might have meant to introduce a new binding
[INFO] [stdout]   |
[INFO] [stdout] 3 | x-goog-request-let params: routing_id=projects/proj_foo
[INFO] [stdout]   |                +++
[INFO] [stdout] 
[INFO] [stdout] error: aborting due to 1 previous error
[INFO] [stdout] 
[INFO] [stdout] Couldn't compile the test.
[INFO] [stdout] ---- src/google/google.api.rs - google::api::RoutingRule (line 1078) stdout ----
[INFO] [stdout] error: expected identifier, found `:`
[INFO] [stdout]  --> src/google/google.api.rs:1079:22
[INFO] [stdout]   |
[INFO] [stdout] 3 | x-goog-request-params:
[INFO] [stdout]   |                      ^ expected identifier
[INFO] [stdout]   |
[INFO] [stdout]   = note: type ascription syntax has been removed, see issue #101728 <https://github.com/rust-lang/rust/issues/101728>
[INFO] [stdout] help: you might have meant to introduce a new binding
[INFO] [stdout]   |
[INFO] [stdout] 3 | x-goog-request-let params:
[INFO] [stdout]   |                +++
[INFO] [stdout] 
[INFO] [stdout] error: aborting due to 1 previous error
[INFO] [stdout] 
[INFO] [stdout] Couldn't compile the test.
[INFO] [stdout] ---- src/google/google.api.rs - google::api::RoutingRule (line 1157) stdout ----
[INFO] [stdout] error: expected identifier, found `:`
[INFO] [stdout]  --> src/google/google.api.rs:1158:22
[INFO] [stdout]   |
[INFO] [stdout] 3 | x-goog-request-params:
[INFO] [stdout]   |                      ^ expected identifier
[INFO] [stdout]   |
[INFO] [stdout]   = note: type ascription syntax has been removed, see issue #101728 <https://github.com/rust-lang/rust/issues/101728>
[INFO] [stdout] help: you might have meant to introduce a new binding
[INFO] [stdout]   |
[INFO] [stdout] 3 | x-goog-request-let params:
[INFO] [stdout]   |                +++
[INFO] [stdout] 
[INFO] [stdout] error: aborting due to 1 previous error
[INFO] [stdout] 
[INFO] [stdout] Couldn't compile the test.
[INFO] [stdout] ---- src/google/google.api.rs - google::api::RoutingRule (line 1217) stdout ----
[INFO] [stdout] error: expected identifier, found `:`
[INFO] [stdout]  --> src/google/google.api.rs:1218:22
[INFO] [stdout]   |
[INFO] [stdout] 3 | x-goog-request-params:
[INFO] [stdout]   |                      ^ expected identifier
[INFO] [stdout]   |
[INFO] [stdout]   = note: type ascription syntax has been removed, see issue #101728 <https://github.com/rust-lang/rust/issues/101728>
[INFO] [stdout] help: you might have meant to introduce a new binding
[INFO] [stdout]   |
[INFO] [stdout] 3 | x-goog-request-let params:
[INFO] [stdout]   |                +++
[INFO] [stdout] 
[INFO] [stdout] error: aborting due to 1 previous error
[INFO] [stdout] 
[INFO] [stdout] Couldn't compile the test.
[INFO] [stdout] ---- src/google/google.api.rs - google::api::RoutingRule (line 1185) stdout ----
[INFO] [stdout] error: expected identifier, found `:`
[INFO] [stdout]  --> src/google/google.api.rs:1186:22
[INFO] [stdout]   |
[INFO] [stdout] 3 | x-goog-request-params:
[INFO] [stdout]   |                      ^ expected identifier
[INFO] [stdout]   |
[INFO] [stdout]   = note: type ascription syntax has been removed, see issue #101728 <https://github.com/rust-lang/rust/issues/101728>
[INFO] [stdout] help: you might have meant to introduce a new binding
[INFO] [stdout]   |
[INFO] [stdout] 3 | x-goog-request-let params:
[INFO] [stdout]   |                +++
[INFO] [stdout] 
[INFO] [stdout] error: aborting due to 1 previous error
[INFO] [stdout] 
[INFO] [stdout] Couldn't compile the test.
[INFO] [stdout] ---- src/google/google.api.rs - google::api::RoutingRule (line 1022) stdout ----
[INFO] [stdout] error: expected one of `,`, `.`, `?`, `}`, or an operator, found `path_template`
[INFO] [stdout]  --> src/google/google.api.rs:1028:6
[INFO] [stdout]   |
[INFO] [stdout] 6 |    routing_parameters {
[INFO] [stdout]   |    ------------------ while parsing this struct
[INFO] [stdout] 7 |      field: "table_name"
[INFO] [stdout]   |                         -
[INFO] [stdout]   |                         |
[INFO] [stdout]   |                         expected one of `,`, `.`, `?`, `}`, or an operator
[INFO] [stdout]   |                         help: try adding a comma: `,`
[INFO] [stdout] 8 |      path_template: "{table_name=projects/*/instances/*/**}"
[INFO] [stdout]   |      ^^^^^^^^^^^^^ unexpected token
[INFO] [stdout] 
[INFO] [stdout] error[E0425]: cannot find value `google` in this scope
[INFO] [stdout]  --> src/google/google.api.rs:1023:9
[INFO] [stdout]   |
[INFO] [stdout] 3 | option (google.api.routing) = {
[INFO] [stdout]   |         ^^^^^^ not found in this scope
[INFO] [stdout] 
[INFO] [stdout] error[E0422]: cannot find struct, variant or union type `routing_parameters` in this scope
[INFO] [stdout]  --> src/google/google.api.rs:1026:4
[INFO] [stdout]   |
[INFO] [stdout] 6 |    routing_parameters {
[INFO] [stdout]   |    ^^^^^^^^^^^^^^^^^^ not found in this scope
[INFO] [stdout] 
[INFO] [stdout] error[E0425]: cannot find function `option` in this scope
[INFO] [stdout]  --> src/google/google.api.rs:1023:1
[INFO] [stdout]   |
[INFO] [stdout] 3 | option (google.api.routing) = {
[INFO] [stdout]   | ^^^^^^ not found in this scope
[INFO] [stdout] 
[INFO] [stdout] error[E0070]: invalid left-hand side of assignment
[INFO] [stdout]  --> src/google/google.api.rs:1023:29
[INFO] [stdout]   |
[INFO] [stdout] 3 | option (google.api.routing) = {
[INFO] [stdout]   | --------------------------- ^
[INFO] [stdout]   | |
[INFO] [stdout]   | cannot assign to this expression
[INFO] [stdout] 
[INFO] [stdout] error: aborting due to 5 previous errors
[INFO] [stdout] 
[INFO] [stdout] Some errors have detailed explanations: E0070, E0422, E0425.
[INFO] [stdout] For more information about an error, try `rustc --explain E0070`.
[INFO] [stdout] Couldn't compile the test.
[INFO] [stdout] ---- src/google/google.api.rs - google::api::RoutingRule (line 944) stdout ----
[INFO] [stdout] error: expected one of `!`, `.`, `::`, `;`, `?`, `{`, `}`, or an operator, found `Request`
[INFO] [stdout]  --> src/google/google.api.rs:945:9
[INFO] [stdout]   |
[INFO] [stdout] 3 | message Request {
[INFO] [stdout]   |         ^^^^^^^ expected one of 8 possible tokens
[INFO] [stdout] 
[INFO] [stdout] error: aborting due to 1 previous error
[INFO] [stdout] 
[INFO] [stdout] Couldn't compile the test.
[INFO] [stdout] ---- src/google/google.api.rs - google::api::RoutingRule (line 1293) stdout ----
[INFO] [stdout] error: expected identifier, found `:`
[INFO] [stdout]  --> src/google/google.api.rs:1294:22
[INFO] [stdout]   |
[INFO] [stdout] 3 | x-goog-request-params:
[INFO] [stdout]   |                      ^ expected identifier
[INFO] [stdout]   |
[INFO] [stdout]   = note: type ascription syntax has been removed, see issue #101728 <https://github.com/rust-lang/rust/issues/101728>
[INFO] [stdout] help: you might have meant to introduce a new binding
[INFO] [stdout]   |
[INFO] [stdout] 3 | x-goog-request-let params:
[INFO] [stdout]   |                +++
[INFO] [stdout] 
[INFO] [stdout] error: aborting due to 1 previous error
[INFO] [stdout] 
[INFO] [stdout] Couldn't compile the test.
[INFO] [stdout] ---- src/google/google.api.rs - google::api::RoutingRule (line 1249) stdout ----
[INFO] [stdout] error: expected identifier, found `:`
[INFO] [stdout]  --> src/google/google.api.rs:1250:22
[INFO] [stdout]   |
[INFO] [stdout] 3 | x-goog-request-params: routing_id=profiles/prof_qux
[INFO] [stdout]   |                      ^ expected identifier
[INFO] [stdout]   |
[INFO] [stdout]   = note: type ascription syntax has been removed, see issue #101728 <https://github.com/rust-lang/rust/issues/101728>
[INFO] [stdout] help: you might have meant to introduce a new binding
[INFO] [stdout]   |
[INFO] [stdout] 3 | x-goog-request-let params: routing_id=profiles/prof_qux
[INFO] [stdout]   |                +++
[INFO] [stdout] 
[INFO] [stdout] error: aborting due to 1 previous error
[INFO] [stdout] 
[INFO] [stdout] Couldn't compile the test.
[INFO] [stdout] ---- src/google/google.api.rs - google::api::RoutingRule (line 961) stdout ----
[INFO] [stdout] error: struct literal body without path
[INFO] [stdout]  --> src/google/google.api.rs:962:1
[INFO] [stdout]   |
[INFO] [stdout] 3 | / {
[INFO] [stdout] 4 | |    table_name: projects/proj_foo/instances/instance_bar/table/table_baz,
[INFO] [stdout] 5 | |    app_profile_id: profiles/prof_qux
[INFO] [stdout] 6 | |  }
[INFO] [stdout]   | |__^
[INFO] [stdout]   |
[INFO] [stdout] help: you might have forgotten to add the struct literal inside the block
[INFO] [stdout]   |
[INFO] [stdout] 3 ~ { SomeStruct {
[INFO] [stdout] 4 |    table_name: projects/proj_foo/instances/instance_bar/table/table_baz,
[INFO] [stdout] 5 |    app_profile_id: profiles/prof_qux
[INFO] [stdout] 6 ~  } }
[INFO] [stdout]   |
[INFO] [stdout] 
[INFO] [stdout] error: aborting due to 1 previous error
[INFO] [stdout] 
[INFO] [stdout] Couldn't compile the test.
[INFO] [stdout] ---- src/google/google.api.rs - google::api::RoutingRule (line 987) stdout ----
[INFO] [stdout] error: expected identifier, found `:`
[INFO] [stdout]  --> src/google/google.api.rs:988:22
[INFO] [stdout]   |
[INFO] [stdout] 3 | x-goog-request-params: app_profile_id=profiles/prof_qux
[INFO] [stdout]   |                      ^ expected identifier
[INFO] [stdout]   |
[INFO] [stdout]   = note: type ascription syntax has been removed, see issue #101728 <https://github.com/rust-lang/rust/issues/101728>
[INFO] [stdout] help: you might have meant to introduce a new binding
[INFO] [stdout]   |
[INFO] [stdout] 3 | x-goog-request-let params: app_profile_id=profiles/prof_qux
[INFO] [stdout]   |                +++
[INFO] [stdout] 
[INFO] [stdout] error: aborting due to 1 previous error
[INFO] [stdout] 
[INFO] [stdout] Couldn't compile the test.
[INFO] [stdout] ---- src/google/google.api.rs - google::api::RoutingRule (line 1042) stdout ----
[INFO] [stdout] error: expected one of `,`, `.`, `?`, `}`, or an operator, found `path_template`
[INFO] [stdout]  --> src/google/google.api.rs:1048:6
[INFO] [stdout]   |
[INFO] [stdout] 6 |    routing_parameters {
[INFO] [stdout]   |    ------------------ while parsing this struct
[INFO] [stdout] 7 |      field: "table_name"
[INFO] [stdout]   |                         -
[INFO] [stdout]   |                         |
[INFO] [stdout]   |                         expected one of `,`, `.`, `?`, `}`, or an operator
[INFO] [stdout]   |                         help: try adding a comma: `,`
[INFO] [stdout] 8 |      path_template: "{table_name=regions/*/zones/*/**}"
[INFO] [stdout]   |      ^^^^^^^^^^^^^ unexpected token
[INFO] [stdout] 
[INFO] [stdout] error[E0425]: cannot find value `google` in this scope
[INFO] [stdout]  --> src/google/google.api.rs:1043:9
[INFO] [stdout]   |
[INFO] [stdout] 3 | option (google.api.routing) = {
[INFO] [stdout]   |         ^^^^^^ not found in this scope
[INFO] [stdout] 
[INFO] [stdout] error[E0422]: cannot find struct, variant or union type `routing_parameters` in this scope
[INFO] [stdout]  --> src/google/google.api.rs:1046:4
[INFO] [stdout]   |
[INFO] [stdout] 6 |    routing_parameters {
[INFO] [stdout]   |    ^^^^^^^^^^^^^^^^^^ not found in this scope
[INFO] [stdout] 
[INFO] [stdout] error[E0425]: cannot find function `option` in this scope
[INFO] [stdout]  --> src/google/google.api.rs:1043:1
[INFO] [stdout]   |
[INFO] [stdout] 3 | option (google.api.routing) = {
[INFO] [stdout]   | ^^^^^^ not found in this scope
[INFO] [stdout] 
[INFO] [stdout] error[E0070]: invalid left-hand side of assignment
[INFO] [stdout]  --> src/google/google.api.rs:1043:29
[INFO] [stdout]   |
[INFO] [stdout] 3 | option (google.api.routing) = {
[INFO] [stdout]   | --------------------------- ^
[INFO] [stdout]   | |
[INFO] [stdout]   | cannot assign to this expression
[INFO] [stdout] 
[INFO] [stdout] error: aborting due to 5 previous errors
[INFO] [stdout] 
[INFO] [stdout] Some errors have detailed explanations: E0070, E0422, E0425.
[INFO] [stdout] For more information about an error, try `rustc --explain E0070`.
[INFO] [stdout] Couldn't compile the test.
[INFO] [stdout] ---- src/google/google.api.rs - google::api::RoutingRule (line 1088) stdout ----
[INFO] [stdout] error: expected one of `,`, `.`, `?`, `}`, or an operator, found `path_template`
[INFO] [stdout]  --> src/google/google.api.rs:1093:6
[INFO] [stdout]   |
[INFO] [stdout] 5 |    routing_parameters {
[INFO] [stdout]   |    ------------------ while parsing this struct
[INFO] [stdout] 6 |      field: "table_name"
[INFO] [stdout]   |                         -
[INFO] [stdout]   |                         |
[INFO] [stdout]   |                         expected one of `,`, `.`, `?`, `}`, or an operator
[INFO] [stdout]   |                         help: try adding a comma: `,`
[INFO] [stdout] 7 |      path_template: "{routing_id=projects/*}/**"
[INFO] [stdout]   |      ^^^^^^^^^^^^^ unexpected token
[INFO] [stdout] 
[INFO] [stdout] error[E0425]: cannot find value `google` in this scope
[INFO] [stdout]  --> src/google/google.api.rs:1089:9
[INFO] [stdout]   |
[INFO] [stdout] 3 | option (google.api.routing) = {
[INFO] [stdout]   |         ^^^^^^ not found in this scope
[INFO] [stdout] 
[INFO] [stdout] error[E0422]: cannot find struct, variant or union type `routing_parameters` in this scope
[INFO] [stdout]  --> src/google/google.api.rs:1091:4
[INFO] [stdout]   |
[INFO] [stdout] 5 |    routing_parameters {
[INFO] [stdout]   |    ^^^^^^^^^^^^^^^^^^ not found in this scope
[INFO] [stdout] 
[INFO] [stdout] error[E0425]: cannot find function `option` in this scope
[INFO] [stdout]  --> src/google/google.api.rs:1089:1
[INFO] [stdout]   |
[INFO] [stdout] 3 | option (google.api.routing) = {
[INFO] [stdout]   | ^^^^^^ not found in this scope
[INFO] [stdout] 
[INFO] [stdout] error[E0070]: invalid left-hand side of assignment
[INFO] [stdout]  --> src/google/google.api.rs:1089:29
[INFO] [stdout]   |
[INFO] [stdout] 3 | option (google.api.routing) = {
[INFO] [stdout]   | --------------------------- ^
[INFO] [stdout]   | |
[INFO] [stdout]   | cannot assign to this expression
[INFO] [stdout] 
[INFO] [stdout] error: aborting due to 5 previous errors
[INFO] [stdout] 
[INFO] [stdout] Some errors have detailed explanations: E0070, E0422, E0425.
[INFO] [stdout] For more information about an error, try `rustc --explain E0070`.
[INFO] [stdout] Couldn't compile the test.
[INFO] [stdout] ---- src/google/google.api.rs - google::api::RoutingRule (line 1062) stdout ----
[INFO] [stdout] error: expected one of `,`, `.`, `?`, `}`, or an operator, found `path_template`
[INFO] [stdout]  --> src/google/google.api.rs:1069:6
[INFO] [stdout]   |
[INFO] [stdout] 7 |    routing_parameters {
[INFO] [stdout]   |    ------------------ while parsing this struct
[INFO] [stdout] 8 |      field: "table_name"
[INFO] [stdout]   |                         -
[INFO] [stdout]   |                         |
[INFO] [stdout]   |                         expected one of `,`, `.`, `?`, `}`, or an operator
[INFO] [stdout]   |                         help: try adding a comma: `,`
[INFO] [stdout] 9 |      path_template: "{table_name=regions/*/zones/*/**}"
[INFO] [stdout]   |      ^^^^^^^^^^^^^ unexpected token
[INFO] [stdout] 
[INFO] [stdout] error: expected `;`, found `routing_parameters`
[INFO] [stdout]   --> src/google/google.api.rs:1070:5
[INFO] [stdout]    |
[INFO] [stdout] 10 |    }
[INFO] [stdout]    |     ^ help: add `;` here
[INFO] [stdout] 11 |    routing_parameters {
[INFO] [stdout]    |    ------------------ unexpected token
[INFO] [stdout] 
[INFO] [stdout] error: expected one of `,`, `.`, `?`, `}`, or an operator, found `path_template`
[INFO] [stdout]   --> src/google/google.api.rs:1073:6
[INFO] [stdout]    |
[INFO] [stdout] 11 |    routing_parameters {
[INFO] [stdout]    |    ------------------ while parsing this struct
[INFO] [stdout] 12 |      field: "table_name"
[INFO] [stdout]    |                         -
[INFO] [stdout]    |                         |
[INFO] [stdout]    |                         expected one of `,`, `.`, `?`, `}`, or an operator
[INFO] [stdout]    |                         help: try adding a comma: `,`
[INFO] [stdout] 13 |      path_template: "{table_name=projects/*/instances/*/**}"
[INFO] [stdout]    |      ^^^^^^^^^^^^^ unexpected token
[INFO] [stdout] 
[INFO] [stdout] error[E0425]: cannot find value `google` in this scope
[INFO] [stdout]  --> src/google/google.api.rs:1063:9
[INFO] [stdout]   |
[INFO] [stdout] 3 | option (google.api.routing) = {
[INFO] [stdout]   |         ^^^^^^ not found in this scope
[INFO] [stdout] 
[INFO] [stdout] error[E0422]: cannot find struct, variant or union type `routing_parameters` in this scope
[INFO] [stdout]   --> src/google/google.api.rs:1071:4
[INFO] [stdout]    |
[INFO] [stdout] 11 |    routing_parameters {
[INFO] [stdout]    |    ^^^^^^^^^^^^^^^^^^ not found in this scope
[INFO] [stdout] 
[INFO] [stdout] error[E0425]: cannot find function `option` in this scope
[INFO] [stdout]  --> src/google/google.api.rs:1063:1
[INFO] [stdout]   |
[INFO] [stdout] 3 | option (google.api.routing) = {
[INFO] [stdout]   | ^^^^^^ not found in this scope
[INFO] [stdout] 
[INFO] [stdout] error[E0070]: invalid left-hand side of assignment
[INFO] [stdout]  --> src/google/google.api.rs:1063:29
[INFO] [stdout]   |
[INFO] [stdout] 3 | option (google.api.routing) = {
[INFO] [stdout]   | --------------------------- ^
[INFO] [stdout]   | |
[INFO] [stdout]   | cannot assign to this expression
[INFO] [stdout] 
[INFO] [stdout] error: aborting due to 7 previous errors
[INFO] [stdout] 
[INFO] [stdout] Some errors have detailed explanations: E0070, E0422, E0425.
[INFO] [stdout] For more information about an error, try `rustc --explain E0070`.
[INFO] [stdout] Couldn't compile the test.
[INFO] [stdout] ---- src/google/google.api.rs - google::api::RoutingRule (line 1140) stdout ----
[INFO] [stdout] error: expected one of `,`, `.`, `?`, `}`, or an operator, found `path_template`
[INFO] [stdout]   --> src/google/google.api.rs:1148:6
[INFO] [stdout]    |
[INFO] [stdout] 8  |    routing_parameters {
[INFO] [stdout]    |    ------------------ while parsing this struct
[INFO] [stdout] 9  |      field: "table_name"
[INFO] [stdout]    |                         -
[INFO] [stdout]    |                         |
[INFO] [stdout]    |                         expected one of `,`, `.`, `?`, `}`, or an operator
[INFO] [stdout]    |                         help: try adding a comma: `,`
[INFO] [stdout] 10 |      path_template: "{project_id=projects/*}/instances/*/**"
[INFO] [stdout]    |      ^^^^^^^^^^^^^ unexpected token
[INFO] [stdout] 
[INFO] [stdout] error: expected `;`, found `routing_parameters`
[INFO] [stdout]   --> src/google/google.api.rs:1149:5
[INFO] [stdout]    |
[INFO] [stdout] 11 |    }
[INFO] [stdout]    |     ^ help: add `;` here
[INFO] [stdout] 12 |    routing_parameters {
[INFO] [stdout]    |    ------------------ unexpected token
[INFO] [stdout] 
[INFO] [stdout] error: expected one of `,`, `.`, `?`, `}`, or an operator, found `path_template`
[INFO] [stdout]   --> src/google/google.api.rs:1152:6
[INFO] [stdout]    |
[INFO] [stdout] 12 |    routing_parameters {
[INFO] [stdout]    |    ------------------ while parsing this struct
[INFO] [stdout] 13 |      field: "table_name"
[INFO] [stdout]    |                         -
[INFO] [stdout]    |                         |
[INFO] [stdout]    |                         expected one of `,`, `.`, `?`, `}`, or an operator
[INFO] [stdout]    |                         help: try adding a comma: `,`
[INFO] [stdout] 14 |      path_template: "projects/*/{instance_id=instances/*}/**"
[INFO] [stdout]    |      ^^^^^^^^^^^^^ unexpected token
[INFO] [stdout] 
[INFO] [stdout] error[E0425]: cannot find value `google` in this scope
[INFO] [stdout]  --> src/google/google.api.rs:1141:9
[INFO] [stdout]   |
[INFO] [stdout] 3 | option (google.api.routing) = {
[INFO] [stdout]   |         ^^^^^^ not found in this scope
[INFO] [stdout] 
[INFO] [stdout] error[E0422]: cannot find struct, variant or union type `routing_parameters` in this scope
[INFO] [stdout]   --> src/google/google.api.rs:1150:4
[INFO] [stdout]    |
[INFO] [stdout] 12 |    routing_parameters {
[INFO] [stdout]    |    ^^^^^^^^^^^^^^^^^^ not found in this scope
[INFO] [stdout] 
[INFO] [stdout] error[E0425]: cannot find function `option` in this scope
[INFO] [stdout]  --> src/google/google.api.rs:1141:1
[INFO] [stdout]   |
[INFO] [stdout] 3 | option (google.api.routing) = {
[INFO] [stdout]   | ^^^^^^ not found in this scope
[INFO] [stdout] 
[INFO] [stdout] error[E0070]: invalid left-hand side of assignment
[INFO] [stdout]  --> src/google/google.api.rs:1141:29
[INFO] [stdout]   |
[INFO] [stdout] 3 | option (google.api.routing) = {
[INFO] [stdout]   | --------------------------- ^
[INFO] [stdout]   | |
[INFO] [stdout]   | cannot assign to this expression
[INFO] [stdout] 
[INFO] [stdout] error: aborting due to 7 previous errors
[INFO] [stdout] 
[INFO] [stdout] Some errors have detailed explanations: E0070, E0422, E0425.
[INFO] [stdout] For more information about an error, try `rustc --explain E0070`.
[INFO] [stdout] Couldn't compile the test.
[INFO] [stdout] ---- src/google/google.api.rs - google::api::RoutingRule (line 1108) stdout ----
[INFO] [stdout] error: expected one of `,`, `.`, `?`, `}`, or an operator, found `path_template`
[INFO] [stdout]   --> src/google/google.api.rs:1116:6
[INFO] [stdout]    |
[INFO] [stdout] 8  |    routing_parameters {
[INFO] [stdout]    |    ------------------ while parsing this struct
[INFO] [stdout] 9  |      field: "table_name"
[INFO] [stdout]    |                         -
[INFO] [stdout]    |                         |
[INFO] [stdout]    |                         expected one of `,`, `.`, `?`, `}`, or an operator
[INFO] [stdout]    |                         help: try adding a comma: `,`
[INFO] [stdout] 10 |      path_template: "{routing_id=projects/*}/**"
[INFO] [stdout]    |      ^^^^^^^^^^^^^ unexpected token
[INFO] [stdout] 
[INFO] [stdout] error: expected `;`, found `routing_parameters`
[INFO] [stdout]   --> src/google/google.api.rs:1117:5
[INFO] [stdout]    |
[INFO] [stdout] 11 |    }
[INFO] [stdout]    |     ^ help: add `;` here
[INFO] [stdout] 12 |    routing_parameters {
[INFO] [stdout]    |    ------------------ unexpected token
[INFO] [stdout] 
[INFO] [stdout] error: expected one of `,`, `.`, `?`, `}`, or an operator, found `path_template`
[INFO] [stdout]   --> src/google/google.api.rs:1120:6
[INFO] [stdout]    |
[INFO] [stdout] 12 |    routing_parameters {
[INFO] [stdout]    |    ------------------ while parsing this struct
[INFO] [stdout] 13 |      field: "table_name"
[INFO] [stdout]    |                         -
[INFO] [stdout]    |                         |
[INFO] [stdout]    |                         expected one of `,`, `.`, `?`, `}`, or an operator
[INFO] [stdout]    |                         help: try adding a comma: `,`
[INFO] [stdout] 14 |      path_template: "{routing_id=projects/*/instances/*}/**"
[INFO] [stdout]    |      ^^^^^^^^^^^^^ unexpected token
[INFO] [stdout] 
[INFO] [stdout] error[E0425]: cannot find value `google` in this scope
[INFO] [stdout]  --> src/google/google.api.rs:1109:9
[INFO] [stdout]   |
[INFO] [stdout] 3 | option (google.api.routing) = {
[INFO] [stdout]   |         ^^^^^^ not found in this scope
[INFO] [stdout] 
[INFO] [stdout] error[E0422]: cannot find struct, variant or union type `routing_parameters` in this scope
[INFO] [stdout]   --> src/google/google.api.rs:1118:4
[INFO] [stdout]    |
[INFO] [stdout] 12 |    routing_parameters {
[INFO] [stdout]    |    ^^^^^^^^^^^^^^^^^^ not found in this scope
[INFO] [stdout] 
[INFO] [stdout] error[E0425]: cannot find function `option` in this scope
[INFO] [stdout]  --> src/google/google.api.rs:1109:1
[INFO] [stdout]   |
[INFO] [stdout] 3 | option (google.api.routing) = {
[INFO] [stdout]   | ^^^^^^ not found in this scope
[INFO] [stdout] 
[INFO] [stdout] error[E0070]: invalid left-hand side of assignment
[INFO] [stdout]  --> src/google/google.api.rs:1109:29
[INFO] [stdout]   |
[INFO] [stdout] 3 | option (google.api.routing) = {
[INFO] [stdout]   | --------------------------- ^
[INFO] [stdout]   | |
[INFO] [stdout]   | cannot assign to this expression
[INFO] [stdout] 
[INFO] [stdout] error: aborting due to 7 previous errors
[INFO] [stdout] 
[INFO] [stdout] Some errors have detailed explanations: E0070, E0422, E0425.
[INFO] [stdout] For more information about an error, try `rustc --explain E0070`.
[INFO] [stdout] Couldn't compile the test.
[INFO] [stdout] ---- src/google/google.api.rs - google::api::RoutingRule (line 1201) stdout ----
[INFO] [stdout] error: expected one of `,`, `.`, `?`, `}`, or an operator, found `path_template`
[INFO] [stdout]  --> src/google/google.api.rs:1208:6
[INFO] [stdout]   |
[INFO] [stdout] 7 |    routing_parameters {
[INFO] [stdout]   |    ------------------ while parsing this struct
[INFO] [stdout] 8 |      field: "table_name"
[INFO] [stdout]   |                         -
[INFO] [stdout]   |                         |
[INFO] [stdout]   |                         expected one of `,`, `.`, `?`, `}`, or an operator
[INFO] [stdout]   |                         help: try adding a comma: `,`
[INFO] [stdout] 9 |      path_template: "{project_id=projects/*}/**"
[INFO] [stdout]   |      ^^^^^^^^^^^^^ unexpected token
[INFO] [stdout] 
[INFO] [stdout] error: expected `;`, found `routing_parameters`
[INFO] [stdout]   --> src/google/google.api.rs:1209:5
[INFO] [stdout]    |
[INFO] [stdout] 10 |    }
[INFO] [stdout]    |     ^ help: add `;` here
[INFO] [stdout] 11 |    routing_parameters {
[INFO] [stdout]    |    ------------------ unexpected token
[INFO] [stdout] 
[INFO] [stdout] error: expected one of `,`, `.`, `?`, `}`, or an operator, found `path_template`
[INFO] [stdout]   --> src/google/google.api.rs:1212:6
[INFO] [stdout]    |
[INFO] [stdout] 11 |    routing_parameters {
[INFO] [stdout]    |    ------------------ while parsing this struct
[INFO] [stdout] 12 |      field: "app_profile_id"
[INFO] [stdout]    |                             -
[INFO] [stdout]    |                             |
[INFO] [stdout]    |                             expected one of `,`, `.`, `?`, `}`, or an operator
[INFO] [stdout]    |                             help: try adding a comma: `,`
[INFO] [stdout] 13 |      path_template: "{routing_id=**}"
[INFO] [stdout]    |      ^^^^^^^^^^^^^ unexpected token
[INFO] [stdout] 
[INFO] [stdout] error[E0425]: cannot find value `google` in this scope
[INFO] [stdout]  --> src/google/google.api.rs:1202:9
[INFO] [stdout]   |
[INFO] [stdout] 3 | option (google.api.routing) = {
[INFO] [stdout]   |         ^^^^^^ not found in this scope
[INFO] [stdout] 
[INFO] [stdout] error[E0422]: cannot find struct, variant or union type `routing_parameters` in this scope
[INFO] [stdout]   --> src/google/google.api.rs:1210:4
[INFO] [stdout]    |
[INFO] [stdout] 11 |    routing_parameters {
[INFO] [stdout]    |    ^^^^^^^^^^^^^^^^^^ not found in this scope
[INFO] [stdout] 
[INFO] [stdout] error[E0425]: cannot find function `option` in this scope
[INFO] [stdout]  --> src/google/google.api.rs:1202:1
[INFO] [stdout]   |
[INFO] [stdout] 3 | option (google.api.routing) = {
[INFO] [stdout]   | ^^^^^^ not found in this scope
[INFO] [stdout] 
[INFO] [stdout] error[E0070]: invalid left-hand side of assignment
[INFO] [stdout]  --> src/google/google.api.rs:1202:29
[INFO] [stdout]   |
[INFO] [stdout] 3 | option (google.api.routing) = {
[INFO] [stdout]   | --------------------------- ^
[INFO] [stdout]   | |
[INFO] [stdout]   | cannot assign to this expression
[INFO] [stdout] 
[INFO] [stdout] error: aborting due to 7 previous errors
[INFO] [stdout] 
[INFO] [stdout] Some errors have detailed explanations: E0070, E0422, E0425.
[INFO] [stdout] For more information about an error, try `rustc --explain E0070`.
[INFO] [stdout] Couldn't compile the test.
[INFO] [stdout] ---- src/google/google.api.rs - google::api::RoutingRule (line 1167) stdout ----
[INFO] [stdout] error: expected one of `,`, `.`, `?`, `}`, or an operator, found `path_template`
[INFO] [stdout]   --> src/google/google.api.rs:1175:6
[INFO] [stdout]    |
[INFO] [stdout] 8  |    routing_parameters {
[INFO] [stdout]    |    ------------------ while parsing this struct
[INFO] [stdout] 9  |      field: "table_name"
[INFO] [stdout]    |                         -
[INFO] [stdout]    |                         |
[INFO] [stdout]    |                         expected one of `,`, `.`, `?`, `}`, or an operator
[INFO] [stdout]    |                         help: try adding a comma: `,`
[INFO] [stdout] 10 |      path_template: "{project_id=projects/*}/**"
[INFO] [stdout]    |      ^^^^^^^^^^^^^ unexpected token
[INFO] [stdout] 
[INFO] [stdout] error: expected `;`, found `routing_parameters`
[INFO] [stdout]   --> src/google/google.api.rs:1176:5
[INFO] [stdout]    |
[INFO] [stdout] 11 |    }
[INFO] [stdout]    |     ^ help: add `;` here
[INFO] [stdout] 12 |    routing_parameters {
[INFO] [stdout]    |    ------------------ unexpected token
[INFO] [stdout] 
[INFO] [stdout] error: expected one of `,`, `.`, `?`, `}`, or an operator, found `path_template`
[INFO] [stdout]   --> src/google/google.api.rs:1179:6
[INFO] [stdout]    |
[INFO] [stdout] 12 |    routing_parameters {
[INFO] [stdout]    |    ------------------ while parsing this struct
[INFO] [stdout] 13 |      field: "table_name"
[INFO] [stdout]    |                         -
[INFO] [stdout]    |                         |
[INFO] [stdout]    |                         expected one of `,`, `.`, `?`, `}`, or an operator
[INFO] [stdout]    |                         help: try adding a comma: `,`
[INFO] [stdout] 14 |      path_template: "projects/*/{instance_id=instances/*}/**"
[INFO] [stdout]    |      ^^^^^^^^^^^^^ unexpected token
[INFO] [stdout] 
[INFO] [stdout] error[E0425]: cannot find value `google` in this scope
[INFO] [stdout]  --> src/google/google.api.rs:1168:9
[INFO] [stdout]   |
[INFO] [stdout] 3 | option (google.api.routing) = {
[INFO] [stdout]   |         ^^^^^^ not found in this scope
[INFO] [stdout] 
[INFO] [stdout] error[E0422]: cannot find struct, variant or union type `routing_parameters` in this scope
[INFO] [stdout]   --> src/google/google.api.rs:1177:4
[INFO] [stdout]    |
[INFO] [stdout] 12 |    routing_parameters {
[INFO] [stdout]    |    ^^^^^^^^^^^^^^^^^^ not found in this scope
[INFO] [stdout] 
[INFO] [stdout] error[E0425]: cannot find function `option` in this scope
[INFO] [stdout]  --> src/google/google.api.rs:1168:1
[INFO] [stdout]   |
[INFO] [stdout] 3 | option (google.api.routing) = {
[INFO] [stdout]   | ^^^^^^ not found in this scope
[INFO] [stdout] 
[INFO] [stdout] error[E0070]: invalid left-hand side of assignment
[INFO] [stdout]  --> src/google/google.api.rs:1168:29
[INFO] [stdout]   |
[INFO] [stdout] 3 | option (google.api.routing) = {
[INFO] [stdout]   | --------------------------- ^
[INFO] [stdout]   | |
[INFO] [stdout]   | cannot assign to this expression
[INFO] [stdout] 
[INFO] [stdout] error: aborting due to 7 previous errors
[INFO] [stdout] 
[INFO] [stdout] Some errors have detailed explanations: E0070, E0422, E0425.
[INFO] [stdout] For more information about an error, try `rustc --explain E0070`.
[INFO] [stdout] Couldn't compile the test.
[INFO] [stdout] ---- src/google/google.datastore.v1.rs - google::datastore::v1::aggregation_query::aggregation::Count::up_to (line 446) stdout ----
[INFO] [stdout] error: expected one of `!`, `.`, `::`, `;`, `?`, `{`, `}`, or an operator, found `COUNT_UP_TO`
[INFO] [stdout]  --> src/google/google.datastore.v1.rs:447:11
[INFO] [stdout]   |
[INFO] [stdout] 3 | AGGREGATE COUNT_UP_TO(1000) OVER ( SELECT * FROM k );
[INFO] [stdout]   |           ^^^^^^^^^^^ expected one of 8 possible tokens
[INFO] [stdout] 
[INFO] [stdout] error: aborting due to 1 previous error
[INFO] [stdout] 
[INFO] [stdout] Couldn't compile the test.
[INFO] [stdout] ---- src/google/google.datastore.v1.rs - google::datastore::v1::aggregation_query::Aggregation::alias (line 402) stdout ----
[INFO] [stdout] error: expected `;`, found `COUNT_UP_TO`
[INFO] [stdout]  --> src/google/google.datastore.v1.rs:403:10
[INFO] [stdout]   |
[INFO] [stdout] 3 | AGGREGATE
[INFO] [stdout]   |          ^ help: add `;` here
[INFO] [stdout] 4 |    COUNT_UP_TO(1) AS count_up_to_1,
[INFO] [stdout]   |    ----------- unexpected token
[INFO] [stdout] 
[INFO] [stdout] error: expected one of `.`, `;`, `?`, `}`, or an operator, found `AS`
[INFO] [stdout]  --> src/google/google.datastore.v1.rs:404:19
[INFO] [stdout]   |
[INFO] [stdout] 4 |    COUNT_UP_TO(1) AS count_up_to_1,
[INFO] [stdout]   |                   ^^ expected one of `.`, `;`, `?`, `}`, or an operator
[INFO] [stdout] 
[INFO] [stdout] error: aborting due to 2 previous errors
[INFO] [stdout] 
[INFO] [stdout] Couldn't compile the test.
[INFO] [stdout] ---- src/google/google.datastore.v1.rs - google::datastore::v1::aggregation_query::Aggregation::alias (line 389) stdout ----
[INFO] [stdout] error: expected `;`, found `COUNT_UP_TO`
[INFO] [stdout]  --> src/google/google.datastore.v1.rs:390:10
[INFO] [stdout]   |
[INFO] [stdout] 3 | AGGREGATE
[INFO] [stdout]   |          ^ help: add `;` here
[INFO] [stdout] 4 |    COUNT_UP_TO(1) AS count_up_to_1,
[INFO] [stdout]   |    ----------- unexpected token
[INFO] [stdout] 
[INFO] [stdout] error: expected one of `.`, `;`, `?`, `}`, or an operator, found `AS`
[INFO] [stdout]  --> src/google/google.datastore.v1.rs:391:19
[INFO] [stdout]   |
[INFO] [stdout] 4 |    COUNT_UP_TO(1) AS count_up_to_1,
[INFO] [stdout]   |                   ^^ expected one of `.`, `;`, `?`, `}`, or an operator
[INFO] [stdout] 
[INFO] [stdout] error: aborting due to 2 previous errors
[INFO] [stdout] 
[INFO] [stdout] Couldn't compile the test.
[INFO] [stdout] ---- src/google/google.api.rs - google::api::RoutingRule (line 1228) stdout ----
[INFO] [stdout] error: expected one of `,`, `.`, `?`, `}`, or an operator, found `path_template`
[INFO] [stdout]   --> src/google/google.api.rs:1236:6
[INFO] [stdout]    |
[INFO] [stdout] 8  |    routing_parameters {
[INFO] [stdout]    |    ------------------ while parsing this struct
[INFO] [stdout] 9  |      field: "table_name"
[INFO] [stdout]    |                         -
[INFO] [stdout]    |                         |
[INFO] [stdout]    |                         expected one of `,`, `.`, `?`, `}`, or an operator
[INFO] [stdout]    |                         help: try adding a comma: `,`
[INFO] [stdout] 10 |      path_template: "{routing_id=projects/*}/**"
[INFO] [stdout]    |      ^^^^^^^^^^^^^ unexpected token
[INFO] [stdout] 
[INFO] [stdout] error: expected `;`, found `routing_parameters`
[INFO] [stdout]   --> src/google/google.api.rs:1237:5
[INFO] [stdout]    |
[INFO] [stdout] 11 |    }
[INFO] [stdout]    |     ^ help: add `;` here
[INFO] [stdout] 12 |    routing_parameters {
[INFO] [stdout]    |    ------------------ unexpected token
[INFO] [stdout] 
[INFO] [stdout] error: expected one of `,`, `.`, `?`, `}`, or an operator, found `path_template`
[INFO] [stdout]   --> src/google/google.api.rs:1240:7
[INFO] [stdout]    |
[INFO] [stdout] 12 |    routing_parameters {
[INFO] [stdout]    |    ------------------ while parsing this struct
[INFO] [stdout] 13 |       field: "table_name"
[INFO] [stdout]    |                          -
[INFO] [stdout]    |                          |
[INFO] [stdout]    |                          expected one of `,`, `.`, `?`, `}`, or an operator
[INFO] [stdout]    |                          help: try adding a comma: `,`
[INFO] [stdout] 14 |       path_template: "{routing_id=regions/*}/**"
[INFO] [stdout]    |       ^^^^^^^^^^^^^ unexpected token
[INFO] [stdout] 
[INFO] [stdout] error: expected `;`, found `routing_parameters`
[INFO] [stdout]   --> src/google/google.api.rs:1241:5
[INFO] [stdout]    |
[INFO] [stdout] 15 |    }
[INFO] [stdout]    |     ^ help: add `;` here
[INFO] [stdout] 16 |    routing_parameters {
[INFO] [stdout]    |    ------------------ unexpected token
[INFO] [stdout] 
[INFO] [stdout] error: expected one of `,`, `.`, `?`, `}`, or an operator, found `path_template`
[INFO] [stdout]   --> src/google/google.api.rs:1244:6
[INFO] [stdout]    |
[INFO] [stdout] 16 |    routing_parameters {
[INFO] [stdout]    |    ------------------ while parsing this struct
[INFO] [stdout] 17 |      field: "app_profile_id"
[INFO] [stdout]    |                             -
[INFO] [stdout]    |                             |
[INFO] [stdout]    |                             expected one of `,`, `.`, `?`, `}`, or an operator
[INFO] [stdout]    |                             help: try adding a comma: `,`
[INFO] [stdout] 18 |      path_template: "{routing_id=**}"
[INFO] [stdout]    |      ^^^^^^^^^^^^^ unexpected token
[INFO] [stdout] 
[INFO] [stdout] error[E0425]: cannot find value `google` in this scope
[INFO] [stdout]  --> src/google/google.api.rs:1229:9
[INFO] [stdout]   |
[INFO] [stdout] 3 | option (google.api.routing) = {
[INFO] [stdout]   |         ^^^^^^ not found in this scope
[INFO] [stdout] 
[INFO] [stdout] error[E0422]: cannot find struct, variant or union type `routing_parameters` in this scope
[INFO] [stdout]   --> src/google/google.api.rs:1242:4
[INFO] [stdout]    |
[INFO] [stdout] 16 |    routing_parameters {
[INFO] [stdout]    |    ^^^^^^^^^^^^^^^^^^ not found in this scope
[INFO] [stdout] 
[INFO] [stdout] error[E0425]: cannot find function `option` in this scope
[INFO] [stdout]  --> src/google/google.api.rs:1229:1
[INFO] [stdout]   |
[INFO] [stdout] 3 | option (google.api.routing) = {
[INFO] [stdout]   | ^^^^^^ not found in this scope
[INFO] [stdout] 
[INFO] [stdout] error[E0070]: invalid left-hand side of assignment
[INFO] [stdout]  --> src/google/google.api.rs:1229:29
[INFO] [stdout]   |
[INFO] [stdout] 3 | option (google.api.routing) = {
[INFO] [stdout]   | --------------------------- ^
[INFO] [stdout]   | |
[INFO] [stdout]   | cannot assign to this expression
[INFO] [stdout] 
[INFO] [stdout] error: aborting due to 9 previous errors
[INFO] [stdout] 
[INFO] [stdout] Some errors have detailed explanations: E0070, E0422, E0425.
[INFO] [stdout] For more information about an error, try `rustc --explain E0070`.
[INFO] [stdout] Couldn't compile the test.
[INFO] [stdout] ---- src/google/google.api.rs - google::api::RoutingRule (line 1257) stdout ----
[INFO] [stdout] error: expected one of `,`, `.`, `?`, `}`, or an operator, found `path_template`
[INFO] [stdout]   --> src/google/google.api.rs:1272:6
[INFO] [stdout]    |
[INFO] [stdout] 15 |    routing_parameters {
[INFO] [stdout]    |    ------------------ while parsing this struct
[INFO] [stdout] 16 |      field: "table_name"
[INFO] [stdout]    |                         -
[INFO] [stdout]    |                         |
[INFO] [stdout]    |                         expected one of `,`, `.`, `?`, `}`, or an operator
[INFO] [stdout]    |                         help: try adding a comma: `,`
[INFO] [stdout] 17 |      path_template: "projects/*/{table_location=instances/*}/tables/*"
[INFO] [stdout]    |      ^^^^^^^^^^^^^ unexpected token
[INFO] [stdout] 
[INFO] [stdout] error: expected `;`, found `routing_parameters`
[INFO] [stdout]   --> src/google/google.api.rs:1273:5
[INFO] [stdout]    |
[INFO] [stdout] 18 |    }
[INFO] [stdout]    |     ^ help: add `;` here
[INFO] [stdout] 19 |    routing_parameters {
[INFO] [stdout]    |    ------------------ unexpected token
[INFO] [stdout] 
[INFO] [stdout] error: expected one of `,`, `.`, `?`, `}`, or an operator, found `path_template`
[INFO] [stdout]   --> src/google/google.api.rs:1276:6
[INFO] [stdout]    |
[INFO] [stdout] 19 |    routing_parameters {
[INFO] [stdout]    |    ------------------ while parsing this struct
[INFO] [stdout] 20 |      field: "table_name"
[INFO] [stdout]    |                         -
[INFO] [stdout]    |                         |
[INFO] [stdout]    |                         expected one of `,`, `.`, `?`, `}`, or an operator
[INFO] [stdout]    |                         help: try adding a comma: `,`
[INFO] [stdout] 21 |      path_template: "{table_location=regions/*/zones/*}/tables/*"
[INFO] [stdout]    |      ^^^^^^^^^^^^^ unexpected token
[INFO] [stdout] 
[INFO] [stdout] error: expected `;`, found `routing_parameters`
[INFO] [stdout]   --> src/google/google.api.rs:1277:5
[INFO] [stdout]    |
[INFO] [stdout] 22 |    }
[INFO] [stdout]    |     ^ help: add `;` here
[INFO] [stdout] 23 |    routing_parameters {
[INFO] [stdout]    |    ------------------ unexpected token
[INFO] [stdout] 
[INFO] [stdout] error: expected one of `,`, `.`, `?`, `}`, or an operator, found `path_template`
[INFO] [stdout]   --> src/google/google.api.rs:1280:6
[INFO] [stdout]    |
[INFO] [stdout] 23 |    routing_parameters {
[INFO] [stdout]    |    ------------------ while parsing this struct
[INFO] [stdout] 24 |      field: "table_name"
[INFO] [stdout]    |                         -
[INFO] [stdout]    |                         |
[INFO] [stdout]    |                         expected one of `,`, `.`, `?`, `}`, or an operator
[INFO] [stdout]    |                         help: try adding a comma: `,`
[INFO] [stdout] 25 |      path_template: "{routing_id=projects/*}/**"
[INFO] [stdout]    |      ^^^^^^^^^^^^^ unexpected token
[INFO] [stdout] 
[INFO] [stdout] error: expected `;`, found `routing_parameters`
[INFO] [stdout]   --> src/google/google.api.rs:1281:5
[INFO] [stdout]    |
[INFO] [stdout] 26 |    }
[INFO] [stdout]    |     ^ help: add `;` here
[INFO] [stdout] 27 |    routing_parameters {
[INFO] [stdout]    |    ------------------ unexpected token
[INFO] [stdout] 
[INFO] [stdout] error: expected one of `,`, `.`, `?`, `}`, or an operator, found `path_template`
[INFO] [stdout]   --> src/google/google.api.rs:1284:6
[INFO] [stdout]    |
[INFO] [stdout] 27 |    routing_parameters {
[INFO] [stdout]    |    ------------------ while parsing this struct
[INFO] [stdout] 28 |      field: "app_profile_id"
[INFO] [stdout]    |                             -
[INFO] [stdout]    |                             |
[INFO] [stdout]    |                             expected one of `,`, `.`, `?`, `}`, or an operator
[INFO] [stdout]    |                             help: try adding a comma: `,`
[INFO] [stdout] 29 |      path_template: "{routing_id=**}"
[INFO] [stdout]    |      ^^^^^^^^^^^^^ unexpected token
[INFO] [stdout] 
[INFO] [stdout] error: expected `;`, found `routing_parameters`
[INFO] [stdout]   --> src/google/google.api.rs:1285:5
[INFO] [stdout]    |
[INFO] [stdout] 30 |    }
[INFO] [stdout]    |     ^ help: add `;` here
[INFO] [stdout] 31 |    routing_parameters {
[INFO] [stdout]    |    ------------------ unexpected token
[INFO] [stdout] 
[INFO] [stdout] error: expected one of `,`, `.`, `?`, `}`, or an operator, found `path_template`
[INFO] [stdout]   --> src/google/google.api.rs:1288:6
[INFO] [stdout]    |
[INFO] [stdout] 31 |    routing_parameters {
[INFO] [stdout]    |    ------------------ while parsing this struct
[INFO] [stdout] 32 |      field: "app_profile_id"
[INFO] [stdout]    |                             -
[INFO] [stdout]    |                             |
[INFO] [stdout]    |                             expected one of `,`, `.`, `?`, `}`, or an operator
[INFO] [stdout]    |                             help: try adding a comma: `,`
[INFO] [stdout] 33 |      path_template: "profiles/{routing_id=*}"
[INFO] [stdout]    |      ^^^^^^^^^^^^^ unexpected token
[INFO] [stdout] 
[INFO] [stdout] error[E0425]: cannot find value `google` in this scope
[INFO] [stdout]  --> src/google/google.api.rs:1258:9
[INFO] [stdout]   |
[INFO] [stdout] 3 | option (google.api.routing) = {
[INFO] [stdout]   |         ^^^^^^ not found in this scope
[INFO] [stdout] 
[INFO] [stdout] error[E0422]: cannot find struct, variant or union type `routing_parameters` in this scope
[INFO] [stdout]   --> src/google/google.api.rs:1286:4
[INFO] [stdout]    |
[INFO] [stdout] 31 |    routing_parameters {
[INFO] [stdout]    |    ^^^^^^^^^^^^^^^^^^ not found in this scope
[INFO] [stdout] 
[INFO] [stdout] error[E0425]: cannot find function `option` in this scope
[INFO] [stdout]  --> src/google/google.api.rs:1258:1
[INFO] [stdout]   |
[INFO] [stdout] 3 | option (google.api.routing) = {
[INFO] [stdout]   | ^^^^^^ not found in this scope
[INFO] [stdout] 
[INFO] [stdout] error[E0070]: invalid left-hand side of assignment
[INFO] [stdout]  --> src/google/google.api.rs:1258:29
[INFO] [stdout]   |
[INFO] [stdout] 3 | option (google.api.routing) = {
[INFO] [stdout]   | --------------------------- ^
[INFO] [stdout]   | |
[INFO] [stdout]   | cannot assign to this expression
[INFO] [stdout] 
[INFO] [stdout] error: aborting due to 13 previous errors
[INFO] [stdout] 
[INFO] [stdout] Some errors have detailed explanations: E0070, E0422, E0425.
[INFO] [stdout] For more information about an error, try `rustc --explain E0070`.
[INFO] [stdout] Couldn't compile the test.
[INFO] [stdout] ---- src/google/google.api.rs - google::api::RoutingRule (line 978) stdout ----
[INFO] [stdout] error[E0425]: cannot find value `google` in this scope
[INFO] [stdout]  --> src/google/google.api.rs:979:9
[INFO] [stdout]   |
[INFO] [stdout] 3 | option (google.api.routing) = {
[INFO] [stdout]   |         ^^^^^^ not found in this scope
[INFO] [stdout] 
[INFO] [stdout] error[E0422]: cannot find struct, variant or union type `routing_parameters` in this scope
[INFO] [stdout]  --> src/google/google.api.rs:981:4
[INFO] [stdout]   |
[INFO] [stdout] 5 |    routing_parameters {
[INFO] [stdout]   |    ^^^^^^^^^^^^^^^^^^ not found in this scope
[INFO] [stdout] 
[INFO] [stdout] error[E0425]: cannot find function `option` in this scope
[INFO] [stdout]  --> src/google/google.api.rs:979:1
[INFO] [stdout]   |
[INFO] [stdout] 3 | option (google.api.routing) = {
[INFO] [stdout]   | ^^^^^^ not found in this scope
[INFO] [stdout] 
[INFO] [stdout] error[E0070]: invalid left-hand side of assignment
[INFO] [stdout]  --> src/google/google.api.rs:979:29
[INFO] [stdout]   |
[INFO] [stdout] 3 | option (google.api.routing) = {
[INFO] [stdout]   | --------------------------- ^
[INFO] [stdout]   | |
[INFO] [stdout]   | cannot assign to this expression
[INFO] [stdout] 
[INFO] [stdout] error: aborting due to 4 previous errors
[INFO] [stdout] 
[INFO] [stdout] Some errors have detailed explanations: E0070, E0422, E0425.
[INFO] [stdout] For more information about an error, try `rustc --explain E0070`.
[INFO] [stdout] Couldn't compile the test.
[INFO] [stdout] ---- src/google/google.api.rs - google::api::RoutingRule (line 996) stdout ----
[INFO] [stdout] error: expected one of `,`, `.`, `?`, `}`, or an operator, found `path_template`
[INFO] [stdout]  --> src/google/google.api.rs:1001:6
[INFO] [stdout]   |
[INFO] [stdout] 5 |    routing_parameters {
[INFO] [stdout]   |    ------------------ while parsing this struct
[INFO] [stdout] 6 |      field: "app_profile_id"
[INFO] [stdout]   |                             -
[INFO] [stdout]   |                             |
[INFO] [stdout]   |                             expected one of `,`, `.`, `?`, `}`, or an operator
[INFO] [stdout]   |                             help: try adding a comma: `,`
[INFO] [stdout] 7 |      path_template: "{routing_id=**}"
[INFO] [stdout]   |      ^^^^^^^^^^^^^ unexpected token
[INFO] [stdout] 
[INFO] [stdout] error[E0425]: cannot find value `google` in this scope
[INFO] [stdout]  --> src/google/google.api.rs:997:9
[INFO] [stdout]   |
[INFO] [stdout] 3 | option (google.api.routing) = {
[INFO] [stdout]   |         ^^^^^^ not found in this scope
[INFO] [stdout] 
[INFO] [stdout] error[E0422]: cannot find struct, variant or union type `routing_parameters` in this scope
[INFO] [stdout]  --> src/google/google.api.rs:999:4
[INFO] [stdout]   |
[INFO] [stdout] 5 |    routing_parameters {
[INFO] [stdout]   |    ^^^^^^^^^^^^^^^^^^ not found in this scope
[INFO] [stdout] 
[INFO] [stdout] error[E0425]: cannot find function `option` in this scope
[INFO] [stdout]  --> src/google/google.api.rs:997:1
[INFO] [stdout]   |
[INFO] [stdout] 3 | option (google.api.routing) = {
[INFO] [stdout]   | ^^^^^^ not found in this scope
[INFO] [stdout] 
[INFO] [stdout] error[E0070]: invalid left-hand side of assignment
[INFO] [stdout]  --> src/google/google.api.rs:997:29
[INFO] [stdout]   |
[INFO] [stdout] 3 | option (google.api.routing) = {
[INFO] [stdout]   | --------------------------- ^
[INFO] [stdout]   | |
[INFO] [stdout]   | cannot assign to this expression
[INFO] [stdout] 
[INFO] [stdout] error: aborting due to 5 previous errors
[INFO] [stdout] 
[INFO] [stdout] Some errors have detailed explanations: E0070, E0422, E0425.
[INFO] [stdout] For more information about an error, try `rustc --explain E0070`.
[INFO] [stdout] Couldn't compile the test.
[INFO] [stdout] 
[INFO] [stdout] failures:
[INFO] [stdout]     src/google/google.api.rs - google::api::HttpRule (line 103)
[INFO] [stdout]     src/google/google.api.rs - google::api::HttpRule (line 128)
[INFO] [stdout]     src/google/google.api.rs - google::api::HttpRule (line 156)
[INFO] [stdout]     src/google/google.api.rs - google::api::HttpRule (line 200)
[INFO] [stdout]     src/google/google.api.rs - google::api::HttpRule (line 254)
[INFO] [stdout]     src/google/google.api.rs - google::api::HttpRule (line 47)
[INFO] [stdout]     src/google/google.api.rs - google::api::HttpRule (line 70)
[INFO] [stdout]     src/google/google.api.rs - google::api::MethodSettings::auto_populated_fields (line 716)
[INFO] [stdout]     src/google/google.api.rs - google::api::MethodSettings::long_running (line 700)
[INFO] [stdout]     src/google/google.api.rs - google::api::MethodSettings::selector (line 688)
[INFO] [stdout]     src/google/google.api.rs - google::api::RoutingParameter::path_template (line 1326)
[INFO] [stdout]     src/google/google.api.rs - google::api::RoutingParameter::path_template (line 1356)
[INFO] [stdout]     src/google/google.api.rs - google::api::RoutingParameter::path_template (line 1362)
[INFO] [stdout]     src/google/google.api.rs - google::api::RoutingRule (line 1006)
[INFO] [stdout]     src/google/google.api.rs - google::api::RoutingRule (line 1022)
[INFO] [stdout]     src/google/google.api.rs - google::api::RoutingRule (line 1033)
[INFO] [stdout]     src/google/google.api.rs - google::api::RoutingRule (line 1042)
[INFO] [stdout]     src/google/google.api.rs - google::api::RoutingRule (line 1053)
[INFO] [stdout]     src/google/google.api.rs - google::api::RoutingRule (line 1062)
[INFO] [stdout]     src/google/google.api.rs - google::api::RoutingRule (line 1078)
[INFO] [stdout]     src/google/google.api.rs - google::api::RoutingRule (line 1088)
[INFO] [stdout]     src/google/google.api.rs - google::api::RoutingRule (line 1098)
[INFO] [stdout]     src/google/google.api.rs - google::api::RoutingRule (line 1108)
[INFO] [stdout]     src/google/google.api.rs - google::api::RoutingRule (line 1125)
[INFO] [stdout]     src/google/google.api.rs - google::api::RoutingRule (line 1140)
[INFO] [stdout]     src/google/google.api.rs - google::api::RoutingRule (line 1157)
[INFO] [stdout]     src/google/google.api.rs - google::api::RoutingRule (line 1167)
[INFO] [stdout]     src/google/google.api.rs - google::api::RoutingRule (line 1185)
[INFO] [stdout]     src/google/google.api.rs - google::api::RoutingRule (line 1201)
[INFO] [stdout]     src/google/google.api.rs - google::api::RoutingRule (line 1217)
[INFO] [stdout]     src/google/google.api.rs - google::api::RoutingRule (line 1228)
[INFO] [stdout]     src/google/google.api.rs - google::api::RoutingRule (line 1249)
[INFO] [stdout]     src/google/google.api.rs - google::api::RoutingRule (line 1257)
[INFO] [stdout]     src/google/google.api.rs - google::api::RoutingRule (line 1293)
[INFO] [stdout]     src/google/google.api.rs - google::api::RoutingRule (line 944)
[INFO] [stdout]     src/google/google.api.rs - google::api::RoutingRule (line 961)
[INFO] [stdout]     src/google/google.api.rs - google::api::RoutingRule (line 978)
[INFO] [stdout]     src/google/google.api.rs - google::api::RoutingRule (line 987)
[INFO] [stdout]     src/google/google.api.rs - google::api::RoutingRule (line 996)
[INFO] [stdout]     src/google/google.datastore.v1.rs - google::datastore::v1::aggregation_query::Aggregation::alias (line 389)
[INFO] [stdout]     src/google/google.datastore.v1.rs - google::datastore::v1::aggregation_query::Aggregation::alias (line 402)
[INFO] [stdout]     src/google/google.datastore.v1.rs - google::datastore::v1::aggregation_query::aggregation::Count::up_to (line 446)
[INFO] [stdout] 
[INFO] [stdout] test result: FAILED. 0 passed; 42 failed; 0 ignored; 0 measured; 0 filtered out; finished in 0.20s
[INFO] [stdout] 
[INFO] [stderr] error: doctest failed, to rerun pass `--doc`
[INFO] running `Command { std: "docker" "inspect" "742733f37363aae3c980aa07333844c3f93663acfb9ece64ff7ea7c74151ce1b", kill_on_drop: false }`
[INFO] running `Command { std: "docker" "rm" "-f" "742733f37363aae3c980aa07333844c3f93663acfb9ece64ff7ea7c74151ce1b", kill_on_drop: false }`
[INFO] [stdout] 742733f37363aae3c980aa07333844c3f93663acfb9ece64ff7ea7c74151ce1b
