[INFO] cloning repository https://github.com/andll/tidehunter
[INFO] running `Command { std: "git" "-c" "credential.helper=" "-c" "credential.helper=/workspace/cargo-home/bin/git-credential-null" "clone" "--bare" "https://github.com/andll/tidehunter" "/workspace/cache/git-repos/https%3A%2F%2Fgithub.com%2Fandll%2Ftidehunter", kill_on_drop: false }`
[INFO] [stderr] Cloning into bare repository '/workspace/cache/git-repos/https%3A%2F%2Fgithub.com%2Fandll%2Ftidehunter'...
[INFO] running `Command { std: "git" "rev-parse" "HEAD", kill_on_drop: false }`
[INFO] [stdout] 8362c9612469dfce691a5647b018b3b89e1a6bf8
[INFO] testing andll/tidehunter/8362c9612469dfce691a5647b018b3b89e1a6bf8 against nightly-2024-10-28+rustflags=-Zrandomize-layout for randomize-layout
[INFO] running `Command { std: "git" "clone" "/workspace/cache/git-repos/https%3A%2F%2Fgithub.com%2Fandll%2Ftidehunter" "/workspace/builds/worker-2-tc2/source", kill_on_drop: false }`
[INFO] [stderr] Cloning into '/workspace/builds/worker-2-tc2/source'...
[INFO] [stderr] done.
[INFO] validating manifest of git repo https://github.com/andll/tidehunter on toolchain nightly-2024-10-28
[INFO] running `Command { std: CARGO_HOME="/workspace/cargo-home" RUSTUP_HOME="/workspace/rustup-home" "/workspace/cargo-home/bin/cargo" "+nightly-2024-10-28" "metadata" "--manifest-path" "Cargo.toml" "--no-deps", kill_on_drop: false }`
[INFO] started tweaking git repo https://github.com/andll/tidehunter
[INFO] finished tweaking git repo https://github.com/andll/tidehunter
[INFO] tweaked toml for git repo https://github.com/andll/tidehunter written to /workspace/builds/worker-2-tc2/source/Cargo.toml
[INFO] crate git repo https://github.com/andll/tidehunter already has a lockfile, it will not be regenerated
[INFO] running `Command { std: CARGO_HOME="/workspace/cargo-home" RUSTUP_HOME="/workspace/rustup-home" "/workspace/cargo-home/bin/cargo" "+nightly-2024-10-28" "fetch" "--manifest-path" "Cargo.toml", kill_on_drop: false }`
[INFO] [stderr] warning: `default_features` is deprecated in favor of `default-features` and will not work in the 2024 edition
[INFO] [stderr] (in the `minibytes` dependency)
[INFO] running `Command { std: "docker" "create" "-v" "/var/lib/crater-agent-workspace/builds/worker-2-tc2/target:/opt/rustwide/target:rw,Z" "-v" "/var/lib/crater-agent-workspace/builds/worker-2-tc2/source:/opt/rustwide/workdir:ro,Z" "-v" "/var/lib/crater-agent-workspace/cargo-home:/opt/rustwide/cargo-home:ro,Z" "-v" "/var/lib/crater-agent-workspace/rustup-home:/opt/rustwide/rustup-home:ro,Z" "-e" "SOURCE_DIR=/opt/rustwide/workdir" "-e" "CARGO_TARGET_DIR=/opt/rustwide/target" "-e" "CARGO_HOME=/opt/rustwide/cargo-home" "-e" "RUSTUP_HOME=/opt/rustwide/rustup-home" "-w" "/opt/rustwide/workdir" "-m" "1610612736" "--user" "0:0" "--network" "none" "ghcr.io/rust-lang/crates-build-env/linux@sha256:4a844ea9eb2546a2d2c7022eacef16ef2e8229c7fbb2c7d4d55a9ceca922f72d" "/opt/rustwide/cargo-home/bin/cargo" "+nightly-2024-10-28" "metadata" "--no-deps" "--format-version=1", kill_on_drop: false }`
[INFO] [stdout] fee93e342a5ddd58b9d5894417d4927667f0bcbbbd3e7a9227eb8fb6a665bbb6
[INFO] running `Command { std: "docker" "start" "-a" "fee93e342a5ddd58b9d5894417d4927667f0bcbbbd3e7a9227eb8fb6a665bbb6", kill_on_drop: false }`
[INFO] running `Command { std: "docker" "inspect" "fee93e342a5ddd58b9d5894417d4927667f0bcbbbd3e7a9227eb8fb6a665bbb6", kill_on_drop: false }`
[INFO] running `Command { std: "docker" "rm" "-f" "fee93e342a5ddd58b9d5894417d4927667f0bcbbbd3e7a9227eb8fb6a665bbb6", kill_on_drop: false }`
[INFO] [stdout] fee93e342a5ddd58b9d5894417d4927667f0bcbbbd3e7a9227eb8fb6a665bbb6
[INFO] running `Command { std: "docker" "create" "-v" "/var/lib/crater-agent-workspace/builds/worker-2-tc2/target:/opt/rustwide/target:rw,Z" "-v" "/var/lib/crater-agent-workspace/builds/worker-2-tc2/source:/opt/rustwide/workdir:ro,Z" "-v" "/var/lib/crater-agent-workspace/cargo-home:/opt/rustwide/cargo-home:ro,Z" "-v" "/var/lib/crater-agent-workspace/rustup-home:/opt/rustwide/rustup-home:ro,Z" "-e" "SOURCE_DIR=/opt/rustwide/workdir" "-e" "CARGO_TARGET_DIR=/opt/rustwide/target" "-e" "CARGO_INCREMENTAL=0" "-e" "RUST_BACKTRACE=full" "-e" "RUSTFLAGS=--cap-lints=forbid -Zrandomize-layout" "-e" "RUSTDOCFLAGS=--cap-lints=forbid" "-e" "CARGO_HOME=/opt/rustwide/cargo-home" "-e" "RUSTUP_HOME=/opt/rustwide/rustup-home" "-w" "/opt/rustwide/workdir" "-m" "1610612736" "--user" "0:0" "--network" "none" "ghcr.io/rust-lang/crates-build-env/linux@sha256:4a844ea9eb2546a2d2c7022eacef16ef2e8229c7fbb2c7d4d55a9ceca922f72d" "/opt/rustwide/cargo-home/bin/cargo" "+nightly-2024-10-28" "build" "--frozen" "--message-format=json", kill_on_drop: false }`
[INFO] [stdout] 0685073a67d86eaff565afa6c93aee5babf518e7f27a7a43b4fa94233e1108c8
[INFO] running `Command { std: "docker" "start" "-a" "0685073a67d86eaff565afa6c93aee5babf518e7f27a7a43b4fa94233e1108c8", kill_on_drop: false }`
[INFO] [stderr] warning: `default_features` is deprecated in favor of `default-features` and will not work in the 2024 edition
[INFO] [stderr] (in the `minibytes` dependency)
[INFO] [stderr]    Compiling libc v0.2.155
[INFO] [stderr]    Compiling serde v1.0.208
[INFO] [stderr]    Compiling smallvec v1.13.2
[INFO] [stderr]    Compiling protobuf v2.28.0
[INFO] [stderr]    Compiling prometheus v0.13.4
[INFO] [stderr]    Compiling crc32fast v1.4.2
[INFO] [stderr]    Compiling syn v2.0.72
[INFO] [stderr]    Compiling parking_lot_core v0.9.10
[INFO] [stderr]    Compiling memmap2 v0.7.1
[INFO] [stderr]    Compiling parking_lot v0.12.3
[INFO] [stderr]    Compiling serde_derive v1.0.208
[INFO] [stderr]    Compiling thiserror-impl v1.0.63
[INFO] [stderr]    Compiling thiserror v1.0.63
[INFO] [stderr]    Compiling bytes v1.7.1
[INFO] [stderr]    Compiling bincode v1.3.3
[INFO] [stderr]    Compiling minibytes v0.1.0 (/opt/rustwide/workdir/third-party/minibytes)
[INFO] [stderr]    Compiling tidehunter v0.1.0 (/opt/rustwide/workdir)
[INFO] [stdout] warning: unused import: `std::cell::RefCell`
[INFO] [stdout]  --> src/lookup.rs:2:5
[INFO] [stdout]   |
[INFO] [stdout] 2 | use std::cell::RefCell;
[INFO] [stdout]   |     ^^^^^^^^^^^^^^^^^^
[INFO] [stdout]   |
[INFO] [stdout]   = note: `#[warn(unused_imports)]` on by default
[INFO] [stdout] 
[INFO] [stdout] 
[INFO] [stdout] warning: method `load_entry` is never used
[INFO] [stdout]    --> src/large_table.rs:290:8
[INFO] [stdout]     |
[INFO] [stdout] 61  | impl LargeTable {
[INFO] [stdout]     | --------------- method in this implementation
[INFO] [stdout] ...
[INFO] [stdout] 290 |     fn load_entry<'a, L: Loader>(
[INFO] [stdout]     |        ^^^^^^^^^^
[INFO] [stdout]     |
[INFO] [stdout]     = note: `#[warn(dead_code)]` on by default
[INFO] [stdout] 
[INFO] [stdout] 
[INFO] [stdout] warning: methods `pop` and `len` are never used
[INFO] [stdout]   --> src/primitives/lru.rs:35:12
[INFO] [stdout]    |
[INFO] [stdout] 14 | impl Lru {
[INFO] [stdout]    | -------- methods in this implementation
[INFO] [stdout] ...
[INFO] [stdout] 35 |     pub fn pop(&mut self) -> Option<u64> {
[INFO] [stdout]    |            ^^^
[INFO] [stdout] ...
[INFO] [stdout] 59 |     pub fn len(&self) -> usize {
[INFO] [stdout]    |            ^^^
[INFO] [stdout] 
[INFO] [stdout] 
[INFO] [stdout] warning: unused import: `std::cell::RefCell`
[INFO] [stdout]  --> src/lookup.rs:2:5
[INFO] [stdout]   |
[INFO] [stdout] 2 | use std::cell::RefCell;
[INFO] [stdout]   |     ^^^^^^^^^^^^^^^^^^
[INFO] [stdout]   |
[INFO] [stdout]   = note: `#[warn(unused_imports)]` on by default
[INFO] [stdout] 
[INFO] [stdout] 
[INFO] [stdout] warning: struct `KeyShapeBuilder` is never constructed
[INFO] [stdout]   --> src/key_shape.rs:16:12
[INFO] [stdout]    |
[INFO] [stdout] 16 | pub struct KeyShapeBuilder {
[INFO] [stdout]    |            ^^^^^^^^^^^^^^^
[INFO] [stdout]    |
[INFO] [stdout]    = note: `#[warn(dead_code)]` on by default
[INFO] [stdout] 
[INFO] [stdout] 
[INFO] [stdout] warning: multiple associated items are never used
[INFO] [stdout]    --> src/key_shape.rs:48:12
[INFO] [stdout]     |
[INFO] [stdout] 47  | impl KeyShapeBuilder {
[INFO] [stdout]     | -------------------- associated items in this implementation
[INFO] [stdout] 48  |     pub fn from_config(config: &Config, frac_base: usize) -> Self {
[INFO] [stdout]     |            ^^^^^^^^^^^
[INFO] [stdout] ...
[INFO] [stdout] 53  |     pub fn new(large_table_size: usize, frac_base: usize) -> Self {
[INFO] [stdout]     |            ^^^
[INFO] [stdout] ...
[INFO] [stdout] 64  |     pub fn const_key_space(
[INFO] [stdout]     |            ^^^^^^^^^^^^^^^
[INFO] [stdout] ...
[INFO] [stdout] 74  |     pub fn pad_const_space(&mut self) -> usize {
[INFO] [stdout]     |            ^^^^^^^^^^^^^^^
[INFO] [stdout] ...
[INFO] [stdout] 80  |     pub fn const_key_space_config(
[INFO] [stdout]     |            ^^^^^^^^^^^^^^^^^^^^^^
[INFO] [stdout] ...
[INFO] [stdout] 103 |     pub fn frac_key_space(
[INFO] [stdout]     |            ^^^^^^^^^^^^^^
[INFO] [stdout] ...
[INFO] [stdout] 112 |     pub fn frac_key_space_config(
[INFO] [stdout]     |            ^^^^^^^^^^^^^^^^^^^^^
[INFO] [stdout] ...
[INFO] [stdout] 142 |     fn add_key_space(
[INFO] [stdout]     |        ^^^^^^^^^^^^^
[INFO] [stdout] ...
[INFO] [stdout] 170 |     pub fn build(mut self) -> KeyShape {
[INFO] [stdout]     |            ^^^^^
[INFO] [stdout] ...
[INFO] [stdout] 186 |     fn check_no_overlap(&self) {
[INFO] [stdout]     |        ^^^^^^^^^^^^^^^^
[INFO] [stdout] 
[INFO] [stdout] 
[INFO] [stdout] warning: associated items `new`, `new_with_key_offset`, and `with_compactor` are never used
[INFO] [stdout]    --> src/key_shape.rs:268:12
[INFO] [stdout]     |
[INFO] [stdout] 267 | impl KeySpaceConfig {
[INFO] [stdout]     | ------------------- associated items in this implementation
[INFO] [stdout] 268 |     pub fn new() -> Self {
[INFO] [stdout]     |            ^^^
[INFO] [stdout] ...
[INFO] [stdout] 272 |     pub fn new_with_key_offset(key_offset: usize) -> Self {
[INFO] [stdout]     |            ^^^^^^^^^^^^^^^^^^^
[INFO] [stdout] ...
[INFO] [stdout] 279 |     pub fn with_compactor(mut self, compactor: Compactor) -> Self {
[INFO] [stdout]     |            ^^^^^^^^^^^^^^
[INFO] [stdout] 
[INFO] [stdout] 
[INFO] [stdout] warning: method `load_entry` is never used
[INFO] [stdout]    --> src/large_table.rs:290:8
[INFO] [stdout]     |
[INFO] [stdout] 61  | impl LargeTable {
[INFO] [stdout]     | --------------- method in this implementation
[INFO] [stdout] ...
[INFO] [stdout] 290 |     fn load_entry<'a, L: Loader>(
[INFO] [stdout]     |        ^^^^^^^^^^
[INFO] [stdout] 
[INFO] [stdout] 
[INFO] [stdout] warning: methods `pop` and `len` are never used
[INFO] [stdout]   --> src/primitives/lru.rs:35:12
[INFO] [stdout]    |
[INFO] [stdout] 14 | impl Lru {
[INFO] [stdout]    | -------- methods in this implementation
[INFO] [stdout] ...
[INFO] [stdout] 35 |     pub fn pop(&mut self) -> Option<u64> {
[INFO] [stdout]    |            ^^^
[INFO] [stdout] ...
[INFO] [stdout] 59 |     pub fn len(&self) -> usize {
[INFO] [stdout]    |            ^^^
[INFO] [stdout] 
[INFO] [stdout] 
[INFO] [stdout] warning: methods `read` and `cleanup` are never used
[INFO] [stdout]    --> src/wal.rs:222:12
[INFO] [stdout]     |
[INFO] [stdout] 202 | impl Wal {
[INFO] [stdout]     | -------- methods in this implementation
[INFO] [stdout] ...
[INFO] [stdout] 222 |     pub fn read(&self, pos: WalPosition) -> Result<Bytes, WalError> {
[INFO] [stdout]     |            ^^^^
[INFO] [stdout] ...
[INFO] [stdout] 379 |     pub fn cleanup(&self) -> usize {
[INFO] [stdout]     |            ^^^^^^^
[INFO] [stdout] 
[INFO] [stdout] 
[INFO] [stdout] warning: method `cleanup` is never used
[INFO] [stdout]    --> src/wal.rs:390:12
[INFO] [stdout]     |
[INFO] [stdout] 388 | impl Maps {
[INFO] [stdout]     | --------- method in this implementation
[INFO] [stdout] 389 |     /// Remove mappings that has no external references
[INFO] [stdout] 390 |     pub fn cleanup(&mut self) -> usize {
[INFO] [stdout]     |            ^^^^^^^
[INFO] [stdout] 
[INFO] [stdout] 
[INFO] [stderr]     Finished `dev` profile [unoptimized + debuginfo] target(s) in 9.67s
[INFO] running `Command { std: "docker" "inspect" "0685073a67d86eaff565afa6c93aee5babf518e7f27a7a43b4fa94233e1108c8", kill_on_drop: false }`
[INFO] running `Command { std: "docker" "rm" "-f" "0685073a67d86eaff565afa6c93aee5babf518e7f27a7a43b4fa94233e1108c8", kill_on_drop: false }`
[INFO] [stdout] 0685073a67d86eaff565afa6c93aee5babf518e7f27a7a43b4fa94233e1108c8
[INFO] running `Command { std: "docker" "create" "-v" "/var/lib/crater-agent-workspace/builds/worker-2-tc2/target:/opt/rustwide/target:rw,Z" "-v" "/var/lib/crater-agent-workspace/builds/worker-2-tc2/source:/opt/rustwide/workdir:ro,Z" "-v" "/var/lib/crater-agent-workspace/cargo-home:/opt/rustwide/cargo-home:ro,Z" "-v" "/var/lib/crater-agent-workspace/rustup-home:/opt/rustwide/rustup-home:ro,Z" "-e" "SOURCE_DIR=/opt/rustwide/workdir" "-e" "CARGO_TARGET_DIR=/opt/rustwide/target" "-e" "CARGO_INCREMENTAL=0" "-e" "RUST_BACKTRACE=full" "-e" "RUSTFLAGS=--cap-lints=forbid -Zrandomize-layout" "-e" "RUSTDOCFLAGS=--cap-lints=forbid" "-e" "CARGO_HOME=/opt/rustwide/cargo-home" "-e" "RUSTUP_HOME=/opt/rustwide/rustup-home" "-w" "/opt/rustwide/workdir" "-m" "1610612736" "--user" "0:0" "--network" "none" "ghcr.io/rust-lang/crates-build-env/linux@sha256:4a844ea9eb2546a2d2c7022eacef16ef2e8229c7fbb2c7d4d55a9ceca922f72d" "/opt/rustwide/cargo-home/bin/cargo" "+nightly-2024-10-28" "test" "--frozen" "--no-run" "--message-format=json", kill_on_drop: false }`
[INFO] [stdout] 7bc76ac822a6348a7a7e0e9a1b4284dfc911a4d7bd2c3b9209c8efe6ee627fe7
[INFO] running `Command { std: "docker" "start" "-a" "7bc76ac822a6348a7a7e0e9a1b4284dfc911a4d7bd2c3b9209c8efe6ee627fe7", kill_on_drop: false }`
[INFO] [stderr] warning: `default_features` is deprecated in favor of `default-features` and will not work in the 2024 edition
[INFO] [stderr] (in the `minibytes` dependency)
[INFO] [stderr]    Compiling byteorder v1.5.0
[INFO] [stderr]    Compiling remove_dir_all v0.5.3
[INFO] [stderr]    Compiling zerocopy-derive v0.7.35
[INFO] [stderr]    Compiling getrandom v0.2.15
[INFO] [stderr]    Compiling rand v0.4.6
[INFO] [stdout] warning: unused import: `std::cell::RefCell`
[INFO] [stdout]  --> src/lookup.rs:2:5
[INFO] [stdout]   |
[INFO] [stdout] 2 | use std::cell::RefCell;
[INFO] [stdout]   |     ^^^^^^^^^^^^^^^^^^
[INFO] [stdout]   |
[INFO] [stdout]   = note: `#[warn(unused_imports)]` on by default
[INFO] [stdout] 
[INFO] [stdout] 
[INFO] [stdout] warning: method `load_entry` is never used
[INFO] [stdout]    --> src/large_table.rs:290:8
[INFO] [stdout]     |
[INFO] [stdout] 61  | impl LargeTable {
[INFO] [stdout]     | --------------- method in this implementation
[INFO] [stdout] ...
[INFO] [stdout] 290 |     fn load_entry<'a, L: Loader>(
[INFO] [stdout]     |        ^^^^^^^^^^
[INFO] [stdout]     |
[INFO] [stdout]     = note: `#[warn(dead_code)]` on by default
[INFO] [stdout] 
[INFO] [stdout] 
[INFO] [stdout] warning: methods `pop` and `len` are never used
[INFO] [stdout]   --> src/primitives/lru.rs:35:12
[INFO] [stdout]    |
[INFO] [stdout] 14 | impl Lru {
[INFO] [stdout]    | -------- methods in this implementation
[INFO] [stdout] ...
[INFO] [stdout] 35 |     pub fn pop(&mut self) -> Option<u64> {
[INFO] [stdout]    |            ^^^
[INFO] [stdout] ...
[INFO] [stdout] 59 |     pub fn len(&self) -> usize {
[INFO] [stdout]    |            ^^^
[INFO] [stdout] 
[INFO] [stdout] 
[INFO] [stderr]    Compiling rand_core v0.6.4
[INFO] [stderr]    Compiling tempdir v0.3.7
[INFO] [stderr]    Compiling zerocopy v0.7.35
[INFO] [stderr]    Compiling ppv-lite86 v0.2.20
[INFO] [stderr]    Compiling rand_chacha v0.3.1
[INFO] [stderr]    Compiling rand v0.8.5
[INFO] [stderr]    Compiling tidehunter v0.1.0 (/opt/rustwide/workdir)
[INFO] [stdout] warning: method `load_entry` is never used
[INFO] [stdout]    --> src/large_table.rs:290:8
[INFO] [stdout]     |
[INFO] [stdout] 61  | impl LargeTable {
[INFO] [stdout]     | --------------- method in this implementation
[INFO] [stdout] ...
[INFO] [stdout] 290 |     fn load_entry<'a, L: Loader>(
[INFO] [stdout]     |        ^^^^^^^^^^
[INFO] [stdout]     |
[INFO] [stdout]     = note: `#[warn(dead_code)]` on by default
[INFO] [stdout] 
[INFO] [stdout] 
[INFO] [stdout] warning: method `len` is never used
[INFO] [stdout]   --> src/primitives/lru.rs:59:12
[INFO] [stdout]    |
[INFO] [stdout] 14 | impl Lru {
[INFO] [stdout]    | -------- method in this implementation
[INFO] [stdout] ...
[INFO] [stdout] 59 |     pub fn len(&self) -> usize {
[INFO] [stdout]    |            ^^^
[INFO] [stdout] 
[INFO] [stdout] 
[INFO] [stdout] warning: associated items `new`, `new_with_key_offset`, and `with_compactor` are never used
[INFO] [stdout]    --> src/key_shape.rs:268:12
[INFO] [stdout]     |
[INFO] [stdout] 267 | impl KeySpaceConfig {
[INFO] [stdout]     | ------------------- associated items in this implementation
[INFO] [stdout] 268 |     pub fn new() -> Self {
[INFO] [stdout]     |            ^^^
[INFO] [stdout] ...
[INFO] [stdout] 272 |     pub fn new_with_key_offset(key_offset: usize) -> Self {
[INFO] [stdout]     |            ^^^^^^^^^^^^^^^^^^^
[INFO] [stdout] ...
[INFO] [stdout] 279 |     pub fn with_compactor(mut self, compactor: Compactor) -> Self {
[INFO] [stdout]     |            ^^^^^^^^^^^^^^
[INFO] [stdout]     |
[INFO] [stdout]     = note: `#[warn(dead_code)]` on by default
[INFO] [stdout] 
[INFO] [stdout] 
[INFO] [stdout] warning: method `load_entry` is never used
[INFO] [stdout]    --> src/large_table.rs:290:8
[INFO] [stdout]     |
[INFO] [stdout] 61  | impl LargeTable {
[INFO] [stdout]     | --------------- method in this implementation
[INFO] [stdout] ...
[INFO] [stdout] 290 |     fn load_entry<'a, L: Loader>(
[INFO] [stdout]     |        ^^^^^^^^^^
[INFO] [stdout] 
[INFO] [stdout] 
[INFO] [stdout] warning: method `len` is never used
[INFO] [stdout]   --> src/primitives/lru.rs:59:12
[INFO] [stdout]    |
[INFO] [stdout] 14 | impl Lru {
[INFO] [stdout]    | -------- method in this implementation
[INFO] [stdout] ...
[INFO] [stdout] 59 |     pub fn len(&self) -> usize {
[INFO] [stdout]    |            ^^^
[INFO] [stdout] 
[INFO] [stdout] 
[INFO] [stderr]     Finished `test` profile [unoptimized + debuginfo] target(s) in 2.62s
[INFO] running `Command { std: "docker" "inspect" "7bc76ac822a6348a7a7e0e9a1b4284dfc911a4d7bd2c3b9209c8efe6ee627fe7", kill_on_drop: false }`
[INFO] running `Command { std: "docker" "rm" "-f" "7bc76ac822a6348a7a7e0e9a1b4284dfc911a4d7bd2c3b9209c8efe6ee627fe7", kill_on_drop: false }`
[INFO] [stdout] 7bc76ac822a6348a7a7e0e9a1b4284dfc911a4d7bd2c3b9209c8efe6ee627fe7
[INFO] running `Command { std: "docker" "create" "-v" "/var/lib/crater-agent-workspace/builds/worker-2-tc2/target:/opt/rustwide/target:rw,Z" "-v" "/var/lib/crater-agent-workspace/builds/worker-2-tc2/source:/opt/rustwide/workdir:ro,Z" "-v" "/var/lib/crater-agent-workspace/cargo-home:/opt/rustwide/cargo-home:ro,Z" "-v" "/var/lib/crater-agent-workspace/rustup-home:/opt/rustwide/rustup-home:ro,Z" "-e" "SOURCE_DIR=/opt/rustwide/workdir" "-e" "CARGO_TARGET_DIR=/opt/rustwide/target" "-e" "CARGO_INCREMENTAL=0" "-e" "RUST_BACKTRACE=full" "-e" "RUSTFLAGS=--cap-lints=forbid -Zrandomize-layout" "-e" "RUSTDOCFLAGS=--cap-lints=forbid" "-e" "CARGO_HOME=/opt/rustwide/cargo-home" "-e" "RUSTUP_HOME=/opt/rustwide/rustup-home" "-w" "/opt/rustwide/workdir" "-m" "1610612736" "--user" "0:0" "--network" "none" "ghcr.io/rust-lang/crates-build-env/linux@sha256:4a844ea9eb2546a2d2c7022eacef16ef2e8229c7fbb2c7d4d55a9ceca922f72d" "/opt/rustwide/cargo-home/bin/cargo" "+nightly-2024-10-28" "test" "--frozen", kill_on_drop: false }`
[INFO] [stdout] 13a21119fad58f831983a523f0bd8ab519015f98655fa4fe3ba2892dd545a518
[INFO] running `Command { std: "docker" "start" "-a" "13a21119fad58f831983a523f0bd8ab519015f98655fa4fe3ba2892dd545a518", kill_on_drop: false }`
[INFO] [stderr] warning: `default_features` is deprecated in favor of `default-features` and will not work in the 2024 edition
[INFO] [stderr] (in the `minibytes` dependency)
[INFO] [stderr] warning: unused import: `std::cell::RefCell`
[INFO] [stderr]  --> src/lookup.rs:2:5
[INFO] [stderr]   |
[INFO] [stderr] 2 | use std::cell::RefCell;
[INFO] [stderr]   |     ^^^^^^^^^^^^^^^^^^
[INFO] [stderr]   |
[INFO] [stderr]   = note: `#[warn(unused_imports)]` on by default
[INFO] [stderr] 
[INFO] [stderr] warning: method `load_entry` is never used
[INFO] [stderr]    --> src/large_table.rs:290:8
[INFO] [stderr]     |
[INFO] [stderr] 61  | impl LargeTable {
[INFO] [stderr]     | --------------- method in this implementation
[INFO] [stderr] ...
[INFO] [stderr] 290 |     fn load_entry<'a, L: Loader>(
[INFO] [stderr]     |        ^^^^^^^^^^
[INFO] [stderr]     |
[INFO] [stderr]     = note: `#[warn(dead_code)]` on by default
[INFO] [stderr] 
[INFO] [stderr] warning: methods `pop` and `len` are never used
[INFO] [stderr]   --> src/primitives/lru.rs:35:12
[INFO] [stderr]    |
[INFO] [stderr] 14 | impl Lru {
[INFO] [stderr]    | -------- methods in this implementation
[INFO] [stderr] ...
[INFO] [stderr] 35 |     pub fn pop(&mut self) -> Option<u64> {
[INFO] [stderr]    |            ^^^
[INFO] [stderr] ...
[INFO] [stderr] 59 |     pub fn len(&self) -> usize {
[INFO] [stderr]    |            ^^^
[INFO] [stderr] 
[INFO] [stderr] warning: `tidehunter` (lib) generated 3 warnings (run `cargo fix --lib -p tidehunter` to apply 1 suggestion)
[INFO] [stderr] warning: method `len` is never used
[INFO] [stderr]   --> src/primitives/lru.rs:59:12
[INFO] [stderr]    |
[INFO] [stderr] 14 | impl Lru {
[INFO] [stderr]    | -------- method in this implementation
[INFO] [stderr] ...
[INFO] [stderr] 59 |     pub fn len(&self) -> usize {
[INFO] [stderr]    |            ^^^
[INFO] [stderr] 
[INFO] [stderr] warning: associated items `new`, `new_with_key_offset`, and `with_compactor` are never used
[INFO] [stderr]    --> src/key_shape.rs:268:12
[INFO] [stderr]     |
[INFO] [stderr] 267 | impl KeySpaceConfig {
[INFO] [stderr]     | ------------------- associated items in this implementation
[INFO] [stderr] 268 |     pub fn new() -> Self {
[INFO] [stderr]     |            ^^^
[INFO] [stderr] ...
[INFO] [stderr] 272 |     pub fn new_with_key_offset(key_offset: usize) -> Self {
[INFO] [stderr]     |            ^^^^^^^^^^^^^^^^^^^
[INFO] [stderr] ...
[INFO] [stderr] 279 |     pub fn with_compactor(mut self, compactor: Compactor) -> Self {
[INFO] [stderr]     |            ^^^^^^^^^^^^^^
[INFO] [stderr]     |
[INFO] [stderr]     = note: `#[warn(dead_code)]` on by default
[INFO] [stderr] 
[INFO] [stderr] warning: method `load_entry` is never used
[INFO] [stderr]    --> src/large_table.rs:290:8
[INFO] [stderr]     |
[INFO] [stderr] 61  | impl LargeTable {
[INFO] [stderr]     | --------------- method in this implementation
[INFO] [stderr] ...
[INFO] [stderr] 290 |     fn load_entry<'a, L: Loader>(
[INFO] [stderr]     |        ^^^^^^^^^^
[INFO] [stderr] 
[INFO] [stderr] warning: `tidehunter` (lib test) generated 2 warnings (1 duplicate)
[INFO] [stderr] warning: `tidehunter` (bin "tidehunter" test) generated 3 warnings (1 duplicate)
[INFO] [stderr]     Finished `test` profile [unoptimized + debuginfo] target(s) in 0.03s
[INFO] [stderr]      Running unittests src/lib.rs (/opt/rustwide/target/debug/deps/tidehunter-cd920fb0ab585a88)
[INFO] [stdout] 
[INFO] [stdout] running 20 tests
[INFO] [stdout] test crc::test::crc_test ... ok
[INFO] [stdout] test key_shape::test_ks_builder ... ok
[INFO] [stdout] test primitives::arc_cow::tests::arc_cow_test ... ok
[INFO] [stdout] test wal::tests::test_align ... ok
[INFO] [stdout] test wal::tests::test_atomic_wal_position ... ok
[INFO] [stdout] test wal::tests::test_position ... ok
[INFO] [stdout] test primitives::lru::test_lru ... ok
[INFO] [stdout] test wal::tests::test_wal ... ok
[INFO] [stdout] test large_table::tests::test_ks_allocation ... ok
[INFO] [stdout] test db::test::test_last_in_range ... ok
[INFO] [stdout] test db::test::test_ordered_iterator ... ok
[INFO] [stdout] test db::test::test_unordered_iterator ... ok
[INFO] [stdout] test db::test::test_empty ... ok
[INFO] [stdout] test db::test::test_batch ... ok
[INFO] [stdout] test db::test::test_small_keys ... ok
[INFO] [stdout] test db::test::test_dirty_unloading ... FAILED
[INFO] [stdout] test db::test::db_test ... FAILED
[INFO] [stdout] test db::test::test_remove ... FAILED
[INFO] [stdout] test lookup::tests::lookup_test ... ok
[INFO] [stdout] test db::test::test_narrow_lookup ... ok
[INFO] [stdout] 
[INFO] [stdout] failures:
[INFO] [stdout] 
[INFO] [stdout] ---- db::test::test_dirty_unloading stdout ----
[INFO] [stdout] thread 'db::test::test_dirty_unloading' panicked at src/lookup.rs:68:17:
[INFO] [stdout] Lookup key does not fit suggested key range, key_estimate 1339673755190871589336215612492349440, suggested key range 85236745229707730349956627740477095423..85402898729180844834069603623012138494
[INFO] [stdout] stack backtrace:
[INFO] [stdout]    0:     0x5e720b41045a - std::backtrace_rs::backtrace::libunwind::trace::h207520d6e9873551
[INFO] [stdout]                                at /rustc/df4ca44d3fbc9301ee17f30f4d474e6ae4b05252/library/std/src/../../backtrace/src/backtrace/libunwind.rs:116:5
[INFO] [stdout]    1:     0x5e720b41045a - std::backtrace_rs::backtrace::trace_unsynchronized::h2ed7433f370e3eca
[INFO] [stdout]                                at /rustc/df4ca44d3fbc9301ee17f30f4d474e6ae4b05252/library/std/src/../../backtrace/src/backtrace/mod.rs:66:5
[INFO] [stdout]    2:     0x5e720b41045a - std::sys::backtrace::_print_fmt::h916fac51166b18d7
[INFO] [stdout]                                at /rustc/df4ca44d3fbc9301ee17f30f4d474e6ae4b05252/library/std/src/sys/backtrace.rs:66:9
[INFO] [stdout]    3:     0x5e720b41045a - <std::sys::backtrace::BacktraceLock::print::DisplayBacktrace as core::fmt::Display>::fmt::ha0a4c9b8ce3802e6
[INFO] [stdout]                                at /rustc/df4ca44d3fbc9301ee17f30f4d474e6ae4b05252/library/std/src/sys/backtrace.rs:39:26
[INFO] [stdout]    4:     0x5e720b4388e3 - core::fmt::rt::Argument::fmt::h4cfc8587d52b3eb5
[INFO] [stdout]                                at /rustc/df4ca44d3fbc9301ee17f30f4d474e6ae4b05252/library/core/src/fmt/rt.rs:177:76
[INFO] [stdout]    5:     0x5e720b4388e3 - core::fmt::write::h522cc39e5b36ae9f
[INFO] [stdout]                                at /rustc/df4ca44d3fbc9301ee17f30f4d474e6ae4b05252/library/core/src/fmt/mod.rs:1190:21
[INFO] [stdout]    6:     0x5e720b40ce03 - std::io::Write::write_fmt::h7d3c26752da97734
[INFO] [stdout]                                at /rustc/df4ca44d3fbc9301ee17f30f4d474e6ae4b05252/library/std/src/io/mod.rs:1839:15
[INFO] [stdout]    7:     0x5e720b4102a2 - std::sys::backtrace::BacktraceLock::print::h4b9e00b29e9c0942
[INFO] [stdout]                                at /rustc/df4ca44d3fbc9301ee17f30f4d474e6ae4b05252/library/std/src/sys/backtrace.rs:42:9
[INFO] [stdout]    8:     0x5e720b4118ea - std::panicking::default_hook::{{closure}}::hb59b88280d0324d9
[INFO] [stdout]                                at /rustc/df4ca44d3fbc9301ee17f30f4d474e6ae4b05252/library/std/src/panicking.rs:268:22
[INFO] [stdout]    9:     0x5e720b4116f4 - std::panicking::default_hook::he1dd496665be4a29
[INFO] [stdout]                                at /rustc/df4ca44d3fbc9301ee17f30f4d474e6ae4b05252/library/std/src/panicking.rs:292:9
[INFO] [stdout]   10:     0x5e720b256189 - <alloc::boxed::Box<F,A> as core::ops::function::Fn<Args>>::call::h4ff71de18744e1dc
[INFO] [stdout]                                at /rustc/df4ca44d3fbc9301ee17f30f4d474e6ae4b05252/library/alloc/src/boxed.rs:2468:9
[INFO] [stdout]   11:     0x5e720b256189 - test::test_main::{{closure}}::hcf7c055ce117aa81
[INFO] [stdout]                                at /rustc/df4ca44d3fbc9301ee17f30f4d474e6ae4b05252/library/test/src/lib.rs:133:21
[INFO] [stdout]   12:     0x5e720b411fe8 - <alloc::boxed::Box<F,A> as core::ops::function::Fn<Args>>::call::h1d66c6bbd60c9692
[INFO] [stdout]                                at /rustc/df4ca44d3fbc9301ee17f30f4d474e6ae4b05252/library/alloc/src/boxed.rs:2468:9
[INFO] [stdout]   13:     0x5e720b411fe8 - std::panicking::rust_panic_with_hook::h2ff17fe8f26dfcf8
[INFO] [stdout]                                at /rustc/df4ca44d3fbc9301ee17f30f4d474e6ae4b05252/library/std/src/panicking.rs:809:13
[INFO] [stdout]   14:     0x5e720b411daa - std::panicking::begin_panic_handler::{{closure}}::h4fad77951c07e101
[INFO] [stdout]                                at /rustc/df4ca44d3fbc9301ee17f30f4d474e6ae4b05252/library/std/src/panicking.rs:674:13
[INFO] [stdout]   15:     0x5e720b410939 - std::sys::backtrace::__rust_end_short_backtrace::hb1a25b3da5d0ea08
[INFO] [stdout]                                at /rustc/df4ca44d3fbc9301ee17f30f4d474e6ae4b05252/library/std/src/sys/backtrace.rs:170:18
[INFO] [stdout]   16:     0x5e720b411a3c - rust_begin_unwind
[INFO] [stdout]                                at /rustc/df4ca44d3fbc9301ee17f30f4d474e6ae4b05252/library/std/src/panicking.rs:665:5
[INFO] [stdout]   17:     0x5e720b4366a0 - core::panicking::panic_fmt::ha9db07b529f9b256
[INFO] [stdout]                                at /rustc/df4ca44d3fbc9301ee17f30f4d474e6ae4b05252/library/core/src/panicking.rs:75:14
[INFO] [stdout]   18:     0x5e720b1f05c3 - tidehunter::lookup::Lookup<R>::lookup::h84346af3617858c0
[INFO] [stdout]                                at /opt/rustwide/workdir/src/lookup.rs:68:17
[INFO] [stdout]   19:     0x5e720b1f7d4d - tidehunter::large_table::LargeTable::get::h3e1d14c04b5d7063
[INFO] [stdout]                                at /opt/rustwide/workdir/src/large_table.rs:242:22
[INFO] [stdout]   20:     0x5e720b1dc019 - tidehunter::db::Db::get::h19e62b858568ee5f
[INFO] [stdout]                                at /opt/rustwide/workdir/src/db.rs:190:30
[INFO] [stdout]   21:     0x5e720b1a7800 - tidehunter::db::test::test_dirty_unloading::check_all::ha3e4950c6a38e2d2
[INFO] [stdout]                                at /opt/rustwide/workdir/src/db.rs:1088:28
[INFO] [stdout]   22:     0x5e720b1a602b - tidehunter::db::test::test_dirty_unloading::hc7534a7942fb4fa1
[INFO] [stdout]                                at /opt/rustwide/workdir/src/db.rs:1174:13
[INFO] [stdout]   23:     0x5e720b1a4a67 - tidehunter::db::test::test_dirty_unloading::{{closure}}::h40ae20effe7931e8
[INFO] [stdout]                                at /opt/rustwide/workdir/src/db.rs:1077:34
[INFO] [stdout]   24:     0x5e720b1cd716 - core::ops::function::FnOnce::call_once::ha57ba1dc7ebc76d7
[INFO] [stdout]                                at /rustc/df4ca44d3fbc9301ee17f30f4d474e6ae4b05252/library/core/src/ops/function.rs:250:5
[INFO] [stdout]   25:     0x5e720b25aa5b - core::ops::function::FnOnce::call_once::h22c3ba5715e93f05
[INFO] [stdout]                                at /rustc/df4ca44d3fbc9301ee17f30f4d474e6ae4b05252/library/core/src/ops/function.rs:250:5
[INFO] [stdout]   26:     0x5e720b25aa5b - test::__rust_begin_short_backtrace::h8e82d8113d0da17f
[INFO] [stdout]                                at /rustc/df4ca44d3fbc9301ee17f30f4d474e6ae4b05252/library/test/src/lib.rs:621:18
[INFO] [stdout]   27:     0x5e720b25a3d7 - test::run_test_in_process::{{closure}}::h33235f4f20b7b7c7
[INFO] [stdout]                                at /rustc/df4ca44d3fbc9301ee17f30f4d474e6ae4b05252/library/test/src/lib.rs:644:60
[INFO] [stdout]   28:     0x5e720b25a3d7 - <core::panic::unwind_safe::AssertUnwindSafe<F> as core::ops::function::FnOnce<()>>::call_once::hb5043206310c586f
[INFO] [stdout]                                at /rustc/df4ca44d3fbc9301ee17f30f4d474e6ae4b05252/library/core/src/panic/unwind_safe.rs:272:9
[INFO] [stdout]   29:     0x5e720b25a3d7 - std::panicking::try::do_call::h9ad4731a60ab23e2
[INFO] [stdout]                                at /rustc/df4ca44d3fbc9301ee17f30f4d474e6ae4b05252/library/std/src/panicking.rs:557:40
[INFO] [stdout]   30:     0x5e720b25a3d7 - std::panicking::try::h3824d23db772a716
[INFO] [stdout]                                at /rustc/df4ca44d3fbc9301ee17f30f4d474e6ae4b05252/library/std/src/panicking.rs:520:19
[INFO] [stdout]   31:     0x5e720b25a3d7 - std::panic::catch_unwind::h5afd514605fde46b
[INFO] [stdout]                                at /rustc/df4ca44d3fbc9301ee17f30f4d474e6ae4b05252/library/std/src/panic.rs:358:14
[INFO] [stdout]   32:     0x5e720b25a3d7 - test::run_test_in_process::h0d5cbfa7067d1720
[INFO] [stdout]                                at /rustc/df4ca44d3fbc9301ee17f30f4d474e6ae4b05252/library/test/src/lib.rs:644:27
[INFO] [stdout]   33:     0x5e720b25a3d7 - test::run_test::{{closure}}::h708eb8872708115d
[INFO] [stdout]                                at /rustc/df4ca44d3fbc9301ee17f30f4d474e6ae4b05252/library/test/src/lib.rs:565:43
[INFO] [stdout]   34:     0x5e720b21daf4 - test::run_test::{{closure}}::h392c51cee94713ab
[INFO] [stdout]                                at /rustc/df4ca44d3fbc9301ee17f30f4d474e6ae4b05252/library/test/src/lib.rs:595:41
[INFO] [stdout]   35:     0x5e720b21daf4 - std::sys::backtrace::__rust_begin_short_backtrace::h2f40290710935a8b
[INFO] [stdout]                                at /rustc/df4ca44d3fbc9301ee17f30f4d474e6ae4b05252/library/std/src/sys/backtrace.rs:154:18
[INFO] [stdout]   36:     0x5e720b22129e - std::thread::Builder::spawn_unchecked_::{{closure}}::{{closure}}::h3fd968d89053a903
[INFO] [stdout]                                at /rustc/df4ca44d3fbc9301ee17f30f4d474e6ae4b05252/library/std/src/thread/mod.rs:541:17
[INFO] [stdout]   37:     0x5e720b22129e - <core::panic::unwind_safe::AssertUnwindSafe<F> as core::ops::function::FnOnce<()>>::call_once::h743f637ba4229880
[INFO] [stdout]                                at /rustc/df4ca44d3fbc9301ee17f30f4d474e6ae4b05252/library/core/src/panic/unwind_safe.rs:272:9
[INFO] [stdout]   38:     0x5e720b22129e - std::panicking::try::do_call::h07440897322525a6
[INFO] [stdout]                                at /rustc/df4ca44d3fbc9301ee17f30f4d474e6ae4b05252/library/std/src/panicking.rs:557:40
[INFO] [stdout]   39:     0x5e720b22129e - std::panicking::try::he5a2e00188156637
[INFO] [stdout]                                at /rustc/df4ca44d3fbc9301ee17f30f4d474e6ae4b05252/library/std/src/panicking.rs:520:19
[INFO] [stdout]   40:     0x5e720b22129e - std::panic::catch_unwind::hbaf3cae49b3c6433
[INFO] [stdout]                                at /rustc/df4ca44d3fbc9301ee17f30f4d474e6ae4b05252/library/std/src/panic.rs:358:14
[INFO] [stdout]   41:     0x5e720b22129e - std::thread::Builder::spawn_unchecked_::{{closure}}::h8e141ea224820bce
[INFO] [stdout]                                at /rustc/df4ca44d3fbc9301ee17f30f4d474e6ae4b05252/library/std/src/thread/mod.rs:540:30
[INFO] [stdout]   42:     0x5e720b22129e - core::ops::function::FnOnce::call_once{{vtable.shim}}::h90d312fedd7b8ea8
[INFO] [stdout]                                at /rustc/df4ca44d3fbc9301ee17f30f4d474e6ae4b05252/library/core/src/ops/function.rs:250:5
[INFO] [stdout]   43:     0x5e720b4167eb - <alloc::boxed::Box<F,A> as core::ops::function::FnOnce<Args>>::call_once::h69aa08ddb6adb8b6
[INFO] [stdout]                                at /rustc/df4ca44d3fbc9301ee17f30f4d474e6ae4b05252/library/alloc/src/boxed.rs:2454:9
[INFO] [stdout]   44:     0x5e720b4167eb - <alloc::boxed::Box<F,A> as core::ops::function::FnOnce<Args>>::call_once::h5aa36efdb79c806f
[INFO] [stdout]                                at /rustc/df4ca44d3fbc9301ee17f30f4d474e6ae4b05252/library/alloc/src/boxed.rs:2454:9
[INFO] [stdout]   45:     0x5e720b4167eb - std::sys::pal::unix::thread::Thread::new::thread_start::h6cd80a1b4be5158d
[INFO] [stdout]                                at /rustc/df4ca44d3fbc9301ee17f30f4d474e6ae4b05252/library/std/src/sys/pal/unix/thread.rs:105:17
[INFO] [stdout]   46:     0x769a33a68ac3 - <unknown>
[INFO] [stdout]   47:     0x769a33af9a04 - clone
[INFO] [stdout]   48:                0x0 - <unknown>
[INFO] [stdout] 
[INFO] [stdout] ---- db::test::db_test stdout ----
[INFO] [stdout] thread 'db::test::db_test' panicked at src/lookup.rs:68:17:
[INFO] [stdout] Lookup key does not fit suggested key range, key_estimate 1339673753643446540229490268868444160, suggested key range 85236745229707730349956627740477095423..85402898729180844834069603623012138494
[INFO] [stdout] stack backtrace:
[INFO] [stdout]    0:     0x5e720b41045a - std::backtrace_rs::backtrace::libunwind::trace::h207520d6e9873551
[INFO] [stdout]                                at /rustc/df4ca44d3fbc9301ee17f30f4d474e6ae4b05252/library/std/src/../../backtrace/src/backtrace/libunwind.rs:116:5
[INFO] [stdout]    1:     0x5e720b41045a - std::backtrace_rs::backtrace::trace_unsynchronized::h2ed7433f370e3eca
[INFO] [stdout]                                at /rustc/df4ca44d3fbc9301ee17f30f4d474e6ae4b05252/library/std/src/../../backtrace/src/backtrace/mod.rs:66:5
[INFO] [stdout]    2:     0x5e720b41045a - std::sys::backtrace::_print_fmt::h916fac51166b18d7
[INFO] [stdout]                                at /rustc/df4ca44d3fbc9301ee17f30f4d474e6ae4b05252/library/std/src/sys/backtrace.rs:66:9
[INFO] [stdout]    3:     0x5e720b41045a - <std::sys::backtrace::BacktraceLock::print::DisplayBacktrace as core::fmt::Display>::fmt::ha0a4c9b8ce3802e6
[INFO] [stdout]                                at /rustc/df4ca44d3fbc9301ee17f30f4d474e6ae4b05252/library/std/src/sys/backtrace.rs:39:26
[INFO] [stdout]    4:     0x5e720b4388e3 - core::fmt::rt::Argument::fmt::h4cfc8587d52b3eb5
[INFO] [stdout]                                at /rustc/df4ca44d3fbc9301ee17f30f4d474e6ae4b05252/library/core/src/fmt/rt.rs:177:76
[INFO] [stdout]    5:     0x5e720b4388e3 - core::fmt::write::h522cc39e5b36ae9f
[INFO] [stdout]                                at /rustc/df4ca44d3fbc9301ee17f30f4d474e6ae4b05252/library/core/src/fmt/mod.rs:1190:21
[INFO] [stdout]    6:     0x5e720b40ce03 - std::io::Write::write_fmt::h7d3c26752da97734
[INFO] [stdout]                                at /rustc/df4ca44d3fbc9301ee17f30f4d474e6ae4b05252/library/std/src/io/mod.rs:1839:15
[INFO] [stdout]    7:     0x5e720b4102a2 - std::sys::backtrace::BacktraceLock::print::h4b9e00b29e9c0942
[INFO] [stdout]                                at /rustc/df4ca44d3fbc9301ee17f30f4d474e6ae4b05252/library/std/src/sys/backtrace.rs:42:9
[INFO] [stdout]    8:     0x5e720b4118ea - std::panicking::default_hook::{{closure}}::hb59b88280d0324d9
[INFO] [stdout]                                at /rustc/df4ca44d3fbc9301ee17f30f4d474e6ae4b05252/library/std/src/panicking.rs:268:22
[INFO] [stdout]    9:     0x5e720b4116f4 - std::panicking::default_hook::he1dd496665be4a29
[INFO] [stdout]                                at /rustc/df4ca44d3fbc9301ee17f30f4d474e6ae4b05252/library/std/src/panicking.rs:292:9
[INFO] [stdout]   10:     0x5e720b256189 - <alloc::boxed::Box<F,A> as core::ops::function::Fn<Args>>::call::h4ff71de18744e1dc
[INFO] [stdout]                                at /rustc/df4ca44d3fbc9301ee17f30f4d474e6ae4b05252/library/alloc/src/boxed.rs:2468:9
[INFO] [stdout]   11:     0x5e720b256189 - test::test_main::{{closure}}::hcf7c055ce117aa81
[INFO] [stdout]                                at /rustc/df4ca44d3fbc9301ee17f30f4d474e6ae4b05252/library/test/src/lib.rs:133:21
[INFO] [stdout]   12:     0x5e720b411fe8 - <alloc::boxed::Box<F,A> as core::ops::function::Fn<Args>>::call::h1d66c6bbd60c9692
[INFO] [stdout]                                at /rustc/df4ca44d3fbc9301ee17f30f4d474e6ae4b05252/library/alloc/src/boxed.rs:2468:9
[INFO] [stdout]   13:     0x5e720b411fe8 - std::panicking::rust_panic_with_hook::h2ff17fe8f26dfcf8
[INFO] [stdout]                                at /rustc/df4ca44d3fbc9301ee17f30f4d474e6ae4b05252/library/std/src/panicking.rs:809:13
[INFO] [stdout]   14:     0x5e720b411daa - std::panicking::begin_panic_handler::{{closure}}::h4fad77951c07e101
[INFO] [stdout]                                at /rustc/df4ca44d3fbc9301ee17f30f4d474e6ae4b05252/library/std/src/panicking.rs:674:13
[INFO] [stdout]   15:     0x5e720b410939 - std::sys::backtrace::__rust_end_short_backtrace::hb1a25b3da5d0ea08
[INFO] [stdout]                                at /rustc/df4ca44d3fbc9301ee17f30f4d474e6ae4b05252/library/std/src/sys/backtrace.rs:170:18
[INFO] [stdout]   16:     0x5e720b411a3c - rust_begin_unwind
[INFO] [stdout]                                at /rustc/df4ca44d3fbc9301ee17f30f4d474e6ae4b05252/library/std/src/panicking.rs:665:5
[INFO] [stdout]   17:     0x5e720b4366a0 - core::panicking::panic_fmt::ha9db07b529f9b256
[INFO] [stdout]                                at /rustc/df4ca44d3fbc9301ee17f30f4d474e6ae4b05252/library/core/src/panicking.rs:75:14
[INFO] [stdout]   18:     0x5e720b1f05c3 - tidehunter::lookup::Lookup<R>::lookup::h84346af3617858c0
[INFO] [stdout]                                at /opt/rustwide/workdir/src/lookup.rs:68:17
[INFO] [stdout]   19:     0x5e720b1f7d4d - tidehunter::large_table::LargeTable::get::h3e1d14c04b5d7063
[INFO] [stdout]                                at /opt/rustwide/workdir/src/large_table.rs:242:22
[INFO] [stdout]   20:     0x5e720b1dc019 - tidehunter::db::Db::get::h19e62b858568ee5f
[INFO] [stdout]                                at /opt/rustwide/workdir/src/db.rs:190:30
[INFO] [stdout]   21:     0x5e720b1961e4 - tidehunter::db::test::db_test::h1e3d2466ce611bb2
[INFO] [stdout]                                at /opt/rustwide/workdir/src/db.rs:690:49
[INFO] [stdout]   22:     0x5e720b194707 - tidehunter::db::test::db_test::{{closure}}::h5914ae6353620c98
[INFO] [stdout]                                at /opt/rustwide/workdir/src/db.rs:646:17
[INFO] [stdout]   23:     0x5e720b1cd1b6 - core::ops::function::FnOnce::call_once::h1a73d3691c0ada20
[INFO] [stdout]                                at /rustc/df4ca44d3fbc9301ee17f30f4d474e6ae4b05252/library/core/src/ops/function.rs:250:5
[INFO] [stdout]   24:     0x5e720b25aa5b - core::ops::function::FnOnce::call_once::h22c3ba5715e93f05
[INFO] [stdout]                                at /rustc/df4ca44d3fbc9301ee17f30f4d474e6ae4b05252/library/core/src/ops/function.rs:250:5
[INFO] [stdout]   25:     0x5e720b25aa5b - test::__rust_begin_short_backtrace::h8e82d8113d0da17f
[INFO] [stdout]                                at /rustc/df4ca44d3fbc9301ee17f30f4d474e6ae4b05252/library/test/src/lib.rs:621:18
[INFO] [stdout]   26:     0x5e720b25a3d7 - test::run_test_in_process::{{closure}}::h33235f4f20b7b7c7
[INFO] [stdout]                                at /rustc/df4ca44d3fbc9301ee17f30f4d474e6ae4b05252/library/test/src/lib.rs:644:60
[INFO] [stdout]   27:     0x5e720b25a3d7 - <core::panic::unwind_safe::AssertUnwindSafe<F> as core::ops::function::FnOnce<()>>::call_once::hb5043206310c586f
[INFO] [stdout]                                at /rustc/df4ca44d3fbc9301ee17f30f4d474e6ae4b05252/library/core/src/panic/unwind_safe.rs:272:9
[INFO] [stdout]   28:     0x5e720b25a3d7 - std::panicking::try::do_call::h9ad4731a60ab23e2
[INFO] [stdout]                                at /rustc/df4ca44d3fbc9301ee17f30f4d474e6ae4b05252/library/std/src/panicking.rs:557:40
[INFO] [stdout]   29:     0x5e720b25a3d7 - std::panicking::try::h3824d23db772a716
[INFO] [stdout]                                at /rustc/df4ca44d3fbc9301ee17f30f4d474e6ae4b05252/library/std/src/panicking.rs:520:19
[INFO] [stdout]   30:     0x5e720b25a3d7 - std::panic::catch_unwind::h5afd514605fde46b
[INFO] [stdout]                                at /rustc/df4ca44d3fbc9301ee17f30f4d474e6ae4b05252/library/std/src/panic.rs:358:14
[INFO] [stdout]   31:     0x5e720b25a3d7 - test::run_test_in_process::h0d5cbfa7067d1720
[INFO] [stdout]                                at /rustc/df4ca44d3fbc9301ee17f30f4d474e6ae4b05252/library/test/src/lib.rs:644:27
[INFO] [stdout]   32:     0x5e720b25a3d7 - test::run_test::{{closure}}::h708eb8872708115d
[INFO] [stdout]                                at /rustc/df4ca44d3fbc9301ee17f30f4d474e6ae4b05252/library/test/src/lib.rs:565:43
[INFO] [stdout]   33:     0x5e720b21daf4 - test::run_test::{{closure}}::h392c51cee94713ab
[INFO] [stdout]                                at /rustc/df4ca44d3fbc9301ee17f30f4d474e6ae4b05252/library/test/src/lib.rs:595:41
[INFO] [stdout]   34:     0x5e720b21daf4 - std::sys::backtrace::__rust_begin_short_backtrace::h2f40290710935a8b
[INFO] [stdout]                                at /rustc/df4ca44d3fbc9301ee17f30f4d474e6ae4b05252/library/std/src/sys/backtrace.rs:154:18
[INFO] [stdout]   35:     0x5e720b22129e - std::thread::Builder::spawn_unchecked_::{{closure}}::{{closure}}::h3fd968d89053a903
[INFO] [stdout]                                at /rustc/df4ca44d3fbc9301ee17f30f4d474e6ae4b05252/library/std/src/thread/mod.rs:541:17
[INFO] [stdout]   36:     0x5e720b22129e - <core::panic::unwind_safe::AssertUnwindSafe<F> as core::ops::function::FnOnce<()>>::call_once::h743f637ba4229880
[INFO] [stdout]                                at /rustc/df4ca44d3fbc9301ee17f30f4d474e6ae4b05252/library/core/src/panic/unwind_safe.rs:272:9
[INFO] [stdout]   37:     0x5e720b22129e - std::panicking::try::do_call::h07440897322525a6
[INFO] [stdout]                                at /rustc/df4ca44d3fbc9301ee17f30f4d474e6ae4b05252/library/std/src/panicking.rs:557:40
[INFO] [stdout]   38:     0x5e720b22129e - std::panicking::try::he5a2e00188156637
[INFO] [stdout]                                at /rustc/df4ca44d3fbc9301ee17f30f4d474e6ae4b05252/library/std/src/panicking.rs:520:19
[INFO] [stdout]   39:     0x5e720b22129e - std::panic::catch_unwind::hbaf3cae49b3c6433
[INFO] [stdout]                                at /rustc/df4ca44d3fbc9301ee17f30f4d474e6ae4b05252/library/std/src/panic.rs:358:14
[INFO] [stdout]   40:     0x5e720b22129e - std::thread::Builder::spawn_unchecked_::{{closure}}::h8e141ea224820bce
[INFO] [stdout]                                at /rustc/df4ca44d3fbc9301ee17f30f4d474e6ae4b05252/library/std/src/thread/mod.rs:540:30
[INFO] [stdout]   41:     0x5e720b22129e - core::ops::function::FnOnce::call_once{{vtable.shim}}::h90d312fedd7b8ea8
[INFO] [stdout]                                at /rustc/df4ca44d3fbc9301ee17f30f4d474e6ae4b05252/library/core/src/ops/function.rs:250:5
[INFO] [stdout]   42:     0x5e720b4167eb - <alloc::boxed::Box<F,A> as core::ops::function::FnOnce<Args>>::call_once::h69aa08ddb6adb8b6
[INFO] [stdout]                                at /rustc/df4ca44d3fbc9301ee17f30f4d474e6ae4b05252/library/alloc/src/boxed.rs:2454:9
[INFO] [stdout]   43:     0x5e720b4167eb - <alloc::boxed::Box<F,A> as core::ops::function::FnOnce<Args>>::call_once::h5aa36efdb79c806f
[INFO] [stdout]                                at /rustc/df4ca44d3fbc9301ee17f30f4d474e6ae4b05252/library/alloc/src/boxed.rs:2454:9
[INFO] [stdout]   44:     0x5e720b4167eb - std::sys::pal::unix::thread::Thread::new::thread_start::h6cd80a1b4be5158d
[INFO] [stdout]                                at /rustc/df4ca44d3fbc9301ee17f30f4d474e6ae4b05252/library/std/src/sys/pal/unix/thread.rs:105:17
[INFO] [stdout]   45:     0x769a33a68ac3 - <unknown>
[INFO] [stdout]   46:     0x769a33af9a04 - clone
[INFO] [stdout]   47:                0x0 - <unknown>
[INFO] [stdout] 
[INFO] [stdout] ---- db::test::test_remove stdout ----
[INFO] [stdout] thread 'db::test::test_remove' panicked at src/lookup.rs:68:17:
[INFO] [stdout] Lookup key does not fit suggested key range, key_estimate 4008555062205880273163688463678046208, suggested key range 170639643958888575184026231363489233917..170805797458361689668139207246024276988
[INFO] [stdout] stack backtrace:
[INFO] [stdout]    0:     0x5e720b41045a - std::backtrace_rs::backtrace::libunwind::trace::h207520d6e9873551
[INFO] [stdout]                                at /rustc/df4ca44d3fbc9301ee17f30f4d474e6ae4b05252/library/std/src/../../backtrace/src/backtrace/libunwind.rs:116:5
[INFO] [stdout]    1:     0x5e720b41045a - std::backtrace_rs::backtrace::trace_unsynchronized::h2ed7433f370e3eca
[INFO] [stdout]                                at /rustc/df4ca44d3fbc9301ee17f30f4d474e6ae4b05252/library/std/src/../../backtrace/src/backtrace/mod.rs:66:5
[INFO] [stdout]    2:     0x5e720b41045a - std::sys::backtrace::_print_fmt::h916fac51166b18d7
[INFO] [stdout]                                at /rustc/df4ca44d3fbc9301ee17f30f4d474e6ae4b05252/library/std/src/sys/backtrace.rs:66:9
[INFO] [stdout]    3:     0x5e720b41045a - <std::sys::backtrace::BacktraceLock::print::DisplayBacktrace as core::fmt::Display>::fmt::ha0a4c9b8ce3802e6
[INFO] [stdout]                                at /rustc/df4ca44d3fbc9301ee17f30f4d474e6ae4b05252/library/std/src/sys/backtrace.rs:39:26
[INFO] [stdout]    4:     0x5e720b4388e3 - core::fmt::rt::Argument::fmt::h4cfc8587d52b3eb5
[INFO] [stdout]                                at /rustc/df4ca44d3fbc9301ee17f30f4d474e6ae4b05252/library/core/src/fmt/rt.rs:177:76
[INFO] [stdout]    5:     0x5e720b4388e3 - core::fmt::write::h522cc39e5b36ae9f
[INFO] [stdout]                                at /rustc/df4ca44d3fbc9301ee17f30f4d474e6ae4b05252/library/core/src/fmt/mod.rs:1190:21
[INFO] [stdout]    6:     0x5e720b40ce03 - std::io::Write::write_fmt::h7d3c26752da97734
[INFO] [stdout]                                at /rustc/df4ca44d3fbc9301ee17f30f4d474e6ae4b05252/library/std/src/io/mod.rs:1839:15
[INFO] [stdout]    7:     0x5e720b4102a2 - std::sys::backtrace::BacktraceLock::print::h4b9e00b29e9c0942
[INFO] [stdout]                                at /rustc/df4ca44d3fbc9301ee17f30f4d474e6ae4b05252/library/std/src/sys/backtrace.rs:42:9
[INFO] [stdout]    8:     0x5e720b4118ea - std::panicking::default_hook::{{closure}}::hb59b88280d0324d9
[INFO] [stdout]                                at /rustc/df4ca44d3fbc9301ee17f30f4d474e6ae4b05252/library/std/src/panicking.rs:268:22
[INFO] [stdout]    9:     0x5e720b4116f4 - std::panicking::default_hook::he1dd496665be4a29
[INFO] [stdout]                                at /rustc/df4ca44d3fbc9301ee17f30f4d474e6ae4b05252/library/std/src/panicking.rs:292:9
[INFO] [stdout]   10:     0x5e720b256189 - <alloc::boxed::Box<F,A> as core::ops::function::Fn<Args>>::call::h4ff71de18744e1dc
[INFO] [stdout]                                at /rustc/df4ca44d3fbc9301ee17f30f4d474e6ae4b05252/library/alloc/src/boxed.rs:2468:9
[INFO] [stdout]   11:     0x5e720b256189 - test::test_main::{{closure}}::hcf7c055ce117aa81
[INFO] [stdout]                                at /rustc/df4ca44d3fbc9301ee17f30f4d474e6ae4b05252/library/test/src/lib.rs:133:21
[INFO] [stdout]   12:     0x5e720b411fe8 - <alloc::boxed::Box<F,A> as core::ops::function::Fn<Args>>::call::h1d66c6bbd60c9692
[INFO] [stdout]                                at /rustc/df4ca44d3fbc9301ee17f30f4d474e6ae4b05252/library/alloc/src/boxed.rs:2468:9
[INFO] [stdout]   13:     0x5e720b411fe8 - std::panicking::rust_panic_with_hook::h2ff17fe8f26dfcf8
[INFO] [stdout]                                at /rustc/df4ca44d3fbc9301ee17f30f4d474e6ae4b05252/library/std/src/panicking.rs:809:13
[INFO] [stdout]   14:     0x5e720b411daa - std::panicking::begin_panic_handler::{{closure}}::h4fad77951c07e101
[INFO] [stdout]                                at /rustc/df4ca44d3fbc9301ee17f30f4d474e6ae4b05252/library/std/src/panicking.rs:674:13
[INFO] [stdout]   15:     0x5e720b410939 - std::sys::backtrace::__rust_end_short_backtrace::hb1a25b3da5d0ea08
[INFO] [stdout]                                at /rustc/df4ca44d3fbc9301ee17f30f4d474e6ae4b05252/library/std/src/sys/backtrace.rs:170:18
[INFO] [stdout]   16:     0x5e720b411a3c - rust_begin_unwind
[INFO] [stdout]                                at /rustc/df4ca44d3fbc9301ee17f30f4d474e6ae4b05252/library/std/src/panicking.rs:665:5
[INFO] [stdout]   17:     0x5e720b4366a0 - core::panicking::panic_fmt::ha9db07b529f9b256
[INFO] [stdout]                                at /rustc/df4ca44d3fbc9301ee17f30f4d474e6ae4b05252/library/core/src/panicking.rs:75:14
[INFO] [stdout]   18:     0x5e720b1f05c3 - tidehunter::lookup::Lookup<R>::lookup::h84346af3617858c0
[INFO] [stdout]                                at /opt/rustwide/workdir/src/lookup.rs:68:17
[INFO] [stdout]   19:     0x5e720b1f7d4d - tidehunter::large_table::LargeTable::get::h3e1d14c04b5d7063
[INFO] [stdout]                                at /opt/rustwide/workdir/src/large_table.rs:242:22
[INFO] [stdout]   20:     0x5e720b1dc019 - tidehunter::db::Db::get::h19e62b858568ee5f
[INFO] [stdout]                                at /opt/rustwide/workdir/src/db.rs:190:30
[INFO] [stdout]   21:     0x5e720b19b0ed - tidehunter::db::test::test_remove::hddad3a242d842fa3
[INFO] [stdout]                                at /opt/rustwide/workdir/src/db.rs:784:46
[INFO] [stdout]   22:     0x5e720b198b17 - tidehunter::db::test::test_remove::{{closure}}::h44e41ebedccac086
[INFO] [stdout]                                at /opt/rustwide/workdir/src/db.rs:737:21
[INFO] [stdout]   23:     0x5e720b1cd0d6 - core::ops::function::FnOnce::call_once::h0422a170d5d8b258
[INFO] [stdout]                                at /rustc/df4ca44d3fbc9301ee17f30f4d474e6ae4b05252/library/core/src/ops/function.rs:250:5
[INFO] [stdout]   24:     0x5e720b25aa5b - core::ops::function::FnOnce::call_once::h22c3ba5715e93f05
[INFO] [stdout]                                at /rustc/df4ca44d3fbc9301ee17f30f4d474e6ae4b05252/library/core/src/ops/function.rs:250:5
[INFO] [stdout]   25:     0x5e720b25aa5b - test::__rust_begin_short_backtrace::h8e82d8113d0da17f
[INFO] [stdout]                                at /rustc/df4ca44d3fbc9301ee17f30f4d474e6ae4b05252/library/test/src/lib.rs:621:18
[INFO] [stdout]   26:     0x5e720b25a3d7 - test::run_test_in_process::{{closure}}::h33235f4f20b7b7c7
[INFO] [stdout]                                at /rustc/df4ca44d3fbc9301ee17f30f4d474e6ae4b05252/library/test/src/lib.rs:644:60
[INFO] [stdout]   27:     0x5e720b25a3d7 - <core::panic::unwind_safe::AssertUnwindSafe<F> as core::ops::function::FnOnce<()>>::call_once::hb5043206310c586f
[INFO] [stdout]                                at /rustc/df4ca44d3fbc9301ee17f30f4d474e6ae4b05252/library/core/src/panic/unwind_safe.rs:272:9
[INFO] [stdout]   28:     0x5e720b25a3d7 - std::panicking::try::do_call::h9ad4731a60ab23e2
[INFO] [stdout]                                at /rustc/df4ca44d3fbc9301ee17f30f4d474e6ae4b05252/library/std/src/panicking.rs:557:40
[INFO] [stdout]   29:     0x5e720b25a3d7 - std::panicking::try::h3824d23db772a716
[INFO] [stdout]                                at /rustc/df4ca44d3fbc9301ee17f30f4d474e6ae4b05252/library/std/src/panicking.rs:520:19
[INFO] [stdout]   30:     0x5e720b25a3d7 - std::panic::catch_unwind::h5afd514605fde46b
[INFO] [stdout]                                at /rustc/df4ca44d3fbc9301ee17f30f4d474e6ae4b05252/library/std/src/panic.rs:358:14
[INFO] [stdout]   31:     0x5e720b25a3d7 - test::run_test_in_process::h0d5cbfa7067d1720
[INFO] [stdout]                                at /rustc/df4ca44d3fbc9301ee17f30f4d474e6ae4b05252/library/test/src/lib.rs:644:27
[INFO] [stdout]   32:     0x5e720b25a3d7 - test::run_test::{{closure}}::h708eb8872708115d
[INFO] [stdout]                                at /rustc/df4ca44d3fbc9301ee17f30f4d474e6ae4b05252/library/test/src/lib.rs:565:43
[INFO] [stdout]   33:     0x5e720b21daf4 - test::run_test::{{closure}}::h392c51cee94713ab
[INFO] [stdout]                                at /rustc/df4ca44d3fbc9301ee17f30f4d474e6ae4b05252/library/test/src/lib.rs:595:41
[INFO] [stdout]   34:     0x5e720b21daf4 - std::sys::backtrace::__rust_begin_short_backtrace::h2f40290710935a8b
[INFO] [stdout]                                at /rustc/df4ca44d3fbc9301ee17f30f4d474e6ae4b05252/library/std/src/sys/backtrace.rs:154:18
[INFO] [stdout]   35:     0x5e720b22129e - std::thread::Builder::spawn_unchecked_::{{closure}}::{{closure}}::h3fd968d89053a903
[INFO] [stdout]                                at /rustc/df4ca44d3fbc9301ee17f30f4d474e6ae4b05252/library/std/src/thread/mod.rs:541:17
[INFO] [stdout]   36:     0x5e720b22129e - <core::panic::unwind_safe::AssertUnwindSafe<F> as core::ops::function::FnOnce<()>>::call_once::h743f637ba4229880
[INFO] [stdout]                                at /rustc/df4ca44d3fbc9301ee17f30f4d474e6ae4b05252/library/core/src/panic/unwind_safe.rs:272:9
[INFO] [stdout]   37:     0x5e720b22129e - std::panicking::try::do_call::h07440897322525a6
[INFO] [stdout]                                at /rustc/df4ca44d3fbc9301ee17f30f4d474e6ae4b05252/library/std/src/panicking.rs:557:40
[INFO] [stdout]   38:     0x5e720b22129e - std::panicking::try::he5a2e00188156637
[INFO] [stdout]                                at /rustc/df4ca44d3fbc9301ee17f30f4d474e6ae4b05252/library/std/src/panicking.rs:520:19
[INFO] [stdout]   39:     0x5e720b22129e - std::panic::catch_unwind::hbaf3cae49b3c6433
[INFO] [stdout]                                at /rustc/df4ca44d3fbc9301ee17f30f4d474e6ae4b05252/library/std/src/panic.rs:358:14
[INFO] [stdout]   40:     0x5e720b22129e - std::thread::Builder::spawn_unchecked_::{{closure}}::h8e141ea224820bce
[INFO] [stdout]                                at /rustc/df4ca44d3fbc9301ee17f30f4d474e6ae4b05252/library/std/src/thread/mod.rs:540:30
[INFO] [stdout]   41:     0x5e720b22129e - core::ops::function::FnOnce::call_once{{vtable.shim}}::h90d312fedd7b8ea8
[INFO] [stdout]                                at /rustc/df4ca44d3fbc9301ee17f30f4d474e6ae4b05252/library/core/src/ops/function.rs:250:5
[INFO] [stdout]   42:     0x5e720b4167eb - <alloc::boxed::Box<F,A> as core::ops::function::FnOnce<Args>>::call_once::h69aa08ddb6adb8b6
[INFO] [stdout]                                at /rustc/df4ca44d3fbc9301ee17f30f4d474e6ae4b05252/library/alloc/src/boxed.rs:2454:9
[INFO] [stdout]   43:     0x5e720b4167eb - <alloc::boxed::Box<F,A> as core::ops::function::FnOnce<Args>>::call_once::h5aa36efdb79c806f
[INFO] [stdout]                                at /rustc/df4ca44d3fbc9301ee17f30f4d474e6ae4b05252/library/alloc/src/boxed.rs:2454:9
[INFO] [stdout]   44:     0x5e720b4167eb - std::sys::pal::unix::thread::Thread::new::thread_start::h6cd80a1b4be5158d
[INFO] [stdout]                                at /rustc/df4ca44d3fbc9301ee17f30f4d474e6ae4b05252/library/std/src/sys/pal/unix/thread.rs:105:17
[INFO] [stdout]   45:     0x769a33a68ac3 - <unknown>
[INFO] [stdout]   46:     0x769a33af9a04 - clone
[INFO] [stdout]   47:                0x0 - <unknown>
[INFO] [stdout] 
[INFO] [stdout] 
[INFO] [stdout] failures:
[INFO] [stdout]     db::test::db_test
[INFO] [stdout]     db::test::test_dirty_unloading
[INFO] [stdout]     db::test::test_remove
[INFO] [stdout] 
[INFO] [stdout] test result: FAILED. 17 passed; 3 failed; 0 ignored; 0 measured; 0 filtered out; finished in 9.78s
[INFO] [stdout] 
[INFO] [stderr] error: test failed, to rerun pass `--lib`
[INFO] running `Command { std: "docker" "inspect" "13a21119fad58f831983a523f0bd8ab519015f98655fa4fe3ba2892dd545a518", kill_on_drop: false }`
[INFO] running `Command { std: "docker" "rm" "-f" "13a21119fad58f831983a523f0bd8ab519015f98655fa4fe3ba2892dd545a518", kill_on_drop: false }`
[INFO] [stdout] 13a21119fad58f831983a523f0bd8ab519015f98655fa4fe3ba2892dd545a518
