[INFO] cloning repository https://github.com/anderson-international/decluster
[INFO] running `Command { std: "git" "-c" "credential.helper=" "-c" "credential.helper=/workspace/cargo-home/bin/git-credential-null" "clone" "--bare" "https://github.com/anderson-international/decluster" "/workspace/cache/git-repos/https%3A%2F%2Fgithub.com%2Fanderson-international%2Fdecluster", kill_on_drop: false }`
[INFO] [stderr] Cloning into bare repository '/workspace/cache/git-repos/https%3A%2F%2Fgithub.com%2Fanderson-international%2Fdecluster'...
[INFO] running `Command { std: "git" "rev-parse" "HEAD", kill_on_drop: false }`
[INFO] [stdout] e49f4f307608f3ac1b84360bc3bb901b8f7ffd6d
[INFO] testing anderson-international/decluster/e49f4f307608f3ac1b84360bc3bb901b8f7ffd6d against nightly-2024-10-28+rustflags=-Zrandomize-layout for randomize-layout
[INFO] running `Command { std: "git" "clone" "/workspace/cache/git-repos/https%3A%2F%2Fgithub.com%2Fanderson-international%2Fdecluster" "/workspace/builds/worker-2-tc2/source", kill_on_drop: false }`
[INFO] [stderr] Cloning into '/workspace/builds/worker-2-tc2/source'...
[INFO] [stderr] done.
[INFO] validating manifest of git repo https://github.com/anderson-international/decluster on toolchain nightly-2024-10-28
[INFO] running `Command { std: CARGO_HOME="/workspace/cargo-home" RUSTUP_HOME="/workspace/rustup-home" "/workspace/cargo-home/bin/cargo" "+nightly-2024-10-28" "metadata" "--manifest-path" "Cargo.toml" "--no-deps", kill_on_drop: false }`
[INFO] started tweaking git repo https://github.com/anderson-international/decluster
[INFO] removed 0 missing examples
[INFO] finished tweaking git repo https://github.com/anderson-international/decluster
[INFO] tweaked toml for git repo https://github.com/anderson-international/decluster written to /workspace/builds/worker-2-tc2/source/Cargo.toml
[INFO] crate git repo https://github.com/anderson-international/decluster already has a lockfile, it will not be regenerated
[INFO] running `Command { std: CARGO_HOME="/workspace/cargo-home" RUSTUP_HOME="/workspace/rustup-home" "/workspace/cargo-home/bin/cargo" "+nightly-2024-10-28" "fetch" "--manifest-path" "Cargo.toml", kill_on_drop: false }`
[INFO] [stderr] warning: file `/workspace/builds/worker-2-tc2/source/examples/decluster_demo.rs` found to be present in multiple build targets:
[INFO] [stderr]   * `bin` target `decluster_demo`
[INFO] [stderr]   * `example` target `decluster_demo`
[INFO] running `Command { std: "docker" "create" "-v" "/var/lib/crater-agent-workspace/builds/worker-2-tc2/target:/opt/rustwide/target:rw,Z" "-v" "/var/lib/crater-agent-workspace/builds/worker-2-tc2/source:/opt/rustwide/workdir:ro,Z" "-v" "/var/lib/crater-agent-workspace/cargo-home:/opt/rustwide/cargo-home:ro,Z" "-v" "/var/lib/crater-agent-workspace/rustup-home:/opt/rustwide/rustup-home:ro,Z" "-e" "SOURCE_DIR=/opt/rustwide/workdir" "-e" "CARGO_TARGET_DIR=/opt/rustwide/target" "-e" "CARGO_HOME=/opt/rustwide/cargo-home" "-e" "RUSTUP_HOME=/opt/rustwide/rustup-home" "-w" "/opt/rustwide/workdir" "-m" "1610612736" "--user" "0:0" "--network" "none" "ghcr.io/rust-lang/crates-build-env/linux@sha256:4a844ea9eb2546a2d2c7022eacef16ef2e8229c7fbb2c7d4d55a9ceca922f72d" "/opt/rustwide/cargo-home/bin/cargo" "+nightly-2024-10-28" "metadata" "--no-deps" "--format-version=1", kill_on_drop: false }`
[INFO] [stdout] 0b6e2e0ca48c1603fc324fb4409071a0769c608691dd42e763602850df3c1641
[INFO] running `Command { std: "docker" "start" "-a" "0b6e2e0ca48c1603fc324fb4409071a0769c608691dd42e763602850df3c1641", kill_on_drop: false }`
[INFO] running `Command { std: "docker" "inspect" "0b6e2e0ca48c1603fc324fb4409071a0769c608691dd42e763602850df3c1641", kill_on_drop: false }`
[INFO] running `Command { std: "docker" "rm" "-f" "0b6e2e0ca48c1603fc324fb4409071a0769c608691dd42e763602850df3c1641", kill_on_drop: false }`
[INFO] [stdout] 0b6e2e0ca48c1603fc324fb4409071a0769c608691dd42e763602850df3c1641
[INFO] running `Command { std: "docker" "create" "-v" "/var/lib/crater-agent-workspace/builds/worker-2-tc2/target:/opt/rustwide/target:rw,Z" "-v" "/var/lib/crater-agent-workspace/builds/worker-2-tc2/source:/opt/rustwide/workdir:ro,Z" "-v" "/var/lib/crater-agent-workspace/cargo-home:/opt/rustwide/cargo-home:ro,Z" "-v" "/var/lib/crater-agent-workspace/rustup-home:/opt/rustwide/rustup-home:ro,Z" "-e" "SOURCE_DIR=/opt/rustwide/workdir" "-e" "CARGO_TARGET_DIR=/opt/rustwide/target" "-e" "CARGO_INCREMENTAL=0" "-e" "RUST_BACKTRACE=full" "-e" "RUSTFLAGS=--cap-lints=forbid -Zrandomize-layout" "-e" "RUSTDOCFLAGS=--cap-lints=forbid" "-e" "CARGO_HOME=/opt/rustwide/cargo-home" "-e" "RUSTUP_HOME=/opt/rustwide/rustup-home" "-w" "/opt/rustwide/workdir" "-m" "1610612736" "--user" "0:0" "--network" "none" "ghcr.io/rust-lang/crates-build-env/linux@sha256:4a844ea9eb2546a2d2c7022eacef16ef2e8229c7fbb2c7d4d55a9ceca922f72d" "/opt/rustwide/cargo-home/bin/cargo" "+nightly-2024-10-28" "build" "--frozen" "--message-format=json", kill_on_drop: false }`
[INFO] [stdout] d59cb33741e0bd7c74bc4b1b95038ee17f28445b9141e6bb29dd5400d4bdf47c
[INFO] running `Command { std: "docker" "start" "-a" "d59cb33741e0bd7c74bc4b1b95038ee17f28445b9141e6bb29dd5400d4bdf47c", kill_on_drop: false }`
[INFO] [stderr] warning: file `/opt/rustwide/workdir/examples/decluster_demo.rs` found to be present in multiple build targets:
[INFO] [stderr]   * `bin` target `decluster_demo`
[INFO] [stderr]   * `example` target `decluster_demo`
[INFO] [stderr]    Compiling cfg-if v1.0.0
[INFO] [stderr]    Compiling libc v0.2.119
[INFO] [stderr]    Compiling autocfg v1.1.0
[INFO] [stderr]    Compiling proc-macro2 v1.0.36
[INFO] [stderr]    Compiling xml-rs v0.8.4
[INFO] [stderr]    Compiling log v0.4.14
[INFO] [stderr]    Compiling unicode-xid v0.2.2
[INFO] [stderr]    Compiling bitflags v1.3.2
[INFO] [stderr]    Compiling lazy_static v1.4.0
[INFO] [stderr]    Compiling khronos_api v3.1.0
[INFO] [stderr]    Compiling pkg-config v0.3.24
[INFO] [stderr]    Compiling scopeguard v1.1.0
[INFO] [stderr]    Compiling smallvec v1.8.0
[INFO] [stderr]    Compiling syn v1.0.86
[INFO] [stderr]    Compiling crossbeam-utils v0.8.7
[INFO] [stderr]    Compiling crossbeam-epoch v0.9.7
[INFO] [stderr]    Compiling libloading v0.7.3
[INFO] [stderr]    Compiling lock_api v0.4.6
[INFO] [stderr]    Compiling cfg-if v0.1.10
[INFO] [stderr]    Compiling once_cell v1.9.0
[INFO] [stderr]    Compiling version_check v0.9.4
[INFO] [stderr]    Compiling memchr v2.4.1
[INFO] [stderr]    Compiling dlib v0.5.0
[INFO] [stderr]    Compiling ttf-parser v0.6.2
[INFO] [stderr]    Compiling piston-float v1.0.1
[INFO] [stderr]    Compiling crc32fast v1.3.2
[INFO] [stderr]    Compiling scoped-tls v1.0.0
[INFO] [stderr]    Compiling adler v1.0.2
[INFO] [stderr]    Compiling downcast-rs v1.2.0
[INFO] [stderr]    Compiling ab_glyph_rasterizer v0.1.5
[INFO] [stderr]    Compiling rayon-core v1.9.1
[INFO] [stderr]    Compiling piston-viewport v1.0.2
[INFO] [stderr]    Compiling adler32 v1.2.0
[INFO] [stderr]    Compiling futures-core v0.3.21
[INFO] [stderr]    Compiling memoffset v0.6.5
[INFO] [stderr]    Compiling nom v7.1.0
[INFO] [stderr]    Compiling num-traits v0.2.14
[INFO] [stderr]    Compiling num-integer v0.1.44
[INFO] [stderr]    Compiling miniz_oxide v0.4.4
[INFO] [stderr]    Compiling nix v0.18.0
[INFO] [stderr]    Compiling minimal-lexical v0.2.1
[INFO] [stderr]    Compiling wayland-sys v0.28.6
[INFO] [stderr]    Compiling serde_derive v1.0.136
[INFO] [stderr]    Compiling gl_generator v0.14.0
[INFO] [stderr]    Compiling serde v1.0.136
[INFO] [stderr]    Compiling crossbeam-channel v0.5.2
[INFO] [stderr]    Compiling quote v1.0.15
[INFO] [stderr]    Compiling x11-dl v2.19.1
[INFO] [stderr]    Compiling rayon v1.5.1
[INFO] [stderr]    Compiling piston-graphics_api_version v1.0.1
[INFO] [stderr]    Compiling parking_lot_core v0.8.5
[INFO] [stderr]    Compiling wayland-scanner v0.28.6
[INFO] [stderr]    Compiling crossbeam-deque v0.8.1
[INFO] [stderr]    Compiling same-file v1.0.6
[INFO] [stderr]    Compiling walkdir v2.3.2
[INFO] [stderr]    Compiling deflate v1.0.0
[INFO] [stderr]    Compiling num-rational v0.4.0
[INFO] [stderr]    Compiling num-iter v0.1.42
[INFO] [stderr]    Compiling spin v0.9.2
[INFO] [stderr]    Compiling draw_state v0.8.0
[INFO] [stderr]    Compiling libloading v0.6.7
[INFO] [stderr]    Compiling instant v0.1.12
[INFO] [stderr]    Compiling slab v0.4.5
[INFO] [stderr]    Compiling getrandom v0.2.5
[INFO] [stderr]    Compiling nix v0.20.0
[INFO] [stderr]    Compiling num_cpus v1.13.1
[INFO] [stderr]    Compiling owned_ttf_parser v0.6.0
[INFO] [stderr]    Compiling dirs-sys v0.3.6
[INFO] [stderr]    Compiling net2 v0.2.37
[INFO] [stderr]    Compiling rusttype v0.9.2
[INFO] [stderr]    Compiling nanorand v0.6.1
[INFO] [stderr]    Compiling iovec v0.1.4
[INFO] [stderr]    Compiling dirs v4.0.0
[INFO] [stderr]    Compiling xdg v2.4.1
[INFO] [stderr]    Compiling cty v0.2.2
[INFO] [stderr]    Compiling futures-sink v0.3.21
[INFO] [stderr]    Compiling weezl v0.1.5
[INFO] [stderr]    Compiling either v1.6.1
[INFO] [stderr]    Compiling raw-window-handle v0.4.2
[INFO] [stderr]    Compiling mio v0.6.23
[INFO] [stderr]    Compiling andrew v0.3.1
[INFO] [stderr]    Compiling flate2 v1.0.22
[INFO] [stderr]    Compiling threadpool v1.8.1
[INFO] [stderr]    Compiling gfx_core v0.9.2
[INFO] [stderr]    Compiling dlib v0.4.2
[INFO] [stderr]    Compiling memmap2 v0.1.0
[INFO] [stderr]    Compiling wayland-client v0.28.6
[INFO] [stderr]    Compiling wayland-protocols v0.28.6
[INFO] [stderr]    Compiling glutin_glx_sys v0.1.7
[INFO] [stderr]    Compiling glutin_egl_sys v0.1.5
[INFO] [stderr]    Compiling gl_generator v0.13.1
[INFO] [stderr]    Compiling xcursor v0.3.4
[INFO] [stderr]    Compiling inflate v0.4.5
[INFO] [stderr]    Compiling miniz_oxide v0.5.1
[INFO] [stderr]    Compiling lazycell v1.3.0
[INFO] [stderr]    Compiling lebe v0.5.1
[INFO] [stderr]    Compiling bit_field v0.10.1
[INFO] [stderr]    Compiling color_quant v1.1.0
[INFO] [stderr]    Compiling jpeg-decoder v0.1.22
[INFO] [stderr]    Compiling half v1.8.2
[INFO] [stderr]    Compiling gif v0.11.3
[INFO] [stderr]    Compiling mio-extras v2.0.6
[INFO] [stderr]    Compiling gl v0.13.0
[INFO] [stderr]    Compiling png v0.17.3
[INFO] [stderr]    Compiling parking_lot v0.11.2
[INFO] [stderr]    Compiling tiff v0.7.1
[INFO] [stderr]    Compiling wayland-commons v0.28.6
[INFO] [stderr]    Compiling jpeg-decoder v0.2.2
[INFO] [stderr]    Compiling raw-window-handle v0.3.4
[INFO] [stderr]    Compiling shared_library v0.1.9
[INFO] [stderr]    Compiling gfx_gl v0.6.1
[INFO] [stderr]    Compiling scoped_threadpool v0.1.9
[INFO] [stderr]    Compiling percent-encoding v2.1.0
[INFO] [stderr]    Compiling bytemuck v1.7.3
[INFO] [stderr]    Compiling byteorder v1.4.3
[INFO] [stderr]    Compiling piston-texture v0.8.0
[INFO] [stderr]    Compiling osmesa-sys v0.1.2
[INFO] [stderr]    Compiling calloop v0.6.5
[INFO] [stderr]    Compiling gfx v0.18.2
[INFO] [stderr]    Compiling shader_version v0.7.0
[INFO] [stderr]    Compiling vecmath v1.0.0
[INFO] [stderr]    Compiling fnv v1.0.7
[INFO] [stderr]    Compiling read_color v1.0.0
[INFO] [stderr]    Compiling interpolation v0.2.0
[INFO] [stderr]    Compiling spin_sleep v1.0.0
[INFO] [stderr]    Compiling rand_core v0.6.3
[INFO] [stderr]    Compiling piston-shaders_graphics2d v0.4.0
[INFO] [stderr]    Compiling ppv-lite86 v0.2.16
[INFO] [stderr]    Compiling piston2d-graphics v0.42.0
[INFO] [stderr]    Compiling rand_chacha v0.3.1
[INFO] [stderr]    Compiling pin-project-internal v1.0.10
[INFO] [stderr]    Compiling rand v0.8.5
[INFO] [stderr]    Compiling wayland-cursor v0.28.6
[INFO] [stderr]    Compiling wayland-egl v0.28.6
[INFO] [stderr]    Compiling pin-project v1.0.10
[INFO] [stderr]    Compiling flume v0.10.11
[INFO] [stderr]    Compiling exr v1.4.1
[INFO] [stderr]    Compiling gfx_device_gl v0.16.2
[INFO] [stderr]    Compiling pistoncore-input v1.0.1
[INFO] [stderr]    Compiling pistoncore-window v0.47.1
[INFO] [stderr]    Compiling pistoncore-event_loop v0.53.1
[INFO] [stderr]    Compiling piston v0.53.1
[INFO] [stderr]    Compiling image v0.24.1
[INFO] [stderr]    Compiling piston-gfx_texture v0.42.0
[INFO] [stderr]    Compiling piston2d-gfx_graphics v0.76.0
[INFO] [stderr]    Compiling smithay-client-toolkit v0.12.3
[INFO] [stderr]    Compiling winit v0.24.0
[INFO] [stderr]    Compiling glutin v0.26.0
[INFO] [stderr]    Compiling pistoncore-glutin_window v0.69.0
[INFO] [stderr]    Compiling piston_window v0.123.0
[INFO] [stderr]    Compiling decluster v1.0.18 (/opt/rustwide/workdir)
[INFO] [stderr]     Finished `dev` profile [unoptimized + debuginfo] target(s) in 52.73s
[INFO] running `Command { std: "docker" "inspect" "d59cb33741e0bd7c74bc4b1b95038ee17f28445b9141e6bb29dd5400d4bdf47c", kill_on_drop: false }`
[INFO] running `Command { std: "docker" "rm" "-f" "d59cb33741e0bd7c74bc4b1b95038ee17f28445b9141e6bb29dd5400d4bdf47c", kill_on_drop: false }`
[INFO] [stdout] d59cb33741e0bd7c74bc4b1b95038ee17f28445b9141e6bb29dd5400d4bdf47c
[INFO] running `Command { std: "docker" "create" "-v" "/var/lib/crater-agent-workspace/builds/worker-2-tc2/target:/opt/rustwide/target:rw,Z" "-v" "/var/lib/crater-agent-workspace/builds/worker-2-tc2/source:/opt/rustwide/workdir:ro,Z" "-v" "/var/lib/crater-agent-workspace/cargo-home:/opt/rustwide/cargo-home:ro,Z" "-v" "/var/lib/crater-agent-workspace/rustup-home:/opt/rustwide/rustup-home:ro,Z" "-e" "SOURCE_DIR=/opt/rustwide/workdir" "-e" "CARGO_TARGET_DIR=/opt/rustwide/target" "-e" "CARGO_INCREMENTAL=0" "-e" "RUST_BACKTRACE=full" "-e" "RUSTFLAGS=--cap-lints=forbid -Zrandomize-layout" "-e" "RUSTDOCFLAGS=--cap-lints=forbid" "-e" "CARGO_HOME=/opt/rustwide/cargo-home" "-e" "RUSTUP_HOME=/opt/rustwide/rustup-home" "-w" "/opt/rustwide/workdir" "-m" "1610612736" "--user" "0:0" "--network" "none" "ghcr.io/rust-lang/crates-build-env/linux@sha256:4a844ea9eb2546a2d2c7022eacef16ef2e8229c7fbb2c7d4d55a9ceca922f72d" "/opt/rustwide/cargo-home/bin/cargo" "+nightly-2024-10-28" "test" "--frozen" "--no-run" "--message-format=json", kill_on_drop: false }`
[INFO] [stdout] 751158778e38a0be647decebdcc19534d81eaad820ceb286d5dcb9cef8b3767c
[INFO] running `Command { std: "docker" "start" "-a" "751158778e38a0be647decebdcc19534d81eaad820ceb286d5dcb9cef8b3767c", kill_on_drop: false }`
[INFO] [stderr] warning: file `/opt/rustwide/workdir/examples/decluster_demo.rs` found to be present in multiple build targets:
[INFO] [stderr]   * `bin` target `decluster_demo`
[INFO] [stderr]   * `example` target `decluster_demo`
[INFO] [stderr]    Compiling decluster v1.0.18 (/opt/rustwide/workdir)
[INFO] [stderr]     Finished `test` profile [unoptimized + debuginfo] target(s) in 0.66s
[INFO] running `Command { std: "docker" "inspect" "751158778e38a0be647decebdcc19534d81eaad820ceb286d5dcb9cef8b3767c", kill_on_drop: false }`
[INFO] running `Command { std: "docker" "rm" "-f" "751158778e38a0be647decebdcc19534d81eaad820ceb286d5dcb9cef8b3767c", kill_on_drop: false }`
[INFO] [stdout] 751158778e38a0be647decebdcc19534d81eaad820ceb286d5dcb9cef8b3767c
[INFO] running `Command { std: "docker" "create" "-v" "/var/lib/crater-agent-workspace/builds/worker-2-tc2/target:/opt/rustwide/target:rw,Z" "-v" "/var/lib/crater-agent-workspace/builds/worker-2-tc2/source:/opt/rustwide/workdir:ro,Z" "-v" "/var/lib/crater-agent-workspace/cargo-home:/opt/rustwide/cargo-home:ro,Z" "-v" "/var/lib/crater-agent-workspace/rustup-home:/opt/rustwide/rustup-home:ro,Z" "-e" "SOURCE_DIR=/opt/rustwide/workdir" "-e" "CARGO_TARGET_DIR=/opt/rustwide/target" "-e" "CARGO_INCREMENTAL=0" "-e" "RUST_BACKTRACE=full" "-e" "RUSTFLAGS=--cap-lints=forbid -Zrandomize-layout" "-e" "RUSTDOCFLAGS=--cap-lints=forbid" "-e" "CARGO_HOME=/opt/rustwide/cargo-home" "-e" "RUSTUP_HOME=/opt/rustwide/rustup-home" "-w" "/opt/rustwide/workdir" "-m" "1610612736" "--user" "0:0" "--network" "none" "ghcr.io/rust-lang/crates-build-env/linux@sha256:4a844ea9eb2546a2d2c7022eacef16ef2e8229c7fbb2c7d4d55a9ceca922f72d" "/opt/rustwide/cargo-home/bin/cargo" "+nightly-2024-10-28" "test" "--frozen", kill_on_drop: false }`
[INFO] [stdout] 3a83080e34a918692b3c4221b085bca28c83525499b692d76aec8b9649ecf6e4
[INFO] running `Command { std: "docker" "start" "-a" "3a83080e34a918692b3c4221b085bca28c83525499b692d76aec8b9649ecf6e4", kill_on_drop: false }`
[INFO] [stderr] warning: file `/opt/rustwide/workdir/examples/decluster_demo.rs` found to be present in multiple build targets:
[INFO] [stderr]   * `bin` target `decluster_demo`
[INFO] [stderr]   * `example` target `decluster_demo`
[INFO] [stderr]     Finished `test` profile [unoptimized + debuginfo] target(s) in 0.10s
[INFO] [stderr]      Running unittests src/lib.rs (/opt/rustwide/target/debug/deps/decluster-75edda9a9137c8c7)
[INFO] [stdout] 
[INFO] [stdout] running 0 tests
[INFO] [stdout] 
[INFO] [stdout] test result: ok. 0 passed; 0 failed; 0 ignored; 0 measured; 0 filtered out; finished in 0.00s
[INFO] [stdout] 
[INFO] [stderr]      Running unittests examples/decluster_demo.rs (/opt/rustwide/target/debug/deps/decluster_demo-4bbcc32a2255c4d8)
[INFO] [stdout] 
[INFO] [stdout] running 0 tests
[INFO] [stdout] 
[INFO] [stdout] test result: ok. 0 passed; 0 failed; 0 ignored; 0 measured; 0 filtered out; finished in 0.00s
[INFO] [stdout] 
[INFO] [stderr]    Doc-tests decluster
[INFO] [stdout] 
[INFO] [stdout] running 3 tests
[INFO] [stdout] test src/decluster.rs - decluster::decluster (line 10) ... FAILED
[INFO] [stdout] test src/lib.rs - (line 25) ... FAILED
[INFO] [stdout] test src/lib.rs - (line 6) ... FAILED
[INFO] [stdout] 
[INFO] [stdout] failures:
[INFO] [stdout] 
[INFO] [stdout] ---- src/decluster.rs - decluster::decluster (line 10) stdout ----
[INFO] [stdout] error: expected one of `!`, `.`, `::`, `;`, `?`, `{`, `}`, or an operator, found `vec`
[INFO] [stdout]  --> src/decluster.rs:11:16
[INFO] [stdout]   |
[INFO] [stdout] 3 | * points - the vec of Point structures
[INFO] [stdout]   |                ^^^ expected one of 8 possible tokens
[INFO] [stdout] 
[INFO] [stdout] error: aborting due to 1 previous error
[INFO] [stdout] 
[INFO] [stdout] Couldn't compile the test.
[INFO] [stdout] ---- src/lib.rs - (line 25) stdout ----
[INFO] [stdout] error: expected expression, found `>`
[INFO] [stdout]  --> src/lib.rs:27:1
[INFO] [stdout]   |
[INFO] [stdout] 5 | > cargo run --example decluster_demo --release
[INFO] [stdout]   | ^ expected expression
[INFO] [stdout] 
[INFO] [stdout] error: aborting due to 1 previous error
[INFO] [stdout] 
[INFO] [stdout] Couldn't compile the test.
[INFO] [stdout] ---- src/lib.rs - (line 6) stdout ----
[INFO] [stdout] Test executable failed (exit status: 101).
[INFO] [stdout] 
[INFO] [stdout] stderr:
[INFO] [stdout] thread 'main' panicked at /opt/rustwide/cargo-home/registry/src/index.crates.io-6f17d22bba15001f/winit-0.24.0/src/platform_impl/linux/mod.rs:605:9:
[INFO] [stdout] Failed to initialize any backend! Wayland status: XdgRuntimeDirNotSet X11 status: XOpenDisplayFailed
[INFO] [stdout] stack backtrace:
[INFO] [stdout]    0:     0x5d89111ea56a - std::backtrace_rs::backtrace::libunwind::trace::h207520d6e9873551
[INFO] [stdout]                                at /rustc/df4ca44d3fbc9301ee17f30f4d474e6ae4b05252/library/std/src/../../backtrace/src/backtrace/libunwind.rs:116:5
[INFO] [stdout]    1:     0x5d89111ea56a - std::backtrace_rs::backtrace::trace_unsynchronized::h2ed7433f370e3eca
[INFO] [stdout]                                at /rustc/df4ca44d3fbc9301ee17f30f4d474e6ae4b05252/library/std/src/../../backtrace/src/backtrace/mod.rs:66:5
[INFO] [stdout]    2:     0x5d89111ea56a - std::sys::backtrace::_print_fmt::h916fac51166b18d7
[INFO] [stdout]                                at /rustc/df4ca44d3fbc9301ee17f30f4d474e6ae4b05252/library/std/src/sys/backtrace.rs:66:9
[INFO] [stdout]    3:     0x5d89111ea56a - <std::sys::backtrace::BacktraceLock::print::DisplayBacktrace as core::fmt::Display>::fmt::ha0a4c9b8ce3802e6
[INFO] [stdout]                                at /rustc/df4ca44d3fbc9301ee17f30f4d474e6ae4b05252/library/std/src/sys/backtrace.rs:39:26
[INFO] [stdout]    4:     0x5d891120f9e3 - core::fmt::rt::Argument::fmt::h4cfc8587d52b3eb5
[INFO] [stdout]                                at /rustc/df4ca44d3fbc9301ee17f30f4d474e6ae4b05252/library/core/src/fmt/rt.rs:177:76
[INFO] [stdout]    5:     0x5d891120f9e3 - core::fmt::write::h522cc39e5b36ae9f
[INFO] [stdout]                                at /rustc/df4ca44d3fbc9301ee17f30f4d474e6ae4b05252/library/core/src/fmt/mod.rs:1190:21
[INFO] [stdout]    6:     0x5d89111e7103 - std::io::Write::write_fmt::hf1c1dcc8cc1287f0
[INFO] [stdout]                                at /rustc/df4ca44d3fbc9301ee17f30f4d474e6ae4b05252/library/std/src/io/mod.rs:1839:15
[INFO] [stdout]    7:     0x5d89111ea3b2 - std::sys::backtrace::BacktraceLock::print::h4b9e00b29e9c0942
[INFO] [stdout]                                at /rustc/df4ca44d3fbc9301ee17f30f4d474e6ae4b05252/library/std/src/sys/backtrace.rs:42:9
[INFO] [stdout]    8:     0x5d89111eb37c - std::panicking::default_hook::{{closure}}::hb59b88280d0324d9
[INFO] [stdout]                                at /rustc/df4ca44d3fbc9301ee17f30f4d474e6ae4b05252/library/std/src/panicking.rs:268:22
[INFO] [stdout]    9:     0x5d89111eb1c2 - std::panicking::default_hook::he1dd496665be4a29
[INFO] [stdout]                                at /rustc/df4ca44d3fbc9301ee17f30f4d474e6ae4b05252/library/std/src/panicking.rs:295:9
[INFO] [stdout]   10:     0x5d89111eb9b7 - std::panicking::rust_panic_with_hook::h2ff17fe8f26dfcf8
[INFO] [stdout]                                at /rustc/df4ca44d3fbc9301ee17f30f4d474e6ae4b05252/library/std/src/panicking.rs:801:13
[INFO] [stdout]   11:     0x5d8910e56d0b - std::panicking::begin_panic::{{closure}}::h25ad4d920094cb8d
[INFO] [stdout]                                at /rustc/df4ca44d3fbc9301ee17f30f4d474e6ae4b05252/library/std/src/panicking.rs:738:9
[INFO] [stdout]   12:     0x5d8910e5556a - std::sys::backtrace::__rust_end_short_backtrace::ha4e937dfb9ef69d0
[INFO] [stdout]                                at /rustc/df4ca44d3fbc9301ee17f30f4d474e6ae4b05252/library/std/src/sys/backtrace.rs:170:18
[INFO] [stdout]   13:     0x5d8910e56ca2 - std::panicking::begin_panic::hbfeac97def49b591
[INFO] [stdout]                                at /rustc/df4ca44d3fbc9301ee17f30f4d474e6ae4b05252/library/std/src/panicking.rs:737:5
[INFO] [stdout]   14:     0x5d8910d7cdb2 - winit::platform_impl::platform::EventLoop<T>::new_any_thread::had7100c3ffa10cf6
[INFO] [stdout]                                at /opt/rustwide/cargo-home/registry/src/index.crates.io-6f17d22bba15001f/winit-0.24.0/src/platform_impl/linux/mod.rs:605:9
[INFO] [stdout]   15:     0x5d8910d7d02b - winit::platform_impl::platform::EventLoop<T>::new::h8ed65bc36f633014
[INFO] [stdout]                                at /opt/rustwide/cargo-home/registry/src/index.crates.io-6f17d22bba15001f/winit-0.24.0/src/platform_impl/linux/mod.rs:556:9
[INFO] [stdout]   16:     0x5d8910d4b01c - winit::event_loop::EventLoop<T>::with_user_event::h3b0b5a69bc2f9232
[INFO] [stdout]                                at /opt/rustwide/cargo-home/registry/src/index.crates.io-6f17d22bba15001f/winit-0.24.0/src/event_loop.rs:134:25
[INFO] [stdout]   17:     0x5d8910d328a3 - glutin_window::GlutinWindow::new::hd2359e74fc3e10ce
[INFO] [stdout]                                at /opt/rustwide/cargo-home/registry/src/index.crates.io-6f17d22bba15001f/pistoncore-glutin_window-0.69.0/src/lib.rs:119:26
[INFO] [stdout]   18:     0x5d8910d35d57 - <glutin_window::GlutinWindow as window::BuildFromWindowSettings>::build_from_window_settings::hdddd6e9761806628
[INFO] [stdout]                                at /opt/rustwide/cargo-home/registry/src/index.crates.io-6f17d22bba15001f/pistoncore-glutin_window-0.69.0/src/lib.rs:541:9
[INFO] [stdout]   19:     0x5d8910ca0ad7 - window::WindowSettings::build::h63caeb51331ba267
[INFO] [stdout]                                at /opt/rustwide/cargo-home/registry/src/index.crates.io-6f17d22bba15001f/pistoncore-window-0.47.1/src/lib.rs:470:9
[INFO] [stdout]   20:     0x5d8910cabaad - <piston_window::PistonWindow<W> as window::BuildFromWindowSettings>::build_from_window_settings::hdc6cc7feb1f1759b
[INFO] [stdout]                                at /opt/rustwide/cargo-home/registry/src/index.crates.io-6f17d22bba15001f/piston_window-0.123.0/src/lib.rs:191:47
[INFO] [stdout]   21:     0x5d8910ca0b07 - window::WindowSettings::build::heb9cb8cef6cd2d54
[INFO] [stdout]                                at /opt/rustwide/cargo-home/registry/src/index.crates.io-6f17d22bba15001f/pistoncore-window-0.47.1/src/lib.rs:470:9
[INFO] [stdout]   22:     0x5d8910cf2724 - decluster::Canvas::new::hbe90a4773016074d
[INFO] [stdout]                                at /opt/rustwide/workdir/src/lib.rs:72:36
[INFO] [stdout]   23:     0x5d8910c9cd64 - rust_out::main::ha213a30daa5df4da
[INFO] [stdout]   24:     0x5d8910c9cca3 - core::ops::function::FnOnce::call_once::hf7edf7132571051c
[INFO] [stdout]   25:     0x5d8910c9cc46 - std::sys::backtrace::__rust_begin_short_backtrace::h32fd822fd2ba4079
[INFO] [stdout]   26:     0x5d8910c9cc29 - std::rt::lang_start::{{closure}}::h4039a1c394ed4f7c
[INFO] [stdout]   27:     0x5d89111e2cc7 - core::ops::function::impls::<impl core::ops::function::FnOnce<A> for &F>::call_once::hd87d66b906e0ccaf
[INFO] [stdout]                                at /rustc/df4ca44d3fbc9301ee17f30f4d474e6ae4b05252/library/core/src/ops/function.rs:284:13
[INFO] [stdout]   28:     0x5d89111e2cc7 - std::panicking::try::do_call::hae3703de71fc9e3a
[INFO] [stdout]                                at /rustc/df4ca44d3fbc9301ee17f30f4d474e6ae4b05252/library/std/src/panicking.rs:557:40
[INFO] [stdout]   29:     0x5d89111e2cc7 - std::panicking::try::h1178330e9a2b2645
[INFO] [stdout]                                at /rustc/df4ca44d3fbc9301ee17f30f4d474e6ae4b05252/library/std/src/panicking.rs:520:19
[INFO] [stdout]   30:     0x5d89111e2cc7 - std::panic::catch_unwind::h0acf49d2305d32ad
[INFO] [stdout]                                at /rustc/df4ca44d3fbc9301ee17f30f4d474e6ae4b05252/library/std/src/panic.rs:358:14
[INFO] [stdout]   31:     0x5d89111e2cc7 - std::rt::lang_start_internal::{{closure}}::h2d95182d798177be
[INFO] [stdout]                                at /rustc/df4ca44d3fbc9301ee17f30f4d474e6ae4b05252/library/std/src/rt.rs:174:48
[INFO] [stdout]   32:     0x5d89111e2cc7 - std::panicking::try::do_call::hb506f5bfe11fd30c
[INFO] [stdout]                                at /rustc/df4ca44d3fbc9301ee17f30f4d474e6ae4b05252/library/std/src/panicking.rs:557:40
[INFO] [stdout]   33:     0x5d89111e2cc7 - std::panicking::try::h54d825c46bd0fa95
[INFO] [stdout]                                at /rustc/df4ca44d3fbc9301ee17f30f4d474e6ae4b05252/library/std/src/panicking.rs:520:19
[INFO] [stdout]   34:     0x5d89111e2cc7 - std::panic::catch_unwind::hffbb0ad20c4e9fac
[INFO] [stdout]                                at /rustc/df4ca44d3fbc9301ee17f30f4d474e6ae4b05252/library/std/src/panic.rs:358:14
[INFO] [stdout]   35:     0x5d89111e2cc7 - std::rt::lang_start_internal::h52c291ef1962c925
[INFO] [stdout]                                at /rustc/df4ca44d3fbc9301ee17f30f4d474e6ae4b05252/library/std/src/rt.rs:174:20
[INFO] [stdout]   36:     0x5d8910c9cc07 - std::rt::lang_start::h8c6075cd6f225ba1
[INFO] [stdout]   37:     0x5d8910c9cdd5 - main
[INFO] [stdout]   38:     0x74134e28ad90 - <unknown>
[INFO] [stdout]   39:     0x74134e28ae40 - __libc_start_main
[INFO] [stdout]   40:     0x5d8910c9cb15 - _start
[INFO] [stdout]   41:                0x0 - <unknown>
[INFO] [stdout] 
[INFO] [stdout] 
[INFO] [stdout] 
[INFO] [stdout] failures:
[INFO] [stdout]     src/decluster.rs - decluster::decluster (line 10)
[INFO] [stdout]     src/lib.rs - (line 25)
[INFO] [stdout]     src/lib.rs - (line 6)
[INFO] [stdout] 
[INFO] [stdout] test result: FAILED. 0 passed; 3 failed; 0 ignored; 0 measured; 0 filtered out; finished in 0.59s
[INFO] [stdout] 
[INFO] [stderr] error: doctest failed, to rerun pass `--doc`
[INFO] running `Command { std: "docker" "inspect" "3a83080e34a918692b3c4221b085bca28c83525499b692d76aec8b9649ecf6e4", kill_on_drop: false }`
[INFO] running `Command { std: "docker" "rm" "-f" "3a83080e34a918692b3c4221b085bca28c83525499b692d76aec8b9649ecf6e4", kill_on_drop: false }`
[INFO] [stdout] 3a83080e34a918692b3c4221b085bca28c83525499b692d76aec8b9649ecf6e4
