[INFO] cloning repository https://github.com/altair823/make_minutes_of_meeting
[INFO] running `Command { std: "git" "-c" "credential.helper=" "-c" "credential.helper=/workspace/cargo-home/bin/git-credential-null" "clone" "--bare" "https://github.com/altair823/make_minutes_of_meeting" "/workspace/cache/git-repos/https%3A%2F%2Fgithub.com%2Faltair823%2Fmake_minutes_of_meeting", kill_on_drop: false }`
[INFO] [stderr] Cloning into bare repository '/workspace/cache/git-repos/https%3A%2F%2Fgithub.com%2Faltair823%2Fmake_minutes_of_meeting'...
[INFO] running `Command { std: "git" "rev-parse" "HEAD", kill_on_drop: false }`
[INFO] [stdout] 7ba4dd9e7446245b7850f6e193c6c7d44cbf78ed
[INFO] testing altair823/make_minutes_of_meeting/7ba4dd9e7446245b7850f6e193c6c7d44cbf78ed against nightly-2024-10-28 for randomize-layout
[INFO] running `Command { std: "git" "clone" "/workspace/cache/git-repos/https%3A%2F%2Fgithub.com%2Faltair823%2Fmake_minutes_of_meeting" "/workspace/builds/worker-2-tc1/source", kill_on_drop: false }`
[INFO] [stderr] Cloning into '/workspace/builds/worker-2-tc1/source'...
[INFO] [stderr] done.
[INFO] validating manifest of git repo https://github.com/altair823/make_minutes_of_meeting on toolchain nightly-2024-10-28
[INFO] running `Command { std: CARGO_HOME="/workspace/cargo-home" RUSTUP_HOME="/workspace/rustup-home" "/workspace/cargo-home/bin/cargo" "+nightly-2024-10-28" "metadata" "--manifest-path" "Cargo.toml" "--no-deps", kill_on_drop: false }`
[INFO] started tweaking git repo https://github.com/altair823/make_minutes_of_meeting
[INFO] finished tweaking git repo https://github.com/altair823/make_minutes_of_meeting
[INFO] tweaked toml for git repo https://github.com/altair823/make_minutes_of_meeting written to /workspace/builds/worker-2-tc1/source/Cargo.toml
[INFO] crate git repo https://github.com/altair823/make_minutes_of_meeting already has a lockfile, it will not be regenerated
[INFO] running `Command { std: CARGO_HOME="/workspace/cargo-home" RUSTUP_HOME="/workspace/rustup-home" "/workspace/cargo-home/bin/cargo" "+nightly-2024-10-28" "fetch" "--manifest-path" "Cargo.toml", kill_on_drop: false }`
[INFO] [stderr]  Downloading crates ...
[INFO] [stderr]   Downloaded opener v0.7.0
[INFO] running `Command { std: "docker" "create" "-v" "/var/lib/crater-agent-workspace/builds/worker-2-tc1/target:/opt/rustwide/target:rw,Z" "-v" "/var/lib/crater-agent-workspace/builds/worker-2-tc1/source:/opt/rustwide/workdir:ro,Z" "-v" "/var/lib/crater-agent-workspace/cargo-home:/opt/rustwide/cargo-home:ro,Z" "-v" "/var/lib/crater-agent-workspace/rustup-home:/opt/rustwide/rustup-home:ro,Z" "-e" "SOURCE_DIR=/opt/rustwide/workdir" "-e" "CARGO_TARGET_DIR=/opt/rustwide/target" "-e" "CARGO_HOME=/opt/rustwide/cargo-home" "-e" "RUSTUP_HOME=/opt/rustwide/rustup-home" "-w" "/opt/rustwide/workdir" "-m" "1610612736" "--user" "0:0" "--network" "none" "ghcr.io/rust-lang/crates-build-env/linux@sha256:4a844ea9eb2546a2d2c7022eacef16ef2e8229c7fbb2c7d4d55a9ceca922f72d" "/opt/rustwide/cargo-home/bin/cargo" "+nightly-2024-10-28" "metadata" "--no-deps" "--format-version=1", kill_on_drop: false }`
[INFO] [stdout] a7c990aab08da18cdfe9efb90bea5222cfc108e41211abd50a20c1053ce4c867
[INFO] running `Command { std: "docker" "start" "-a" "a7c990aab08da18cdfe9efb90bea5222cfc108e41211abd50a20c1053ce4c867", kill_on_drop: false }`
[INFO] running `Command { std: "docker" "inspect" "a7c990aab08da18cdfe9efb90bea5222cfc108e41211abd50a20c1053ce4c867", kill_on_drop: false }`
[INFO] running `Command { std: "docker" "rm" "-f" "a7c990aab08da18cdfe9efb90bea5222cfc108e41211abd50a20c1053ce4c867", kill_on_drop: false }`
[INFO] [stdout] a7c990aab08da18cdfe9efb90bea5222cfc108e41211abd50a20c1053ce4c867
[INFO] running `Command { std: "docker" "create" "-v" "/var/lib/crater-agent-workspace/builds/worker-2-tc1/target:/opt/rustwide/target:rw,Z" "-v" "/var/lib/crater-agent-workspace/builds/worker-2-tc1/source:/opt/rustwide/workdir:ro,Z" "-v" "/var/lib/crater-agent-workspace/cargo-home:/opt/rustwide/cargo-home:ro,Z" "-v" "/var/lib/crater-agent-workspace/rustup-home:/opt/rustwide/rustup-home:ro,Z" "-e" "SOURCE_DIR=/opt/rustwide/workdir" "-e" "CARGO_TARGET_DIR=/opt/rustwide/target" "-e" "CARGO_INCREMENTAL=0" "-e" "RUST_BACKTRACE=full" "-e" "RUSTFLAGS=--cap-lints=forbid" "-e" "RUSTDOCFLAGS=--cap-lints=forbid" "-e" "CARGO_HOME=/opt/rustwide/cargo-home" "-e" "RUSTUP_HOME=/opt/rustwide/rustup-home" "-w" "/opt/rustwide/workdir" "-m" "1610612736" "--user" "0:0" "--network" "none" "ghcr.io/rust-lang/crates-build-env/linux@sha256:4a844ea9eb2546a2d2c7022eacef16ef2e8229c7fbb2c7d4d55a9ceca922f72d" "/opt/rustwide/cargo-home/bin/cargo" "+nightly-2024-10-28" "build" "--frozen" "--message-format=json", kill_on_drop: false }`
[INFO] [stdout] 091629b0d748a2299f49831a01a9528aaf34bd681d04760c2240fcf11571494a
[INFO] running `Command { std: "docker" "start" "-a" "091629b0d748a2299f49831a01a9528aaf34bd681d04760c2240fcf11571494a", kill_on_drop: false }`
[INFO] [stderr]    Compiling proc-macro2 v1.0.81
[INFO] [stderr]    Compiling unicode-ident v1.0.12
[INFO] [stderr]    Compiling libc v0.2.153
[INFO] [stderr]    Compiling cc v1.0.95
[INFO] [stderr]    Compiling pkg-config v0.3.30
[INFO] [stderr]    Compiling autocfg v1.2.0
[INFO] [stderr]    Compiling utf8parse v0.2.1
[INFO] [stderr]    Compiling num-conv v0.1.0
[INFO] [stderr]    Compiling anstyle-parse v0.2.3
[INFO] [stderr]    Compiling colorchoice v1.0.0
[INFO] [stderr]    Compiling anstyle-query v1.0.2
[INFO] [stderr]    Compiling itoa v1.0.11
[INFO] [stderr]    Compiling serde v1.0.199
[INFO] [stderr]    Compiling powerfmt v0.2.0
[INFO] [stderr]    Compiling anstyle v1.0.6
[INFO] [stderr]    Compiling num-traits v0.2.18
[INFO] [stderr]    Compiling time-core v0.1.2
[INFO] [stderr]    Compiling anstream v0.6.13
[INFO] [stderr]    Compiling time-macros v0.2.18
[INFO] [stderr]    Compiling deranged v0.3.11
[INFO] [stderr]    Compiling regex-automata v0.4.6
[INFO] [stderr]    Compiling quote v1.0.36
[INFO] [stderr]    Compiling memchr v2.7.2
[INFO] [stderr]    Compiling syn v2.0.60
[INFO] [stderr]    Compiling clap_lex v0.7.0
[INFO] [stderr]    Compiling heck v0.5.0
[INFO] [stderr]    Compiling num_threads v0.1.7
[INFO] [stderr]    Compiling serde_json v1.0.116
[INFO] [stderr]    Compiling strsim v0.11.1
[INFO] [stderr]    Compiling libdbus-sys v0.2.5
[INFO] [stderr]    Compiling termcolor v1.4.1
[INFO] [stderr]    Compiling clap_builder v4.5.2
[INFO] [stderr]    Compiling bstr v1.9.1
[INFO] [stderr]    Compiling log v0.4.21
[INFO] [stderr]    Compiling ryu v1.0.17
[INFO] [stderr]    Compiling iana-time-zone v0.1.60
[INFO] [stderr]    Compiling whoami v1.5.1
[INFO] [stderr]    Compiling time v0.3.36
[INFO] [stderr]    Compiling chrono v0.4.38
[INFO] [stderr]    Compiling simplelog v0.12.2
[INFO] [stderr]    Compiling serde_derive v1.0.199
[INFO] [stderr]    Compiling clap_derive v4.5.4
[INFO] [stderr]    Compiling clap v4.5.4
[INFO] [stderr]    Compiling dbus v0.9.7
[INFO] [stderr]    Compiling opener v0.7.0
[INFO] [stderr]    Compiling momi v0.3.3 (/opt/rustwide/workdir)
[INFO] [stdout] warning: function `init` is never used
[INFO] [stdout]  --> src/log_initializer.rs:7:8
[INFO] [stdout]   |
[INFO] [stdout] 7 | pub fn init<P: AsRef<Path>>(current_exe_dir: P, cli: &Cli) {
[INFO] [stdout]   |        ^^^^
[INFO] [stdout]   |
[INFO] [stdout]   = note: `#[warn(dead_code)]` on by default
[INFO] [stdout] 
[INFO] [stdout] 
[INFO] [stdout] warning: struct `Moms` is never constructed
[INFO] [stdout]  --> src/mom_opener.rs:4:12
[INFO] [stdout]   |
[INFO] [stdout] 4 | pub struct Moms {
[INFO] [stdout]   |            ^^^^
[INFO] [stdout] 
[INFO] [stdout] 
[INFO] [stdout] warning: method `open_all` is never used
[INFO] [stdout]  --> src/mom_opener.rs:9:12
[INFO] [stdout]   |
[INFO] [stdout] 8 | impl Moms {
[INFO] [stdout]   | --------- method in this implementation
[INFO] [stdout] 9 |     pub fn open_all(&self) {
[INFO] [stdout]   |            ^^^^^^^^
[INFO] [stdout] 
[INFO] [stdout] 
[INFO] [stderr]     Finished `dev` profile [unoptimized + debuginfo] target(s) in 23.55s
[INFO] running `Command { std: "docker" "inspect" "091629b0d748a2299f49831a01a9528aaf34bd681d04760c2240fcf11571494a", kill_on_drop: false }`
[INFO] running `Command { std: "docker" "rm" "-f" "091629b0d748a2299f49831a01a9528aaf34bd681d04760c2240fcf11571494a", kill_on_drop: false }`
[INFO] [stdout] 091629b0d748a2299f49831a01a9528aaf34bd681d04760c2240fcf11571494a
[INFO] running `Command { std: "docker" "create" "-v" "/var/lib/crater-agent-workspace/builds/worker-2-tc1/target:/opt/rustwide/target:rw,Z" "-v" "/var/lib/crater-agent-workspace/builds/worker-2-tc1/source:/opt/rustwide/workdir:ro,Z" "-v" "/var/lib/crater-agent-workspace/cargo-home:/opt/rustwide/cargo-home:ro,Z" "-v" "/var/lib/crater-agent-workspace/rustup-home:/opt/rustwide/rustup-home:ro,Z" "-e" "SOURCE_DIR=/opt/rustwide/workdir" "-e" "CARGO_TARGET_DIR=/opt/rustwide/target" "-e" "CARGO_INCREMENTAL=0" "-e" "RUST_BACKTRACE=full" "-e" "RUSTFLAGS=--cap-lints=forbid" "-e" "RUSTDOCFLAGS=--cap-lints=forbid" "-e" "CARGO_HOME=/opt/rustwide/cargo-home" "-e" "RUSTUP_HOME=/opt/rustwide/rustup-home" "-w" "/opt/rustwide/workdir" "-m" "1610612736" "--user" "0:0" "--network" "none" "ghcr.io/rust-lang/crates-build-env/linux@sha256:4a844ea9eb2546a2d2c7022eacef16ef2e8229c7fbb2c7d4d55a9ceca922f72d" "/opt/rustwide/cargo-home/bin/cargo" "+nightly-2024-10-28" "test" "--frozen" "--no-run" "--message-format=json", kill_on_drop: false }`
[INFO] [stdout] 467f88f6fdfcc7feb65dd1d5ed912c0327bec787c1f88b8530cedda6b0163feb
[INFO] running `Command { std: "docker" "start" "-a" "467f88f6fdfcc7feb65dd1d5ed912c0327bec787c1f88b8530cedda6b0163feb", kill_on_drop: false }`
[INFO] [stderr]    Compiling rustix v0.38.34
[INFO] [stderr]    Compiling bitflags v2.5.0
[INFO] [stderr]    Compiling linux-raw-sys v0.4.13
[INFO] [stderr]    Compiling cfg-if v1.0.0
[INFO] [stderr]    Compiling fastrand v2.1.0
[INFO] [stdout] warning: function `init` is never used
[INFO] [stdout]  --> src/log_initializer.rs:7:8
[INFO] [stdout]   |
[INFO] [stdout] 7 | pub fn init<P: AsRef<Path>>(current_exe_dir: P, cli: &Cli) {
[INFO] [stdout]   |        ^^^^
[INFO] [stdout]   |
[INFO] [stdout]   = note: `#[warn(dead_code)]` on by default
[INFO] [stdout] 
[INFO] [stdout] 
[INFO] [stdout] warning: struct `Moms` is never constructed
[INFO] [stdout]  --> src/mom_opener.rs:4:12
[INFO] [stdout]   |
[INFO] [stdout] 4 | pub struct Moms {
[INFO] [stdout]   |            ^^^^
[INFO] [stdout] 
[INFO] [stdout] 
[INFO] [stdout] warning: method `open_all` is never used
[INFO] [stdout]  --> src/mom_opener.rs:9:12
[INFO] [stdout]   |
[INFO] [stdout] 8 | impl Moms {
[INFO] [stdout]   | --------- method in this implementation
[INFO] [stdout] 9 |     pub fn open_all(&self) {
[INFO] [stdout]   |            ^^^^^^^^
[INFO] [stdout] 
[INFO] [stdout] 
[INFO] [stderr]    Compiling tempfile v3.10.1
[INFO] [stderr]    Compiling momi v0.3.3 (/opt/rustwide/workdir)
[INFO] [stdout] warning: unused variable: `dir`
[INFO] [stdout]    --> src/config/mod.rs:146:13
[INFO] [stdout]     |
[INFO] [stdout] 146 |         let dir = tempdir().unwrap();
[INFO] [stdout]     |             ^^^ help: if this is intentional, prefix it with an underscore: `_dir`
[INFO] [stdout]     |
[INFO] [stdout]     = note: `#[warn(unused_variables)]` on by default
[INFO] [stdout] 
[INFO] [stdout] 
[INFO] [stdout] warning: unused variable: `dir`
[INFO] [stdout]    --> src/config/mod.rs:146:13
[INFO] [stdout]     |
[INFO] [stdout] 146 |         let dir = tempdir().unwrap();
[INFO] [stdout]     |             ^^^ help: if this is intentional, prefix it with an underscore: `_dir`
[INFO] [stdout]     |
[INFO] [stdout]     = note: `#[warn(unused_variables)]` on by default
[INFO] [stdout] 
[INFO] [stdout] 
[INFO] [stdout] warning: function `init` is never used
[INFO] [stdout]  --> src/log_initializer.rs:7:8
[INFO] [stdout]   |
[INFO] [stdout] 7 | pub fn init<P: AsRef<Path>>(current_exe_dir: P, cli: &Cli) {
[INFO] [stdout]   |        ^^^^
[INFO] [stdout]   |
[INFO] [stdout]   = note: `#[warn(dead_code)]` on by default
[INFO] [stdout] 
[INFO] [stdout] 
[INFO] [stdout] warning: struct `Moms` is never constructed
[INFO] [stdout]  --> src/mom_opener.rs:4:12
[INFO] [stdout]   |
[INFO] [stdout] 4 | pub struct Moms {
[INFO] [stdout]   |            ^^^^
[INFO] [stdout] 
[INFO] [stdout] 
[INFO] [stdout] warning: method `open_all` is never used
[INFO] [stdout]  --> src/mom_opener.rs:9:12
[INFO] [stdout]   |
[INFO] [stdout] 8 | impl Moms {
[INFO] [stdout]   | --------- method in this implementation
[INFO] [stdout] 9 |     pub fn open_all(&self) {
[INFO] [stdout]   |            ^^^^^^^^
[INFO] [stdout] 
[INFO] [stdout] 
[INFO] [stderr]     Finished `test` profile [unoptimized + debuginfo] target(s) in 3.31s
[INFO] running `Command { std: "docker" "inspect" "467f88f6fdfcc7feb65dd1d5ed912c0327bec787c1f88b8530cedda6b0163feb", kill_on_drop: false }`
[INFO] running `Command { std: "docker" "rm" "-f" "467f88f6fdfcc7feb65dd1d5ed912c0327bec787c1f88b8530cedda6b0163feb", kill_on_drop: false }`
[INFO] [stdout] 467f88f6fdfcc7feb65dd1d5ed912c0327bec787c1f88b8530cedda6b0163feb
[INFO] running `Command { std: "docker" "create" "-v" "/var/lib/crater-agent-workspace/builds/worker-2-tc1/target:/opt/rustwide/target:rw,Z" "-v" "/var/lib/crater-agent-workspace/builds/worker-2-tc1/source:/opt/rustwide/workdir:ro,Z" "-v" "/var/lib/crater-agent-workspace/cargo-home:/opt/rustwide/cargo-home:ro,Z" "-v" "/var/lib/crater-agent-workspace/rustup-home:/opt/rustwide/rustup-home:ro,Z" "-e" "SOURCE_DIR=/opt/rustwide/workdir" "-e" "CARGO_TARGET_DIR=/opt/rustwide/target" "-e" "CARGO_INCREMENTAL=0" "-e" "RUST_BACKTRACE=full" "-e" "RUSTFLAGS=--cap-lints=forbid" "-e" "RUSTDOCFLAGS=--cap-lints=forbid" "-e" "CARGO_HOME=/opt/rustwide/cargo-home" "-e" "RUSTUP_HOME=/opt/rustwide/rustup-home" "-w" "/opt/rustwide/workdir" "-m" "1610612736" "--user" "0:0" "--network" "none" "ghcr.io/rust-lang/crates-build-env/linux@sha256:4a844ea9eb2546a2d2c7022eacef16ef2e8229c7fbb2c7d4d55a9ceca922f72d" "/opt/rustwide/cargo-home/bin/cargo" "+nightly-2024-10-28" "test" "--frozen", kill_on_drop: false }`
[INFO] [stdout] c02645c318bdedcbb40b9372929ff3f30794df7c54c0a02e0933942657629230
[INFO] running `Command { std: "docker" "start" "-a" "c02645c318bdedcbb40b9372929ff3f30794df7c54c0a02e0933942657629230", kill_on_drop: false }`
[INFO] [stderr] warning: function `init` is never used
[INFO] [stderr]  --> src/log_initializer.rs:7:8
[INFO] [stderr]   |
[INFO] [stderr] 7 | pub fn init<P: AsRef<Path>>(current_exe_dir: P, cli: &Cli) {
[INFO] [stderr]   |        ^^^^
[INFO] [stderr]   |
[INFO] [stderr]   = note: `#[warn(dead_code)]` on by default
[INFO] [stderr] 
[INFO] [stderr] warning: struct `Moms` is never constructed
[INFO] [stderr]  --> src/mom_opener.rs:4:12
[INFO] [stderr]   |
[INFO] [stderr] 4 | pub struct Moms {
[INFO] [stderr]   |            ^^^^
[INFO] [stderr] 
[INFO] [stderr] warning: method `open_all` is never used
[INFO] [stderr]  --> src/mom_opener.rs:9:12
[INFO] [stderr]   |
[INFO] [stderr] 8 | impl Moms {
[INFO] [stderr]   | --------- method in this implementation
[INFO] [stderr] 9 |     pub fn open_all(&self) {
[INFO] [stderr]   |            ^^^^^^^^
[INFO] [stderr] 
[INFO] [stderr] warning: `momi` (lib) generated 3 warnings
[INFO] [stderr] warning: unused variable: `dir`
[INFO] [stderr]    --> src/config/mod.rs:146:13
[INFO] [stderr]     |
[INFO] [stderr] 146 |         let dir = tempdir().unwrap();
[INFO] [stderr]     |             ^^^ help: if this is intentional, prefix it with an underscore: `_dir`
[INFO] [stderr]     |
[INFO] [stderr]     = note: `#[warn(unused_variables)]` on by default
[INFO] [stderr] 
[INFO] [stderr] warning: `momi` (lib test) generated 4 warnings (3 duplicates)
[INFO] [stderr] warning: `momi` (bin "momi" test) generated 1 warning (1 duplicate)
[INFO] [stderr]     Finished `test` profile [unoptimized + debuginfo] target(s) in 0.11s
[INFO] [stderr]      Running unittests src/lib.rs (/opt/rustwide/target/debug/deps/momi-d58f35586a75c591)
[INFO] [stdout] 
[INFO] [stdout] running 18 tests
[INFO] [stdout] test config::tests::test_from_file ... ok
[INFO] [stdout] test config::tests::test_from_file_with_missing_file ... ok
[INFO] [stdout] test config::tests::test_create_config_file ... ok
[INFO] [stdout] test config::tests::test_set_author ... ok
[INFO] [stdout] test config::tests::test_set_footer ... ok
[INFO] [stdout] test config::tests::test_set_header ... ok
[INFO] [stdout] test metadata::metadata::tests::test_determine_author_in_config ... ok
[INFO] [stdout] test config::tests::test_set_extension ... ok
[INFO] [stdout] test metadata::metadata::tests::test_determine_extension_in_filename ... ok
[INFO] [stdout] test metadata::metadata::tests::test_determine_extension_in_filename_and_config ... ok
[INFO] [stdout] test metadata::metadata::tests::test_determine_extension_is_none ... ok
[INFO] [stdout] test metadata::metadata::tests::test_determine_filestem ... ok
[INFO] [stdout] test metadata::metadata::tests::test_determine_author_whoami ... ok
[INFO] [stdout] test metadata::metadata::tests::test_determine_extension_in_config ... ok
[INFO] [stdout] test metadata::metadata::tests::test_determine_author_in_cli ... ok
[INFO] [stdout] test metadata::metadata::tests::test_determine_author_in_cli_and_config ... ok
[INFO] [stdout] test metadata::metadata::tests::test_metadata_from ... ok
[INFO] [stdout] test config::tests::test_from_file_with_rich ... FAILED
[INFO] [stdout] 
[INFO] [stdout] failures:
[INFO] [stdout] 
[INFO] [stdout] ---- config::tests::test_from_file_with_rich stdout ----
[INFO] [stdout] thread 'config::tests::test_from_file_with_rich' panicked at src/config/mod.rs:158:49:
[INFO] [stdout] called `Result::unwrap()` on an `Err` value: Os { code: 30, kind: ReadOnlyFilesystem, message: "Read-only file system" }
[INFO] [stdout] stack backtrace:
[INFO] [stdout]    0:     0x5860aeb5bb8a - std::backtrace_rs::backtrace::libunwind::trace::h207520d6e9873551
[INFO] [stdout]                                at /rustc/df4ca44d3fbc9301ee17f30f4d474e6ae4b05252/library/std/src/../../backtrace/src/backtrace/libunwind.rs:116:5
[INFO] [stdout]    1:     0x5860aeb5bb8a - std::backtrace_rs::backtrace::trace_unsynchronized::h2ed7433f370e3eca
[INFO] [stdout]                                at /rustc/df4ca44d3fbc9301ee17f30f4d474e6ae4b05252/library/std/src/../../backtrace/src/backtrace/mod.rs:66:5
[INFO] [stdout]    2:     0x5860aeb5bb8a - std::sys::backtrace::_print_fmt::h916fac51166b18d7
[INFO] [stdout]                                at /rustc/df4ca44d3fbc9301ee17f30f4d474e6ae4b05252/library/std/src/sys/backtrace.rs:66:9
[INFO] [stdout]    3:     0x5860aeb5bb8a - <std::sys::backtrace::BacktraceLock::print::DisplayBacktrace as core::fmt::Display>::fmt::ha0a4c9b8ce3802e6
[INFO] [stdout]                                at /rustc/df4ca44d3fbc9301ee17f30f4d474e6ae4b05252/library/std/src/sys/backtrace.rs:39:26
[INFO] [stdout]    4:     0x5860aeb83b03 - core::fmt::rt::Argument::fmt::h4cfc8587d52b3eb5
[INFO] [stdout]                                at /rustc/df4ca44d3fbc9301ee17f30f4d474e6ae4b05252/library/core/src/fmt/rt.rs:177:76
[INFO] [stdout]    5:     0x5860aeb83b03 - core::fmt::write::h522cc39e5b36ae9f
[INFO] [stdout]                                at /rustc/df4ca44d3fbc9301ee17f30f4d474e6ae4b05252/library/core/src/fmt/mod.rs:1190:21
[INFO] [stdout]    6:     0x5860aeb58333 - std::io::Write::write_fmt::h7d3c26752da97734
[INFO] [stdout]                                at /rustc/df4ca44d3fbc9301ee17f30f4d474e6ae4b05252/library/std/src/io/mod.rs:1839:15
[INFO] [stdout]    7:     0x5860aeb5b9d2 - std::sys::backtrace::BacktraceLock::print::h4b9e00b29e9c0942
[INFO] [stdout]                                at /rustc/df4ca44d3fbc9301ee17f30f4d474e6ae4b05252/library/std/src/sys/backtrace.rs:42:9
[INFO] [stdout]    8:     0x5860aeb5d01a - std::panicking::default_hook::{{closure}}::hb59b88280d0324d9
[INFO] [stdout]                                at /rustc/df4ca44d3fbc9301ee17f30f4d474e6ae4b05252/library/std/src/panicking.rs:268:22
[INFO] [stdout]    9:     0x5860aeb5ce24 - std::panicking::default_hook::he1dd496665be4a29
[INFO] [stdout]                                at /rustc/df4ca44d3fbc9301ee17f30f4d474e6ae4b05252/library/std/src/panicking.rs:292:9
[INFO] [stdout]   10:     0x5860aeae50b9 - <alloc::boxed::Box<F,A> as core::ops::function::Fn<Args>>::call::h4ff71de18744e1dc
[INFO] [stdout]                                at /rustc/df4ca44d3fbc9301ee17f30f4d474e6ae4b05252/library/alloc/src/boxed.rs:2468:9
[INFO] [stdout]   11:     0x5860aeae50b9 - test::test_main::{{closure}}::hcf7c055ce117aa81
[INFO] [stdout]                                at /rustc/df4ca44d3fbc9301ee17f30f4d474e6ae4b05252/library/test/src/lib.rs:133:21
[INFO] [stdout]   12:     0x5860aeb5d718 - <alloc::boxed::Box<F,A> as core::ops::function::Fn<Args>>::call::h1d66c6bbd60c9692
[INFO] [stdout]                                at /rustc/df4ca44d3fbc9301ee17f30f4d474e6ae4b05252/library/alloc/src/boxed.rs:2468:9
[INFO] [stdout]   13:     0x5860aeb5d718 - std::panicking::rust_panic_with_hook::h2ff17fe8f26dfcf8
[INFO] [stdout]                                at /rustc/df4ca44d3fbc9301ee17f30f4d474e6ae4b05252/library/std/src/panicking.rs:809:13
[INFO] [stdout]   14:     0x5860aeb5d4da - std::panicking::begin_panic_handler::{{closure}}::h4fad77951c07e101
[INFO] [stdout]                                at /rustc/df4ca44d3fbc9301ee17f30f4d474e6ae4b05252/library/std/src/panicking.rs:674:13
[INFO] [stdout]   15:     0x5860aeb5c069 - std::sys::backtrace::__rust_end_short_backtrace::hb1a25b3da5d0ea08
[INFO] [stdout]                                at /rustc/df4ca44d3fbc9301ee17f30f4d474e6ae4b05252/library/std/src/sys/backtrace.rs:170:18
[INFO] [stdout]   16:     0x5860aeb5d16c - rust_begin_unwind
[INFO] [stdout]                                at /rustc/df4ca44d3fbc9301ee17f30f4d474e6ae4b05252/library/std/src/panicking.rs:665:5
[INFO] [stdout]   17:     0x5860aeb82500 - core::panicking::panic_fmt::ha9db07b529f9b256
[INFO] [stdout]                                at /rustc/df4ca44d3fbc9301ee17f30f4d474e6ae4b05252/library/core/src/panicking.rs:75:14
[INFO] [stdout]   18:     0x5860aeb82946 - core::result::unwrap_failed::h5e8218e4d4338b8a
[INFO] [stdout]                                at /rustc/df4ca44d3fbc9301ee17f30f4d474e6ae4b05252/library/core/src/result.rs:1698:5
[INFO] [stdout]   19:     0x5860aea91085 - core::result::Result<T,E>::unwrap::hf0511e3e4d97bd92
[INFO] [stdout]                                at /rustc/df4ca44d3fbc9301ee17f30f4d474e6ae4b05252/library/core/src/result.rs:1103:23
[INFO] [stdout]   20:     0x5860aea91085 - momi::config::tests::test_from_file_with_rich::hfe3a5970c98c40be
[INFO] [stdout]                                at /opt/rustwide/workdir/src/config/mod.rs:158:9
[INFO] [stdout]   21:     0x5860aea90d57 - momi::config::tests::test_from_file_with_rich::{{closure}}::h0a86a07746953322
[INFO] [stdout]                                at /opt/rustwide/workdir/src/config/mod.rs:145:34
[INFO] [stdout]   22:     0x5860aea82806 - core::ops::function::FnOnce::call_once::h4a1848af7911aa47
[INFO] [stdout]                                at /rustc/df4ca44d3fbc9301ee17f30f4d474e6ae4b05252/library/core/src/ops/function.rs:250:5
[INFO] [stdout]   23:     0x5860aeae998b - core::ops::function::FnOnce::call_once::h22c3ba5715e93f05
[INFO] [stdout]                                at /rustc/df4ca44d3fbc9301ee17f30f4d474e6ae4b05252/library/core/src/ops/function.rs:250:5
[INFO] [stdout]   24:     0x5860aeae998b - test::__rust_begin_short_backtrace::h8e82d8113d0da17f
[INFO] [stdout]                                at /rustc/df4ca44d3fbc9301ee17f30f4d474e6ae4b05252/library/test/src/lib.rs:621:18
[INFO] [stdout]   25:     0x5860aeae9307 - test::run_test_in_process::{{closure}}::h33235f4f20b7b7c7
[INFO] [stdout]                                at /rustc/df4ca44d3fbc9301ee17f30f4d474e6ae4b05252/library/test/src/lib.rs:644:60
[INFO] [stdout]   26:     0x5860aeae9307 - <core::panic::unwind_safe::AssertUnwindSafe<F> as core::ops::function::FnOnce<()>>::call_once::hb5043206310c586f
[INFO] [stdout]                                at /rustc/df4ca44d3fbc9301ee17f30f4d474e6ae4b05252/library/core/src/panic/unwind_safe.rs:272:9
[INFO] [stdout]   27:     0x5860aeae9307 - std::panicking::try::do_call::h9ad4731a60ab23e2
[INFO] [stdout]                                at /rustc/df4ca44d3fbc9301ee17f30f4d474e6ae4b05252/library/std/src/panicking.rs:557:40
[INFO] [stdout]   28:     0x5860aeae9307 - std::panicking::try::h3824d23db772a716
[INFO] [stdout]                                at /rustc/df4ca44d3fbc9301ee17f30f4d474e6ae4b05252/library/std/src/panicking.rs:520:19
[INFO] [stdout]   29:     0x5860aeae9307 - std::panic::catch_unwind::h5afd514605fde46b
[INFO] [stdout]                                at /rustc/df4ca44d3fbc9301ee17f30f4d474e6ae4b05252/library/std/src/panic.rs:358:14
[INFO] [stdout]   30:     0x5860aeae9307 - test::run_test_in_process::h0d5cbfa7067d1720
[INFO] [stdout]                                at /rustc/df4ca44d3fbc9301ee17f30f4d474e6ae4b05252/library/test/src/lib.rs:644:27
[INFO] [stdout]   31:     0x5860aeae9307 - test::run_test::{{closure}}::h708eb8872708115d
[INFO] [stdout]                                at /rustc/df4ca44d3fbc9301ee17f30f4d474e6ae4b05252/library/test/src/lib.rs:565:43
[INFO] [stdout]   32:     0x5860aeaaca24 - test::run_test::{{closure}}::h392c51cee94713ab
[INFO] [stdout]                                at /rustc/df4ca44d3fbc9301ee17f30f4d474e6ae4b05252/library/test/src/lib.rs:595:41
[INFO] [stdout]   33:     0x5860aeaaca24 - std::sys::backtrace::__rust_begin_short_backtrace::h2f40290710935a8b
[INFO] [stdout]                                at /rustc/df4ca44d3fbc9301ee17f30f4d474e6ae4b05252/library/std/src/sys/backtrace.rs:154:18
[INFO] [stdout]   34:     0x5860aeab01ce - std::thread::Builder::spawn_unchecked_::{{closure}}::{{closure}}::h3fd968d89053a903
[INFO] [stdout]                                at /rustc/df4ca44d3fbc9301ee17f30f4d474e6ae4b05252/library/std/src/thread/mod.rs:541:17
[INFO] [stdout]   35:     0x5860aeab01ce - <core::panic::unwind_safe::AssertUnwindSafe<F> as core::ops::function::FnOnce<()>>::call_once::h743f637ba4229880
[INFO] [stdout]                                at /rustc/df4ca44d3fbc9301ee17f30f4d474e6ae4b05252/library/core/src/panic/unwind_safe.rs:272:9
[INFO] [stdout]   36:     0x5860aeab01ce - std::panicking::try::do_call::h07440897322525a6
[INFO] [stdout]                                at /rustc/df4ca44d3fbc9301ee17f30f4d474e6ae4b05252/library/std/src/panicking.rs:557:40
[INFO] [stdout]   37:     0x5860aeab01ce - std::panicking::try::he5a2e00188156637
[INFO] [stdout]                                at /rustc/df4ca44d3fbc9301ee17f30f4d474e6ae4b05252/library/std/src/panicking.rs:520:19
[INFO] [stdout]   38:     0x5860aeab01ce - std::panic::catch_unwind::hbaf3cae49b3c6433
[INFO] [stdout]                                at /rustc/df4ca44d3fbc9301ee17f30f4d474e6ae4b05252/library/std/src/panic.rs:358:14
[INFO] [stdout]   39:     0x5860aeab01ce - std::thread::Builder::spawn_unchecked_::{{closure}}::h8e141ea224820bce
[INFO] [stdout]                                at /rustc/df4ca44d3fbc9301ee17f30f4d474e6ae4b05252/library/std/src/thread/mod.rs:540:30
[INFO] [stdout]   40:     0x5860aeab01ce - core::ops::function::FnOnce::call_once{{vtable.shim}}::h90d312fedd7b8ea8
[INFO] [stdout]                                at /rustc/df4ca44d3fbc9301ee17f30f4d474e6ae4b05252/library/core/src/ops/function.rs:250:5
[INFO] [stdout]   41:     0x5860aeb61fbb - <alloc::boxed::Box<F,A> as core::ops::function::FnOnce<Args>>::call_once::h69aa08ddb6adb8b6
[INFO] [stdout]                                at /rustc/df4ca44d3fbc9301ee17f30f4d474e6ae4b05252/library/alloc/src/boxed.rs:2454:9
[INFO] [stdout]   42:     0x5860aeb61fbb - <alloc::boxed::Box<F,A> as core::ops::function::FnOnce<Args>>::call_once::h5aa36efdb79c806f
[INFO] [stdout]                                at /rustc/df4ca44d3fbc9301ee17f30f4d474e6ae4b05252/library/alloc/src/boxed.rs:2454:9
[INFO] [stdout]   43:     0x5860aeb61fbb - std::sys::pal::unix::thread::Thread::new::thread_start::h6cd80a1b4be5158d
[INFO] [stdout]                                at /rustc/df4ca44d3fbc9301ee17f30f4d474e6ae4b05252/library/std/src/sys/pal/unix/thread.rs:105:17
[INFO] [stdout]   44:     0x743d52518ac3 - <unknown>
[INFO] [stdout]   45:     0x743d525a9a04 - clone
[INFO] [stdout]   46:                0x0 - <unknown>
[INFO] [stdout] 
[INFO] [stdout] 
[INFO] [stdout] failures:
[INFO] [stdout]     config::tests::test_from_file_with_rich
[INFO] [stdout] 
[INFO] [stdout] test result: FAILED. 17 passed; 1 failed; 0 ignored; 0 measured; 0 filtered out; finished in 0.05s
[INFO] [stdout] 
[INFO] [stderr] error: test failed, to rerun pass `--lib`
[INFO] running `Command { std: "docker" "inspect" "c02645c318bdedcbb40b9372929ff3f30794df7c54c0a02e0933942657629230", kill_on_drop: false }`
[INFO] running `Command { std: "docker" "rm" "-f" "c02645c318bdedcbb40b9372929ff3f30794df7c54c0a02e0933942657629230", kill_on_drop: false }`
[INFO] [stdout] c02645c318bdedcbb40b9372929ff3f30794df7c54c0a02e0933942657629230
